-- Table structure for table `shop_price_setting_items`
--

CREATE TABLE `shop_price_setting_items` (
  `id` int(11) NOT NULL AUTO_INCREMENT,
  `shop_price_setting_id` int(11) NOT NULL DEFAULT '0',
  `shop_price_id` int(11) NOT NULL DEFAULT '0',
  `shop_item_id` int(11) NOT NULL DEFAULT '0',
  `old_price` decimal(12,2) NOT NULL DEFAULT '0.00',
  `new_price` decimal(12,2) NOT NULL DEFAULT '0.00',
  PRIMARY KEY (`id`),
  KEY `shop_price_setting_id` (`shop_price_setting_id`),
  KEY `shop_price_id` (`shop_price_id`),
  KEY `shop_item_id` (`shop_item_id`)
) ENGINE=MyISAM AUTO_INCREMENT=14461 DEFAULT CHARSET=utf8;

--
-- Dumping data for table `shop_price_setting_items`
--

INSERT INTO `shop_price_setting_items` VALUES (11497,3,0,24728,0.00,0.00),(11495,3,0,24726,0.00,0.00),(11493,3,0,24724,0.00,0.00),(11491,3,0,24722,0.00,0.00),(11489,3,0,24720,0.00,0.00),(11487,3,0,24718,0.00,0.00),(11485,3,0,24716,0.00,0.00),(11483,3,0,24714,0.00,0.00),(11481,3,0,24712,0.00,0.00),(11479,3,0,24710,0.00,0.00),(11477,3,0,24708,0.00,0.00),(11475,3,0,24706,0.00,0.00),(11473,3,0,24704,0.00,0.00),(11471,3,0,24702,0.00,0.00),(11469,3,0,24700,0.00,65.00),(11467,3,0,24698,0.00,0.00),(11465,3,0,24696,0.00,320.00),(11463,3,0,24694,0.00,149.00),(11461,3,0,24692,0.00,0.00),(11459,3,0,24690,0.00,19.00),(11457,3,0,24688,0.00,142.00),(11455,3,0,24686,0.00,108.00),(11453,3,0,24684,0.00,32.00),(11451,3,0,24682,0.00,185.00),(11449,3,0,24680,0.00,18.00),(11447,3,0,24678,0.00,8.00),(11445,3,0,24676,0.00,0.00),(11443,3,0,24674,0.00,0.00),(11441,3,0,24672,0.00,0.00),(11439,3,0,24670,0.00,64.00),(11437,3,0,24668,0.00,0.00),(11435,3,0,24666,0.00,64.00),(11433,3,0,24664,0.00,39.00),(11431,3,0,24662,0.00,8.00),(11429,3,0,24660,0.00,69.00),(11427,3,0,24658,0.00,69.00),(11425,3,0,24656,0.00,54.00),(11423,3,0,24654,0.00,0.00),(11421,3,0,24652,0.00,0.00),(11419,3,0,24650,0.00,0.00),(11417,3,0,24648,0.00,0.00),(11415,3,0,24646,0.00,0.00),(11413,3,0,24644,0.00,0.00),(11411,3,0,24642,0.00,0.00),(11409,3,0,24640,0.00,0.00),(11407,3,0,24638,0.00,0.00),(11405,3,0,24636,0.00,48.00),(11403,3,0,24634,0.00,0.00),(11401,3,0,24632,0.00,0.00),(11399,3,0,24630,0.00,0.00),(10965,3,0,24196,0.00,0.00),(10963,3,0,24194,0.00,0.00),(10961,3,0,24192,0.00,0.00),(11021,3,0,24252,0.00,119.00),(11019,3,0,24250,0.00,119.00),(11017,3,0,24248,0.00,119.00),(11015,3,0,24246,0.00,119.00),(11013,3,0,24244,0.00,119.00),(11011,3,0,24242,0.00,149.00),(11009,3,0,24240,0.00,149.00),(11007,3,0,24238,0.00,149.00),(11005,3,0,24236,0.00,149.00),(11003,3,0,24234,0.00,149.00),(11001,3,0,24232,0.00,149.00),(10995,3,0,24226,0.00,149.00),(10993,3,0,24224,0.00,439.00),(10991,3,0,24222,0.00,549.00),(10989,3,0,24220,0.00,269.00),(10987,3,0,24218,0.00,0.00),(10985,3,0,24216,0.00,0.00),(10983,3,0,24214,0.00,0.00),(10879,3,0,24110,0.00,75.00),(10877,3,0,24108,0.00,75.00),(10875,3,0,24106,0.00,75.00),(10873,3,0,24104,0.00,75.00),(10926,3,0,24157,0.00,407.00),(10924,3,0,24155,0.00,609.00),(10922,3,0,24153,0.00,587.00),(10814,3,0,24045,0.00,0.00),(10812,3,0,24043,0.00,0.00),(10810,3,0,24041,0.00,0.00),(9719,3,0,22950,0.00,4.50),(9717,3,0,22948,0.00,0.00),(9715,3,0,22946,0.00,0.00),(9713,3,0,22944,0.00,0.00),(9711,3,0,22942,0.00,0.00),(9644,3,0,22875,0.00,0.00),(9641,3,0,22872,0.00,0.00),(9639,3,0,22870,0.00,0.00),(9637,3,0,22868,0.00,0.00),(9635,3,0,22866,0.00,0.00),(9633,3,0,22864,0.00,0.00),(9631,3,0,22862,0.00,0.00),(9627,3,0,22858,0.00,0.00),(9539,3,0,22770,0.00,0.00),(9537,3,0,22768,0.00,0.00),(9535,3,0,22766,0.00,0.00),(9533,3,0,22764,0.00,0.00),(9531,3,0,22762,0.00,0.00),(9529,3,0,22760,0.00,0.00),(9527,3,0,22758,0.00,0.00),(9525,3,0,22756,0.00,0.00),(9523,3,0,22754,0.00,0.00),(9521,3,0,22752,0.00,0.00),(9519,3,0,22750,0.00,0.00),(9517,3,0,22748,0.00,0.00),(9515,3,0,22746,0.00,0.00),(9513,3,0,22744,0.00,75.00),(9625,3,0,22856,0.00,0.00),(9623,3,0,22854,0.00,0.00),(9621,3,0,22852,0.00,0.00),(9511,3,0,22742,0.00,75.00),(9509,3,0,22740,0.00,75.00),(9507,3,0,22738,0.00,75.00),(9505,3,0,22736,0.00,64.00),(9692,3,0,22923,0.00,0.00),(14237,3,0,27405,0.00,249.00),(14234,3,0,27402,0.00,99.00),(14231,3,0,27399,0.00,99.00),(14228,3,0,27396,0.00,99.00),(14225,3,0,27393,0.00,99.00),(14222,3,0,27390,0.00,99.00),(14219,3,0,27387,0.00,99.00),(14216,3,0,27384,0.00,149.00),(14213,3,0,27381,0.00,149.00),(14210,3,0,27378,0.00,149.00),(14207,3,0,27375,0.00,149.00),(14204,3,0,27372,0.00,149.00),(14201,3,0,27369,0.00,149.00),(14198,3,0,27366,0.00,149.00),(14195,3,0,27363,0.00,149.00),(14192,3,0,27360,0.00,3199.00),(14189,3,0,27357,0.00,68.00),(14186,3,0,27354,0.00,22.00),(14135,3,0,27303,0.00,24.00),(14133,3,0,27301,0.00,24.00),(10648,3,0,23879,0.00,0.00),(10632,3,0,23863,0.00,0.00),(10518,3,0,23749,0.00,0.00),(10516,3,0,23747,0.00,0.00),(10514,3,0,23745,0.00,0.00),(10512,3,0,23743,0.00,0.00),(10510,3,0,23741,0.00,0.00),(10508,3,0,23739,0.00,0.00),(10506,3,0,23737,0.00,0.00),(10504,3,0,23735,0.00,0.00),(14459,3,0,27622,0.00,149.00),(14457,3,0,27620,0.00,149.00),(14455,3,0,27618,0.00,149.00),(14453,3,0,27616,0.00,149.00),(14451,3,0,27614,0.00,149.00),(14449,3,0,27612,0.00,149.00),(14447,3,0,27610,0.00,149.00),(14445,3,0,27608,0.00,149.00),(14443,3,0,27606,0.00,149.00),(14441,3,0,27604,0.00,149.00),(14439,3,0,27602,0.00,149.00),(14437,3,0,27600,0.00,149.00),(14435,3,0,27598,0.00,149.00),(14433,3,0,27596,0.00,149.00),(14431,3,0,27594,0.00,149.00),(14429,3,0,27592,0.00,69.00),(14427,3,0,27590,0.00,69.00),(14425,3,0,27588,0.00,69.00),(14423,3,0,27586,0.00,69.00),(14421,3,0,27584,0.00,69.00),(14419,3,0,27582,0.00,69.00),(14417,3,0,27580,0.00,349.00),(14415,3,0,27578,0.00,149.00),(14413,3,0,27576,0.00,149.00),(14411,3,0,27574,0.00,149.00),(14409,3,0,27572,0.00,149.00),(14407,3,0,27570,0.00,149.00),(14405,3,0,27568,0.00,149.00),(14403,3,0,27566,0.00,149.00),(14401,3,0,27564,0.00,149.00),(14399,3,0,27562,0.00,149.00),(14397,3,0,27560,0.00,149.00),(14395,3,0,27558,0.00,149.00),(14393,3,0,27556,0.00,149.00),(14391,3,0,27554,0.00,16.00),(14389,3,0,27552,0.00,16.00),(14387,3,0,27550,0.00,40.00),(14385,3,0,27548,0.00,40.00),(14383,3,0,27546,0.00,40.00),(14381,3,0,27544,0.00,24.00),(14379,3,0,27542,0.00,24.00),(14377,3,0,27540,0.00,24.00),(14375,3,0,27538,0.00,40.00),(14373,3,0,27536,0.00,40.00),(14371,3,0,27534,0.00,40.00),(14369,3,0,27532,0.00,40.00),(14367,3,0,27530,0.00,24.00),(14365,3,0,27528,0.00,24.00),(14363,3,0,27526,0.00,24.00),(14361,3,0,27524,0.00,24.00),(14359,3,0,27522,0.00,24.00),(14357,3,0,27520,0.00,40.00),(14355,3,0,27518,0.00,40.00),(14353,3,0,27516,0.00,40.00),(14351,3,0,27514,0.00,24.00),(14349,3,0,27512,0.00,24.00),(14347,3,0,27510,0.00,24.00),(14345,3,0,27508,0.00,24.00),(14343,3,0,27506,0.00,40.00),(11397,3,0,24628,0.00,0.00),(11395,3,0,24626,0.00,0.00),(11393,3,0,24624,0.00,0.00),(11391,3,0,24622,0.00,0.00),(11389,3,0,24620,0.00,0.00),(11387,3,0,24618,0.00,0.00),(11385,3,0,24616,0.00,0.00),(11383,3,0,24614,0.00,0.00),(11381,3,0,24612,0.00,0.00),(11379,3,0,24610,0.00,0.00),(11377,3,0,24608,0.00,0.00),(11375,3,0,24606,0.00,249.00),(11373,3,0,24604,0.00,512.00),(11371,3,0,24602,0.00,597.00),(11369,3,0,24600,0.00,597.00),(11367,3,0,24598,0.00,1499.00),(11365,3,0,24596,0.00,279.00),(11363,3,0,24594,0.00,279.00),(11361,3,0,24592,0.00,512.00),(11359,3,0,24590,0.00,512.00),(11357,3,0,24588,0.00,597.00),(11355,3,0,24586,0.00,597.00),(11353,3,0,24584,0.00,597.00),(11351,3,0,24582,0.00,112.00),(11349,3,0,24580,0.00,112.00),(11347,3,0,24578,0.00,629.00),(11345,3,0,24576,0.00,629.00),(11343,3,0,24574,0.00,629.00),(11341,3,0,24572,0.00,249.00),(11339,3,0,24570,0.00,249.00),(11337,3,0,24568,0.00,512.00),(11335,3,0,24566,0.00,512.00),(11333,3,0,24564,0.00,1249.00),(11331,3,0,24562,0.00,229.00),(11329,3,0,24560,0.00,229.00),(11327,3,0,24558,0.00,96.00),(11325,3,0,24556,0.00,661.00),(11323,3,0,24554,0.00,661.00),(11321,3,0,24552,0.00,279.00),(11319,3,0,24550,0.00,279.00),(11317,3,0,24548,0.00,1329.00),(11315,3,0,24546,0.00,279.00),(11313,3,0,24544,0.00,279.00),(14341,3,0,27504,0.00,40.00),(14339,3,0,27502,0.00,24.00),(11025,3,0,24256,0.00,119.00),(11311,3,0,24542,0.00,0.00),(11309,3,0,24540,0.00,0.00),(11023,3,0,24254,0.00,119.00),(11307,3,0,24538,0.00,0.00),(11305,3,0,24536,0.00,0.00),(11303,3,0,24534,0.00,0.00),(11301,3,0,24532,0.00,0.00),(11299,3,0,24530,0.00,0.00),(11297,3,0,24528,0.00,0.00),(11295,3,0,24526,0.00,0.00),(14337,3,0,27500,0.00,24.00),(11293,3,0,24524,0.00,0.00),(11291,3,0,24522,0.00,0.00),(11289,3,0,24520,0.00,0.00),(14335,3,0,27498,0.00,999.00),(11287,3,0,24518,0.00,139.00),(11285,3,0,24516,0.00,139.00),(11283,3,0,24514,0.00,0.00),(11281,3,0,24512,0.00,0.00),(11279,3,0,24510,0.00,0.00),(11277,3,0,24508,0.00,0.00),(11275,3,0,24506,0.00,0.00),(11273,3,0,24504,0.00,0.00),(11271,3,0,24502,0.00,0.00),(11269,3,0,24500,0.00,0.00),(11267,3,0,24498,0.00,0.00),(11265,3,0,24496,0.00,0.00),(11263,3,0,24494,0.00,0.00),(14333,3,0,27496,0.00,49.00),(11261,3,0,24492,0.00,319.00),(14331,3,0,27494,0.00,49.00),(13044,3,0,26231,0.00,279.00),(14329,3,0,27492,0.00,49.00),(14327,3,0,27490,0.00,39.00),(14325,3,0,27488,0.00,39.00),(14323,3,0,27486,0.00,159.00),(14321,3,0,27484,0.00,159.00),(14319,3,0,27482,0.00,249.00),(12994,3,0,26189,0.00,159.00),(12992,3,0,26187,0.00,59.00),(12990,3,0,26185,0.00,39.00),(12988,3,0,26183,0.00,69.00),(12986,3,0,26181,0.00,69.00),(12984,3,0,26179,0.00,69.00),(12982,3,0,26177,0.00,69.00),(12980,3,0,26175,0.00,69.00),(12978,3,0,26173,0.00,69.00),(12976,3,0,26171,0.00,49.00),(12974,3,0,26169,0.00,69.00),(12972,3,0,26167,0.00,69.00),(12970,3,0,26165,0.00,69.00),(12968,3,0,26163,0.00,69.00),(12966,3,0,26161,0.00,69.00),(12964,3,0,26159,0.00,69.00),(12962,3,0,26157,0.00,1540.00),(12960,3,0,26155,0.00,5.00),(12958,3,0,26154,0.00,179.00),(12956,3,0,26153,0.00,179.00),(12954,3,0,26152,0.00,89.00),(12952,3,0,25336,0.00,59.00),(12950,3,0,26151,0.00,24.00),(14317,3,0,27480,0.00,249.00),(14315,3,0,27478,0.00,249.00),(14313,3,0,27476,0.00,99.00),(14311,3,0,27474,0.00,29.00),(14309,3,0,27473,0.00,12.00),(14307,3,0,27472,0.00,5.00),(14305,3,0,27470,0.00,7.00),(14303,3,0,27468,0.00,4.50),(14301,3,0,27466,0.00,4.50),(14299,3,0,27464,0.00,100.00),(14297,3,0,27462,0.00,3.00),(14295,3,0,27460,0.00,350.00),(14293,3,0,27458,0.00,4.00),(14291,3,0,27456,0.00,3.50),(14289,3,0,27454,0.00,300.00),(14287,3,0,27452,0.00,50.00),(14285,3,0,27450,0.00,40.00),(14283,3,0,27448,0.00,45.00),(14281,3,0,27446,0.00,35.00),(14279,3,0,27444,0.00,199.00),(14277,3,0,27442,0.00,139.00),(14275,3,0,27440,0.00,249.00),(14273,3,0,27438,0.00,279.00),(14271,3,0,27436,0.00,3.50),(14269,3,0,27434,0.00,199.00),(14267,3,0,27432,0.00,199.00),(14265,3,0,27430,0.00,149.00),(14263,3,0,27428,0.00,69.00),(14261,3,0,27426,0.00,49.00),(14259,3,0,26631,0.00,119.00),(14257,3,0,25095,0.00,15.00),(14255,3,0,27422,0.00,8.00),(14253,3,0,27421,0.00,21.00),(14251,3,0,27419,0.00,699.00),(14249,3,0,27417,0.00,86.00),(14247,3,0,27415,0.00,45.00),(14245,3,0,27413,0.00,179.00),(14243,3,0,27411,0.00,49.00),(14241,3,0,27409,0.00,249.00),(14183,3,0,27351,0.00,19.00),(14239,3,0,27407,0.00,249.00),(13189,3,0,26376,0.00,16.00),(13187,3,0,26374,0.00,16.00),(13303,3,0,26490,0.00,16.00),(13301,3,0,26488,0.00,16.00),(13305,3,0,26492,0.00,16.00),(13247,3,0,26434,0.00,16.00),(13245,3,0,26432,0.00,16.00),(13243,3,0,26430,0.00,16.00),(13241,3,0,26428,0.00,16.00),(13249,3,0,26436,0.00,16.00),(13239,3,0,26426,0.00,16.00),(13237,3,0,26424,0.00,16.00),(13235,3,0,26422,0.00,16.00),(13251,3,0,26438,0.00,16.00),(13233,3,0,26420,0.00,16.00),(13253,3,0,26440,0.00,16.00),(13255,3,0,26442,0.00,16.00),(13257,3,0,26444,0.00,16.00),(13259,3,0,26446,0.00,16.00),(13261,3,0,26448,0.00,16.00),(13263,3,0,26450,0.00,16.00),(13265,3,0,26452,0.00,16.00),(13267,3,0,26454,0.00,16.00),(13269,3,0,26456,0.00,16.00),(13271,3,0,26458,0.00,16.00),(13273,3,0,26460,0.00,16.00),(13275,3,0,26462,0.00,16.00),(13277,3,0,26464,0.00,16.00),(13279,3,0,26466,0.00,16.00),(13281,3,0,26468,0.00,16.00),(13283,3,0,26470,0.00,16.00),(13285,3,0,26472,0.00,16.00),(13287,3,0,26474,0.00,16.00),(13289,3,0,26476,0.00,16.00),(13291,3,0,26478,0.00,16.00),(13293,3,0,26480,0.00,16.00),(13295,3,0,26482,0.00,16.00),(13297,3,0,26484,0.00,16.00),(13299,3,0,26486,0.00,16.00),(13231,3,0,26418,0.00,16.00),(13229,3,0,26416,0.00,16.00),(13227,3,0,26414,0.00,16.00),(13225,3,0,26412,0.00,16.00),(13223,3,0,26410,0.00,16.00),(13221,3,0,26408,0.00,16.00),(13219,3,0,26406,0.00,16.00),(13217,3,0,26404,0.00,16.00),(13215,3,0,26402,0.00,16.00),(13213,3,0,26400,0.00,16.00),(13211,3,0,26398,0.00,16.00),(13209,3,0,26396,0.00,16.00),(13022,3,0,26209,0.00,59.00),(13020,3,0,26207,0.00,59.00),(13018,3,0,26205,0.00,59.00),(13016,3,0,26203,0.00,86.00),(13014,3,0,26201,0.00,86.00),(13012,3,0,26199,0.00,54.00),(13122,3,0,26309,0.00,6.00),(12785,3,0,25988,0.00,75.00),(13120,3,0,26307,0.00,6.00),(13118,3,0,26305,0.00,6.00),(13116,3,0,26303,0.00,6.00),(13114,3,0,26301,0.00,6.00),(13112,3,0,26299,0.00,6.00),(13110,3,0,26297,0.00,6.00),(13108,3,0,26295,0.00,6.00),(13106,3,0,26293,0.00,6.00),(13104,3,0,26291,0.00,6.00),(13102,3,0,26289,0.00,6.00),(13100,3,0,26287,0.00,6.00),(13098,3,0,26285,0.00,6.00),(13096,3,0,26283,0.00,6.00),(14095,3,0,27263,0.00,18.00),(14093,3,0,27261,0.00,18.00),(14091,3,0,27259,0.00,18.00),(14089,3,0,27257,0.00,18.00),(14087,3,0,27255,0.00,18.00),(14085,3,0,27253,0.00,18.00),(14083,3,0,27251,0.00,18.00),(14081,3,0,27249,0.00,18.00),(14079,3,0,27247,0.00,18.00),(14077,3,0,27245,0.00,18.00),(14075,3,0,27243,0.00,43.00),(14073,3,0,27241,0.00,43.00),(13982,3,0,27159,0.00,59.00),(13980,3,0,27157,0.00,59.00),(13978,3,0,27155,0.00,59.00),(13976,3,0,27153,0.00,59.00),(13974,3,0,27151,0.00,54.00),(13972,3,0,27149,0.00,54.00),(13970,3,0,27147,0.00,199.00),(13968,3,0,27145,0.00,24.00),(13966,3,0,27143,0.00,349.00),(13964,3,0,27141,0.00,349.00),(13962,3,0,27139,0.00,349.00),(13960,3,0,27137,0.00,349.00),(13958,3,0,27135,0.00,129.00),(13956,3,0,27133,0.00,99.00),(13954,3,0,27131,0.00,99.00),(13952,3,0,27129,0.00,509.00),(13950,3,0,27127,0.00,19.00),(13948,3,0,27126,0.00,24.00),(13946,3,0,27125,0.00,89.00),(13944,3,0,27123,0.00,159.00),(13942,3,0,27121,0.00,139.00),(13940,3,0,27119,0.00,149.00),(13938,3,0,27117,0.00,139.00),(13936,3,0,27115,0.00,149.00),(13934,3,0,27113,0.00,149.00),(13932,3,0,27111,0.00,149.00),(13930,3,0,27109,0.00,149.00),(13928,3,0,27107,0.00,149.00),(13926,3,0,27105,0.00,149.00),(13924,3,0,27103,0.00,139.00),(13922,3,0,27101,0.00,149.00),(13920,3,0,27099,0.00,139.00),(13918,3,0,27097,0.00,149.00),(13349,3,0,26536,0.00,16.00),(13428,3,0,26615,0.00,16.00),(13426,3,0,26613,0.00,16.00),(13424,3,0,26611,0.00,16.00),(13422,3,0,26609,0.00,16.00),(13346,3,0,26533,0.00,16.00),(13344,3,0,26531,0.00,16.00),(13341,3,0,26528,0.00,16.00),(13420,3,0,26607,0.00,16.00),(13510,3,0,26697,0.00,49.00),(13508,3,0,26695,0.00,139.00),(13506,3,0,26693,0.00,16.00),(13492,3,0,26679,0.00,99.00),(13504,3,0,26691,0.00,16.00),(13502,3,0,26689,0.00,16.00),(13418,3,0,26605,0.00,16.00),(13416,3,0,26603,0.00,16.00),(13414,3,0,26601,0.00,16.00),(13690,3,0,26873,0.00,16.00),(13412,3,0,26599,0.00,16.00),(13410,3,0,26597,0.00,16.00),(13338,3,0,26525,0.00,16.00),(13335,3,0,26522,0.00,16.00),(13688,3,0,26871,0.00,19.00),(13686,3,0,26869,0.00,479.00),(13684,3,0,26867,0.00,549.00),(13682,3,0,26865,0.00,279.00),(13680,3,0,26863,0.00,259.00),(13678,3,0,26861,0.00,89.00),(13676,3,0,26859,0.00,89.00),(13674,3,0,26857,0.00,89.00),(13672,3,0,26855,0.00,89.00),(13670,3,0,26853,0.00,89.00),(13668,3,0,26851,0.00,54.00),(13666,3,0,26849,0.00,59.00),(13664,3,0,26847,0.00,99.00),(13662,3,0,26845,0.00,79.00),(13660,3,0,26843,0.00,59.00),(13658,3,0,26841,0.00,99.00),(13656,3,0,26839,0.00,99.00),(13654,3,0,26837,0.00,249.00),(13652,3,0,26835,0.00,249.00),(13650,3,0,26833,0.00,249.00),(13648,3,0,26831,0.00,249.00),(13646,3,0,26829,0.00,249.00),(13644,3,0,26827,0.00,249.00),(13642,3,0,26825,0.00,4.00),(13640,3,0,26823,0.00,3.00),(13638,3,0,26821,0.00,99.00),(13636,3,0,26819,0.00,12.00),(13634,3,0,26817,0.00,99.00),(13632,3,0,26815,0.00,299.00),(13630,3,0,26813,0.00,14.00),(13628,3,0,26811,0.00,449.00),(13626,3,0,26809,0.00,99.00),(13624,3,0,26807,0.00,75.00),(13622,3,0,26805,0.00,75.00),(13620,3,0,26803,0.00,75.00),(13618,3,0,26801,0.00,75.00),(13616,3,0,26799,0.00,75.00),(13614,3,0,26797,0.00,169.00),(13612,3,0,26795,0.00,169.00),(13610,3,0,26793,0.00,169.00),(13608,3,0,26791,0.00,169.00),(13606,3,0,26789,0.00,169.00),(13604,3,0,26787,0.00,169.00),(13602,3,0,26785,0.00,169.00),(13600,3,0,26783,0.00,169.00),(13598,3,0,26781,0.00,169.00),(13596,3,0,26779,0.00,75.00),(13594,3,0,26777,0.00,75.00),(13592,3,0,26775,0.00,75.00),(13590,3,0,25228,0.00,16.00),(13552,3,0,26738,0.00,20.00),(13550,3,0,26736,0.00,20.00),(13548,3,0,26734,0.00,20.00),(13546,3,0,26732,0.00,20.00),(13544,3,0,26730,0.00,22.00),(13542,3,0,26728,0.00,22.00),(13540,3,0,26726,0.00,22.00),(13538,3,0,26724,0.00,22.00),(13536,3,0,26722,0.00,22.00),(13534,3,0,26720,0.00,22.00),(13532,3,0,26718,0.00,22.00),(13490,3,0,26677,0.00,99.00),(13588,3,0,26772,0.00,16.00),(13488,3,0,26675,0.00,16.00),(13808,3,0,26987,0.00,15.00),(13806,3,0,26985,0.00,15.00),(13804,3,0,26983,0.00,15.00),(13802,3,0,26981,0.00,15.00),(13800,3,0,26979,0.00,17.00),(13753,3,0,26932,0.00,5.00),(13751,3,0,26930,0.00,3799.00),(13749,3,0,26928,0.00,3799.00),(11812,3,0,25039,0.00,1499.00),(11776,3,0,25004,0.00,148.00),(11774,3,0,25002,0.00,59.00),(11772,3,0,25000,0.00,272.00),(11770,3,0,24998,0.00,89.00),(11768,3,0,24996,0.00,149.00),(11766,3,0,24994,0.00,149.00),(13445,3,0,26632,0.00,12.00),(13443,3,0,26630,0.00,16.00),(13441,3,0,26628,0.00,16.00),(11755,3,0,24983,0.00,75.00),(11753,3,0,24981,0.00,59.00),(11751,3,0,24979,0.00,59.00),(11749,3,0,24977,0.00,0.00),(11747,3,0,24868,0.00,75.00),(11745,3,0,24974,0.00,59.00),(11743,3,0,24972,0.00,59.00),(11741,3,0,24970,0.00,0.00),(11739,3,0,24968,0.00,59.00),(11737,3,0,24966,0.00,75.00),(11735,3,0,24964,0.00,59.00),(11733,3,0,24962,0.00,0.00),(11731,3,0,24960,0.00,0.00),(11729,3,0,24958,0.00,75.00),(11727,3,0,24956,0.00,59.00),(11725,3,0,24954,0.00,59.00),(11723,3,0,24952,0.00,75.00),(11721,3,0,24950,0.00,0.00),(11719,3,0,24948,0.00,75.00),(11717,3,0,24946,0.00,0.00),(11715,3,0,24944,0.00,0.00),(11713,3,0,24942,0.00,59.00),(11711,3,0,24940,0.00,0.00),(11709,3,0,24938,0.00,59.00),(11707,3,0,24936,0.00,75.00),(11705,3,0,24934,0.00,75.00),(11703,3,0,24932,0.00,0.00),(11701,3,0,24930,0.00,75.00),(11699,3,0,24928,0.00,59.00),(11697,3,0,24926,0.00,59.00),(11695,3,0,24924,0.00,59.00),(11693,3,0,24922,0.00,59.00),(11691,3,0,24920,0.00,59.00),(11689,3,0,24918,0.00,75.00),(11687,3,0,24916,0.00,75.00),(11685,3,0,24914,0.00,59.00),(11683,3,0,24912,0.00,75.00),(11681,3,0,24910,0.00,59.00),(11679,3,0,24868,0.00,75.00),(11677,3,0,24907,0.00,59.00),(11675,3,0,24905,0.00,75.00),(11673,3,0,24903,0.00,75.00),(11671,3,0,24901,0.00,59.00),(11669,3,0,24868,0.00,75.00),(11667,3,0,24898,0.00,75.00),(11665,3,0,24896,0.00,0.00),(11663,3,0,24894,0.00,64.00),(11661,3,0,24892,0.00,0.00),(11659,3,0,24890,0.00,75.00),(11657,3,0,24888,0.00,64.00),(11655,3,0,24886,0.00,64.00),(11161,3,0,24392,0.00,112.00),(11653,3,0,24884,0.00,75.00),(11651,3,0,24882,0.00,75.00),(11649,3,0,24880,0.00,64.00),(11159,3,0,24390,0.00,32.00),(11647,3,0,24878,0.00,64.00),(11645,3,0,24876,0.00,64.00),(11643,3,0,24874,0.00,64.00),(11641,3,0,24872,0.00,64.00),(11639,3,0,24870,0.00,64.00),(11637,3,0,24868,0.00,75.00),(11635,3,0,24866,0.00,75.00),(11633,3,0,24864,0.00,75.00),(11157,3,0,24388,0.00,154.00),(11631,3,0,24862,0.00,64.00),(11629,3,0,24860,0.00,64.00),(11627,3,0,24858,0.00,64.00),(11625,3,0,24856,0.00,64.00),(11623,3,0,24854,0.00,0.00),(11621,3,0,24852,0.00,64.00),(11619,3,0,24850,0.00,64.00),(11617,3,0,24848,0.00,75.00),(11615,3,0,24846,0.00,75.00),(11613,3,0,24844,0.00,64.00),(11611,3,0,24842,0.00,64.00),(11609,3,0,24840,0.00,64.00),(11607,3,0,24838,0.00,75.00),(11605,3,0,24836,0.00,0.00),(11603,3,0,24834,0.00,75.00),(11601,3,0,24832,0.00,64.00),(11599,3,0,24830,0.00,75.00),(11597,3,0,24828,0.00,75.00),(11595,3,0,24826,0.00,64.00),(11593,3,0,24824,0.00,64.00),(11591,3,0,24822,0.00,64.00),(11155,3,0,24386,0.00,32.00),(11589,3,0,24820,0.00,75.00),(11587,3,0,24818,0.00,75.00),(11585,3,0,24816,0.00,64.00),(11583,3,0,24814,0.00,0.00),(11581,3,0,24812,0.00,75.00),(11153,3,0,24384,0.00,29.00),(11579,3,0,24810,0.00,0.00),(11577,3,0,24808,0.00,0.00),(11575,3,0,24806,0.00,0.00),(11573,3,0,24804,0.00,0.00),(11571,3,0,24802,0.00,0.00),(11569,3,0,24800,0.00,0.00),(11567,3,0,24798,0.00,0.00),(11565,3,0,24796,0.00,0.00),(11563,3,0,24794,0.00,0.00),(11561,3,0,24792,0.00,0.00),(11559,3,0,24790,0.00,0.00),(11557,3,0,24788,0.00,0.00),(11555,3,0,24786,0.00,0.00),(11553,3,0,24784,0.00,0.00),(11551,3,0,24782,0.00,0.00),(11549,3,0,24780,0.00,0.00),(11547,3,0,24778,0.00,0.00),(11545,3,0,24776,0.00,0.00),(11543,3,0,24774,0.00,0.00),(11541,3,0,24772,0.00,0.00),(11539,3,0,24770,0.00,0.00),(11537,3,0,24768,0.00,0.00),(11535,3,0,24766,0.00,0.00),(11533,3,0,24764,0.00,0.00),(11531,3,0,24762,0.00,0.00),(11529,3,0,24760,0.00,0.00),(11527,3,0,24758,0.00,0.00),(11525,3,0,24756,0.00,0.00),(11523,3,0,24754,0.00,0.00),(11521,3,0,24752,0.00,0.00),(11519,3,0,24750,0.00,0.00),(11517,3,0,24748,0.00,0.00),(11515,3,0,24746,0.00,0.00),(11513,3,0,24744,0.00,0.00),(11511,3,0,24742,0.00,0.00),(11151,3,0,24382,0.00,29.00),(11509,3,0,24740,0.00,0.00),(11507,3,0,24738,0.00,0.00),(11505,3,0,24736,0.00,0.00),(11503,3,0,24734,0.00,0.00),(13207,3,0,26394,0.00,16.00),(13205,3,0,26392,0.00,16.00),(13203,3,0,26390,0.00,16.00),(13201,3,0,26388,0.00,16.00),(13199,3,0,26386,0.00,16.00),(13197,3,0,26384,0.00,16.00),(13195,3,0,26382,0.00,16.00),(13193,3,0,26380,0.00,16.00),(13191,3,0,26378,0.00,16.00),(12563,3,0,25767,0.00,32.00),(12561,3,0,25765,0.00,32.00),(12559,3,0,25763,0.00,32.00),(14123,3,0,27291,0.00,24.00),(13916,3,0,27095,0.00,149.00),(13914,3,0,27093,0.00,59.00),(13912,3,0,27091,0.00,149.00),(10895,3,0,24126,0.00,59.00),(13408,3,0,26595,0.00,16.00),(13332,3,0,26519,0.00,16.00),(13406,3,0,26593,0.00,16.00),(13404,3,0,26591,0.00,16.00),(12995,3,0,26190,0.00,24.00),(13486,3,0,26673,0.00,16.00),(13455,3,0,26642,0.00,16.00),(13484,3,0,26671,0.00,2899.00),(13453,3,0,26640,0.00,16.00),(13489,3,0,26676,0.00,99.00),(13482,3,0,26669,0.00,16.00),(11501,3,0,24732,0.00,0.00),(11499,3,0,24730,0.00,0.00),(9690,3,0,22921,0.00,0.00),(9688,3,0,22919,0.00,0.00),(11944,3,0,25166,0.00,16.00),(11942,3,0,25164,0.00,16.00),(11882,3,0,25104,0.00,249.00),(9741,3,0,22972,0.00,96.00),(9739,3,0,22970,0.00,119.00),(12557,3,0,25761,0.00,32.00),(12555,3,0,25759,0.00,32.00),(12553,3,0,25757,0.00,32.00),(12304,3,0,25512,0.00,17.00),(12302,3,0,25510,0.00,17.00),(13317,3,0,26504,0.00,16.00),(13315,3,0,26502,0.00,16.00),(10967,3,0,24198,0.00,0.00),(14071,3,0,27239,0.00,43.00),(14067,3,0,27235,0.00,43.00),(14065,3,0,27233,0.00,149.00),(13798,3,0,26977,0.00,17.00),(13049,3,0,26236,0.00,279.00),(11940,3,0,25162,0.00,12.00),(11938,3,0,25160,0.00,176.00),(11936,3,0,25158,0.00,69.00),(11934,3,0,25156,0.00,16.00),(14063,3,0,27231,0.00,21.00),(14137,3,0,27305,0.00,24.00),(13558,3,0,26744,0.00,20.00),(14070,3,0,27238,0.00,43.00),(14121,3,0,27289,0.00,24.00),(14119,3,0,27287,0.00,18.00),(14117,3,0,27285,0.00,18.00),(13910,3,0,27089,0.00,149.00),(14006,3,0,27183,0.00,179.00),(14061,3,0,27229,0.00,21.00),(14059,3,0,27227,0.00,21.00),(13402,3,0,26589,0.00,16.00),(13747,3,0,26926,0.00,1499.00),(9543,3,0,22774,0.00,0.00),(9541,3,0,22772,0.00,0.00),(9686,3,0,22917,0.00,0.00),(10630,3,0,23861,0.00,0.00),(10733,3,0,23964,0.00,0.00),(10731,3,0,23962,0.00,0.00),(10729,3,0,23960,0.00,0.00),(10727,3,0,23958,0.00,0.00),(10725,3,0,23956,0.00,0.00),(10723,3,0,23954,0.00,0.00),(10665,3,0,23896,0.00,0.00),(10721,3,0,23952,0.00,0.00),(10660,3,0,23891,0.00,0.00),(10719,3,0,23950,0.00,0.00),(10717,3,0,23948,0.00,0.00),(10655,3,0,23886,0.00,0.00),(10423,3,0,23654,0.00,0.00),(9737,3,0,22968,0.00,68.00),(9735,3,0,22966,0.00,68.00),(14115,3,0,27283,0.00,18.00),(10237,3,0,23468,0.00,0.00),(10235,3,0,23466,0.00,0.00),(10233,3,0,23464,0.00,0.00),(10149,3,0,23380,0.00,0.00),(10147,3,0,23378,0.00,0.00),(10145,3,0,23376,0.00,0.00),(10143,3,0,23374,0.00,0.00),(10141,3,0,23372,0.00,0.00),(10063,3,0,23294,0.00,0.00),(10061,3,0,23292,0.00,0.00),(9957,3,0,23188,0.00,99.99),(9955,3,0,23186,0.00,99.99),(9953,3,0,23184,0.00,49.99),(9951,3,0,23182,0.00,99.99),(9949,3,0,23180,0.00,99.99),(9947,3,0,23178,0.00,49.99),(9945,3,0,23176,0.00,99.99),(9943,3,0,23174,0.00,99.99),(9941,3,0,23172,0.00,99.99),(10127,3,0,23358,0.00,0.00),(10125,3,0,23356,0.00,0.00),(10123,3,0,23354,0.00,0.00),(13908,3,0,27087,0.00,149.00),(14113,3,0,27281,0.00,18.00),(13906,3,0,27085,0.00,149.00),(10893,3,0,24124,0.00,0.00),(10891,3,0,24122,0.00,75.00),(9939,3,0,23170,0.00,9.99),(9937,3,0,23168,0.00,19.99),(9935,3,0,23166,0.00,19.99),(9933,3,0,23164,0.00,19.99),(9931,3,0,23162,0.00,19.99),(9929,3,0,23160,0.00,9.99),(9927,3,0,23158,0.00,19.99),(10121,3,0,23352,0.00,0.00),(10119,3,0,23350,0.00,0.00),(10117,3,0,23348,0.00,0.00),(10115,3,0,23346,0.00,0.00),(10113,3,0,23344,0.00,0.00),(10059,3,0,23290,0.00,0.00),(10057,3,0,23288,0.00,0.00),(10055,3,0,23286,0.00,0.00),(10053,3,0,23284,0.00,0.00),(9821,3,0,23052,0.00,49.00),(9733,3,0,22964,0.00,119.00),(9731,3,0,22962,0.00,0.00),(9729,3,0,22960,0.00,1860.00),(9727,3,0,22958,0.00,1320.00),(9725,3,0,22956,0.00,0.00),(9723,3,0,22954,0.00,43.00),(10017,3,0,23248,0.00,0.00),(10015,3,0,23246,0.00,0.00),(10013,3,0,23244,0.00,0.00),(10011,3,0,23242,0.00,0.00),(10009,3,0,23240,0.00,0.00),(10007,3,0,23238,0.00,0.00),(10005,3,0,23236,0.00,0.00),(10003,3,0,23234,0.00,0.00),(10001,3,0,23232,0.00,0.00),(9999,3,0,23230,0.00,0.00),(9997,3,0,23228,0.00,0.00),(10051,3,0,23282,0.00,0.00),(9925,3,0,23156,0.00,9.99),(9923,3,0,23154,0.00,19.99),(9921,3,0,23152,0.00,19.99),(9919,3,0,23150,0.00,19.99),(9917,3,0,23148,0.00,19.99),(9915,3,0,23146,0.00,0.00),(9913,3,0,23144,0.00,0.00),(10111,3,0,23342,0.00,0.00),(10139,3,0,23370,0.00,0.00),(9911,3,0,23142,0.00,0.00),(9909,3,0,23140,0.00,0.00),(9907,3,0,23138,0.00,0.00),(9905,3,0,23136,0.00,0.00),(9903,3,0,23134,0.00,0.00),(10715,3,0,23946,0.00,0.00),(14057,3,0,27225,0.00,19.00),(14055,3,0,27223,0.00,17.00),(14053,3,0,27221,0.00,17.00),(9995,3,0,23226,0.00,0.00),(9993,3,0,23224,0.00,0.00),(9989,3,0,23220,0.00,0.00),(9987,3,0,23218,0.00,66.00),(14111,3,0,27279,0.00,18.00),(13329,3,0,26516,0.00,16.00),(10722,3,0,23953,0.00,0.00),(10720,3,0,23951,0.00,0.00),(10718,3,0,23949,0.00,0.00),(10713,3,0,23944,0.00,0.00),(10716,3,0,23947,0.00,0.00),(13727,3,0,26907,0.00,54.00),(13586,3,0,26771,0.00,16.00),(13500,3,0,26687,0.00,16.00),(10929,3,0,24160,0.00,69.00),(13326,3,0,26513,0.00,16.00),(13323,3,0,26510,0.00,16.00),(13322,3,0,26509,0.00,16.00),(13320,3,0,26507,0.00,16.00),(13337,3,0,26524,0.00,16.00),(11932,3,0,25154,0.00,16.00),(11893,3,0,25115,0.00,6.00),(13828,3,0,27007,0.00,17.00),(9630,3,0,22861,0.00,0.00),(9684,3,0,22915,0.00,229.00),(9682,3,0,22913,0.00,185.00),(9680,3,0,22911,0.00,0.00),(9678,3,0,22909,0.00,110.00),(9676,3,0,22907,0.00,64.00),(9674,3,0,22905,0.00,79.00),(9672,3,0,22903,0.00,79.00),(9670,3,0,22901,0.00,79.00),(9668,3,0,22899,0.00,79.00),(9666,3,0,22897,0.00,0.00),(9664,3,0,22895,0.00,0.00),(9662,3,0,22893,0.00,0.00),(9660,3,0,22891,0.00,0.00),(9658,3,0,22889,0.00,0.00),(9656,3,0,22887,0.00,0.00),(9654,3,0,22885,0.00,325.00),(9652,3,0,22883,0.00,32.00),(9721,3,0,22952,0.00,16.00),(10889,3,0,24120,0.00,75.00),(10887,3,0,24118,0.00,75.00),(10885,3,0,24116,0.00,59.00),(10883,3,0,24114,0.00,0.00),(13451,3,0,26638,0.00,16.00),(10997,3,0,24228,0.00,149.00),(11930,3,0,25152,0.00,16.00),(9650,3,0,22881,0.00,0.00),(9648,3,0,22879,0.00,0.00),(9646,3,0,22877,0.00,0.00),(11870,3,0,25094,0.00,76.00),(11868,3,0,25092,0.00,59.00),(11866,3,0,25091,0.00,12.00),(11864,3,0,25089,0.00,176.00),(10881,3,0,24112,0.00,59.00),(10816,3,0,24047,0.00,0.00),(11149,3,0,24380,0.00,112.00),(11147,3,0,24378,0.00,0.00),(11145,3,0,24376,0.00,0.00),(11143,3,0,24374,0.00,210.00),(11141,3,0,24372,0.00,224.00),(11139,3,0,24370,0.00,58.00),(11137,3,0,24368,0.00,3.00),(11135,3,0,24366,0.00,109.00),(11133,3,0,24364,0.00,0.00),(11131,3,0,24362,0.00,0.00),(11129,3,0,24360,0.00,72.00),(11127,3,0,24358,0.00,14.00),(11125,3,0,24356,0.00,8.00),(11123,3,0,24354,0.00,8.00),(11121,3,0,24352,0.00,7.00),(11119,3,0,24350,0.00,38.00),(11117,3,0,24348,0.00,9.00),(11115,3,0,24346,0.00,18.00),(11113,3,0,24344,0.00,185.00),(11111,3,0,24342,0.00,0.00),(11109,3,0,24340,0.00,176.00),(10939,3,0,24170,0.00,28.00),(10937,3,0,24168,0.00,28.00),(10999,3,0,24230,0.00,149.00),(10981,3,0,24212,0.00,0.00),(10979,3,0,24210,0.00,0.00),(10977,3,0,24208,0.00,0.00),(10975,3,0,24206,0.00,0.00),(10973,3,0,24204,0.00,0.00),(10971,3,0,24202,0.00,0.00),(10969,3,0,24200,0.00,0.00),(10846,3,0,24077,0.00,75.00),(10844,3,0,24075,0.00,75.00),(10842,3,0,24073,0.00,75.00),(10840,3,0,24071,0.00,59.00),(10838,3,0,24069,0.00,0.00),(10836,3,0,24067,0.00,0.00),(10834,3,0,24065,0.00,0.00),(10832,3,0,24063,0.00,0.00),(10830,3,0,24061,0.00,0.00),(10828,3,0,24059,0.00,0.00),(10826,3,0,24057,0.00,0.00),(10824,3,0,24055,0.00,0.00),(10822,3,0,24053,0.00,0.00),(10911,3,0,24142,0.00,0.00),(10909,3,0,24140,0.00,75.00),(10907,3,0,24138,0.00,75.00),(10905,3,0,24136,0.00,75.00),(10903,3,0,24134,0.00,75.00),(10901,3,0,24132,0.00,59.00),(10899,3,0,24130,0.00,59.00),(10897,3,0,24128,0.00,0.00),(10792,3,0,24023,0.00,0.00),(10790,3,0,24021,0.00,0.00),(10788,3,0,24019,0.00,0.00),(10786,3,0,24017,0.00,0.00),(10784,3,0,24015,0.00,0.00),(10782,3,0,24013,0.00,0.00),(10780,3,0,24011,0.00,0.00),(10778,3,0,24009,0.00,0.00),(10776,3,0,24007,0.00,0.00),(10774,3,0,24005,0.00,0.00),(10772,3,0,24003,0.00,0.00),(9751,3,0,22982,0.00,115.00),(9749,3,0,22980,0.00,115.00),(14129,3,0,27297,0.00,24.00),(14127,3,0,27295,0.00,24.00),(10449,3,0,23680,0.00,0.00),(10447,3,0,23678,0.00,0.00),(10445,3,0,23676,0.00,32.00),(10640,3,0,23871,0.00,0.00),(10494,3,0,23725,0.00,0.00),(10492,3,0,23723,0.00,0.00),(10490,3,0,23721,0.00,0.00),(10488,3,0,23719,0.00,0.00),(10486,3,0,23717,0.00,0.00),(10484,3,0,23715,0.00,0.00),(10482,3,0,23713,0.00,0.00),(10480,3,0,23711,0.00,0.00),(10478,3,0,23709,0.00,0.00),(10476,3,0,23707,0.00,0.00),(10474,3,0,23705,0.00,108.00),(10472,3,0,23703,0.00,38.00),(10470,3,0,23701,0.00,44.00),(10468,3,0,23699,0.00,38.00),(10638,3,0,23869,0.00,0.00),(10652,3,0,23883,0.00,0.00),(11107,3,0,24338,0.00,0.00),(11105,3,0,24336,0.00,0.00),(11103,3,0,24334,0.00,0.00),(11101,3,0,24332,0.00,0.00),(11099,3,0,24330,0.00,0.00),(11097,3,0,24328,0.00,59.00),(11095,3,0,24326,0.00,59.00),(11093,3,0,24324,0.00,62.00),(11091,3,0,24322,0.00,198.00),(11089,3,0,24320,0.00,143.00),(11087,3,0,24318,0.00,0.00),(11085,3,0,24316,0.00,0.00),(11083,3,0,24314,0.00,0.00),(11081,3,0,24312,0.00,0.00),(11079,3,0,24310,0.00,294.00),(11077,3,0,24308,0.00,93.00),(11075,3,0,24306,0.00,229.00),(11073,3,0,24304,0.00,159.00),(11071,3,0,24302,0.00,0.00),(11069,3,0,24300,0.00,0.00),(11067,3,0,24298,0.00,0.00),(11065,3,0,24296,0.00,0.00),(11063,3,0,24294,0.00,0.00),(11061,3,0,24292,0.00,79.00),(11059,3,0,24290,0.00,79.00),(11057,3,0,24288,0.00,59.00),(11055,3,0,24286,0.00,79.00),(11053,3,0,24284,0.00,0.00),(11051,3,0,24282,0.00,0.00),(11049,3,0,24280,0.00,0.00),(11047,3,0,24278,0.00,0.00),(11045,3,0,24276,0.00,0.00),(11043,3,0,24274,0.00,0.00),(11041,3,0,24272,0.00,0.00),(11039,3,0,24270,0.00,119.00),(11037,3,0,24268,0.00,119.00),(11035,3,0,24266,0.00,119.00),(11033,3,0,24264,0.00,119.00),(11031,3,0,24262,0.00,119.00),(11029,3,0,24260,0.00,119.00),(11027,3,0,24258,0.00,119.00),(13042,3,0,26229,0.00,279.00),(13040,3,0,26227,0.00,279.00),(13038,3,0,26225,0.00,59.00),(13036,3,0,26223,0.00,59.00),(13034,3,0,26221,0.00,59.00),(13032,3,0,26219,0.00,59.00),(13030,3,0,26217,0.00,59.00),(12935,3,0,26136,0.00,46.00),(12933,3,0,26134,0.00,69.00),(12931,3,0,26132,0.00,129.00),(12929,3,0,26130,0.00,59.00),(12927,3,0,26128,0.00,99.00),(12925,3,0,26126,0.00,99.00),(12923,3,0,26124,0.00,99.00),(12921,3,0,26122,0.00,89.00),(12919,3,0,26120,0.00,89.00),(12917,3,0,26118,0.00,24.00),(12915,3,0,26116,0.00,39.00),(12913,3,0,26114,0.00,39.00),(12911,3,0,26112,0.00,119.00),(12909,3,0,26110,0.00,64.00),(12907,3,0,26108,0.00,75.00),(12905,3,0,26106,0.00,75.00),(12903,3,0,26104,0.00,75.00),(12901,3,0,26102,0.00,279.00),(12899,3,0,26100,0.00,279.00),(12897,3,0,26098,0.00,32.00),(12895,3,0,26097,0.00,76.00),(12893,3,0,26096,0.00,199.00),(12891,3,0,26094,0.00,199.00),(12889,3,0,26092,0.00,219.00),(12887,3,0,26090,0.00,169.00),(12885,3,0,26088,0.00,169.00),(12883,3,0,26086,0.00,76.00),(12881,3,0,26084,0.00,76.00),(12879,3,0,26082,0.00,76.00),(12877,3,0,26080,0.00,76.00),(12875,3,0,26078,0.00,75.00),(12873,3,0,26076,0.00,75.00),(12871,3,0,26074,0.00,75.00),(12869,3,0,26072,0.00,75.00),(12867,3,0,26070,0.00,75.00),(12865,3,0,26068,0.00,169.00),(12863,3,0,26066,0.00,75.00),(12861,3,0,26064,0.00,169.00),(12859,3,0,26062,0.00,169.00),(12857,3,0,26060,0.00,169.00),(12855,3,0,26058,0.00,75.00),(12853,3,0,26056,0.00,75.00),(12851,3,0,26054,0.00,75.00),(12849,3,0,26052,0.00,75.00),(12847,3,0,26050,0.00,75.00),(12845,3,0,26048,0.00,75.00),(12843,3,0,26046,0.00,75.00),(12841,3,0,26044,0.00,75.00),(12839,3,0,26042,0.00,75.00),(12837,3,0,26040,0.00,75.00),(12835,3,0,26038,0.00,75.00),(12833,3,0,26036,0.00,75.00),(12831,3,0,26034,0.00,75.00),(12829,3,0,26032,0.00,75.00),(12827,3,0,26030,0.00,75.00),(12825,3,0,26028,0.00,75.00),(12823,3,0,26026,0.00,75.00),(12821,3,0,26024,0.00,75.00),(12819,3,0,26022,0.00,75.00),(12817,3,0,26020,0.00,75.00),(12815,3,0,26018,0.00,75.00),(12813,3,0,26016,0.00,75.00),(12811,3,0,26014,0.00,75.00),(12809,3,0,26012,0.00,75.00),(12807,3,0,26010,0.00,75.00),(12805,3,0,26008,0.00,75.00),(12803,3,0,26006,0.00,75.00),(12801,3,0,26004,0.00,75.00),(12799,3,0,26002,0.00,75.00),(12797,3,0,26000,0.00,75.00),(12795,3,0,25998,0.00,75.00),(12793,3,0,25996,0.00,75.00),(12791,3,0,25994,0.00,75.00),(12789,3,0,25992,0.00,75.00),(13166,3,0,26353,0.00,16.00),(13164,3,0,26351,0.00,16.00),(13162,3,0,26349,0.00,16.00),(13160,3,0,26347,0.00,16.00),(13158,3,0,26345,0.00,16.00),(13156,3,0,26343,0.00,16.00),(13154,3,0,26341,0.00,16.00),(13152,3,0,26339,0.00,16.00),(13150,3,0,26337,0.00,16.00),(13148,3,0,26335,0.00,16.00),(13146,3,0,26333,0.00,16.00),(13144,3,0,26331,0.00,16.00),(13168,3,0,26355,0.00,16.00),(13177,3,0,26364,0.00,16.00),(13179,3,0,26366,0.00,16.00),(13181,3,0,26368,0.00,16.00),(13183,3,0,26370,0.00,16.00),(13185,3,0,26372,0.00,16.00),(13170,3,0,26357,0.00,16.00),(13172,3,0,26359,0.00,16.00),(13174,3,0,26361,0.00,16.00),(13175,3,0,26362,0.00,16.00),(12936,3,0,26137,0.00,52.00),(12997,3,0,26191,0.00,24.00),(13024,3,0,26211,0.00,59.00),(12999,3,0,26192,0.00,19.00),(13000,3,0,26192,0.00,19.00),(13009,3,0,26196,0.00,15.00),(13010,3,0,26197,0.00,15.00),(13089,3,0,26276,0.00,6.00),(13087,3,0,26274,0.00,6.00),(13124,3,0,26311,0.00,6.00),(13028,3,0,26215,0.00,59.00),(13026,3,0,26213,0.00,59.00),(14051,3,0,27219,0.00,17.00),(14049,3,0,27217,0.00,15.00),(14047,3,0,27215,0.00,12.00),(14045,3,0,27213,0.00,12.00),(14044,3,0,27212,0.00,169.00),(14042,3,0,26936,0.00,16.00),(14040,3,0,27209,0.00,149.00),(14038,3,0,27208,0.00,149.00),(14036,3,0,27207,0.00,149.00),(14034,3,0,27206,0.00,149.00),(14032,3,0,27205,0.00,149.00),(14030,3,0,27203,0.00,149.00),(14028,3,0,27201,0.00,149.00),(14027,3,0,27200,0.00,149.00),(14025,3,0,27198,0.00,139.00),(14023,3,0,27196,0.00,139.00),(13904,3,0,27083,0.00,129.00),(13902,3,0,27081,0.00,494.00),(13900,3,0,27079,0.00,444.00),(13990,3,0,27167,0.00,59.00),(13988,3,0,27165,0.00,59.00),(13898,3,0,27077,0.00,289.00),(13896,3,0,27075,0.00,524.00),(13894,3,0,27073,0.00,524.00),(13892,3,0,27071,0.00,509.00),(13890,3,0,27069,0.00,524.00),(13888,3,0,27067,0.00,499.00),(13886,3,0,27065,0.00,49.00),(13884,3,0,27063,0.00,49.00),(13882,3,0,27061,0.00,32.00),(13880,3,0,27059,0.00,32.00),(13878,3,0,27057,0.00,32.00),(13876,3,0,27055,0.00,69.00),(13874,3,0,27053,0.00,149.00),(13872,3,0,27051,0.00,149.00),(13870,3,0,27049,0.00,149.00),(13868,3,0,27047,0.00,149.00),(13866,3,0,27045,0.00,149.00),(13864,3,0,27043,0.00,149.00),(13862,3,0,27041,0.00,149.00),(13860,3,0,27039,0.00,149.00),(13858,3,0,27037,0.00,149.00),(13856,3,0,27035,0.00,149.00),(13854,3,0,27033,0.00,619.00),(13852,3,0,27031,0.00,549.00),(13850,3,0,27029,0.00,22.00),(13848,3,0,27027,0.00,22.00),(13846,3,0,27025,0.00,22.00),(13844,3,0,27023,0.00,22.00),(13842,3,0,27021,0.00,22.00),(13840,3,0,27019,0.00,22.00),(13838,3,0,27017,0.00,22.00),(13836,3,0,27015,0.00,22.00),(13834,3,0,27013,0.00,22.00),(13832,3,0,27011,0.00,22.00),(13830,3,0,27009,0.00,22.00),(13393,3,0,26580,0.00,16.00),(13391,3,0,26578,0.00,16.00),(13389,3,0,26576,0.00,16.00),(13387,3,0,26574,0.00,16.00),(13385,3,0,26572,0.00,16.00),(13383,3,0,26570,0.00,16.00),(13381,3,0,26568,0.00,16.00),(13379,3,0,26566,0.00,16.00),(13377,3,0,26564,0.00,16.00),(13375,3,0,26562,0.00,16.00),(13373,3,0,26560,0.00,16.00),(13371,3,0,26558,0.00,16.00),(13498,3,0,26685,0.00,99.00),(10463,3,0,23694,0.00,169.00),(10461,3,0,23692,0.00,0.00),(10459,3,0,23690,0.00,24.00),(10502,3,0,23733,0.00,0.00),(13369,3,0,26556,0.00,16.00),(13582,3,0,26768,0.00,16.00),(13530,3,0,26716,0.00,22.00),(13528,3,0,26714,0.00,22.00),(13556,3,0,26742,0.00,20.00),(13814,3,0,26993,0.00,15.00),(13793,3,0,26972,0.00,17.00),(13791,3,0,26970,0.00,19.00),(13789,3,0,26968,0.00,19.00),(13787,3,0,26966,0.00,19.00),(13785,3,0,26964,0.00,19.00),(13783,3,0,26962,0.00,19.00),(13781,3,0,26960,0.00,17.00),(13779,3,0,26958,0.00,17.00),(13777,3,0,26956,0.00,17.00),(13775,3,0,26954,0.00,17.00),(13812,3,0,26991,0.00,15.00),(13810,3,0,26989,0.00,15.00),(13773,3,0,26952,0.00,17.00),(13771,3,0,26950,0.00,17.00),(13745,3,0,26924,0.00,1499.00),(13743,3,0,26922,0.00,279.00),(13755,3,0,26934,0.00,5.00),(13741,3,0,26920,0.00,279.00),(13739,3,0,26918,0.00,279.00),(13737,3,0,26916,0.00,249.00),(13735,3,0,26845,0.00,79.00),(11810,3,0,25037,0.00,420.00),(11808,3,0,25035,0.00,76.00),(11806,3,0,25033,0.00,512.00),(11804,3,0,25031,0.00,142.00),(11802,3,0,25029,0.00,349.00),(11800,3,0,25027,0.00,429.00),(11798,3,0,25025,0.00,99.00),(11796,3,0,25023,0.00,119.00),(11794,3,0,25021,0.00,75.00),(11792,3,0,25019,0.00,2499.00),(11790,3,0,24606,0.00,219.00),(11788,3,0,25016,0.00,549.00),(11764,3,0,24992,0.00,149.00),(11778,3,0,25006,0.00,148.00),(13439,3,0,26626,0.00,16.00),(13437,3,0,26624,0.00,16.00),(13449,3,0,26636,0.00,16.00),(13447,3,0,26634,0.00,16.00),(11259,3,0,24490,0.00,319.00),(11257,3,0,24488,0.00,138.00),(11255,3,0,24486,0.00,96.00),(11253,3,0,24484,0.00,54.00),(11251,3,0,24482,0.00,209.00),(11249,3,0,24480,0.00,419.00),(11247,3,0,24478,0.00,419.00),(11245,3,0,24476,0.00,139.00),(11243,3,0,24474,0.00,139.00),(11241,3,0,24472,0.00,0.00),(11239,3,0,24470,0.00,0.00),(11237,3,0,24468,0.00,0.00),(11235,3,0,24466,0.00,0.00),(11233,3,0,24464,0.00,0.00),(11231,3,0,24462,0.00,0.00),(11229,3,0,24460,0.00,0.00),(11227,3,0,24458,0.00,0.00),(11225,3,0,24456,0.00,0.00),(11223,3,0,24454,0.00,0.00),(11221,3,0,24452,0.00,0.00),(11219,3,0,24450,0.00,0.00),(11217,3,0,24448,0.00,0.00),(11215,3,0,24446,0.00,0.00),(11213,3,0,24444,0.00,0.00),(11211,3,0,24442,0.00,0.00),(11209,3,0,24440,0.00,0.00),(11207,3,0,24438,0.00,0.00),(11205,3,0,24436,0.00,0.00),(11203,3,0,24434,0.00,0.00),(11201,3,0,24432,0.00,0.00),(11199,3,0,24430,0.00,0.00),(11197,3,0,24428,0.00,0.00),(11195,3,0,24426,0.00,0.00),(11193,3,0,24424,0.00,0.00),(11191,3,0,24422,0.00,0.00),(11189,3,0,24420,0.00,0.00),(11187,3,0,24418,0.00,0.00),(11185,3,0,24416,0.00,0.00),(11183,3,0,24414,0.00,0.00),(11181,3,0,24412,0.00,0.00),(11179,3,0,24410,0.00,28.00),(11177,3,0,24408,0.00,28.00),(11175,3,0,24406,0.00,28.00),(14131,3,0,27299,0.00,24.00),(12948,3,0,26149,0.00,18.00),(12946,3,0,26147,0.00,17.00),(12944,3,0,26145,0.00,15.00),(12942,3,0,26143,0.00,7.00),(12940,3,0,26141,0.00,17.00),(12938,3,0,26139,0.00,13.00),(12550,3,0,25754,0.00,32.00),(12548,3,0,25752,0.00,32.00),(13733,3,0,26913,0.00,59.00),(13731,3,0,26911,0.00,319.00),(13986,3,0,27163,0.00,59.00),(13085,3,0,26272,0.00,6.00),(13083,3,0,26270,0.00,6.00),(13081,3,0,26268,0.00,6.00),(13079,3,0,26266,0.00,6.00),(14182,3,0,27350,0.00,19.00),(13475,3,0,26662,0.00,16.00),(13473,3,0,26660,0.00,16.00),(13471,3,0,26658,0.00,16.00),(13469,3,0,26656,0.00,16.00),(9709,3,0,22940,0.00,0.00),(13769,3,0,26948,0.00,17.00),(14099,3,0,27267,0.00,18.00),(9763,3,0,22994,0.00,58.00),(13767,3,0,26946,0.00,17.00),(10457,3,0,23688,0.00,19.00),(11923,3,0,25145,0.00,16.00),(11921,3,0,25143,0.00,16.00),(11950,3,0,25172,0.00,16.00),(11919,3,0,25141,0.00,16.00),(11917,3,0,25139,0.00,16.00),(11915,3,0,25137,0.00,16.00),(11913,3,0,25135,0.00,0.00),(11911,3,0,25133,0.00,6.00),(11909,3,0,25131,0.00,2999.00),(11907,3,0,25129,0.00,16.00),(11880,3,0,25102,0.00,279.00),(12545,3,0,25749,0.00,32.00),(12543,3,0,25747,0.00,32.00),(12541,3,0,25745,0.00,32.00),(12539,3,0,25743,0.00,32.00),(12537,3,0,25741,0.00,32.00),(12535,3,0,25739,0.00,199.00),(12533,3,0,25737,0.00,9.00),(12531,3,0,25342,0.00,19.00),(12529,3,0,25734,0.00,139.00),(12527,3,0,25732,0.00,18.00),(12525,3,0,25337,0.00,18.00),(12523,3,0,25730,0.00,129.00),(12521,3,0,25728,0.00,149.00),(12519,3,0,25727,0.00,169.00),(12517,3,0,25725,0.00,499.00),(12515,3,0,25723,0.00,499.00),(12513,3,0,25721,0.00,499.00),(12511,3,0,25719,0.00,179.00),(12509,3,0,25717,0.00,549.00),(12507,3,0,25715,0.00,549.00),(12505,3,0,25713,0.00,199.00),(12503,3,0,25711,0.00,169.00),(12501,3,0,25709,0.00,149.00),(12499,3,0,25707,0.00,69.00),(12497,3,0,25705,0.00,69.00),(12495,3,0,25703,0.00,69.00),(12493,3,0,25701,0.00,69.00),(12491,3,0,25699,0.00,69.00),(12489,3,0,25697,0.00,69.00),(12487,3,0,25695,0.00,69.00),(12485,3,0,25693,0.00,69.00),(12595,3,0,25799,0.00,69.00),(12593,3,0,25797,0.00,24.00),(12481,3,0,25689,0.00,69.00),(12479,3,0,25687,0.00,69.00),(12477,3,0,25685,0.00,69.00),(12475,3,0,25683,0.00,69.00),(12473,3,0,25681,0.00,69.00),(12471,3,0,25679,0.00,69.00),(12469,3,0,25677,0.00,69.00),(12467,3,0,25675,0.00,69.00),(12465,3,0,25673,0.00,69.00),(12463,3,0,25671,0.00,69.00),(12461,3,0,25669,0.00,1189.00),(12459,3,0,25667,0.00,379.00),(12457,3,0,25665,0.00,129.00),(12455,3,0,25663,0.00,1189.00),(12453,3,0,25661,0.00,379.00),(12290,3,0,25498,0.00,17.00),(12288,3,0,25496,0.00,17.00),(12451,3,0,25659,0.00,379.00),(12449,3,0,25657,0.00,129.00),(12447,3,0,25655,0.00,1099.00),(12445,3,0,25653,0.00,609.00),(12443,3,0,25651,0.00,349.00),(12441,3,0,25649,0.00,349.00),(12439,3,0,25647,0.00,119.00),(12437,3,0,25645,0.00,1099.00),(12435,3,0,25643,0.00,609.00),(12433,3,0,25641,0.00,349.00),(12431,3,0,25639,0.00,349.00),(12429,3,0,25637,0.00,119.00),(12427,3,0,25635,0.00,259.00),(12425,3,0,25633,0.00,859.00),(12423,3,0,25631,0.00,279.00),(12421,3,0,25629,0.00,75.00),(12419,3,0,25627,0.00,75.00),(12417,3,0,25625,0.00,75.00),(12415,3,0,25623,0.00,75.00),(12413,3,0,25621,0.00,75.00),(12591,3,0,25795,0.00,119.00),(12411,3,0,25619,0.00,75.00),(12409,3,0,25617,0.00,75.00),(12407,3,0,25615,0.00,75.00),(12405,3,0,25613,0.00,75.00),(12403,3,0,25611,0.00,75.00),(12401,3,0,25609,0.00,75.00),(12399,3,0,25607,0.00,75.00),(12397,3,0,25605,0.00,75.00),(12395,3,0,25603,0.00,75.00),(12393,3,0,25601,0.00,75.00),(12391,3,0,25599,0.00,75.00),(12389,3,0,25597,0.00,75.00),(12387,3,0,25595,0.00,75.00),(12385,3,0,25593,0.00,75.00),(12383,3,0,25591,0.00,75.00),(12381,3,0,25589,0.00,75.00),(12379,3,0,25587,0.00,129.00),(12377,3,0,25585,0.00,119.00),(12375,3,0,25583,0.00,119.00),(12373,3,0,25581,0.00,119.00),(12371,3,0,25579,0.00,119.00),(12369,3,0,25577,0.00,119.00),(12468,3,0,25676,0.00,69.00),(12286,3,0,25494,0.00,17.00),(12284,3,0,25492,0.00,17.00),(12282,3,0,25490,0.00,17.00),(12280,3,0,25488,0.00,17.00),(12278,3,0,25486,0.00,17.00),(12276,3,0,25484,0.00,17.00),(12274,3,0,25482,0.00,17.00),(12272,3,0,25480,0.00,17.00),(12270,3,0,25478,0.00,17.00),(12268,3,0,25476,0.00,17.00),(12266,3,0,25474,0.00,17.00),(12264,3,0,25472,0.00,17.00),(12262,3,0,25470,0.00,17.00),(12260,3,0,25468,0.00,17.00),(12258,3,0,25466,0.00,17.00),(12256,3,0,25464,0.00,17.00),(12254,3,0,25462,0.00,17.00),(12252,3,0,25460,0.00,17.00),(12250,3,0,25458,0.00,39.00),(12248,3,0,25456,0.00,76.00),(12246,3,0,25454,0.00,76.00),(12244,3,0,25452,0.00,76.00),(12242,3,0,25450,0.00,76.00),(12240,3,0,25448,0.00,76.00),(12238,3,0,25446,0.00,76.00),(12236,3,0,25444,0.00,76.00),(12234,3,0,25442,0.00,59.00),(12232,3,0,25440,0.00,16.00),(12230,3,0,25438,0.00,24.00),(12228,3,0,25436,0.00,24.00),(12226,3,0,25434,0.00,32.00),(12224,3,0,25432,0.00,32.00),(12222,3,0,25430,0.00,32.00),(12220,3,0,25428,0.00,19.00),(12218,3,0,25426,0.00,19.00),(12216,3,0,25424,0.00,19.00),(12214,3,0,25422,0.00,19.00),(12212,3,0,25420,0.00,48.00),(12210,3,0,25418,0.00,19.00),(12208,3,0,25416,0.00,19.00),(12206,3,0,25414,0.00,15.00),(12204,3,0,25412,0.00,18.00),(12202,3,0,25410,0.00,17.00),(12200,3,0,25408,0.00,17.00),(12292,3,0,25500,0.00,17.00),(12294,3,0,25502,0.00,17.00),(12296,3,0,25504,0.00,17.00),(12298,3,0,25506,0.00,17.00),(12300,3,0,25508,0.00,17.00),(12162,3,0,25370,0.00,24.00),(12160,3,0,25368,0.00,24.00),(12158,3,0,25366,0.00,40.00),(12156,3,0,25364,0.00,40.00),(12154,3,0,25362,0.00,40.00),(12152,3,0,25360,0.00,24.00),(12150,3,0,25358,0.00,40.00),(12148,3,0,25356,0.00,40.00),(12146,3,0,25354,0.00,40.00),(12144,3,0,25352,0.00,24.00),(12142,3,0,25350,0.00,24.00),(12140,3,0,25348,0.00,24.00),(12138,3,0,25346,0.00,4.00),(12136,3,0,25344,0.00,4.00),(12134,3,0,25342,0.00,19.00),(12132,3,0,25340,0.00,5.00),(12130,3,0,25338,0.00,10.00),(12128,3,0,25336,0.00,69.00),(12126,3,0,25334,0.00,4.50),(12124,3,0,25332,0.00,39.00),(12122,3,0,25330,0.00,4.00),(12120,3,0,25328,0.00,99.00),(12118,3,0,25326,0.00,99.00),(12116,3,0,25324,0.00,149.00),(12114,3,0,25322,0.00,24.00),(12112,3,0,25320,0.00,599.00),(12110,3,0,25318,0.00,239.00),(12108,3,0,25316,0.00,17.00),(12106,3,0,25314,0.00,179.00),(12104,3,0,25312,0.00,749.00),(12102,3,0,25310,0.00,749.00),(12100,3,0,25308,0.00,59.00),(12098,3,0,25306,0.00,139.00),(12096,3,0,25304,0.00,139.00),(12094,3,0,25302,0.00,139.00),(12092,3,0,25300,0.00,139.00),(12090,3,0,25298,0.00,139.00),(12326,3,0,25534,0.00,17.00),(12324,3,0,25532,0.00,17.00),(12322,3,0,25530,0.00,17.00),(12320,3,0,25528,0.00,17.00),(12318,3,0,25526,0.00,17.00),(12316,3,0,25524,0.00,17.00),(12314,3,0,25522,0.00,17.00),(12088,3,0,25297,0.00,49.00),(12312,3,0,25520,0.00,17.00),(12310,3,0,25518,0.00,17.00),(12308,3,0,25516,0.00,17.00),(12086,3,0,25295,0.00,49.00),(12084,3,0,25293,0.00,599.00),(12082,3,0,25016,0.00,549.00),(12080,3,0,25290,0.00,459.00),(12078,3,0,25288,0.00,39.00),(12076,3,0,25286,0.00,12.00),(12074,3,0,25284,0.00,4899.00),(12072,3,0,25282,0.00,279.00),(12070,3,0,25280,0.00,279.00),(12306,3,0,25514,0.00,17.00),(10957,3,0,24188,0.00,0.00),(10955,3,0,24186,0.00,0.00),(10953,3,0,24184,0.00,0.00),(10951,3,0,24182,0.00,0.00),(10949,3,0,24180,0.00,0.00),(10947,3,0,24178,0.00,0.00),(10945,3,0,24176,0.00,32.00),(10943,3,0,24174,0.00,32.00),(10941,3,0,24172,0.00,32.00),(10959,3,0,24190,0.00,0.00),(13313,3,0,26500,0.00,16.00),(13311,3,0,26498,0.00,16.00),(13309,3,0,26496,0.00,16.00),(13307,3,0,26494,0.00,16.00),(12367,3,0,25575,0.00,119.00),(12363,3,0,25571,0.00,119.00),(13048,3,0,26235,0.00,279.00),(13073,3,0,26260,0.00,279.00),(13071,3,0,26258,0.00,279.00),(13069,3,0,26256,0.00,279.00),(13067,3,0,26254,0.00,279.00),(13066,3,0,26253,0.00,279.00),(13063,3,0,26250,0.00,279.00),(13062,3,0,26249,0.00,279.00),(11905,3,0,25127,0.00,83.00),(14021,3,0,22124,179.00,139.00),(11903,3,0,25125,0.00,6.00),(11901,3,0,25123,0.00,6.00),(14139,3,0,27307,0.00,24.00),(13580,3,0,26766,0.00,17.00),(13578,3,0,26764,0.00,17.00),(11173,3,0,24404,0.00,28.00),(11171,3,0,24402,0.00,28.00),(11169,3,0,24400,0.00,28.00),(11167,3,0,24398,0.00,32.00),(11165,3,0,24396,0.00,112.00),(11163,3,0,24394,0.00,32.00),(10700,3,0,23931,0.00,0.00),(10698,3,0,23929,0.00,0.00),(10500,3,0,23731,0.00,0.00),(10498,3,0,23729,0.00,0.00),(10496,3,0,23727,0.00,0.00),(10933,3,0,24164,0.00,354.00),(10935,3,0,24166,0.00,48.00),(10931,3,0,24162,0.00,659.00),(12366,3,0,25574,0.00,119.00),(12362,3,0,25570,0.00,119.00),(14097,3,0,27265,0.00,18.00),(13136,3,0,26323,0.00,6.00),(13134,3,0,26321,0.00,6.00),(13132,3,0,26319,0.00,6.00),(13130,3,0,26317,0.00,6.00),(13128,3,0,26315,0.00,6.00),(13126,3,0,26313,0.00,6.00),(11925,3,0,25147,0.00,16.00),(11952,3,0,25174,0.00,16.00),(11928,3,0,25150,0.00,16.00),(11895,3,0,25117,0.00,6.00),(10848,3,0,24079,0.00,75.00),(10850,3,0,24081,0.00,75.00),(10852,3,0,24083,0.00,75.00),(10854,3,0,24085,0.00,75.00),(10856,3,0,24087,0.00,75.00),(10858,3,0,24089,0.00,54.00),(10913,3,0,24144,0.00,0.00),(10794,3,0,24025,0.00,0.00),(10796,3,0,24027,0.00,0.00),(10798,3,0,24029,0.00,0.00),(10800,3,0,24031,0.00,0.00),(10802,3,0,24033,0.00,0.00),(10804,3,0,24035,0.00,0.00),(10806,3,0,24037,0.00,0.00),(13998,3,0,27175,0.00,69.00),(13999,3,0,27176,0.00,69.00),(14000,3,0,27177,0.00,76.00),(14012,3,0,27189,0.00,149.00),(13053,3,0,26240,0.00,279.00),(13052,3,0,26239,0.00,279.00),(13093,3,0,26280,0.00,6.00),(13092,3,0,26279,0.00,6.00),(13077,3,0,26264,0.00,6.00),(13076,3,0,26263,0.00,6.00),(13729,3,0,26909,0.00,54.00),(13433,3,0,26620,0.00,16.00),(13435,3,0,26622,0.00,16.00),(12068,3,0,25278,0.00,179.00),(12066,3,0,25276,0.00,199.00),(12064,3,0,25274,0.00,199.00),(12062,3,0,25272,0.00,199.00),(12060,3,0,25270,0.00,59.00),(12058,3,0,25269,0.00,49.00),(12056,3,0,25267,0.00,58.00),(12054,3,0,25265,0.00,59.00),(12052,3,0,23040,0.00,59.00),(12050,3,0,25262,0.00,199.00),(12048,3,0,25260,0.00,43.00),(12046,3,0,23014,0.00,49.00),(12044,3,0,25257,0.00,49.00),(12022,3,0,25240,0.00,139.00),(12020,3,0,25238,0.00,16.00),(12018,3,0,25236,0.00,1599.00),(12016,3,0,25235,0.00,15.00),(12014,3,0,25110,0.00,15.00),(12012,3,0,25234,0.00,149.00),(12010,3,0,25232,0.00,599.00),(12008,3,0,25230,0.00,16.00),(12006,3,0,25228,0.00,16.00),(9489,3,0,22720,0.00,59.00),(9487,3,0,22718,0.00,75.00),(14188,3,0,27356,0.00,22.00),(14185,3,0,27353,0.00,19.00),(14194,3,0,27362,0.00,149.00),(14191,3,0,27359,0.00,76.00),(9785,3,0,23016,0.00,0.00),(9783,3,0,23014,0.00,0.00),(9781,3,0,23012,0.00,0.00),(12572,3,0,25776,0.00,439.00),(12569,3,0,25773,0.00,149.00),(12575,3,0,25779,0.00,129.00),(14001,3,0,27178,0.00,76.00),(10265,3,0,23496,0.00,0.00),(10253,3,0,23484,0.00,0.00),(10251,3,0,23482,0.00,0.00),(10249,3,0,23480,0.00,0.00),(10628,3,0,23859,0.00,0.00),(10626,3,0,23857,0.00,0.00),(10624,3,0,23855,0.00,0.00),(10622,3,0,23853,0.00,0.00),(10620,3,0,23851,0.00,0.00),(10618,3,0,23849,0.00,0.00),(10616,3,0,23847,0.00,0.00),(10614,3,0,23845,0.00,0.00),(10612,3,0,23843,0.00,0.00),(10610,3,0,23841,0.00,0.00),(10608,3,0,23839,0.00,0.00),(10606,3,0,23837,0.00,0.00),(10604,3,0,23835,0.00,0.00),(10602,3,0,23833,0.00,0.00),(10600,3,0,23831,0.00,0.00),(10598,3,0,23829,0.00,0.00),(10596,3,0,23827,0.00,0.00),(10594,3,0,23825,0.00,0.00),(10592,3,0,23823,0.00,0.00),(10590,3,0,23821,0.00,0.00),(10588,3,0,23819,0.00,0.00),(10586,3,0,23817,0.00,0.00),(10584,3,0,23815,0.00,0.00),(10582,3,0,23813,0.00,0.00),(10580,3,0,23811,0.00,0.00),(10578,3,0,23809,0.00,0.00),(10576,3,0,23807,0.00,0.00),(10574,3,0,23805,0.00,0.00),(10572,3,0,23803,0.00,0.00),(10570,3,0,23801,0.00,0.00),(10568,3,0,23799,0.00,0.00),(10566,3,0,23797,0.00,0.00),(10564,3,0,23795,0.00,0.00),(10562,3,0,23793,0.00,0.00),(10560,3,0,23791,0.00,0.00),(10247,3,0,23478,0.00,0.00),(10245,3,0,23476,0.00,0.00),(10401,3,0,23632,0.00,14.00),(10399,3,0,23630,0.00,14.00),(10397,3,0,23628,0.00,14.00),(10395,3,0,23626,0.00,14.00),(10393,3,0,23624,0.00,14.00),(10391,3,0,23622,0.00,14.00),(10389,3,0,23620,0.00,14.00),(10387,3,0,23618,0.00,14.00),(10385,3,0,23616,0.00,14.00),(10383,3,0,23614,0.00,14.00),(10381,3,0,23612,0.00,17.00),(10379,3,0,23610,0.00,14.00),(10377,3,0,23608,0.00,14.00),(10375,3,0,23606,0.00,14.00),(10373,3,0,23604,0.00,14.00),(10371,3,0,23602,0.00,14.00),(10369,3,0,23600,0.00,14.00),(10367,3,0,23598,0.00,14.00),(10365,3,0,23596,0.00,14.00),(10363,3,0,23594,0.00,14.00),(10361,3,0,23592,0.00,14.00),(10359,3,0,23590,0.00,14.00),(10357,3,0,23588,0.00,17.00),(10355,3,0,23586,0.00,17.00),(10353,3,0,23584,0.00,17.00),(10351,3,0,23582,0.00,17.00),(10349,3,0,23580,0.00,17.00),(10347,3,0,23578,0.00,17.00),(10345,3,0,23576,0.00,17.00),(10343,3,0,23574,0.00,0.00),(10341,3,0,23572,0.00,0.00),(10339,3,0,23570,0.00,0.00),(10337,3,0,23568,0.00,0.00),(10335,3,0,23566,0.00,0.00),(10333,3,0,23564,0.00,0.00),(10331,3,0,23562,0.00,0.00),(10329,3,0,23560,0.00,0.00),(10327,3,0,23558,0.00,0.00),(10325,3,0,23556,0.00,0.00),(10323,3,0,23554,0.00,0.00),(10321,3,0,23552,0.00,0.00),(10319,3,0,23550,0.00,0.00),(10317,3,0,23548,0.00,0.00),(10315,3,0,23546,0.00,0.00),(10313,3,0,23544,0.00,0.00),(10311,3,0,23542,0.00,0.00),(10309,3,0,23540,0.00,0.00),(10307,3,0,23538,0.00,0.00),(10305,3,0,23536,0.00,0.00),(10303,3,0,23534,0.00,0.00),(10301,3,0,23532,0.00,0.00),(10299,3,0,23530,0.00,0.00),(10297,3,0,23528,0.00,0.00),(10295,3,0,23526,0.00,0.00),(10293,3,0,23524,0.00,0.00),(10291,3,0,23522,0.00,0.00),(10289,3,0,23520,0.00,0.00),(10287,3,0,23518,0.00,0.00),(10285,3,0,23516,0.00,0.00),(10283,3,0,23514,0.00,0.00),(10281,3,0,23512,0.00,0.00),(10279,3,0,23510,0.00,0.00),(10277,3,0,23508,0.00,0.00),(10275,3,0,23506,0.00,0.00),(10273,3,0,23504,0.00,0.00),(10421,3,0,23652,0.00,0.00),(10419,3,0,23650,0.00,0.00),(10417,3,0,23648,0.00,23.00),(10415,3,0,23646,0.00,23.00),(10413,3,0,23644,0.00,23.00),(10411,3,0,23642,0.00,23.00),(10409,3,0,23640,0.00,23.00),(10407,3,0,23638,0.00,23.00),(10405,3,0,23636,0.00,23.00),(10403,3,0,23634,0.00,23.00),(13059,3,0,26246,0.00,279.00),(13057,3,0,26244,0.00,279.00),(13055,3,0,26242,0.00,279.00),(11948,3,0,25170,0.00,16.00),(11946,3,0,25168,0.00,16.00),(10928,3,0,24159,0.00,728.00),(13765,3,0,26944,0.00,17.00),(14019,3,0,27193,0.00,149.00),(14018,3,0,22126,179.00,139.00),(12589,3,0,25793,0.00,8.00),(12587,3,0,25791,0.00,49.00),(10231,3,0,23462,0.00,0.00),(10229,3,0,23460,0.00,0.00),(10227,3,0,23458,0.00,0.00),(10225,3,0,23456,0.00,0.00),(10223,3,0,23454,0.00,0.00),(10221,3,0,23452,0.00,0.00),(10219,3,0,23450,0.00,0.00),(10217,3,0,23448,0.00,0.00),(10215,3,0,23446,0.00,0.00),(10213,3,0,23444,0.00,0.00),(10211,3,0,23442,0.00,0.00),(10209,3,0,23440,0.00,0.00),(10207,3,0,23438,0.00,0.00),(10205,3,0,23436,0.00,0.00),(10203,3,0,23434,0.00,0.00),(10201,3,0,23432,0.00,0.00),(10199,3,0,23430,0.00,0.00),(10197,3,0,23428,0.00,0.00),(10195,3,0,23426,0.00,0.00),(10193,3,0,23424,0.00,0.00),(10191,3,0,23422,0.00,0.00),(10189,3,0,23420,0.00,0.00),(10187,3,0,23418,0.00,0.00),(10185,3,0,23416,0.00,0.00),(10183,3,0,23414,0.00,0.00),(10181,3,0,23412,0.00,0.00),(10179,3,0,23410,0.00,0.00),(10177,3,0,23408,0.00,15.00),(10175,3,0,23406,0.00,15.00),(10173,3,0,23404,0.00,9.00),(10171,3,0,23402,0.00,9.00),(10169,3,0,23400,0.00,9.00),(10167,3,0,23398,0.00,9.00),(10165,3,0,23396,0.00,9.00),(10163,3,0,23394,0.00,38.00),(10161,3,0,23392,0.00,38.00),(10159,3,0,23390,0.00,0.00),(10157,3,0,23388,0.00,0.00),(10155,3,0,23386,0.00,0.00),(10153,3,0,23384,0.00,0.00),(10151,3,0,23382,0.00,0.00),(10137,3,0,23368,0.00,0.00),(10135,3,0,23366,0.00,0.00),(10133,3,0,23364,0.00,0.00),(10131,3,0,23362,0.00,0.00),(10129,3,0,23360,0.00,0.00),(9819,3,0,23050,0.00,49.00),(9817,3,0,23048,0.00,49.00),(9815,3,0,23046,0.00,0.00),(9813,3,0,23044,0.00,580.00),(10049,3,0,23280,0.00,0.00),(10047,3,0,23278,0.00,0.00),(10045,3,0,23276,0.00,0.00),(10043,3,0,23274,0.00,0.00),(10041,3,0,23272,0.00,0.00),(10039,3,0,23270,0.00,0.00),(10037,3,0,23268,0.00,0.00),(10035,3,0,23266,0.00,0.00),(9901,3,0,23132,0.00,0.00),(9899,3,0,23130,0.00,0.00),(9897,3,0,23128,0.00,0.00),(9895,3,0,23126,0.00,0.00),(9893,3,0,23124,0.00,0.00),(9891,3,0,23122,0.00,0.00),(9889,3,0,23120,0.00,0.00),(9887,3,0,23118,0.00,0.00),(9885,3,0,23116,0.00,0.00),(9883,3,0,23114,0.00,0.00),(9881,3,0,23112,0.00,0.00),(9879,3,0,23110,0.00,36.00),(10109,3,0,23340,0.00,0.00),(10107,3,0,23338,0.00,0.00),(10105,3,0,23336,0.00,0.00),(10103,3,0,23334,0.00,0.00),(10101,3,0,23332,0.00,0.00),(10099,3,0,23330,0.00,0.00),(10097,3,0,23328,0.00,0.00),(10095,3,0,23326,0.00,0.00),(10093,3,0,23324,0.00,0.00),(10091,3,0,23322,0.00,0.00),(10089,3,0,23320,0.00,0.00),(10087,3,0,23318,0.00,0.00),(10085,3,0,23316,0.00,0.00),(10083,3,0,23314,0.00,0.00),(10081,3,0,23312,0.00,0.00),(10079,3,0,23310,0.00,0.00),(12566,3,0,25770,0.00,149.00),(10871,3,0,24102,0.00,59.00),(9877,3,0,23108,0.00,36.00),(9875,3,0,23106,0.00,153.00),(9873,3,0,23104,0.00,153.00),(9871,3,0,23102,0.00,32.00),(9869,3,0,23100,0.00,49.00),(9867,3,0,23098,0.00,49.00),(9865,3,0,23096,0.00,49.00),(9863,3,0,23094,0.00,49.00),(9861,3,0,23092,0.00,49.00),(9859,3,0,23090,0.00,49.00),(9857,3,0,23088,0.00,49.00),(9855,3,0,23086,0.00,49.00),(9853,3,0,23084,0.00,49.00),(9851,3,0,23082,0.00,32.00),(9849,3,0,23080,0.00,49.00),(9847,3,0,23078,0.00,32.00),(9845,3,0,23076,0.00,49.00),(9843,3,0,23074,0.00,49.00),(9841,3,0,23072,0.00,49.00),(9839,3,0,23070,0.00,49.00),(9837,3,0,23068,0.00,49.00),(9835,3,0,23066,0.00,49.00),(9833,3,0,23064,0.00,49.00),(9831,3,0,23062,0.00,49.00),(10077,3,0,23308,0.00,0.00),(10075,3,0,23306,0.00,0.00),(10073,3,0,23304,0.00,0.00),(10071,3,0,23302,0.00,0.00),(10069,3,0,23300,0.00,0.00),(10067,3,0,23298,0.00,0.00),(10065,3,0,23296,0.00,0.00),(10033,3,0,23264,0.00,0.00),(10031,3,0,23262,0.00,36.00),(10029,3,0,23260,0.00,32.00),(10027,3,0,23258,0.00,28.00),(9811,3,0,23042,0.00,0.00),(9809,3,0,23040,0.00,0.00),(9707,3,0,22938,0.00,0.00),(9747,3,0,22978,0.00,96.00),(9745,3,0,22976,0.00,96.00),(9705,3,0,22936,0.00,28.00),(9703,3,0,22934,0.00,15.00),(9743,3,0,22974,0.00,96.00),(9985,3,0,23216,0.00,66.00),(9983,3,0,23214,0.00,66.00),(9981,3,0,23212,0.00,66.00),(10025,3,0,23256,0.00,32.00),(12042,3,0,23013,0.00,43.00),(12040,3,0,25255,0.00,49.00),(12038,3,0,25253,0.00,49.00),(12036,3,0,25251,0.00,49.00),(12034,3,0,25250,0.00,69.00),(12032,3,0,25248,0.00,44.00),(12030,3,0,25246,0.00,44.00),(12028,3,0,25244,0.00,44.00),(12026,3,0,22969,0.00,119.00),(12024,3,0,25242,0.00,2499.00),(14125,3,0,27293,0.00,24.00),(9979,3,0,23210,0.00,66.00),(9829,3,0,23060,0.00,49.00),(9827,3,0,23058,0.00,32.00),(9825,3,0,23056,0.00,32.00),(10023,3,0,23254,0.00,0.00),(10021,3,0,23252,0.00,0.00),(10019,3,0,23250,0.00,0.00),(9823,3,0,23054,0.00,49.00),(12198,3,0,25406,0.00,239.00),(11878,3,0,23038,0.00,59.00),(10696,3,0,23927,0.00,0.00),(10694,3,0,23925,0.00,0.00),(10558,3,0,23789,0.00,0.00),(14015,3,0,27191,0.00,149.00),(14014,3,0,22128,179.00,139.00),(13359,3,0,26546,0.00,16.00),(13357,3,0,26544,0.00,199.00),(13340,3,0,26527,0.00,16.00),(9977,3,0,23208,0.00,76.00),(9975,3,0,23206,0.00,14.00),(9973,3,0,23204,0.00,14.00),(9972,3,0,23203,0.00,14.00),(9969,3,0,23200,0.00,14.00),(9967,3,0,23198,0.00,14.00),(9965,3,0,23196,0.00,99.99),(9964,3,0,23195,0.00,99.99),(9961,3,0,23192,0.00,99.99),(9992,3,0,23223,0.00,0.00),(9959,3,0,23190,0.00,99.99),(12196,3,0,25404,0.00,219.00),(12194,3,0,25402,0.00,219.00),(12192,3,0,25400,0.00,219.00),(12190,3,0,25398,0.00,219.00),(12188,3,0,25396,0.00,59.00),(12186,3,0,25394,0.00,75.00),(12360,3,0,25568,0.00,9.00),(12358,3,0,25566,0.00,24.00),(12356,3,0,25564,0.00,24.00),(12354,3,0,25562,0.00,24.00),(12352,3,0,25560,0.00,24.00),(12350,3,0,25558,0.00,24.00),(12348,3,0,25556,0.00,17.00),(12346,3,0,25554,0.00,17.00),(12344,3,0,25552,0.00,17.00),(12342,3,0,25550,0.00,17.00),(12340,3,0,25548,0.00,17.00),(12338,3,0,25546,0.00,17.00),(12336,3,0,25544,0.00,17.00),(12334,3,0,25542,0.00,17.00),(12332,3,0,25540,0.00,17.00),(12330,3,0,25538,0.00,17.00),(12328,3,0,25536,0.00,17.00),(12184,3,0,25392,0.00,75.00),(12182,3,0,25390,0.00,75.00),(12180,3,0,25388,0.00,75.00),(12178,3,0,25386,0.00,75.00),(12176,3,0,25384,0.00,75.00),(12174,3,0,25382,0.00,75.00),(12172,3,0,25380,0.00,75.00),(12170,3,0,25378,0.00,75.00),(12168,3,0,25376,0.00,75.00),(12166,3,0,25374,0.00,40.00),(12164,3,0,25372,0.00,40.00),(14107,3,0,27275,0.00,24.00),(14105,3,0,27273,0.00,24.00),(13763,3,0,26942,0.00,17.00),(13761,3,0,26940,0.00,12.00),(13984,3,0,27161,0.00,59.00),(13343,3,0,26530,0.00,16.00),(10556,3,0,23787,0.00,0.00),(10455,3,0,23686,0.00,16.00),(10691,3,0,23922,0.00,0.00),(10689,3,0,23920,0.00,0.00),(10664,3,0,23895,0.00,0.00),(10654,3,0,23885,0.00,0.00),(10662,3,0,23893,0.00,0.00),(10687,3,0,23918,0.00,0.00),(10685,3,0,23916,0.00,0.00),(10554,3,0,23785,0.00,0.00),(10552,3,0,23783,0.00,0.00),(10550,3,0,23781,0.00,0.00),(10548,3,0,23779,0.00,0.00),(10546,3,0,23777,0.00,0.00),(10544,3,0,23775,0.00,0.00),(10542,3,0,23773,0.00,0.00),(10540,3,0,23771,0.00,0.00),(10538,3,0,23769,0.00,0.00),(10536,3,0,23767,0.00,0.00),(10534,3,0,23765,0.00,0.00),(10532,3,0,23763,0.00,0.00),(10530,3,0,23761,0.00,0.00),(10453,3,0,23684,0.00,0.00),(10451,3,0,23682,0.00,0.00),(10659,3,0,23890,0.00,0.00),(10657,3,0,23888,0.00,0.00),(10683,3,0,23914,0.00,0.00),(10679,3,0,23910,0.00,0.00),(10676,3,0,23907,0.00,0.00),(11762,3,0,24990,0.00,149.00),(11760,3,0,24988,0.00,0.00),(10672,3,0,23903,0.00,0.00),(10668,3,0,23899,0.00,0.00),(10259,3,0,23490,0.00,0.00),(10257,3,0,23488,0.00,0.00),(10255,3,0,23486,0.00,0.00),(13496,3,0,26683,0.00,99.00),(13576,3,0,26762,0.00,17.00),(13574,3,0,26760,0.00,17.00),(13331,3,0,26518,0.00,16.00),(11780,3,0,25008,0.00,198.00),(11786,3,0,25014,0.00,619.00),(11784,3,0,25012,0.00,219.00),(10919,3,0,24150,0.00,0.00),(10917,3,0,24148,0.00,0.00),(10915,3,0,24146,0.00,1489.00),(12585,3,0,25789,0.00,229.00),(13355,3,0,26542,0.00,6.00),(13348,3,0,26535,0.00,16.00),(13353,3,0,26540,0.00,24.00),(13351,3,0,26538,0.00,16.00),(11782,3,0,25010,0.00,549.00),(14103,3,0,27271,0.00,24.00),(14101,3,0,27269,0.00,24.00),(13431,3,0,26618,0.00,16.00),(9557,3,0,22788,0.00,0.00),(9555,3,0,22786,0.00,0.00),(9485,3,0,22716,0.00,59.00),(9483,3,0,22714,0.00,59.00),(9553,3,0,22784,0.00,0.00),(14236,3,0,27404,0.00,99.00),(14233,3,0,27401,0.00,99.00),(14230,3,0,27398,0.00,99.00),(14227,3,0,27395,0.00,99.00),(14224,3,0,27392,0.00,99.00),(9795,3,0,23026,0.00,0.00),(14221,3,0,27389,0.00,99.00),(14218,3,0,27386,0.00,99.00),(14215,3,0,27383,0.00,149.00),(9793,3,0,23024,0.00,0.00),(14212,3,0,27380,0.00,149.00),(9791,3,0,23022,0.00,0.00),(14206,3,0,27374,0.00,149.00),(14203,3,0,27371,0.00,149.00),(14200,3,0,27368,0.00,149.00),(14197,3,0,27365,0.00,149.00),(9757,3,0,22988,0.00,36.00),(9754,3,0,22985,0.00,0.00),(9789,3,0,23020,0.00,0.00),(9787,3,0,23018,0.00,0.00),(9779,3,0,23010,0.00,0.00),(9777,3,0,23008,0.00,0.00),(9775,3,0,23006,0.00,0.00),(9773,3,0,23004,0.00,0.00),(14209,3,0,27377,0.00,149.00),(13461,3,0,26648,0.00,16.00),(13459,3,0,26646,0.00,16.00),(13457,3,0,26644,0.00,16.00),(10682,3,0,23913,0.00,0.00),(10678,3,0,23909,0.00,0.00),(10675,3,0,23906,0.00,0.00),(11758,3,0,24986,0.00,59.00),(13494,3,0,26681,0.00,99.00),(13526,3,0,26712,0.00,22.00),(13524,3,0,26710,0.00,22.00),(13522,3,0,26708,0.00,22.00),(13520,3,0,26706,0.00,22.00),(13518,3,0,26704,0.00,22.00),(13516,3,0,26702,0.00,22.00),(13514,3,0,26700,0.00,22.00),(13512,3,0,26699,0.00,59.00),(13554,3,0,26740,0.00,20.00),(13572,3,0,26758,0.00,439.00),(13570,3,0,26756,0.00,149.00),(13568,3,0,26754,0.00,62.00),(13566,3,0,26752,0.00,62.00),(13564,3,0,26750,0.00,62.00),(13562,3,0,26748,0.00,62.00),(13560,3,0,26746,0.00,62.00),(9701,3,0,22932,0.00,0.00),(9699,3,0,22930,0.00,0.00),(9697,3,0,22928,0.00,0.00),(10869,3,0,24100,0.00,75.00),(10867,3,0,24098,0.00,59.00),(10866,3,0,24097,0.00,59.00),(10864,3,0,24095,0.00,59.00),(10862,3,0,24093,0.00,75.00),(10860,3,0,24091,0.00,75.00),(13467,3,0,26654,0.00,16.00),(13465,3,0,26652,0.00,16.00),(13463,3,0,26650,0.00,16.00),(12717,3,0,25921,0.00,169.00),(12715,3,0,25919,0.00,179.00),(12713,3,0,25917,0.00,169.00),(12711,3,0,25915,0.00,169.00),(12709,3,0,25913,0.00,169.00),(12707,3,0,25911,0.00,169.00),(12705,3,0,25909,0.00,169.00),(12703,3,0,25907,0.00,169.00),(12701,3,0,25905,0.00,169.00),(12699,3,0,25903,0.00,169.00),(12697,3,0,25901,0.00,169.00),(12695,3,0,25899,0.00,169.00),(12693,3,0,25897,0.00,169.00),(12691,3,0,25895,0.00,169.00),(12689,3,0,25893,0.00,169.00),(12687,3,0,25891,0.00,169.00),(12685,3,0,25889,0.00,169.00),(12683,3,0,25887,0.00,549.00),(12681,3,0,25885,0.00,549.00),(12679,3,0,25883,0.00,199.00),(10671,3,0,23902,0.00,0.00),(10667,3,0,23898,0.00,0.00),(9549,3,0,22780,0.00,0.00),(9807,3,0,23038,0.00,0.00),(9805,3,0,23036,0.00,0.00),(9803,3,0,23034,0.00,0.00),(9801,3,0,23032,0.00,0.00),(9799,3,0,23030,0.00,0.00),(9797,3,0,23028,0.00,0.00),(9565,3,0,22796,0.00,0.00),(9563,3,0,22794,0.00,0.00),(9561,3,0,22792,0.00,0.00),(9559,3,0,22790,0.00,0.00),(11822,3,0,25049,0.00,75.00),(11820,3,0,25047,0.00,169.00),(11818,3,0,25045,0.00,169.00),(11816,3,0,25043,0.00,169.00),(11814,3,0,25041,0.00,169.00),(11824,3,0,25051,0.00,75.00),(11826,3,0,25053,0.00,75.00),(11828,3,0,25055,0.00,76.00),(11830,3,0,25057,0.00,169.00),(11832,3,0,25059,0.00,5.50),(11834,3,0,25061,0.00,24.00),(11836,3,0,25063,0.00,76.00),(11838,3,0,25065,0.00,199.00),(11840,3,0,25066,0.00,1.50),(11842,3,0,25068,0.00,119.00),(11844,3,0,25070,0.00,384.00),(11846,3,0,25072,0.00,49.00),(11848,3,0,25074,0.00,89.00),(11850,3,0,25059,0.00,5.50),(11852,3,0,25077,0.00,89.00),(11854,3,0,25079,0.00,89.00),(11856,3,0,25081,0.00,89.00),(11858,3,0,25083,0.00,89.00),(13361,3,0,26548,0.00,16.00),(13363,3,0,26550,0.00,16.00),(13365,3,0,26552,0.00,16.00),(13367,3,0,26554,0.00,16.00),(13452,3,0,26639,0.00,16.00),(11897,3,0,25119,0.00,6.00),(11899,3,0,25121,0.00,6.00),(9643,3,0,22874,0.00,0.00),(12751,3,0,25955,0.00,129.00),(12720,3,0,25924,0.00,169.00),(12753,3,0,25957,0.00,169.00),(12723,3,0,25927,0.00,169.00),(12725,3,0,25929,0.00,169.00),(12755,3,0,25959,0.00,169.00),(12728,3,0,25932,0.00,169.00),(12730,3,0,25934,0.00,169.00),(12732,3,0,25936,0.00,75.00),(12757,3,0,25961,0.00,169.00),(12759,3,0,25963,0.00,169.00),(12761,3,0,25965,0.00,169.00),(12735,3,0,25939,0.00,169.00),(12738,3,0,25942,0.00,169.00),(12741,3,0,25945,0.00,169.00),(12763,3,0,25967,0.00,169.00),(12744,3,0,25948,0.00,169.00),(12765,3,0,25969,0.00,169.00),(12767,3,0,25971,0.00,169.00),(12747,3,0,25951,0.00,169.00),(13002,3,0,26193,0.00,19.00),(13004,3,0,26195,0.00,54.00),(13006,3,0,24304,0.00,159.00),(13008,3,0,25091,0.00,7.00),(10271,3,0,23502,0.00,0.00),(9593,3,0,22824,0.00,0.00),(9759,3,0,22990,0.00,36.00),(9761,3,0,22992,0.00,58.00),(11860,3,0,25085,0.00,149.00),(11862,3,0,25087,0.00,149.00),(13710,3,0,26893,0.00,159.00),(13695,3,0,26878,0.00,149.00),(13697,3,0,26880,0.00,149.00),(13699,3,0,26882,0.00,699.00),(13701,3,0,26884,0.00,549.00),(13703,3,0,26886,0.00,54.00),(13705,3,0,26888,0.00,49.00),(13707,3,0,26890,0.00,59.00),(12769,3,0,25973,0.00,169.00),(12771,3,0,25975,0.00,169.00),(12773,3,0,25927,0.00,169.00),(12775,3,0,25978,0.00,75.00),(12783,3,0,25986,0.00,75.00),(12781,3,0,25984,0.00,75.00),(12779,3,0,25982,0.00,75.00),(12777,3,0,25980,0.00,75.00),(10808,3,0,24039,0.00,0.00),(10646,3,0,23877,0.00,0.00),(10642,3,0,23873,0.00,0.00),(10644,3,0,23875,0.00,0.00),(13584,3,0,26769,0.00,16.00),(10269,3,0,23500,0.00,0.00),(10267,3,0,23498,0.00,0.00),(10261,3,0,23492,0.00,0.00),(10263,3,0,23494,0.00,0.00),(9567,3,0,22798,0.00,0.00),(9569,3,0,22800,0.00,0.00),(9571,3,0,22802,0.00,0.00),(9573,3,0,22804,0.00,0.00),(9575,3,0,22806,0.00,0.00),(9577,3,0,22808,0.00,0.00),(9579,3,0,22810,0.00,0.00),(9581,3,0,22812,0.00,0.00),(9583,3,0,22814,0.00,0.00),(9585,3,0,22816,0.00,0.00),(9587,3,0,22818,0.00,0.00),(9589,3,0,22820,0.00,0.00),(9591,3,0,22822,0.00,0.00),(9597,3,0,22828,0.00,0.00),(9595,3,0,22826,0.00,0.00),(9615,3,0,22846,0.00,0.00),(9613,3,0,22844,0.00,0.00),(9611,3,0,22842,0.00,0.00),(9609,3,0,22840,0.00,0.00),(9607,3,0,22838,0.00,0.00),(9605,3,0,22836,0.00,0.00),(9603,3,0,22834,0.00,0.00),(9601,3,0,22832,0.00,0.00),(9599,3,0,22830,0.00,0.00),(9617,3,0,22848,0.00,0.00),(9619,3,0,22850,0.00,0.00),(9493,3,0,22724,0.00,75.00),(9491,3,0,22722,0.00,75.00),(13046,3,0,26233,0.00,279.00),(12583,3,0,25787,0.00,149.00),(12581,3,0,25785,0.00,139.00),(12677,3,0,25881,0.00,129.00),(12674,3,0,25878,0.00,19.00),(12671,3,0,25875,0.00,249.00),(12669,3,0,25873,0.00,469.00),(12667,3,0,25871,0.00,659.00),(12664,3,0,25868,0.00,59.00),(12661,3,0,25865,0.00,69.00),(12658,3,0,25862,0.00,69.00),(12656,3,0,25860,0.00,499.00),(12653,3,0,25857,0.00,75.00),(12650,3,0,25854,0.00,75.00),(12647,3,0,25851,0.00,75.00),(12749,3,0,25953,0.00,169.00),(12645,3,0,25849,0.00,75.00),(12642,3,0,25846,0.00,75.00),(12639,3,0,25843,0.00,75.00),(12636,3,0,25840,0.00,75.00),(12633,3,0,25837,0.00,75.00),(12630,3,0,25834,0.00,75.00),(12627,3,0,25831,0.00,75.00),(12579,3,0,25783,0.00,139.00),(14109,3,0,27277,0.00,18.00),(10820,3,0,24051,0.00,0.00),(12787,3,0,25990,0.00,75.00),(11496,3,0,24727,0.00,0.00),(11494,3,0,24725,0.00,0.00),(11492,3,0,24723,0.00,0.00),(11490,3,0,24721,0.00,0.00),(11488,3,0,24719,0.00,0.00),(11486,3,0,24717,0.00,0.00),(11484,3,0,24715,0.00,0.00),(11482,3,0,24713,0.00,0.00),(11480,3,0,24711,0.00,0.00),(11478,3,0,24709,0.00,0.00),(11476,3,0,24707,0.00,0.00),(11474,3,0,24705,0.00,0.00),(11472,3,0,24703,0.00,0.00),(11470,3,0,24701,0.00,0.00),(11468,3,0,24699,0.00,0.00),(11466,3,0,24697,0.00,320.00),(11464,3,0,24695,0.00,149.00),(11462,3,0,24693,0.00,0.00),(11460,3,0,24691,0.00,0.00),(11458,3,0,24689,0.00,0.00),(11456,3,0,24687,0.00,98.00),(11454,3,0,24685,0.00,59.00),(11452,3,0,24683,0.00,59.00),(11450,3,0,24681,0.00,105.00),(11448,3,0,24679,0.00,3.50),(11446,3,0,24677,0.00,54.00),(11444,3,0,24675,0.00,0.00),(11442,3,0,24673,0.00,0.00),(11440,3,0,24671,0.00,0.00),(11438,3,0,24669,0.00,64.00),(11436,3,0,24667,0.00,420.00),(11434,3,0,24665,0.00,10.00),(11432,3,0,24663,0.00,87.00),(11430,3,0,24661,0.00,0.00),(11428,3,0,24659,0.00,69.00),(11426,3,0,24657,0.00,69.00),(11424,3,0,24655,0.00,0.00),(11422,3,0,24653,0.00,0.00),(11420,3,0,24651,0.00,0.00),(11418,3,0,24649,0.00,0.00),(11416,3,0,24647,0.00,0.00),(11414,3,0,24645,0.00,0.00),(11412,3,0,24643,0.00,0.00),(11410,3,0,24641,0.00,0.00),(11408,3,0,24639,0.00,0.00),(11406,3,0,24637,0.00,0.00),(11404,3,0,24635,0.00,18.00),(11402,3,0,24633,0.00,0.00),(11400,3,0,24631,0.00,0.00),(11398,3,0,24629,0.00,0.00),(10964,3,0,24195,0.00,0.00),(10962,3,0,24193,0.00,0.00),(10936,3,0,24167,0.00,32.00),(10960,3,0,24191,0.00,0.00),(11020,3,0,24251,0.00,119.00),(11018,3,0,24249,0.00,119.00),(11016,3,0,24247,0.00,119.00),(11014,3,0,24245,0.00,119.00),(11012,3,0,24243,0.00,95.00),(11010,3,0,24241,0.00,149.00),(11008,3,0,24239,0.00,149.00),(11006,3,0,24237,0.00,149.00),(11004,3,0,24235,0.00,149.00),(11002,3,0,24233,0.00,149.00),(11000,3,0,24231,0.00,149.00),(10990,3,0,24221,0.00,199.00),(10986,3,0,24217,0.00,0.00),(10984,3,0,24215,0.00,0.00),(10982,3,0,24213,0.00,0.00),(10878,3,0,24109,0.00,59.00),(10876,3,0,24107,0.00,75.00),(10874,3,0,24105,0.00,75.00),(10872,3,0,24103,0.00,59.00),(10925,3,0,24156,0.00,587.00),(10923,3,0,24154,0.00,587.00),(10921,3,0,24152,0.00,0.00),(10813,3,0,24044,0.00,0.00),(10811,3,0,24042,0.00,0.00),(10809,3,0,24040,0.00,0.00),(9718,3,0,22949,0.00,7.00),(9716,3,0,22947,0.00,0.00),(9714,3,0,22945,0.00,0.00),(9712,3,0,22943,0.00,0.00),(9710,3,0,22941,0.00,0.00),(9642,3,0,22873,0.00,0.00),(9640,3,0,22871,0.00,0.00),(9638,3,0,22869,0.00,0.00),(9636,3,0,22867,0.00,0.00),(9634,3,0,22865,0.00,0.00),(9632,3,0,22863,0.00,0.00),(9629,3,0,22860,0.00,0.00),(9626,3,0,22857,0.00,0.00),(9538,3,0,22769,0.00,0.00),(9536,3,0,22767,0.00,0.00),(9534,3,0,22765,0.00,0.00),(9532,3,0,22763,0.00,0.00),(9530,3,0,22761,0.00,0.00),(9528,3,0,22759,0.00,0.00),(9526,3,0,22757,0.00,0.00),(9524,3,0,22755,0.00,0.00),(9522,3,0,22753,0.00,0.00),(9520,3,0,22751,0.00,0.00),(9518,3,0,22749,0.00,0.00),(9516,3,0,22747,0.00,0.00),(9514,3,0,22745,0.00,64.00),(9512,3,0,22743,0.00,75.00),(9624,3,0,22855,0.00,0.00),(9622,3,0,22853,0.00,0.00),(9620,3,0,22851,0.00,0.00),(9510,3,0,22741,0.00,75.00),(9508,3,0,22739,0.00,75.00),(9506,3,0,22737,0.00,64.00),(9504,3,0,22735,0.00,64.00),(9691,3,0,22922,0.00,0.00),(14179,3,0,27347,0.00,19.00),(14178,3,0,27346,0.00,19.00),(14177,3,0,27345,0.00,19.00),(14176,3,0,27344,0.00,19.00),(14175,3,0,27343,0.00,19.00),(14174,3,0,27342,0.00,19.00),(14173,3,0,27341,0.00,49.00),(14172,3,0,27340,0.00,49.00),(14171,3,0,27339,0.00,43.00),(14170,3,0,27338,0.00,43.00),(14169,3,0,27337,0.00,24.00),(14168,3,0,27336,0.00,24.00),(14167,3,0,27335,0.00,24.00),(14166,3,0,27334,0.00,24.00),(14165,3,0,27333,0.00,24.00),(14163,3,0,27331,0.00,24.00),(14161,3,0,27329,0.00,24.00),(14159,3,0,27327,0.00,24.00),(14180,3,0,27348,0.00,19.00),(14157,3,0,27325,0.00,24.00),(14156,3,0,27324,0.00,24.00),(14155,3,0,27323,0.00,24.00),(14154,3,0,27322,0.00,24.00),(14152,3,0,27320,0.00,24.00),(14150,3,0,27318,0.00,24.00),(14148,3,0,27316,0.00,24.00),(14146,3,0,27314,0.00,24.00),(14144,3,0,27312,0.00,24.00),(14134,3,0,27302,0.00,24.00),(14132,3,0,27300,0.00,24.00),(10647,3,0,23878,0.00,0.00),(10631,3,0,23862,0.00,0.00),(10517,3,0,23748,0.00,0.00),(10515,3,0,23746,0.00,0.00),(10513,3,0,23744,0.00,0.00),(10511,3,0,23742,0.00,0.00),(10509,3,0,23740,0.00,0.00),(10507,3,0,23738,0.00,0.00),(10505,3,0,23736,0.00,0.00),(10503,3,0,23734,0.00,0.00),(10651,3,0,23882,0.00,0.00),(14460,3,0,27623,0.00,119.00),(14458,3,0,27621,0.00,149.00),(14456,3,0,27619,0.00,149.00),(14454,3,0,27617,0.00,149.00),(14452,3,0,27615,0.00,149.00),(14450,3,0,27613,0.00,149.00),(14448,3,0,27611,0.00,149.00),(14446,3,0,27609,0.00,149.00),(14444,3,0,27607,0.00,149.00),(14442,3,0,27605,0.00,149.00),(14440,3,0,27603,0.00,149.00),(14438,3,0,27601,0.00,149.00),(14436,3,0,27599,0.00,149.00),(14434,3,0,27597,0.00,149.00),(14432,3,0,27595,0.00,149.00),(14430,3,0,27593,0.00,69.00),(14428,3,0,27591,0.00,69.00),(14426,3,0,27589,0.00,69.00),(14424,3,0,27587,0.00,69.00),(14422,3,0,27585,0.00,69.00),(14420,3,0,27583,0.00,69.00),(14418,3,0,27581,0.00,69.00),(14416,3,0,27579,0.00,54.00),(14414,3,0,27577,0.00,149.00),(14412,3,0,27575,0.00,149.00),(14410,3,0,27573,0.00,149.00),(14408,3,0,27571,0.00,149.00),(14406,3,0,27569,0.00,149.00),(14404,3,0,27567,0.00,149.00),(14402,3,0,27565,0.00,149.00),(14400,3,0,27563,0.00,149.00),(14398,3,0,27561,0.00,149.00),(14396,3,0,27559,0.00,149.00),(14394,3,0,27557,0.00,149.00),(14392,3,0,27555,0.00,199.00),(14390,3,0,27553,0.00,16.00),(14388,3,0,27551,0.00,40.00),(14386,3,0,27549,0.00,40.00),(14384,3,0,27547,0.00,40.00),(14382,3,0,27545,0.00,24.00),(14380,3,0,27543,0.00,24.00),(14378,3,0,27541,0.00,24.00),(14376,3,0,27539,0.00,40.00),(14374,3,0,27537,0.00,40.00),(14372,3,0,27535,0.00,40.00),(14370,3,0,27533,0.00,40.00),(14368,3,0,27531,0.00,40.00),(14366,3,0,27529,0.00,24.00),(14364,3,0,27527,0.00,24.00),(14362,3,0,27525,0.00,24.00),(14360,3,0,27523,0.00,24.00),(14358,3,0,27521,0.00,40.00),(14356,3,0,27519,0.00,40.00),(14354,3,0,27517,0.00,40.00),(14352,3,0,27515,0.00,40.00),(14350,3,0,27513,0.00,24.00),(14348,3,0,27511,0.00,24.00),(14346,3,0,27509,0.00,24.00),(14344,3,0,27507,0.00,40.00),(14342,3,0,27505,0.00,40.00),(11396,3,0,24627,0.00,0.00),(11394,3,0,24625,0.00,0.00),(11392,3,0,24623,0.00,0.00),(11390,3,0,24621,0.00,0.00),(11388,3,0,24619,0.00,0.00),(11386,3,0,24617,0.00,0.00),(11384,3,0,24615,0.00,0.00),(11382,3,0,24613,0.00,0.00),(11380,3,0,24611,0.00,0.00),(11378,3,0,24609,0.00,0.00),(11376,3,0,24607,0.00,0.00),(11374,3,0,24605,0.00,1499.00),(11372,3,0,24603,0.00,279.00),(11370,3,0,24601,0.00,1499.00),(11368,3,0,24599,0.00,1499.00),(11366,3,0,24597,0.00,279.00),(11364,3,0,24595,0.00,279.00),(11362,3,0,24593,0.00,279.00),(11360,3,0,24591,0.00,229.00),(11358,3,0,24589,0.00,219.00),(11356,3,0,24587,0.00,597.00),(11354,3,0,24585,0.00,597.00),(11352,3,0,24583,0.00,112.00),(11350,3,0,24581,0.00,112.00),(11348,3,0,24579,0.00,112.00),(11346,3,0,24577,0.00,629.00),(11344,3,0,24575,0.00,629.00),(11342,3,0,24573,0.00,118.00),(11340,3,0,24571,0.00,249.00),(11338,3,0,24569,0.00,249.00),(11336,3,0,24567,0.00,512.00),(11334,3,0,24565,0.00,1249.00),(11332,3,0,24563,0.00,512.00),(11330,3,0,24561,0.00,229.00),(11328,3,0,24559,0.00,96.00),(11326,3,0,24557,0.00,661.00),(11324,3,0,24555,0.00,661.00),(11322,3,0,24553,0.00,661.00),(11320,3,0,24551,0.00,279.00),(11318,3,0,24549,0.00,279.00),(11316,3,0,24547,0.00,1329.00),(11314,3,0,24545,0.00,279.00),(11312,3,0,24543,0.00,0.00),(14340,3,0,27503,0.00,24.00),(14338,3,0,27501,0.00,24.00),(11310,3,0,24541,0.00,0.00),(11308,3,0,24539,0.00,0.00),(11306,3,0,24537,0.00,0.00),(11304,3,0,24535,0.00,0.00),(11302,3,0,24533,0.00,0.00),(11300,3,0,24531,0.00,0.00),(11298,3,0,24529,0.00,0.00),(11296,3,0,24527,0.00,0.00),(11294,3,0,24525,0.00,0.00),(14336,3,0,27499,0.00,1799.00),(11292,3,0,24523,0.00,0.00),(11290,3,0,24521,0.00,0.00),(11288,3,0,24519,0.00,149.00),(14334,3,0,27497,0.00,59.00),(11286,3,0,24517,0.00,139.00),(11284,3,0,24515,0.00,279.00),(11282,3,0,24513,0.00,0.00),(11280,3,0,24511,0.00,0.00),(11278,3,0,24509,0.00,0.00),(11276,3,0,24507,0.00,0.00),(11274,3,0,24505,0.00,0.00),(11272,3,0,24503,0.00,0.00),(11270,3,0,24501,0.00,0.00),(11268,3,0,24499,0.00,0.00),(11266,3,0,24497,0.00,0.00),(11264,3,0,24495,0.00,0.00),(11262,3,0,24493,0.00,0.00),(14332,3,0,27495,0.00,12.00),(11260,3,0,24491,0.00,319.00),(14330,3,0,27493,0.00,49.00),(13029,3,0,26216,0.00,59.00),(13043,3,0,26230,0.00,279.00),(14328,3,0,27491,0.00,39.00),(14326,3,0,27489,0.00,39.00),(14324,3,0,27487,0.00,32.00),(14322,3,0,27485,0.00,159.00),(14320,3,0,27483,0.00,5.00),(14318,3,0,27481,0.00,249.00),(12993,3,0,26188,0.00,159.00),(12991,3,0,26186,0.00,39.00),(12989,3,0,26184,0.00,69.00),(12987,3,0,26182,0.00,39.00),(12985,3,0,26180,0.00,69.00),(12983,3,0,26178,0.00,69.00),(12981,3,0,26176,0.00,69.00),(12979,3,0,26174,0.00,69.00),(12977,3,0,26172,0.00,69.00),(12870,3,0,26073,0.00,75.00),(12868,3,0,26071,0.00,75.00),(12975,3,0,26170,0.00,69.00),(12973,3,0,26168,0.00,69.00),(12971,3,0,26166,0.00,69.00),(12969,3,0,26164,0.00,69.00),(12967,3,0,26162,0.00,69.00),(12965,3,0,26160,0.00,69.00),(12963,3,0,26158,0.00,108.00),(12961,3,0,26156,0.00,390.00),(12959,3,0,26154,0.00,179.00),(12957,3,0,26153,0.00,179.00),(12955,3,0,26152,0.00,89.00),(12953,3,0,25336,0.00,59.00),(12951,3,0,25091,0.00,12.00),(12949,3,0,26150,0.00,18.00),(14316,3,0,27479,0.00,249.00),(14314,3,0,27477,0.00,169.00),(14312,3,0,27475,0.00,29.00),(14310,3,0,27473,0.00,12.00),(14308,3,0,27472,0.00,5.00),(14306,3,0,27471,0.00,144.00),(14304,3,0,27469,0.00,80.00),(14302,3,0,27467,0.00,80.00),(14300,3,0,27465,0.00,125.00),(14298,3,0,27463,0.00,2.50),(14296,3,0,27461,0.00,350.00),(14294,3,0,27459,0.00,4.00),(14292,3,0,27457,0.00,300.00),(14290,3,0,27455,0.00,3.50),(14288,3,0,27453,0.00,50.00),(14286,3,0,27451,0.00,40.00),(14284,3,0,27449,0.00,45.00),(14282,3,0,27447,0.00,35.00),(14280,3,0,27445,0.00,229.00),(14278,3,0,27443,0.00,169.00),(14276,3,0,27441,0.00,279.00),(14274,3,0,27439,0.00,319.00),(14272,3,0,27437,0.00,149.00),(14270,3,0,27435,0.00,59.00),(14268,3,0,27433,0.00,49.00),(14266,3,0,27431,0.00,49.00),(14264,3,0,27429,0.00,39.00),(14262,3,0,27427,0.00,59.00),(14260,3,0,27425,0.00,7.00),(14258,3,0,27424,0.00,6.00),(14256,3,0,27423,0.00,399.00),(14254,3,0,27421,0.00,21.00),(14252,3,0,27420,0.00,279.00),(14250,3,0,27418,0.00,69.00),(14248,3,0,27416,0.00,69.00),(14246,3,0,27414,0.00,179.00),(14244,3,0,27412,0.00,54.00),(14242,3,0,27410,0.00,49.00),(14240,3,0,27408,0.00,249.00),(14142,3,0,27310,0.00,24.00),(14238,3,0,27406,0.00,249.00),(13188,3,0,26375,0.00,16.00),(13186,3,0,26373,0.00,16.00),(13180,3,0,26367,0.00,16.00),(13182,3,0,26369,0.00,16.00),(13302,3,0,26489,0.00,16.00),(13300,3,0,26487,0.00,16.00),(13304,3,0,26491,0.00,16.00),(13246,3,0,26433,0.00,16.00),(13244,3,0,26431,0.00,16.00),(13242,3,0,26429,0.00,16.00),(13240,3,0,26427,0.00,16.00),(13248,3,0,26435,0.00,16.00),(13238,3,0,26425,0.00,16.00),(13236,3,0,26423,0.00,16.00),(13234,3,0,26421,0.00,16.00),(13250,3,0,26437,0.00,16.00),(13232,3,0,26419,0.00,16.00),(13252,3,0,26439,0.00,16.00),(13254,3,0,26441,0.00,16.00),(13256,3,0,26443,0.00,16.00),(13258,3,0,26445,0.00,16.00),(13260,3,0,26447,0.00,16.00),(13262,3,0,26449,0.00,16.00),(13264,3,0,26451,0.00,16.00),(13266,3,0,26453,0.00,16.00),(13268,3,0,26455,0.00,16.00),(13270,3,0,26457,0.00,16.00),(13272,3,0,26459,0.00,16.00),(13274,3,0,26461,0.00,16.00),(13276,3,0,26463,0.00,16.00),(13278,3,0,26465,0.00,16.00),(13280,3,0,26467,0.00,16.00),(13282,3,0,26469,0.00,16.00),(13284,3,0,26471,0.00,16.00),(13286,3,0,26473,0.00,16.00),(13288,3,0,26475,0.00,16.00),(13290,3,0,26477,0.00,16.00),(13292,3,0,26479,0.00,16.00),(13294,3,0,26481,0.00,16.00),(13296,3,0,26483,0.00,16.00),(13298,3,0,26485,0.00,16.00),(13230,3,0,26417,0.00,16.00),(13228,3,0,26415,0.00,16.00),(13226,3,0,26413,0.00,16.00),(13224,3,0,26411,0.00,16.00),(13222,3,0,26409,0.00,16.00),(13220,3,0,26407,0.00,16.00),(13218,3,0,26405,0.00,16.00),(13216,3,0,26403,0.00,16.00),(13214,3,0,26401,0.00,16.00),(13212,3,0,26399,0.00,16.00),(13210,3,0,26397,0.00,16.00),(13208,3,0,26395,0.00,16.00),(13021,3,0,26208,0.00,59.00),(13019,3,0,26206,0.00,59.00),(13017,3,0,26204,0.00,59.00),(13023,3,0,26210,0.00,59.00),(12998,3,0,26191,0.00,24.00),(13015,3,0,26202,0.00,54.00),(13013,3,0,26200,0.00,86.00),(13011,3,0,26198,0.00,54.00),(12571,3,0,25775,0.00,439.00),(12568,3,0,25772,0.00,149.00),(12574,3,0,25778,0.00,299.00),(13123,3,0,26310,0.00,6.00),(13121,3,0,26308,0.00,6.00),(13027,3,0,26214,0.00,59.00),(12784,3,0,25987,0.00,75.00),(13025,3,0,26212,0.00,59.00),(13119,3,0,26306,0.00,6.00),(13117,3,0,26304,0.00,6.00),(13115,3,0,26302,0.00,6.00),(13113,3,0,26300,0.00,6.00),(13111,3,0,26298,0.00,6.00),(13109,3,0,26296,0.00,6.00),(13107,3,0,26294,0.00,6.00),(13105,3,0,26292,0.00,6.00),(13103,3,0,26290,0.00,6.00),(13101,3,0,26288,0.00,6.00),(13099,3,0,26286,0.00,6.00),(13097,3,0,26284,0.00,6.00),(13095,3,0,26282,0.00,6.00),(14048,3,0,27216,0.00,15.00),(14046,3,0,27214,0.00,12.00),(14094,3,0,27262,0.00,18.00),(14092,3,0,27260,0.00,18.00),(14043,3,0,27211,0.00,199.00),(14041,3,0,27210,0.00,199.00),(14039,3,0,22120,179.00,139.00),(14033,3,0,22123,179.00,139.00),(14090,3,0,27258,0.00,18.00),(14088,3,0,27256,0.00,18.00),(14086,3,0,27254,0.00,18.00),(14084,3,0,27252,0.00,18.00),(14082,3,0,27250,0.00,18.00),(14078,3,0,27246,0.00,18.00),(14076,3,0,27244,0.00,43.00),(14074,3,0,27242,0.00,43.00),(13981,3,0,27158,0.00,59.00),(13979,3,0,27156,0.00,59.00),(13977,3,0,27154,0.00,59.00),(13975,3,0,27152,0.00,54.00),(13973,3,0,27150,0.00,86.00),(13971,3,0,27148,0.00,279.00),(13969,3,0,27146,0.00,259.00),(13901,3,0,27080,0.00,444.00),(13899,3,0,27078,0.00,289.00),(13967,3,0,27144,0.00,349.00),(13965,3,0,27142,0.00,349.00),(13963,3,0,27140,0.00,349.00),(13961,3,0,27138,0.00,349.00),(13959,3,0,27136,0.00,129.00),(13957,3,0,27134,0.00,129.00),(13955,3,0,27132,0.00,99.00),(13953,3,0,27130,0.00,149.00),(13989,3,0,27166,0.00,59.00),(13987,3,0,27164,0.00,59.00),(13951,3,0,27128,0.00,509.00),(13949,3,0,27127,0.00,19.00),(13887,3,0,27066,0.00,49.00),(13885,3,0,27064,0.00,49.00),(13881,3,0,27060,0.00,32.00),(13947,3,0,27126,0.00,24.00),(13945,3,0,27124,0.00,79.00),(13857,3,0,27036,0.00,149.00),(13855,3,0,27034,0.00,149.00),(13943,3,0,27122,0.00,59.00),(13941,3,0,27120,0.00,149.00),(13839,3,0,27018,0.00,22.00),(13939,3,0,27118,0.00,149.00),(13937,3,0,27116,0.00,149.00),(13935,3,0,27114,0.00,139.00),(13933,3,0,27112,0.00,139.00),(13931,3,0,27110,0.00,139.00),(13929,3,0,27108,0.00,149.00),(13927,3,0,27106,0.00,149.00),(13925,3,0,27104,0.00,149.00),(13923,3,0,27102,0.00,149.00),(13921,3,0,27100,0.00,149.00),(13919,3,0,27098,0.00,149.00),(13917,3,0,27096,0.00,139.00),(13400,3,0,26587,0.00,16.00),(13427,3,0,26614,0.00,16.00),(13425,3,0,26612,0.00,16.00),(13384,3,0,26571,0.00,16.00),(13423,3,0,26610,0.00,16.00),(13421,3,0,26608,0.00,16.00),(13399,3,0,26586,0.00,16.00),(13398,3,0,26585,0.00,16.00),(13374,3,0,26561,0.00,16.00),(13419,3,0,26606,0.00,16.00),(13509,3,0,26696,0.00,79.00),(13507,3,0,26694,0.00,75.00),(13505,3,0,26692,0.00,16.00),(13503,3,0,26690,0.00,16.00),(13501,3,0,26688,0.00,16.00),(13417,3,0,26604,0.00,16.00),(13415,3,0,26602,0.00,16.00),(13413,3,0,26600,0.00,16.00),(13689,3,0,26872,0.00,16.00),(13411,3,0,26598,0.00,16.00),(13409,3,0,26596,0.00,16.00),(13397,3,0,26584,0.00,16.00),(13334,3,0,26521,0.00,16.00),(13687,3,0,26870,0.00,499.00),(13685,3,0,26868,0.00,479.00),(13683,3,0,26866,0.00,279.00),(13681,3,0,26864,0.00,229.00),(13679,3,0,26862,0.00,259.00),(13677,3,0,26860,0.00,89.00),(13675,3,0,26858,0.00,89.00),(13673,3,0,26856,0.00,89.00),(13671,3,0,26854,0.00,89.00),(13669,3,0,26852,0.00,89.00),(13667,3,0,26850,0.00,59.00),(13665,3,0,26848,0.00,49.00),(13663,3,0,26846,0.00,99.00),(13661,3,0,26844,0.00,59.00),(13659,3,0,26842,0.00,99.00),(13657,3,0,26840,0.00,99.00),(13655,3,0,26838,0.00,249.00),(13653,3,0,26836,0.00,249.00),(13651,3,0,26834,0.00,249.00),(13649,3,0,26832,0.00,249.00),(13647,3,0,26830,0.00,249.00),(13645,3,0,26828,0.00,249.00),(13643,3,0,26826,0.00,249.00),(13641,3,0,26824,0.00,4.00),(13637,3,0,26820,0.00,99.00),(13635,3,0,26818,0.00,99.00),(13633,3,0,26816,0.00,249.00),(13631,3,0,26814,0.00,9.00),(13629,3,0,26812,0.00,19.00),(13627,3,0,26810,0.00,89.00),(13625,3,0,26808,0.00,75.00),(13623,3,0,26806,0.00,75.00),(13621,3,0,26804,0.00,75.00),(13619,3,0,26802,0.00,75.00),(13617,3,0,26800,0.00,75.00),(13615,3,0,26798,0.00,75.00),(13613,3,0,26796,0.00,169.00),(13611,3,0,26794,0.00,169.00),(13609,3,0,26792,0.00,169.00),(13607,3,0,26790,0.00,169.00),(13605,3,0,26788,0.00,169.00),(13603,3,0,26786,0.00,169.00),(13601,3,0,26784,0.00,169.00),(13599,3,0,26782,0.00,169.00),(13597,3,0,26780,0.00,75.00),(13595,3,0,26778,0.00,75.00),(13593,3,0,26776,0.00,75.00),(13591,3,0,26774,0.00,16.00),(13589,3,0,26773,0.00,16.00),(13529,3,0,26715,0.00,22.00),(13551,3,0,26737,0.00,20.00),(13549,3,0,26735,0.00,20.00),(13547,3,0,26733,0.00,20.00),(13545,3,0,26731,0.00,22.00),(13543,3,0,26729,0.00,22.00),(13541,3,0,26727,0.00,22.00),(13539,3,0,26725,0.00,22.00),(13537,3,0,26723,0.00,22.00),(13535,3,0,26721,0.00,22.00),(13533,3,0,26719,0.00,22.00),(13531,3,0,26717,0.00,22.00),(13555,3,0,26741,0.00,20.00),(13480,3,0,26667,0.00,16.00),(13587,3,0,26772,0.00,16.00),(13487,3,0,26674,0.00,16.00),(13813,3,0,26992,0.00,15.00),(13790,3,0,26969,0.00,19.00),(13788,3,0,26967,0.00,19.00),(13786,3,0,26965,0.00,19.00),(13784,3,0,26963,0.00,19.00),(13807,3,0,26986,0.00,15.00),(13811,3,0,26990,0.00,15.00),(13809,3,0,26988,0.00,15.00),(13805,3,0,26984,0.00,15.00),(13770,3,0,26949,0.00,17.00),(13803,3,0,26982,0.00,15.00),(13801,3,0,26980,0.00,12.00),(13799,3,0,26978,0.00,17.00),(13754,3,0,26933,0.00,5.00),(13752,3,0,26931,0.00,4299.00),(13750,3,0,26929,0.00,3799.00),(13734,3,0,26914,0.00,69.00),(13748,3,0,26927,0.00,229.00),(11811,3,0,25038,0.00,1480.00),(11775,3,0,25003,0.00,1690.00),(11773,3,0,25001,0.00,59.00),(11771,3,0,24999,0.00,153.00),(11769,3,0,24997,0.00,149.00),(11777,3,0,25005,0.00,148.00),(11767,3,0,24995,0.00,149.00),(11765,3,0,24993,0.00,149.00),(13444,3,0,26631,0.00,119.00),(13442,3,0,26629,0.00,16.00),(13448,3,0,26635,0.00,16.00),(13446,3,0,26633,0.00,16.00),(13440,3,0,26627,0.00,16.00),(11754,3,0,24982,0.00,75.00),(11752,3,0,24980,0.00,59.00),(11750,3,0,24978,0.00,0.00),(11748,3,0,24976,0.00,0.00),(11746,3,0,24975,0.00,0.00),(11744,3,0,24973,0.00,59.00),(11742,3,0,24971,0.00,59.00),(11740,3,0,24969,0.00,0.00),(11738,3,0,24967,0.00,75.00),(11736,3,0,24965,0.00,75.00),(11734,3,0,24963,0.00,0.00),(11732,3,0,24961,0.00,0.00),(11730,3,0,24959,0.00,59.00),(11728,3,0,24957,0.00,59.00),(11726,3,0,24955,0.00,0.00),(11724,3,0,24953,0.00,75.00),(11722,3,0,24951,0.00,59.00),(11720,3,0,24949,0.00,59.00),(11718,3,0,24947,0.00,0.00),(11716,3,0,24945,0.00,0.00),(11714,3,0,24943,0.00,0.00),(11712,3,0,24941,0.00,0.00),(11710,3,0,24939,0.00,0.00),(11708,3,0,24937,0.00,75.00),(11706,3,0,24935,0.00,75.00),(11704,3,0,24933,0.00,75.00),(11702,3,0,24931,0.00,0.00),(11700,3,0,24929,0.00,59.00),(11698,3,0,24927,0.00,0.00),(11696,3,0,24925,0.00,0.00),(11694,3,0,24923,0.00,59.00),(11692,3,0,24921,0.00,75.00),(11690,3,0,24919,0.00,0.00),(11688,3,0,24917,0.00,0.00),(11686,3,0,24915,0.00,59.00),(11684,3,0,24913,0.00,59.00),(11682,3,0,24911,0.00,0.00),(11680,3,0,24909,0.00,59.00),(11678,3,0,24908,0.00,59.00),(11676,3,0,24906,0.00,75.00),(11674,3,0,24904,0.00,59.00),(11672,3,0,24902,0.00,0.00),(11670,3,0,24900,0.00,64.00),(11668,3,0,24899,0.00,64.00),(11666,3,0,24897,0.00,64.00),(11664,3,0,24895,0.00,64.00),(11230,3,0,24461,0.00,0.00),(11662,3,0,24893,0.00,75.00),(11660,3,0,24891,0.00,0.00),(11658,3,0,24889,0.00,64.00),(11656,3,0,24887,0.00,64.00),(11654,3,0,24885,0.00,64.00),(11652,3,0,24883,0.00,64.00),(11650,3,0,24881,0.00,64.00),(11648,3,0,24879,0.00,75.00),(11646,3,0,24877,0.00,0.00),(11644,3,0,24875,0.00,0.00),(11642,3,0,24873,0.00,64.00),(11640,3,0,24871,0.00,75.00),(11638,3,0,24869,0.00,0.00),(11636,3,0,24867,0.00,64.00),(11634,3,0,24865,0.00,0.00),(11632,3,0,24863,0.00,64.00),(11630,3,0,24861,0.00,0.00),(11628,3,0,24859,0.00,64.00),(11626,3,0,24857,0.00,0.00),(11212,3,0,24443,0.00,0.00),(11624,3,0,24855,0.00,0.00),(11622,3,0,24853,0.00,0.00),(11620,3,0,24851,0.00,0.00),(11618,3,0,24849,0.00,64.00),(11616,3,0,24847,0.00,75.00),(11208,3,0,24439,0.00,0.00),(11614,3,0,24845,0.00,75.00),(11612,3,0,24843,0.00,64.00),(11610,3,0,24841,0.00,75.00),(11608,3,0,24839,0.00,64.00),(11606,3,0,24837,0.00,75.00),(11604,3,0,24835,0.00,64.00),(11602,3,0,24833,0.00,64.00),(11600,3,0,24831,0.00,0.00),(11198,3,0,24429,0.00,0.00),(11598,3,0,24829,0.00,0.00),(11596,3,0,24827,0.00,64.00),(11594,3,0,24825,0.00,64.00),(11592,3,0,24823,0.00,64.00),(11590,3,0,24821,0.00,64.00),(11588,3,0,24819,0.00,75.00),(11586,3,0,24817,0.00,75.00),(11584,3,0,24815,0.00,75.00),(11582,3,0,24813,0.00,64.00),(11580,3,0,24811,0.00,75.00),(11578,3,0,24809,0.00,0.00),(11576,3,0,24807,0.00,0.00),(11574,3,0,24805,0.00,0.00),(11572,3,0,24803,0.00,0.00),(11570,3,0,24801,0.00,0.00),(11568,3,0,24799,0.00,0.00),(11566,3,0,24797,0.00,0.00),(11564,3,0,24795,0.00,0.00),(11562,3,0,24793,0.00,0.00),(11560,3,0,24791,0.00,0.00),(11558,3,0,24789,0.00,0.00),(11556,3,0,24787,0.00,0.00),(11554,3,0,24785,0.00,0.00),(11552,3,0,24783,0.00,0.00),(11550,3,0,24781,0.00,0.00),(11548,3,0,24779,0.00,0.00),(11546,3,0,24777,0.00,0.00),(11184,3,0,24415,0.00,0.00),(11178,3,0,24409,0.00,28.00),(11544,3,0,24775,0.00,0.00),(11542,3,0,24773,0.00,0.00),(11540,3,0,24771,0.00,0.00),(11538,3,0,24769,0.00,0.00),(11536,3,0,24767,0.00,0.00),(11534,3,0,24765,0.00,0.00),(11532,3,0,24763,0.00,0.00),(11530,3,0,24761,0.00,0.00),(11528,3,0,24759,0.00,0.00),(11526,3,0,24757,0.00,0.00),(11524,3,0,24755,0.00,0.00),(11522,3,0,24753,0.00,0.00),(11520,3,0,24751,0.00,0.00),(11518,3,0,24749,0.00,0.00),(11176,3,0,24407,0.00,28.00),(11516,3,0,24747,0.00,0.00),(11514,3,0,24745,0.00,0.00),(11512,3,0,24743,0.00,0.00),(11510,3,0,24741,0.00,0.00),(11508,3,0,24739,0.00,0.00),(11506,3,0,24737,0.00,0.00),(11504,3,0,24735,0.00,0.00),(11502,3,0,24733,0.00,0.00),(13206,3,0,26393,0.00,16.00),(13204,3,0,26391,0.00,16.00),(13202,3,0,26389,0.00,16.00),(13200,3,0,26387,0.00,16.00),(13198,3,0,26385,0.00,16.00),(13196,3,0,26383,0.00,16.00),(13194,3,0,26381,0.00,16.00),(13192,3,0,26379,0.00,16.00),(13190,3,0,26377,0.00,16.00),(12562,3,0,25766,0.00,32.00),(12560,3,0,25764,0.00,32.00),(12558,3,0,25762,0.00,32.00),(12549,3,0,25753,0.00,32.00),(12547,3,0,25751,0.00,32.00),(14122,3,0,27290,0.00,24.00),(13915,3,0,27094,0.00,149.00),(13913,3,0,27092,0.00,439.00),(13911,3,0,27090,0.00,149.00),(10894,3,0,24125,0.00,59.00),(13985,3,0,27162,0.00,59.00),(13080,3,0,26267,0.00,6.00),(13407,3,0,26594,0.00,16.00),(13330,3,0,26517,0.00,16.00),(13405,3,0,26592,0.00,16.00),(13403,3,0,26590,0.00,16.00),(13485,3,0,26672,0.00,16.00),(13483,3,0,26670,0.00,2899.00),(13478,3,0,26665,0.00,16.00),(13468,3,0,26655,0.00,16.00),(13479,3,0,26666,0.00,16.00),(13481,3,0,26668,0.00,16.00),(9708,3,0,22939,0.00,0.00),(11500,3,0,24731,0.00,0.00),(11498,3,0,24729,0.00,0.00),(14098,3,0,27266,0.00,18.00),(9689,3,0,22920,0.00,0.00),(9687,3,0,22918,0.00,0.00),(11922,3,0,25144,0.00,16.00),(11920,3,0,25142,0.00,16.00),(11949,3,0,25171,0.00,16.00),(11918,3,0,25140,0.00,16.00),(11916,3,0,25138,0.00,16.00),(11914,3,0,25136,0.00,16.00),(11912,3,0,25134,0.00,349.00),(11910,3,0,25132,0.00,12.00),(11943,3,0,25165,0.00,16.00),(11908,3,0,25130,0.00,2999.00),(11941,3,0,25163,0.00,16.00),(11906,3,0,25128,0.00,209.00),(11881,3,0,25103,0.00,399.00),(9740,3,0,22971,0.00,96.00),(9738,3,0,22969,0.00,98.00),(12544,3,0,25748,0.00,32.00),(12556,3,0,25760,0.00,32.00),(12554,3,0,25758,0.00,32.00),(12552,3,0,25756,0.00,32.00),(12448,3,0,25656,0.00,129.00),(12432,3,0,25640,0.00,349.00),(12416,3,0,25624,0.00,75.00),(12384,3,0,25592,0.00,75.00),(12303,3,0,25511,0.00,17.00),(12125,3,0,25333,0.00,149.00),(12117,3,0,25325,0.00,0.00),(12113,3,0,25321,0.00,24.00),(12301,3,0,25509,0.00,17.00),(12109,3,0,25317,0.00,24.00),(12305,3,0,25513,0.00,17.00),(10950,3,0,24181,0.00,0.00),(13316,3,0,26503,0.00,16.00),(13314,3,0,26501,0.00,16.00),(10966,3,0,24197,0.00,0.00),(14069,3,0,27237,0.00,43.00),(14066,3,0,27234,0.00,43.00),(12365,3,0,25573,0.00,119.00),(12551,3,0,25755,0.00,32.00),(14064,3,0,27232,0.00,149.00),(13797,3,0,26976,0.00,17.00),(13094,3,0,26281,0.00,6.00),(11939,3,0,25161,0.00,12.00),(11904,3,0,25126,0.00,6.00),(11937,3,0,25159,0.00,199.00),(11933,3,0,25155,0.00,16.00),(14062,3,0,27230,0.00,21.00),(11902,3,0,25124,0.00,6.00),(11900,3,0,25122,0.00,6.00),(14136,3,0,27304,0.00,24.00),(14138,3,0,27306,0.00,24.00),(14068,3,0,27236,0.00,43.00),(14096,3,0,27264,0.00,18.00),(14120,3,0,27288,0.00,24.00),(14118,3,0,27286,0.00,18.00),(14116,3,0,27284,0.00,18.00),(11951,3,0,25173,0.00,16.00),(13909,3,0,27088,0.00,149.00),(14002,3,0,27179,0.00,219.00),(14003,3,0,27180,0.00,219.00),(14004,3,0,27181,0.00,119.00),(14060,3,0,27228,0.00,21.00),(14058,3,0,27226,0.00,19.00),(13401,3,0,26588,0.00,16.00),(13746,3,0,26925,0.00,279.00),(14145,3,0,27313,0.00,24.00),(9542,3,0,22773,0.00,0.00),(9540,3,0,22771,0.00,0.00),(9685,3,0,22916,0.00,0.00),(9503,3,0,22734,0.00,64.00),(9502,3,0,22733,0.00,64.00),(14153,3,0,27321,0.00,24.00),(9784,3,0,23015,0.00,0.00),(10629,3,0,23860,0.00,0.00),(10732,3,0,23963,0.00,0.00),(10730,3,0,23961,0.00,0.00),(10728,3,0,23959,0.00,0.00),(10726,3,0,23957,0.00,0.00),(10724,3,0,23955,0.00,0.00),(10711,3,0,23942,0.00,0.00),(10709,3,0,23940,0.00,0.00),(10708,3,0,23939,0.00,0.00),(10706,3,0,23937,0.00,0.00),(10705,3,0,23936,0.00,0.00),(10703,3,0,23934,0.00,0.00),(10701,3,0,23932,0.00,0.00),(10394,3,0,23625,0.00,14.00),(10392,3,0,23623,0.00,14.00),(10372,3,0,23603,0.00,14.00),(10366,3,0,23597,0.00,14.00),(10354,3,0,23585,0.00,17.00),(10352,3,0,23583,0.00,17.00),(10350,3,0,23581,0.00,17.00),(10348,3,0,23579,0.00,17.00),(10298,3,0,23529,0.00,0.00),(10296,3,0,23527,0.00,0.00),(10422,3,0,23653,0.00,0.00),(10406,3,0,23637,0.00,23.00),(11947,3,0,25169,0.00,16.00),(11945,3,0,25167,0.00,16.00),(10927,3,0,24158,0.00,659.00),(9736,3,0,22967,0.00,78.00),(9734,3,0,22965,0.00,78.00),(14017,3,0,27192,0.00,149.00),(14114,3,0,27282,0.00,18.00),(10236,3,0,23467,0.00,0.00),(10234,3,0,23465,0.00,0.00),(10232,3,0,23463,0.00,0.00),(10148,3,0,23379,0.00,0.00),(10146,3,0,23377,0.00,0.00),(10144,3,0,23375,0.00,0.00),(10142,3,0,23373,0.00,0.00),(10140,3,0,23371,0.00,0.00),(10062,3,0,23293,0.00,0.00),(10060,3,0,23291,0.00,0.00),(9956,3,0,23187,0.00,49.99),(9954,3,0,23185,0.00,99.99),(9952,3,0,23183,0.00,49.99),(9950,3,0,23181,0.00,99.99),(9948,3,0,23179,0.00,49.99),(9946,3,0,23177,0.00,99.99),(9944,3,0,23175,0.00,49.99),(9942,3,0,23173,0.00,99.99),(9940,3,0,23171,0.00,19.99),(10126,3,0,23357,0.00,0.00),(10124,3,0,23355,0.00,0.00),(10122,3,0,23353,0.00,0.00),(13907,3,0,27086,0.00,149.00),(14112,3,0,27280,0.00,18.00),(13905,3,0,27084,0.00,149.00),(10892,3,0,24123,0.00,75.00),(10890,3,0,24121,0.00,75.00),(9938,3,0,23169,0.00,19.99),(9936,3,0,23167,0.00,9.99),(9934,3,0,23165,0.00,9.99),(9932,3,0,23163,0.00,9.99),(9930,3,0,23161,0.00,19.99),(9928,3,0,23159,0.00,19.99),(9926,3,0,23157,0.00,19.99),(10120,3,0,23351,0.00,0.00),(10118,3,0,23349,0.00,0.00),(10116,3,0,23347,0.00,0.00),(10114,3,0,23345,0.00,0.00),(10112,3,0,23343,0.00,0.00),(10058,3,0,23289,0.00,0.00),(10056,3,0,23287,0.00,0.00),(10054,3,0,23285,0.00,0.00),(10052,3,0,23283,0.00,0.00),(9820,3,0,23051,0.00,49.00),(9706,3,0,22937,0.00,14.00),(9732,3,0,22963,0.00,59.00),(9730,3,0,22961,0.00,49.00),(9728,3,0,22959,0.00,360.00),(9726,3,0,22957,0.00,3999.00),(9724,3,0,22955,0.00,0.00),(9722,3,0,22953,0.00,13.00),(9746,3,0,22977,0.00,96.00),(9744,3,0,22975,0.00,96.00),(9742,3,0,22973,0.00,96.00),(10016,3,0,23247,0.00,0.00),(10014,3,0,23245,0.00,0.00),(10012,3,0,23243,0.00,0.00),(10010,3,0,23241,0.00,0.00),(10008,3,0,23239,0.00,0.00),(14124,3,0,27292,0.00,24.00),(10006,3,0,23237,0.00,0.00),(10004,3,0,23235,0.00,0.00),(10002,3,0,23233,0.00,0.00),(10000,3,0,23231,0.00,0.00),(9998,3,0,23229,0.00,0.00),(9996,3,0,23227,0.00,0.00),(10050,3,0,23281,0.00,0.00),(9924,3,0,23155,0.00,9.99),(9922,3,0,23153,0.00,19.99),(9920,3,0,23151,0.00,9.99),(9918,3,0,23149,0.00,19.99),(9916,3,0,23147,0.00,0.00),(9914,3,0,23145,0.00,0.00),(9912,3,0,23143,0.00,0.00),(10110,3,0,23341,0.00,0.00),(10138,3,0,23369,0.00,0.00),(9910,3,0,23141,0.00,0.00),(9908,3,0,23139,0.00,0.00),(9906,3,0,23137,0.00,0.00),(9904,3,0,23135,0.00,0.00),(9902,3,0,23133,0.00,0.00),(10714,3,0,23945,0.00,0.00),(14056,3,0,27224,0.00,19.00),(14054,3,0,27222,0.00,17.00),(14052,3,0,27220,0.00,17.00),(9994,3,0,23225,0.00,0.00),(9991,3,0,23222,0.00,0.00),(9988,3,0,23219,0.00,66.00),(9986,3,0,23217,0.00,66.00),(14110,3,0,27278,0.00,18.00),(14106,3,0,27274,0.00,24.00),(13983,3,0,27160,0.00,59.00),(13328,3,0,26515,0.00,16.00),(10710,3,0,23941,0.00,0.00),(10707,3,0,23938,0.00,0.00),(10704,3,0,23935,0.00,0.00),(10712,3,0,23943,0.00,0.00),(10702,3,0,23933,0.00,0.00),(13585,3,0,26770,0.00,16.00),(13499,3,0,26686,0.00,16.00),(10920,3,0,24151,0.00,0.00),(13325,3,0,26512,0.00,16.00),(13354,3,0,26541,0.00,24.00),(13396,3,0,26583,0.00,16.00),(11931,3,0,25153,0.00,16.00),(11892,3,0,25114,0.00,29.00),(9628,3,0,22859,0.00,0.00),(14143,3,0,27311,0.00,24.00),(14235,3,0,27403,0.00,99.00),(14232,3,0,27400,0.00,99.00),(14229,3,0,27397,0.00,99.00),(14223,3,0,27391,0.00,99.00),(9794,3,0,23025,0.00,0.00),(14220,3,0,27388,0.00,99.00),(14199,3,0,27367,0.00,149.00),(14164,3,0,27332,0.00,24.00),(9683,3,0,22914,0.00,189.00),(9681,3,0,22912,0.00,0.00),(9679,3,0,22910,0.00,87.00),(9677,3,0,22908,0.00,79.00),(9675,3,0,22906,0.00,59.00),(14162,3,0,27330,0.00,24.00),(14160,3,0,27328,0.00,24.00),(9673,3,0,22904,0.00,79.00),(9671,3,0,22902,0.00,59.00),(9669,3,0,22900,0.00,79.00),(14158,3,0,27326,0.00,24.00),(9667,3,0,22898,0.00,0.00),(9665,3,0,22896,0.00,0.00),(9663,3,0,22894,0.00,0.00),(9501,3,0,22732,0.00,64.00),(9500,3,0,22731,0.00,98.00),(14149,3,0,27317,0.00,24.00),(9661,3,0,22892,0.00,0.00),(9659,3,0,22890,0.00,0.00),(9786,3,0,23017,0.00,0.00),(14208,3,0,27376,0.00,149.00),(9657,3,0,22888,0.00,0.00),(9655,3,0,22886,0.00,69.00),(14151,3,0,27319,0.00,24.00),(9653,3,0,22884,0.00,32.00),(9651,3,0,22882,0.00,0.00),(9499,3,0,22730,0.00,75.00),(9498,3,0,22729,0.00,75.00),(9497,3,0,22728,0.00,75.00),(9496,3,0,22727,0.00,59.00),(9495,3,0,22726,0.00,59.00),(9494,3,0,22725,0.00,75.00),(13460,3,0,26647,0.00,16.00),(13521,3,0,26707,0.00,22.00),(13515,3,0,26701,0.00,22.00),(13553,3,0,26739,0.00,20.00),(13569,3,0,26755,0.00,62.00),(13559,3,0,26745,0.00,62.00),(9696,3,0,22927,0.00,0.00),(9720,3,0,22951,0.00,7.00),(10882,3,0,24113,0.00,0.00),(13462,3,0,26649,0.00,16.00),(10996,3,0,24227,0.00,149.00),(13366,3,0,26553,0.00,16.00),(13477,3,0,26664,0.00,16.00),(11896,3,0,25118,0.00,6.00),(11929,3,0,25151,0.00,16.00),(11898,3,0,25120,0.00,6.00),(9649,3,0,22880,0.00,0.00),(9647,3,0,22878,0.00,0.00),(9645,3,0,22876,0.00,0.00),(14147,3,0,27315,0.00,24.00),(12750,3,0,25954,0.00,169.00),(12752,3,0,25956,0.00,169.00),(12754,3,0,25958,0.00,169.00),(12756,3,0,25960,0.00,169.00),(12758,3,0,25962,0.00,169.00),(12760,3,0,25964,0.00,169.00),(12762,3,0,25966,0.00,169.00),(12764,3,0,25968,0.00,169.00),(12766,3,0,25970,0.00,169.00),(10270,3,0,23501,0.00,0.00),(9592,3,0,22823,0.00,0.00),(11869,3,0,25093,0.00,82.00),(11867,3,0,25091,0.00,12.00),(11865,3,0,25090,0.00,12.00),(11863,3,0,25088,0.00,149.00),(13709,3,0,26892,0.00,159.00),(10880,3,0,24111,0.00,59.00),(10815,3,0,24046,0.00,0.00),(10645,3,0,23876,0.00,0.00),(12748,3,0,25952,0.00,169.00),(14108,3,0,27276,0.00,18.00),(13395,3,0,26582,0.00,16.00),(13394,3,0,26581,0.00,0.00),(13476,3,0,26663,0.00,16.00),(10466,3,0,23697,0.00,38.00),(10465,3,0,23696,0.00,0.00),(10464,3,0,23695,0.00,359.00),(13708,3,0,26891,0.00,59.00),(13722,3,0,26904,0.00,36.00),(13721,3,0,26903,0.00,59.00),(13720,3,0,26902,0.00,49.00),(13796,3,0,26975,0.00,17.00),(13795,3,0,26974,0.00,17.00),(13794,3,0,26973,0.00,17.00),(14011,3,0,27188,0.00,149.00),(14008,3,0,27185,0.00,139.00),(13719,3,0,26901,0.00,49.00),(13718,3,0,26900,0.00,49.00),(13717,3,0,26899,0.00,39.00),(13716,3,0,26898,0.00,39.00),(11873,3,0,25096,0.00,149.00),(11875,3,0,25098,0.00,319.00),(13715,3,0,26897,0.00,39.00),(13714,3,0,26896,0.00,39.00),(13713,3,0,26895,0.00,39.00),(11148,3,0,24379,0.00,108.00),(11146,3,0,24377,0.00,0.00),(11144,3,0,24375,0.00,0.00),(11142,3,0,24373,0.00,43.00),(11140,3,0,24371,0.00,56.00),(11138,3,0,24369,0.00,14.00),(11136,3,0,24367,0.00,64.00),(11134,3,0,24365,0.00,18.00),(11132,3,0,24363,0.00,24.00),(11130,3,0,24361,0.00,53.00),(11128,3,0,24359,0.00,0.00),(11126,3,0,24357,0.00,2.50),(11124,3,0,24355,0.00,8.00),(11122,3,0,24353,0.00,22.00),(11120,3,0,24351,0.00,38.00),(11118,3,0,24349,0.00,38.00),(11116,3,0,24347,0.00,9.00),(11114,3,0,24345,0.00,18.00),(11112,3,0,24343,0.00,0.00),(11110,3,0,24341,0.00,0.00),(11108,3,0,24339,0.00,0.00),(10938,3,0,24169,0.00,32.00),(10998,3,0,24229,0.00,149.00),(10994,3,0,24225,0.00,149.00),(10980,3,0,24211,0.00,0.00),(10978,3,0,24209,0.00,0.00),(10976,3,0,24207,0.00,0.00),(10974,3,0,24205,0.00,0.00),(10972,3,0,24203,0.00,0.00),(10992,3,0,24223,0.00,165.00),(10970,3,0,24201,0.00,0.00),(10988,3,0,24219,0.00,112.00),(10968,3,0,24199,0.00,0.00),(10845,3,0,24076,0.00,75.00),(10843,3,0,24074,0.00,75.00),(10841,3,0,24072,0.00,59.00),(10839,3,0,24070,0.00,59.00),(10837,3,0,24068,0.00,0.00),(10835,3,0,24066,0.00,0.00),(10833,3,0,24064,0.00,0.00),(10831,3,0,24062,0.00,0.00),(10829,3,0,24060,0.00,0.00),(10827,3,0,24058,0.00,0.00),(10825,3,0,24056,0.00,0.00),(10823,3,0,24054,0.00,0.00),(10821,3,0,24052,0.00,0.00),(10910,3,0,24141,0.00,59.00),(10908,3,0,24139,0.00,75.00),(10906,3,0,24137,0.00,75.00),(10904,3,0,24135,0.00,59.00),(10902,3,0,24133,0.00,75.00),(10900,3,0,24131,0.00,75.00),(10898,3,0,24129,0.00,59.00),(10896,3,0,24127,0.00,59.00),(10791,3,0,24022,0.00,0.00),(10789,3,0,24020,0.00,0.00),(10787,3,0,24018,0.00,0.00),(10785,3,0,24016,0.00,0.00),(10783,3,0,24014,0.00,0.00),(10781,3,0,24012,0.00,0.00),(10779,3,0,24010,0.00,0.00),(10777,3,0,24008,0.00,0.00),(10775,3,0,24006,0.00,0.00),(10773,3,0,24004,0.00,0.00),(10771,3,0,24002,0.00,0.00),(9750,3,0,22981,0.00,115.00),(9748,3,0,22979,0.00,96.00),(14128,3,0,27296,0.00,24.00),(14126,3,0,27294,0.00,24.00),(10448,3,0,23679,0.00,0.00),(10446,3,0,23677,0.00,90.00),(10444,3,0,23675,0.00,32.00),(10639,3,0,23870,0.00,0.00),(10493,3,0,23724,0.00,0.00),(10491,3,0,23722,0.00,0.00),(10489,3,0,23720,0.00,0.00),(10487,3,0,23718,0.00,0.00),(10485,3,0,23716,0.00,0.00),(10483,3,0,23714,0.00,0.00),(10481,3,0,23712,0.00,0.00),(10479,3,0,23710,0.00,0.00),(10477,3,0,23708,0.00,0.00),(10475,3,0,23706,0.00,0.00),(10473,3,0,23704,0.00,53.00),(10471,3,0,23702,0.00,44.00),(10469,3,0,23700,0.00,38.00),(10467,3,0,23698,0.00,38.00),(10637,3,0,23868,0.00,0.00),(11106,3,0,24337,0.00,0.00),(11104,3,0,24335,0.00,0.00),(11102,3,0,24333,0.00,0.00),(11100,3,0,24331,0.00,0.00),(11098,3,0,24329,0.00,583.00),(11096,3,0,24327,0.00,59.00),(11094,3,0,24325,0.00,74.00),(11092,3,0,24323,0.00,279.00),(11090,3,0,24321,0.00,198.00),(11088,3,0,24319,0.00,189.00),(11086,3,0,24317,0.00,0.00),(11084,3,0,24315,0.00,0.00),(11082,3,0,24313,0.00,0.00),(11080,3,0,24311,0.00,0.00),(11078,3,0,24309,0.00,95.00),(11076,3,0,24307,0.00,43.00),(11074,3,0,24305,0.00,279.00),(11072,3,0,24303,0.00,99.00),(11070,3,0,24301,0.00,0.00),(11068,3,0,24299,0.00,0.00),(11066,3,0,24297,0.00,0.00),(11064,3,0,24295,0.00,0.00),(11062,3,0,24293,0.00,92.00),(11060,3,0,24291,0.00,325.00),(11058,3,0,24289,0.00,849.00),(11056,3,0,24287,0.00,89.00),(11054,3,0,24285,0.00,0.00),(11052,3,0,24283,0.00,0.00),(11050,3,0,24281,0.00,0.00),(11048,3,0,24279,0.00,0.00),(11046,3,0,24277,0.00,0.00),(11044,3,0,24275,0.00,0.00),(11042,3,0,24273,0.00,0.00),(11040,3,0,24271,0.00,99.00),(11024,3,0,24255,0.00,119.00),(11038,3,0,24269,0.00,119.00),(11036,3,0,24267,0.00,119.00),(11022,3,0,24253,0.00,119.00),(11034,3,0,24265,0.00,119.00),(11032,3,0,24263,0.00,119.00),(11030,3,0,24261,0.00,119.00),(11028,3,0,24259,0.00,119.00),(11026,3,0,24257,0.00,119.00),(13041,3,0,26228,0.00,279.00),(13039,3,0,26226,0.00,279.00),(13037,3,0,26224,0.00,59.00),(13035,3,0,26222,0.00,59.00),(13033,3,0,26220,0.00,59.00),(13031,3,0,26218,0.00,59.00),(12934,3,0,26135,0.00,39.00),(12932,3,0,26133,0.00,119.00),(12930,3,0,26131,0.00,69.00),(12928,3,0,26129,0.00,9.00),(12926,3,0,26127,0.00,99.00),(12924,3,0,26125,0.00,99.00),(12922,3,0,26123,0.00,99.00),(12920,3,0,26121,0.00,89.00),(12918,3,0,26119,0.00,89.00),(12916,3,0,26117,0.00,24.00),(12914,3,0,26115,0.00,39.00),(12912,3,0,26113,0.00,119.00),(12910,3,0,26111,0.00,119.00),(12908,3,0,26109,0.00,49.00),(12906,3,0,26107,0.00,75.00),(12904,3,0,26105,0.00,75.00),(12902,3,0,26103,0.00,75.00),(12900,3,0,26101,0.00,279.00),(12898,3,0,26099,0.00,29.00),(12896,3,0,26097,0.00,76.00),(12894,3,0,26096,0.00,199.00),(12892,3,0,26095,0.00,99.00),(12890,3,0,26093,0.00,199.00),(12888,3,0,26091,0.00,169.00),(12886,3,0,26089,0.00,169.00),(12884,3,0,26087,0.00,76.00),(12882,3,0,26085,0.00,76.00),(12880,3,0,26083,0.00,76.00),(12878,3,0,26081,0.00,76.00),(12876,3,0,26079,0.00,76.00),(12874,3,0,26077,0.00,75.00),(12872,3,0,26075,0.00,75.00),(12866,3,0,26069,0.00,169.00),(12864,3,0,26067,0.00,169.00),(12862,3,0,26065,0.00,169.00),(12860,3,0,26063,0.00,169.00),(12858,3,0,26061,0.00,169.00),(12856,3,0,26059,0.00,169.00),(12854,3,0,26057,0.00,75.00),(12852,3,0,26055,0.00,75.00),(12850,3,0,26053,0.00,75.00),(12848,3,0,26051,0.00,75.00),(12846,3,0,26049,0.00,75.00),(12844,3,0,26047,0.00,75.00),(12842,3,0,26045,0.00,75.00),(12840,3,0,26043,0.00,75.00),(12838,3,0,26041,0.00,75.00),(12836,3,0,26039,0.00,75.00),(12834,3,0,26037,0.00,75.00),(12832,3,0,26035,0.00,75.00),(12830,3,0,26033,0.00,75.00),(12828,3,0,26031,0.00,75.00),(12826,3,0,26029,0.00,75.00),(12824,3,0,26027,0.00,75.00),(12822,3,0,26025,0.00,75.00),(12820,3,0,26023,0.00,75.00),(12818,3,0,26021,0.00,75.00),(12816,3,0,26019,0.00,75.00),(12814,3,0,26017,0.00,75.00),(12812,3,0,26015,0.00,75.00),(12810,3,0,26013,0.00,75.00),(12808,3,0,26011,0.00,75.00),(12806,3,0,26009,0.00,75.00),(12804,3,0,26007,0.00,75.00),(12802,3,0,26005,0.00,75.00),(12800,3,0,26003,0.00,75.00),(12798,3,0,26001,0.00,75.00),(12796,3,0,25999,0.00,75.00),(12794,3,0,25997,0.00,75.00),(12792,3,0,25995,0.00,75.00),(12790,3,0,25993,0.00,75.00),(12788,3,0,25991,0.00,75.00),(13165,3,0,26352,0.00,16.00),(13163,3,0,26350,0.00,16.00),(13161,3,0,26348,0.00,16.00),(13159,3,0,26346,0.00,16.00),(13157,3,0,26344,0.00,16.00),(13155,3,0,26342,0.00,16.00),(13153,3,0,26340,0.00,16.00),(13151,3,0,26338,0.00,16.00),(13149,3,0,26336,0.00,16.00),(13147,3,0,26334,0.00,16.00),(13145,3,0,26332,0.00,16.00),(13143,3,0,26330,0.00,16.00),(13167,3,0,26354,0.00,16.00),(13176,3,0,26363,0.00,16.00),(13178,3,0,26365,0.00,16.00),(13184,3,0,26371,0.00,16.00),(13169,3,0,26356,0.00,16.00),(13171,3,0,26358,0.00,16.00),(13173,3,0,26360,0.00,16.00),(12546,3,0,25750,0.00,32.00),(12996,3,0,26190,0.00,24.00),(13088,3,0,26275,0.00,6.00),(13086,3,0,26273,0.00,6.00),(14050,3,0,27218,0.00,15.00),(14007,3,0,27184,0.00,149.00),(14037,3,0,22121,179.00,139.00),(14035,3,0,22122,179.00,139.00),(14031,3,0,27204,0.00,139.00),(14080,3,0,27248,0.00,18.00),(14029,3,0,27202,0.00,139.00),(11872,3,0,23042,0.00,149.00),(14026,3,0,27199,0.00,149.00),(14024,3,0,27197,0.00,149.00),(14022,3,0,27195,0.00,149.00),(14072,3,0,27240,0.00,43.00),(13903,3,0,27082,0.00,129.00),(13897,3,0,27076,0.00,524.00),(13895,3,0,27074,0.00,524.00),(13893,3,0,27072,0.00,524.00),(13891,3,0,27070,0.00,509.00),(13889,3,0,27068,0.00,509.00),(13883,3,0,27062,0.00,32.00),(13879,3,0,27058,0.00,32.00),(13877,3,0,27056,0.00,169.00),(13875,3,0,27054,0.00,59.00),(13873,3,0,27052,0.00,149.00),(13871,3,0,27050,0.00,149.00),(13869,3,0,27048,0.00,149.00),(13867,3,0,27046,0.00,149.00),(13865,3,0,27044,0.00,149.00),(13863,3,0,27042,0.00,149.00),(13861,3,0,27040,0.00,149.00),(13859,3,0,27038,0.00,149.00),(13853,3,0,27032,0.00,249.00),(13851,3,0,27030,0.00,22.00),(13849,3,0,27028,0.00,22.00),(13847,3,0,27026,0.00,22.00),(13845,3,0,27024,0.00,22.00),(13843,3,0,27022,0.00,22.00),(13841,3,0,27020,0.00,22.00),(13837,3,0,27016,0.00,22.00),(13835,3,0,27014,0.00,22.00),(13833,3,0,27012,0.00,22.00),(13831,3,0,27010,0.00,22.00),(13829,3,0,27008,0.00,17.00),(13392,3,0,26579,0.00,16.00),(13390,3,0,26577,0.00,16.00),(13388,3,0,26575,0.00,16.00),(13386,3,0,26573,0.00,16.00),(13382,3,0,26569,0.00,16.00),(13380,3,0,26567,0.00,16.00),(13378,3,0,26565,0.00,16.00),(13345,3,0,26532,0.00,16.00),(13376,3,0,26563,0.00,16.00),(13372,3,0,26559,0.00,16.00),(13370,3,0,26557,0.00,16.00),(13497,3,0,26684,0.00,99.00),(13491,3,0,26678,0.00,99.00),(10462,3,0,23693,0.00,0.00),(10460,3,0,23691,0.00,0.00),(10458,3,0,23689,0.00,12.00),(10501,3,0,23732,0.00,0.00),(13368,3,0,26555,0.00,16.00),(13581,3,0,26767,0.00,16.00),(13639,3,0,26822,0.00,29.00),(13527,3,0,26713,0.00,22.00),(13792,3,0,26971,0.00,19.00),(13782,3,0,26961,0.00,19.00),(13780,3,0,26959,0.00,17.00),(13778,3,0,26957,0.00,17.00),(13776,3,0,26955,0.00,17.00),(13774,3,0,26953,0.00,17.00),(13772,3,0,26951,0.00,17.00),(13744,3,0,26923,0.00,279.00),(13742,3,0,26921,0.00,279.00),(13740,3,0,26919,0.00,279.00),(13738,3,0,26917,0.00,279.00),(13736,3,0,26915,0.00,89.00),(11809,3,0,25036,0.00,112.00),(11807,3,0,25034,0.00,142.00),(11805,3,0,25032,0.00,286.00),(11803,3,0,25030,0.00,443.00),(11801,3,0,25028,0.00,123.00),(11799,3,0,25026,0.00,429.00),(11797,3,0,25024,0.00,119.00),(11795,3,0,25022,0.00,39.00),(11793,3,0,25020,0.00,75.00),(11791,3,0,25018,0.00,619.00),(11789,3,0,25017,0.00,549.00),(11787,3,0,25015,0.00,219.00),(11763,3,0,24991,0.00,149.00),(13438,3,0,26625,0.00,16.00),(13436,3,0,26623,0.00,16.00),(11258,3,0,24489,0.00,0.00),(11256,3,0,24487,0.00,46.00),(11254,3,0,24485,0.00,162.00),(11252,3,0,24483,0.00,192.00),(11250,3,0,24481,0.00,192.00),(11248,3,0,24479,0.00,419.00),(11246,3,0,24477,0.00,419.00),(11244,3,0,24475,0.00,139.00),(11242,3,0,24473,0.00,0.00),(11240,3,0,24471,0.00,0.00),(11238,3,0,24469,0.00,0.00),(11236,3,0,24467,0.00,0.00),(11234,3,0,24465,0.00,0.00),(11232,3,0,24463,0.00,0.00),(11228,3,0,24459,0.00,0.00),(11226,3,0,24457,0.00,0.00),(11224,3,0,24455,0.00,0.00),(11160,3,0,24391,0.00,32.00),(11158,3,0,24389,0.00,32.00),(11222,3,0,24453,0.00,0.00),(11220,3,0,24451,0.00,0.00),(11218,3,0,24449,0.00,0.00),(11156,3,0,24387,0.00,112.00),(11216,3,0,24447,0.00,0.00),(11214,3,0,24445,0.00,0.00),(11210,3,0,24441,0.00,0.00),(11206,3,0,24437,0.00,0.00),(11204,3,0,24435,0.00,0.00),(11202,3,0,24433,0.00,0.00),(11200,3,0,24431,0.00,0.00),(11196,3,0,24427,0.00,0.00),(11154,3,0,24385,0.00,32.00),(11194,3,0,24425,0.00,0.00),(11152,3,0,24383,0.00,29.00),(11192,3,0,24423,0.00,0.00),(11190,3,0,24421,0.00,0.00),(11188,3,0,24419,0.00,0.00),(11186,3,0,24417,0.00,0.00),(11182,3,0,24413,0.00,0.00),(11180,3,0,24411,0.00,49.00),(11150,3,0,24381,0.00,154.00),(11174,3,0,24405,0.00,28.00),(14130,3,0,27298,0.00,24.00),(12947,3,0,26148,0.00,19.00),(12945,3,0,26146,0.00,18.00),(12943,3,0,26144,0.00,16.00),(12941,3,0,26142,0.00,19.00),(12939,3,0,26140,0.00,16.00),(12937,3,0,26138,0.00,12.00),(13732,3,0,26912,0.00,299.00),(13730,3,0,26910,0.00,54.00),(13084,3,0,26271,0.00,6.00),(13082,3,0,26269,0.00,6.00),(13078,3,0,26265,0.00,6.00),(14181,3,0,27349,0.00,19.00),(13474,3,0,26661,0.00,16.00),(13454,3,0,26641,0.00,16.00),(13472,3,0,26659,0.00,16.00),(13470,3,0,26657,0.00,16.00),(13768,3,0,26947,0.00,17.00),(9762,3,0,22993,0.00,58.00),(13766,3,0,26945,0.00,17.00),(10456,3,0,23687,0.00,18.00),(13142,3,0,26329,0.00,199.00),(13141,3,0,26328,0.00,159.00),(13140,3,0,26327,0.00,129.00),(13139,3,0,26326,0.00,6.00),(13138,3,0,26325,0.00,6.00),(13137,3,0,26324,0.00,6.00),(11879,3,0,25101,0.00,54.00),(12542,3,0,25746,0.00,32.00),(12540,3,0,25744,0.00,32.00),(12538,3,0,25742,0.00,32.00),(12536,3,0,25740,0.00,19.00),(12534,3,0,25738,0.00,49.00),(12532,3,0,25736,0.00,9.00),(12530,3,0,25735,0.00,21.00),(12528,3,0,25733,0.00,39.00),(12526,3,0,25731,0.00,5.00),(12524,3,0,24345,0.00,18.00),(12522,3,0,25729,0.00,79.00),(12520,3,0,25002,0.00,59.00),(12518,3,0,25726,0.00,149.00),(12516,3,0,25724,0.00,179.00),(12514,3,0,25722,0.00,499.00),(12512,3,0,25720,0.00,179.00),(12510,3,0,25718,0.00,179.00),(12508,3,0,25716,0.00,549.00),(12506,3,0,25714,0.00,199.00),(12504,3,0,25712,0.00,199.00),(12502,3,0,25710,0.00,169.00),(12500,3,0,25708,0.00,69.00),(12498,3,0,25706,0.00,69.00),(12496,3,0,25704,0.00,69.00),(12494,3,0,25702,0.00,69.00),(12492,3,0,25700,0.00,69.00),(12490,3,0,25698,0.00,69.00),(12488,3,0,25696,0.00,69.00),(12486,3,0,25694,0.00,69.00),(12484,3,0,25692,0.00,69.00),(12594,3,0,25798,0.00,39.00),(12592,3,0,25796,0.00,29.00),(12480,3,0,25688,0.00,69.00),(12478,3,0,25686,0.00,69.00),(12476,3,0,25684,0.00,69.00),(12474,3,0,25682,0.00,69.00),(12472,3,0,25680,0.00,69.00),(12470,3,0,25678,0.00,69.00),(12483,3,0,25691,0.00,69.00),(12466,3,0,25674,0.00,69.00),(12464,3,0,25672,0.00,69.00),(12462,3,0,25670,0.00,69.00),(12460,3,0,25668,0.00,379.00),(12458,3,0,25666,0.00,129.00),(12456,3,0,25664,0.00,1189.00),(12454,3,0,25662,0.00,659.00),(12452,3,0,25660,0.00,379.00),(12289,3,0,25497,0.00,17.00),(12287,3,0,25495,0.00,17.00),(12450,3,0,25658,0.00,129.00),(12446,3,0,25654,0.00,1099.00),(12444,3,0,25652,0.00,609.00),(12442,3,0,25650,0.00,349.00),(12440,3,0,25648,0.00,119.00),(12438,3,0,25646,0.00,119.00),(12436,3,0,25644,0.00,609.00),(12434,3,0,25642,0.00,609.00),(12430,3,0,25638,0.00,119.00),(12428,3,0,25636,0.00,439.00),(12426,3,0,25634,0.00,1599.00),(12424,3,0,25632,0.00,479.00),(12422,3,0,25630,0.00,75.00),(12420,3,0,25628,0.00,75.00),(12418,3,0,25626,0.00,75.00),(12414,3,0,25622,0.00,75.00),(12412,3,0,25620,0.00,75.00),(12590,3,0,25794,0.00,74.00),(12410,3,0,25618,0.00,75.00),(12408,3,0,25616,0.00,75.00),(12406,3,0,25614,0.00,75.00),(12404,3,0,25612,0.00,75.00),(12402,3,0,25610,0.00,75.00),(12400,3,0,25608,0.00,75.00),(12398,3,0,25606,0.00,75.00),(12396,3,0,25604,0.00,75.00),(12394,3,0,25602,0.00,75.00),(12392,3,0,25600,0.00,75.00),(12390,3,0,25598,0.00,75.00),(12388,3,0,25596,0.00,75.00),(12386,3,0,25594,0.00,75.00),(12382,3,0,25590,0.00,75.00),(12380,3,0,25588,0.00,75.00),(12378,3,0,25586,0.00,119.00),(12376,3,0,25584,0.00,119.00),(12374,3,0,25582,0.00,119.00),(12372,3,0,25580,0.00,119.00),(12370,3,0,25578,0.00,119.00),(12368,3,0,25576,0.00,119.00),(12482,3,0,25690,0.00,69.00),(12285,3,0,25493,0.00,17.00),(12283,3,0,25491,0.00,17.00),(12281,3,0,25489,0.00,17.00),(12279,3,0,25487,0.00,17.00),(12277,3,0,25485,0.00,17.00),(12275,3,0,25483,0.00,17.00),(12273,3,0,25481,0.00,17.00),(12271,3,0,25479,0.00,17.00),(12269,3,0,25477,0.00,17.00),(12267,3,0,25475,0.00,17.00),(12265,3,0,25473,0.00,17.00),(12263,3,0,25471,0.00,17.00),(12261,3,0,25469,0.00,17.00),(12259,3,0,25467,0.00,17.00),(12257,3,0,25465,0.00,17.00),(12255,3,0,25463,0.00,17.00),(12253,3,0,25461,0.00,17.00),(12251,3,0,25459,0.00,17.00),(12249,3,0,25457,0.00,32.00),(12247,3,0,25455,0.00,76.00),(12245,3,0,25453,0.00,76.00),(12243,3,0,25451,0.00,76.00),(12241,3,0,25449,0.00,76.00),(12239,3,0,25447,0.00,76.00),(12237,3,0,25445,0.00,76.00),(12235,3,0,25443,0.00,59.00),(12233,3,0,25441,0.00,24.00),(12231,3,0,25439,0.00,21.00),(12229,3,0,25437,0.00,24.00),(12227,3,0,25435,0.00,24.00),(12225,3,0,25433,0.00,32.00),(12223,3,0,25431,0.00,32.00),(12221,3,0,25429,0.00,24.00),(12219,3,0,25427,0.00,19.00),(12217,3,0,25425,0.00,19.00),(12215,3,0,25423,0.00,19.00),(12213,3,0,25421,0.00,19.00),(12211,3,0,25419,0.00,48.00),(12209,3,0,25417,0.00,19.00),(12207,3,0,25415,0.00,15.00),(12205,3,0,25413,0.00,9.00),(12203,3,0,25411,0.00,18.00),(12201,3,0,25409,0.00,17.00),(12199,3,0,25407,0.00,76.00),(12291,3,0,25499,0.00,17.00),(12293,3,0,25501,0.00,17.00),(12295,3,0,25503,0.00,17.00),(12297,3,0,25505,0.00,17.00),(12299,3,0,25507,0.00,17.00),(12161,3,0,25369,0.00,24.00),(12159,3,0,25367,0.00,24.00),(12157,3,0,25365,0.00,24.00),(12155,3,0,25363,0.00,40.00),(12153,3,0,25361,0.00,24.00),(12151,3,0,25359,0.00,24.00),(12149,3,0,25357,0.00,40.00),(12147,3,0,25355,0.00,40.00),(12145,3,0,25353,0.00,40.00),(12143,3,0,25351,0.00,24.00),(12141,3,0,25349,0.00,24.00),(12139,3,0,25347,0.00,24.00),(12137,3,0,25345,0.00,4.00),(12135,3,0,25343,0.00,129.00),(12133,3,0,25341,0.00,5.00),(12131,3,0,25339,0.00,4.00),(12129,3,0,25337,0.00,18.00),(12127,3,0,25335,0.00,6.00),(12123,3,0,25331,0.00,29.00),(12121,3,0,25329,0.00,49.00),(12119,3,0,25327,0.00,99.00),(12115,3,0,25323,0.00,139.00),(12111,3,0,25319,0.00,139.00),(12107,3,0,25315,0.00,49.00),(12105,3,0,25313,0.00,179.00),(12103,3,0,25311,0.00,749.00),(12101,3,0,25309,0.00,749.00),(12099,3,0,25307,0.00,69.00),(12097,3,0,25305,0.00,139.00),(12095,3,0,25303,0.00,139.00),(12093,3,0,25301,0.00,139.00),(12091,3,0,25299,0.00,139.00),(12089,3,0,23041,0.00,59.00),(12325,3,0,25533,0.00,17.00),(12323,3,0,25531,0.00,17.00),(12321,3,0,25529,0.00,17.00),(12319,3,0,25527,0.00,17.00),(12317,3,0,25525,0.00,17.00),(12315,3,0,25523,0.00,17.00),(12313,3,0,25521,0.00,17.00),(12087,3,0,25296,0.00,49.00),(12311,3,0,25519,0.00,17.00),(12309,3,0,25517,0.00,17.00),(12307,3,0,25515,0.00,17.00),(12085,3,0,25294,0.00,32.00),(12083,3,0,25292,0.00,399.00),(12081,3,0,25291,0.00,419.00),(12079,3,0,25289,0.00,179.00),(12077,3,0,25287,0.00,17.00),(12075,3,0,25285,0.00,4399.00),(12073,3,0,25283,0.00,229.00),(12071,3,0,25281,0.00,1499.00),(12069,3,0,25279,0.00,279.00),(10956,3,0,24187,0.00,0.00),(10954,3,0,24185,0.00,0.00),(10952,3,0,24183,0.00,0.00),(10948,3,0,24179,0.00,0.00),(10946,3,0,24177,0.00,48.00),(10944,3,0,24175,0.00,32.00),(10942,3,0,24173,0.00,32.00),(10940,3,0,24171,0.00,32.00),(10958,3,0,24189,0.00,0.00),(13312,3,0,26499,0.00,16.00),(13310,3,0,26497,0.00,16.00),(13308,3,0,26495,0.00,16.00),(13306,3,0,26493,0.00,16.00),(13047,3,0,26234,0.00,279.00),(13072,3,0,26259,0.00,279.00),(13070,3,0,26257,0.00,279.00),(13068,3,0,26255,0.00,279.00),(13065,3,0,26252,0.00,279.00),(13064,3,0,26251,0.00,279.00),(13061,3,0,26248,0.00,279.00),(13060,3,0,26247,0.00,279.00),(11935,3,0,25157,0.00,16.00),(14020,3,0,27194,0.00,149.00),(13557,3,0,26743,0.00,20.00),(13579,3,0,26765,0.00,17.00),(13577,3,0,26763,0.00,17.00),(11172,3,0,24403,0.00,28.00),(11170,3,0,24401,0.00,28.00),(11168,3,0,24399,0.00,0.00),(11166,3,0,24397,0.00,154.00),(11164,3,0,24395,0.00,32.00),(11162,3,0,24393,0.00,154.00),(10699,3,0,23930,0.00,0.00),(10697,3,0,23928,0.00,0.00),(10499,3,0,23730,0.00,0.00),(10497,3,0,23728,0.00,0.00),(10495,3,0,23726,0.00,0.00),(10932,3,0,24163,0.00,659.00),(10934,3,0,24165,0.00,32.00),(10930,3,0,24161,0.00,240.00),(12364,3,0,25572,0.00,129.00),(12361,3,0,25569,0.00,119.00),(13135,3,0,26322,0.00,6.00),(13133,3,0,26320,0.00,6.00),(13131,3,0,26318,0.00,6.00),(13129,3,0,26316,0.00,6.00),(13127,3,0,26314,0.00,6.00),(13125,3,0,26312,0.00,6.00),(11924,3,0,25146,0.00,16.00),(11927,3,0,25149,0.00,16.00),(11926,3,0,25148,0.00,16.00),(11890,3,0,25112,0.00,15.00),(11889,3,0,25111,0.00,109.00),(11888,3,0,25110,0.00,15.00),(11887,3,0,25109,0.00,109.00),(11894,3,0,25116,0.00,6.00),(10847,3,0,24078,0.00,75.00),(10849,3,0,24080,0.00,59.00),(10851,3,0,24082,0.00,75.00),(10853,3,0,24084,0.00,75.00),(10855,3,0,24086,0.00,75.00),(10857,3,0,24088,0.00,75.00),(10912,3,0,24143,0.00,59.00),(10793,3,0,24024,0.00,0.00),(10795,3,0,24026,0.00,0.00),(10797,3,0,24028,0.00,0.00),(10799,3,0,24030,0.00,0.00),(10801,3,0,24032,0.00,0.00),(10803,3,0,24034,0.00,0.00),(10805,3,0,24036,0.00,0.00),(14005,3,0,27182,0.00,179.00),(14010,3,0,27187,0.00,139.00),(14009,3,0,27186,0.00,149.00),(13051,3,0,26238,0.00,279.00),(13050,3,0,26237,0.00,279.00),(13091,3,0,26278,0.00,6.00),(13090,3,0,26277,0.00,6.00),(13075,3,0,26262,0.00,149.00),(13074,3,0,26261,0.00,149.00),(13728,3,0,26908,0.00,54.00),(13432,3,0,26619,0.00,16.00),(13434,3,0,26621,0.00,16.00),(12067,3,0,25277,0.00,199.00),(12065,3,0,25275,0.00,199.00),(12063,3,0,25273,0.00,199.00),(12061,3,0,25271,0.00,59.00),(12059,3,0,23039,0.00,59.00),(12057,3,0,25268,0.00,49.00),(12055,3,0,25266,0.00,44.00),(12053,3,0,25264,0.00,59.00),(12051,3,0,25263,0.00,199.00),(12049,3,0,25261,0.00,49.00),(12047,3,0,25259,0.00,49.00),(12045,3,0,25258,0.00,49.00),(12043,3,0,25256,0.00,49.00),(12021,3,0,25239,0.00,139.00),(12019,3,0,25237,0.00,279.00),(12017,3,0,25113,0.00,99.00),(12015,3,0,25112,0.00,15.00),(12013,3,0,25108,0.00,15.00),(12011,3,0,25233,0.00,176.00),(12009,3,0,25231,0.00,599.00),(12007,3,0,25229,0.00,16.00),(12005,3,0,25227,0.00,16.00),(9488,3,0,22719,0.00,59.00),(9486,3,0,22717,0.00,75.00),(14187,3,0,27355,0.00,22.00),(9480,3,0,22711,0.00,59.00),(14184,3,0,27352,0.00,19.00),(9479,3,0,22710,0.00,59.00),(14193,3,0,27361,0.00,149.00),(9478,3,0,22709,0.00,75.00),(14190,3,0,27358,0.00,68.00),(9477,3,0,22708,0.00,75.00),(9782,3,0,23013,0.00,0.00),(9780,3,0,23011,0.00,0.00),(12570,3,0,25774,0.00,299.00),(12567,3,0,25771,0.00,149.00),(12573,3,0,25777,0.00,439.00),(13997,3,0,27174,0.00,69.00),(10264,3,0,23495,0.00,0.00),(10252,3,0,23483,0.00,0.00),(10250,3,0,23481,0.00,0.00),(10248,3,0,23479,0.00,0.00),(10242,3,0,23473,0.00,0.00),(10243,3,0,23474,0.00,0.00),(10627,3,0,23858,0.00,0.00),(10625,3,0,23856,0.00,0.00),(10623,3,0,23854,0.00,0.00),(10621,3,0,23852,0.00,0.00),(10619,3,0,23850,0.00,0.00),(10617,3,0,23848,0.00,0.00),(10615,3,0,23846,0.00,0.00),(10613,3,0,23844,0.00,0.00),(10611,3,0,23842,0.00,0.00),(10609,3,0,23840,0.00,0.00),(10607,3,0,23838,0.00,0.00),(10605,3,0,23836,0.00,0.00),(10603,3,0,23834,0.00,0.00),(10601,3,0,23832,0.00,0.00),(10599,3,0,23830,0.00,0.00),(10597,3,0,23828,0.00,0.00),(10595,3,0,23826,0.00,0.00),(10593,3,0,23824,0.00,0.00),(10591,3,0,23822,0.00,0.00),(10589,3,0,23820,0.00,0.00),(10587,3,0,23818,0.00,0.00),(10585,3,0,23816,0.00,0.00),(10583,3,0,23814,0.00,0.00),(10581,3,0,23812,0.00,0.00),(10579,3,0,23810,0.00,0.00),(10577,3,0,23808,0.00,0.00),(10575,3,0,23806,0.00,0.00),(10573,3,0,23804,0.00,0.00),(10571,3,0,23802,0.00,0.00),(10569,3,0,23800,0.00,0.00),(10567,3,0,23798,0.00,0.00),(10565,3,0,23796,0.00,0.00),(10563,3,0,23794,0.00,0.00),(10561,3,0,23792,0.00,0.00),(10559,3,0,23790,0.00,0.00),(10246,3,0,23477,0.00,0.00),(10244,3,0,23475,0.00,0.00),(10400,3,0,23631,0.00,14.00),(10398,3,0,23629,0.00,14.00),(10396,3,0,23627,0.00,14.00),(10390,3,0,23621,0.00,14.00),(10388,3,0,23619,0.00,14.00),(10386,3,0,23617,0.00,14.00),(10384,3,0,23615,0.00,14.00),(10382,3,0,23613,0.00,14.00),(10380,3,0,23611,0.00,14.00),(10378,3,0,23609,0.00,14.00),(10376,3,0,23607,0.00,14.00),(10374,3,0,23605,0.00,14.00),(10370,3,0,23601,0.00,14.00),(10368,3,0,23599,0.00,14.00),(10364,3,0,23595,0.00,14.00),(10362,3,0,23593,0.00,14.00),(10360,3,0,23591,0.00,14.00),(10358,3,0,23589,0.00,17.00),(10356,3,0,23587,0.00,17.00),(10346,3,0,23577,0.00,17.00),(10344,3,0,23575,0.00,17.00),(10342,3,0,23573,0.00,0.00),(10340,3,0,23571,0.00,0.00),(10338,3,0,23569,0.00,0.00),(10336,3,0,23567,0.00,0.00),(10334,3,0,23565,0.00,0.00),(10332,3,0,23563,0.00,0.00),(10330,3,0,23561,0.00,0.00),(10328,3,0,23559,0.00,0.00),(10326,3,0,23557,0.00,0.00),(10324,3,0,23555,0.00,0.00),(10322,3,0,23553,0.00,0.00),(10320,3,0,23551,0.00,0.00),(10318,3,0,23549,0.00,0.00),(10316,3,0,23547,0.00,0.00),(10314,3,0,23545,0.00,0.00),(10312,3,0,23543,0.00,0.00),(10310,3,0,23541,0.00,0.00),(10308,3,0,23539,0.00,0.00),(10306,3,0,23537,0.00,0.00),(10304,3,0,23535,0.00,0.00),(10302,3,0,23533,0.00,0.00),(10300,3,0,23531,0.00,0.00),(10294,3,0,23525,0.00,0.00),(10292,3,0,23523,0.00,0.00),(10290,3,0,23521,0.00,0.00),(10288,3,0,23519,0.00,0.00),(10286,3,0,23517,0.00,0.00),(10284,3,0,23515,0.00,0.00),(10282,3,0,23513,0.00,0.00),(10280,3,0,23511,0.00,0.00),(10278,3,0,23509,0.00,0.00),(10276,3,0,23507,0.00,0.00),(10274,3,0,23505,0.00,0.00),(10272,3,0,23503,0.00,0.00),(10420,3,0,23651,0.00,0.00),(10418,3,0,23649,0.00,23.00),(10416,3,0,23647,0.00,23.00),(10414,3,0,23645,0.00,23.00),(10412,3,0,23643,0.00,23.00),(10410,3,0,23641,0.00,23.00),(10408,3,0,23639,0.00,23.00),(10404,3,0,23635,0.00,23.00),(10402,3,0,23633,0.00,17.00),(13058,3,0,26245,0.00,279.00),(13056,3,0,26243,0.00,279.00),(13054,3,0,26241,0.00,279.00),(13764,3,0,26943,0.00,17.00),(14016,3,0,22127,179.00,139.00),(12588,3,0,25792,0.00,59.00),(12586,3,0,25790,0.00,279.00),(10230,3,0,23461,0.00,0.00),(10228,3,0,23459,0.00,0.00),(10226,3,0,23457,0.00,0.00),(10224,3,0,23455,0.00,0.00),(10222,3,0,23453,0.00,0.00),(10220,3,0,23451,0.00,0.00),(10218,3,0,23449,0.00,0.00),(10216,3,0,23447,0.00,0.00),(10214,3,0,23445,0.00,0.00),(10212,3,0,23443,0.00,0.00),(10210,3,0,23441,0.00,0.00),(10208,3,0,23439,0.00,0.00),(10206,3,0,23437,0.00,0.00),(10204,3,0,23435,0.00,0.00),(10202,3,0,23433,0.00,0.00),(10200,3,0,23431,0.00,0.00),(10198,3,0,23429,0.00,0.00),(10196,3,0,23427,0.00,0.00),(10194,3,0,23425,0.00,0.00),(10192,3,0,23423,0.00,0.00),(10190,3,0,23421,0.00,0.00),(10188,3,0,23419,0.00,0.00),(10186,3,0,23417,0.00,0.00),(10184,3,0,23415,0.00,0.00),(10182,3,0,23413,0.00,0.00),(10180,3,0,23411,0.00,0.00),(10178,3,0,23409,0.00,15.00),(10176,3,0,23407,0.00,15.00),(10174,3,0,23405,0.00,15.00),(10172,3,0,23403,0.00,9.00),(10170,3,0,23401,0.00,9.00),(10168,3,0,23399,0.00,9.00),(10166,3,0,23397,0.00,9.00),(10164,3,0,23395,0.00,9.00),(10162,3,0,23393,0.00,38.00),(10160,3,0,23391,0.00,39.00),(10158,3,0,23389,0.00,0.00),(10156,3,0,23387,0.00,0.00),(10154,3,0,23385,0.00,0.00),(10152,3,0,23383,0.00,0.00),(10150,3,0,23381,0.00,0.00),(10136,3,0,23367,0.00,0.00),(10134,3,0,23365,0.00,0.00),(10132,3,0,23363,0.00,0.00),(10130,3,0,23361,0.00,0.00),(10128,3,0,23359,0.00,0.00),(9818,3,0,23049,0.00,49.00),(9816,3,0,23047,0.00,49.00),(9814,3,0,23045,0.00,720.00),(9812,3,0,23043,0.00,0.00),(10048,3,0,23279,0.00,0.00),(10046,3,0,23277,0.00,0.00),(10044,3,0,23275,0.00,0.00),(10042,3,0,23273,0.00,0.00),(10040,3,0,23271,0.00,0.00),(10038,3,0,23269,0.00,0.00),(10036,3,0,23267,0.00,0.00),(10034,3,0,23265,0.00,0.00),(9900,3,0,23131,0.00,0.00),(9898,3,0,23129,0.00,0.00),(9896,3,0,23127,0.00,0.00),(9894,3,0,23125,0.00,0.00),(9892,3,0,23123,0.00,0.00),(9890,3,0,23121,0.00,0.00),(9888,3,0,23119,0.00,0.00),(9886,3,0,23117,0.00,0.00),(9884,3,0,23115,0.00,0.00),(9882,3,0,23113,0.00,0.00),(9880,3,0,23111,0.00,0.00),(9878,3,0,23109,0.00,36.00),(10108,3,0,23339,0.00,0.00),(10106,3,0,23337,0.00,0.00),(10104,3,0,23335,0.00,0.00),(10102,3,0,23333,0.00,0.00),(10100,3,0,23331,0.00,0.00),(10098,3,0,23329,0.00,0.00),(10096,3,0,23327,0.00,0.00),(10094,3,0,23325,0.00,0.00),(10092,3,0,23323,0.00,0.00),(10090,3,0,23321,0.00,0.00),(10088,3,0,23319,0.00,0.00),(10086,3,0,23317,0.00,0.00),(10084,3,0,23315,0.00,0.00),(10082,3,0,23313,0.00,0.00),(10080,3,0,23311,0.00,0.00),(10078,3,0,23309,0.00,0.00),(12565,3,0,25769,0.00,32.00),(10870,3,0,24101,0.00,75.00),(9876,3,0,23107,0.00,36.00),(9874,3,0,23105,0.00,153.00),(9872,3,0,23103,0.00,49.00),(9870,3,0,23101,0.00,49.00),(9868,3,0,23099,0.00,49.00),(9866,3,0,23097,0.00,32.00),(9864,3,0,23095,0.00,49.00),(9862,3,0,23093,0.00,49.00),(9860,3,0,23091,0.00,36.00),(9858,3,0,23089,0.00,49.00),(9856,3,0,23087,0.00,49.00),(9854,3,0,23085,0.00,49.00),(9852,3,0,23083,0.00,49.00),(9850,3,0,23081,0.00,49.00),(9848,3,0,23079,0.00,49.00),(9846,3,0,23077,0.00,32.00),(9844,3,0,23075,0.00,49.00),(9842,3,0,23073,0.00,32.00),(9840,3,0,23071,0.00,49.00),(9838,3,0,23069,0.00,49.00),(9836,3,0,23067,0.00,32.00),(9834,3,0,23065,0.00,32.00),(9832,3,0,23063,0.00,49.00),(9830,3,0,23061,0.00,49.00),(10076,3,0,23307,0.00,0.00),(10074,3,0,23305,0.00,0.00),(10072,3,0,23303,0.00,0.00),(10070,3,0,23301,0.00,0.00),(10068,3,0,23299,0.00,0.00),(10066,3,0,23297,0.00,0.00),(10064,3,0,23295,0.00,0.00),(10032,3,0,23263,0.00,32.00),(10030,3,0,23261,0.00,36.00),(10028,3,0,23259,0.00,28.00),(10026,3,0,23257,0.00,32.00),(9810,3,0,23041,0.00,0.00),(9808,3,0,23039,0.00,0.00),(9704,3,0,22935,0.00,28.00),(9702,3,0,22933,0.00,0.00),(9984,3,0,23215,0.00,66.00),(9982,3,0,23213,0.00,66.00),(9980,3,0,23211,0.00,66.00),(10024,3,0,23255,0.00,0.00),(12041,3,0,23012,0.00,49.00),(12039,3,0,25254,0.00,49.00),(12037,3,0,25252,0.00,49.00),(12035,3,0,23010,0.00,49.00),(12033,3,0,25249,0.00,44.00),(12031,3,0,25247,0.00,44.00),(12029,3,0,25245,0.00,44.00),(12027,3,0,23043,0.00,149.00),(12025,3,0,25243,0.00,1399.00),(12023,3,0,25241,0.00,139.00),(9978,3,0,23209,0.00,76.00),(9828,3,0,23059,0.00,49.00),(9826,3,0,23057,0.00,49.00),(9824,3,0,23055,0.00,49.00),(10022,3,0,23253,0.00,0.00),(10020,3,0,23251,0.00,0.00),(10018,3,0,23249,0.00,0.00),(9822,3,0,23053,0.00,49.00),(12197,3,0,25405,0.00,199.00),(11877,3,0,25100,0.00,199.00),(10695,3,0,23926,0.00,0.00),(10693,3,0,23924,0.00,0.00),(10557,3,0,23788,0.00,0.00),(14013,3,0,27190,0.00,149.00),(11874,3,0,25097,0.00,149.00),(13358,3,0,26545,0.00,16.00),(13356,3,0,26543,0.00,199.00),(13339,3,0,26526,0.00,16.00),(9976,3,0,23207,0.00,14.00),(9974,3,0,23205,0.00,14.00),(9971,3,0,23202,0.00,14.00),(9970,3,0,23201,0.00,14.00),(9968,3,0,23199,0.00,14.00),(9966,3,0,23197,0.00,14.00),(9963,3,0,23194,0.00,99.99),(9962,3,0,23193,0.00,99.99),(9960,3,0,23191,0.00,49.99),(9990,3,0,23221,0.00,0.00),(9958,3,0,23189,0.00,49.99),(12195,3,0,25403,0.00,219.00),(12193,3,0,25401,0.00,219.00),(12191,3,0,25399,0.00,219.00),(12189,3,0,25397,0.00,79.00),(12187,3,0,25395,0.00,75.00),(12185,3,0,25393,0.00,75.00),(12359,3,0,25567,0.00,180.00),(12357,3,0,25565,0.00,24.00),(12355,3,0,25563,0.00,24.00),(12353,3,0,25561,0.00,24.00),(12351,3,0,25559,0.00,24.00),(12349,3,0,25557,0.00,17.00),(12347,3,0,25555,0.00,17.00),(12345,3,0,25553,0.00,17.00),(12343,3,0,25551,0.00,17.00),(12341,3,0,25549,0.00,17.00),(12339,3,0,25547,0.00,17.00),(12337,3,0,25545,0.00,17.00),(12335,3,0,25543,0.00,17.00),(12333,3,0,25541,0.00,17.00),(12331,3,0,25539,0.00,17.00),(12329,3,0,25537,0.00,17.00),(12327,3,0,25535,0.00,17.00),(12183,3,0,25391,0.00,75.00),(12181,3,0,25389,0.00,75.00),(12179,3,0,25387,0.00,75.00),(12177,3,0,25385,0.00,75.00),(12175,3,0,25383,0.00,75.00),(12173,3,0,25381,0.00,75.00),(12171,3,0,25379,0.00,75.00),(12169,3,0,25377,0.00,75.00),(12167,3,0,25375,0.00,75.00),(12165,3,0,25373,0.00,40.00),(12163,3,0,25371,0.00,40.00),(14104,3,0,27272,0.00,24.00),(13762,3,0,26941,0.00,17.00),(13760,3,0,26939,0.00,19.00),(13342,3,0,26529,0.00,16.00),(10555,3,0,23786,0.00,0.00),(10454,3,0,23685,0.00,16.00),(10690,3,0,23921,0.00,0.00),(10688,3,0,23919,0.00,0.00),(10692,3,0,23923,0.00,0.00),(10663,3,0,23894,0.00,0.00),(10653,3,0,23884,0.00,0.00),(10661,3,0,23892,0.00,0.00),(10686,3,0,23917,0.00,0.00),(10684,3,0,23915,0.00,0.00),(10553,3,0,23784,0.00,0.00),(10551,3,0,23782,0.00,0.00),(10549,3,0,23780,0.00,0.00),(10547,3,0,23778,0.00,0.00),(10545,3,0,23776,0.00,0.00),(10543,3,0,23774,0.00,0.00),(10541,3,0,23772,0.00,0.00),(10539,3,0,23770,0.00,0.00),(10537,3,0,23768,0.00,0.00),(10535,3,0,23766,0.00,0.00),(10533,3,0,23764,0.00,0.00),(10531,3,0,23762,0.00,0.00),(10529,3,0,23760,0.00,0.00),(10452,3,0,23683,0.00,0.00),(10450,3,0,23681,0.00,0.00),(10658,3,0,23889,0.00,0.00),(10656,3,0,23887,0.00,0.00),(10681,3,0,23912,0.00,0.00),(10650,3,0,23881,0.00,0.00),(10674,3,0,23905,0.00,0.00),(11761,3,0,24989,0.00,149.00),(11759,3,0,24987,0.00,0.00),(13726,3,0,26906,0.00,39.00),(10670,3,0,23901,0.00,0.00),(10649,3,0,23880,0.00,0.00),(10258,3,0,23489,0.00,0.00),(10256,3,0,23487,0.00,0.00),(10254,3,0,23485,0.00,0.00),(13495,3,0,26682,0.00,99.00),(13575,3,0,26761,0.00,17.00),(13573,3,0,26759,0.00,17.00),(13429,3,0,26616,0.00,16.00),(11779,3,0,25007,0.00,27.00),(11785,3,0,25013,0.00,219.00),(11783,3,0,25011,0.00,549.00),(10918,3,0,24149,0.00,0.00),(10916,3,0,24147,0.00,0.00),(10914,3,0,24145,0.00,799.00),(12584,3,0,25788,0.00,279.00),(13321,3,0,26508,0.00,16.00),(13347,3,0,26534,0.00,16.00),(13319,3,0,26506,0.00,16.00),(13352,3,0,26539,0.00,49.00),(13350,3,0,26537,0.00,16.00),(13336,3,0,26523,0.00,16.00),(11781,3,0,25009,0.00,659.00),(14102,3,0,27270,0.00,24.00),(14100,3,0,27268,0.00,24.00),(13430,3,0,26617,0.00,16.00),(13827,3,0,27006,0.00,17.00),(13825,3,0,27004,0.00,17.00),(13824,3,0,27003,0.00,17.00),(13823,3,0,27002,0.00,17.00),(13826,3,0,27005,0.00,17.00),(9556,3,0,22787,0.00,0.00),(9554,3,0,22785,0.00,0.00),(9484,3,0,22715,0.00,59.00),(9482,3,0,22713,0.00,59.00),(9552,3,0,22783,0.00,0.00),(9551,3,0,22782,0.00,0.00),(14226,3,0,27394,0.00,99.00),(14217,3,0,27385,0.00,99.00),(14214,3,0,27382,0.00,149.00),(9792,3,0,23023,0.00,0.00),(14211,3,0,27379,0.00,149.00),(9790,3,0,23021,0.00,0.00),(14205,3,0,27373,0.00,149.00),(14202,3,0,27370,0.00,149.00),(14196,3,0,27364,0.00,149.00),(9756,3,0,22987,0.00,0.00),(9755,3,0,22986,0.00,0.00),(9753,3,0,22984,0.00,115.00),(9752,3,0,22983,0.00,199.00),(9788,3,0,23019,0.00,0.00),(9778,3,0,23009,0.00,0.00),(9776,3,0,23007,0.00,0.00),(9774,3,0,23005,0.00,0.00),(9772,3,0,23003,0.00,0.00),(13458,3,0,26645,0.00,16.00),(13456,3,0,26643,0.00,16.00),(10680,3,0,23911,0.00,0.00),(10677,3,0,23908,0.00,0.00),(10673,3,0,23904,0.00,0.00),(11757,3,0,24985,0.00,59.00),(13493,3,0,26680,0.00,99.00),(13525,3,0,26711,0.00,22.00),(13523,3,0,26709,0.00,22.00),(13519,3,0,26705,0.00,22.00),(13517,3,0,26703,0.00,22.00),(13513,3,0,26699,0.00,59.00),(13511,3,0,26698,0.00,249.00),(13571,3,0,26757,0.00,439.00),(13567,3,0,26753,0.00,62.00),(13565,3,0,26751,0.00,62.00),(13563,3,0,26749,0.00,62.00),(13561,3,0,26747,0.00,62.00),(9700,3,0,22931,0.00,0.00),(9695,3,0,22926,0.00,0.00),(9694,3,0,22925,0.00,0.00),(9698,3,0,22929,0.00,0.00),(10888,3,0,24119,0.00,75.00),(10886,3,0,24117,0.00,75.00),(10884,3,0,24115,0.00,75.00),(10868,3,0,24099,0.00,75.00),(10819,3,0,24050,0.00,0.00),(10865,3,0,24096,0.00,59.00),(10863,3,0,24094,0.00,59.00),(10861,3,0,24092,0.00,75.00),(10859,3,0,24090,0.00,75.00),(13466,3,0,26653,0.00,16.00),(13464,3,0,26651,0.00,16.00),(13450,3,0,26637,0.00,16.00),(12716,3,0,25920,0.00,179.00),(12714,3,0,25918,0.00,169.00),(12712,3,0,25916,0.00,169.00),(12710,3,0,25914,0.00,169.00),(12708,3,0,25912,0.00,169.00),(12706,3,0,25910,0.00,169.00),(12704,3,0,25908,0.00,169.00),(12702,3,0,25906,0.00,169.00),(12700,3,0,25904,0.00,169.00),(12698,3,0,25902,0.00,169.00),(12696,3,0,25900,0.00,169.00),(12694,3,0,25898,0.00,169.00),(12692,3,0,25896,0.00,169.00),(12690,3,0,25894,0.00,169.00),(12688,3,0,25892,0.00,169.00),(12686,3,0,25890,0.00,169.00),(12684,3,0,25888,0.00,499.00),(12682,3,0,25886,0.00,549.00),(12680,3,0,25884,0.00,199.00),(12678,3,0,25882,0.00,199.00),(10669,3,0,23900,0.00,0.00),(10666,3,0,23897,0.00,0.00),(9548,3,0,22779,0.00,0.00),(9806,3,0,23037,0.00,0.00),(9804,3,0,23035,0.00,0.00),(9802,3,0,23033,0.00,0.00),(9800,3,0,23031,0.00,0.00),(9798,3,0,23029,0.00,0.00),(9796,3,0,23027,0.00,0.00),(9564,3,0,22795,0.00,0.00),(9562,3,0,22793,0.00,0.00),(9560,3,0,22791,0.00,0.00),(9558,3,0,22789,0.00,0.00),(11821,3,0,25048,0.00,75.00),(11819,3,0,25046,0.00,169.00),(11817,3,0,25044,0.00,169.00),(11815,3,0,25042,0.00,169.00),(11813,3,0,25040,0.00,169.00),(11823,3,0,25050,0.00,75.00),(11825,3,0,25052,0.00,75.00),(11827,3,0,25054,0.00,169.00),(11829,3,0,25056,0.00,169.00),(11831,3,0,25058,0.00,149.00),(11833,3,0,25060,0.00,48.00),(11835,3,0,25062,0.00,24.00),(11837,3,0,25064,0.00,76.00),(11839,3,0,25066,0.00,1.75),(11841,3,0,25067,0.00,59.00),(11843,3,0,25069,0.00,284.00),(11845,3,0,25071,0.00,19.00),(11847,3,0,25073,0.00,776.00),(11849,3,0,25075,0.00,89.00),(11851,3,0,25076,0.00,49.00),(11853,3,0,25078,0.00,89.00),(11855,3,0,25080,0.00,89.00),(11857,3,0,25082,0.00,89.00),(13360,3,0,26547,0.00,16.00),(13362,3,0,26549,0.00,16.00),(13364,3,0,26551,0.00,16.00),(9550,3,0,22781,0.00,0.00),(12625,3,0,25829,0.00,75.00),(12719,3,0,25923,0.00,169.00),(12718,3,0,25922,0.00,169.00),(12624,3,0,25828,0.00,75.00),(12722,3,0,25926,0.00,169.00),(12721,3,0,25925,0.00,169.00),(12724,3,0,25928,0.00,169.00),(12623,3,0,25827,0.00,75.00),(12727,3,0,25931,0.00,169.00),(12726,3,0,25930,0.00,169.00),(12729,3,0,25933,0.00,169.00),(12731,3,0,25935,0.00,169.00),(12622,3,0,25826,0.00,75.00),(12621,3,0,25825,0.00,75.00),(12620,3,0,25824,0.00,75.00),(12734,3,0,25938,0.00,169.00),(12733,3,0,25937,0.00,75.00),(12737,3,0,25941,0.00,169.00),(12736,3,0,25940,0.00,169.00),(12740,3,0,25944,0.00,169.00),(12739,3,0,25943,0.00,169.00),(12619,3,0,25823,0.00,75.00),(12743,3,0,25947,0.00,169.00),(12742,3,0,25946,0.00,169.00),(12618,3,0,25822,0.00,75.00),(12617,3,0,25821,0.00,75.00),(12746,3,0,25950,0.00,169.00),(12745,3,0,25949,0.00,169.00),(13001,3,0,26193,0.00,19.00),(13003,3,0,26194,0.00,54.00),(13005,3,0,24303,0.00,99.00),(13007,3,0,24305,0.00,279.00),(9758,3,0,22989,0.00,36.00),(9481,3,0,22712,0.00,0.00),(9760,3,0,22991,0.00,58.00),(9476,3,0,22707,0.00,75.00),(11859,3,0,25084,0.00,89.00),(11861,3,0,25086,0.00,3650.00),(13694,3,0,26877,0.00,149.00),(13696,3,0,26879,0.00,149.00),(13698,3,0,26881,0.00,149.00),(13700,3,0,26883,0.00,299.00),(13702,3,0,26885,0.00,176.00),(13704,3,0,26887,0.00,198.00),(13706,3,0,26889,0.00,219.00),(12768,3,0,25972,0.00,169.00),(12770,3,0,25974,0.00,169.00),(12772,3,0,25976,0.00,169.00),(12774,3,0,25977,0.00,75.00),(12782,3,0,25985,0.00,75.00),(12780,3,0,25983,0.00,75.00),(12778,3,0,25981,0.00,75.00),(12776,3,0,25979,0.00,75.00),(10807,3,0,24038,0.00,0.00),(10641,3,0,23872,0.00,0.00),(10643,3,0,23874,0.00,0.00),(13583,3,0,26769,0.00,16.00),(10268,3,0,23499,0.00,0.00),(10266,3,0,23497,0.00,0.00),(10260,3,0,23491,0.00,0.00),(10262,3,0,23493,0.00,0.00),(9566,3,0,22797,0.00,0.00),(9568,3,0,22799,0.00,0.00),(9570,3,0,22801,0.00,0.00),(9572,3,0,22803,0.00,0.00),(9574,3,0,22805,0.00,0.00),(9576,3,0,22807,0.00,0.00),(9578,3,0,22809,0.00,0.00),(9580,3,0,22811,0.00,0.00),(9582,3,0,22813,0.00,0.00),(9584,3,0,22815,0.00,0.00),(9586,3,0,22817,0.00,0.00),(9588,3,0,22819,0.00,0.00),(9590,3,0,22821,0.00,0.00),(9596,3,0,22827,0.00,0.00),(9594,3,0,22825,0.00,0.00),(9614,3,0,22845,0.00,0.00),(9612,3,0,22843,0.00,0.00),(9610,3,0,22841,0.00,0.00),(9608,3,0,22839,0.00,0.00),(9606,3,0,22837,0.00,0.00),(9604,3,0,22835,0.00,0.00),(9602,3,0,22833,0.00,0.00),(9600,3,0,22831,0.00,0.00),(9598,3,0,22829,0.00,0.00),(9616,3,0,22847,0.00,0.00),(9618,3,0,22849,0.00,0.00),(9492,3,0,22723,0.00,75.00),(9490,3,0,22721,0.00,59.00),(13045,3,0,26232,0.00,279.00),(12582,3,0,25786,0.00,119.00),(12580,3,0,25784,0.00,139.00),(12676,3,0,25880,0.00,74.00),(12675,3,0,25879,0.00,16.00),(12673,3,0,25877,0.00,249.00),(12672,3,0,25876,0.00,549.00),(12670,3,0,25874,0.00,279.00),(12668,3,0,25872,0.00,32.00),(12666,3,0,25870,0.00,599.00),(12665,3,0,25869,0.00,599.00),(12663,3,0,25867,0.00,54.00),(12662,3,0,25866,0.00,69.00),(12660,3,0,25864,0.00,69.00),(12659,3,0,25863,0.00,69.00),(12657,3,0,25861,0.00,69.00),(12655,3,0,25859,0.00,75.00),(12654,3,0,25858,0.00,75.00),(12652,3,0,25856,0.00,75.00),(12651,3,0,25855,0.00,75.00),(12649,3,0,25853,0.00,75.00),(12648,3,0,25852,0.00,75.00),(12646,3,0,25850,0.00,75.00),(12616,3,0,25820,0.00,75.00),(12644,3,0,25848,0.00,75.00),(12643,3,0,25847,0.00,75.00),(12641,3,0,25845,0.00,75.00),(12640,3,0,25844,0.00,75.00),(12638,3,0,25842,0.00,75.00),(12637,3,0,25841,0.00,75.00),(12635,3,0,25839,0.00,75.00),(12634,3,0,25838,0.00,75.00),(12632,3,0,25836,0.00,75.00),(12631,3,0,25835,0.00,75.00),(12629,3,0,25833,0.00,75.00),(12628,3,0,25832,0.00,75.00),(12626,3,0,25830,0.00,75.00),(12578,3,0,25782,0.00,219.00),(10818,3,0,24049,0.00,0.00),(12577,3,0,25781,0.00,79.00),(9547,3,0,22778,0.00,0.00),(10770,3,0,24001,0.00,0.00),(10769,3,0,24000,0.00,0.00),(10768,3,0,23999,0.00,0.00),(10767,3,0,23998,0.00,0.00),(10766,3,0,23997,0.00,0.00),(10765,3,0,23996,0.00,0.00),(10764,3,0,23995,0.00,0.00),(10763,3,0,23994,0.00,0.00),(10762,3,0,23993,0.00,0.00),(10761,3,0,23992,0.00,0.00),(10760,3,0,23991,0.00,0.00),(10759,3,0,23990,0.00,0.00),(10758,3,0,23989,0.00,0.00),(10757,3,0,23988,0.00,0.00),(10756,3,0,23987,0.00,0.00),(10755,3,0,23986,0.00,0.00),(10754,3,0,23985,0.00,0.00),(10753,3,0,23984,0.00,0.00),(10752,3,0,23983,0.00,0.00),(9693,3,0,22924,0.00,0.00),(12615,3,0,25819,0.00,75.00),(12614,3,0,25818,0.00,75.00),(12613,3,0,25817,0.00,3.50),(12612,3,0,25816,0.00,380.00),(12611,3,0,25815,0.00,79.00),(12610,3,0,25814,0.00,179.00),(12609,3,0,25813,0.00,229.00),(12608,3,0,25812,0.00,149.00),(12607,3,0,25811,0.00,169.00),(12606,3,0,25810,0.00,419.00),(12605,3,0,25809,0.00,399.00),(12604,3,0,25808,0.00,519.00),(12603,3,0,25807,0.00,479.00),(12602,3,0,25806,0.00,529.00),(12601,3,0,25805,0.00,519.00),(12600,3,0,25804,0.00,509.00),(12599,3,0,25803,0.00,489.00),(12598,3,0,25802,0.00,39.00),(12597,3,0,25801,0.00,34.00),(12596,3,0,25800,0.00,76.00),(13324,3,0,26511,0.00,16.00),(13333,3,0,26520,0.00,16.00),(13327,3,0,26514,0.00,16.00),(13318,3,0,26505,0.00,16.00),(10443,3,0,23674,0.00,0.00),(10442,3,0,23673,0.00,0.00),(10441,3,0,23672,0.00,0.00),(10440,3,0,23671,0.00,0.00),(10439,3,0,23670,0.00,0.00),(10438,3,0,23669,0.00,0.00),(10437,3,0,23668,0.00,0.00),(10436,3,0,23667,0.00,0.00),(10435,3,0,23666,0.00,0.00),(10434,3,0,23665,0.00,0.00),(10433,3,0,23664,0.00,0.00),(10432,3,0,23663,0.00,0.00),(10431,3,0,23662,0.00,0.00),(10430,3,0,23661,0.00,0.00),(10429,3,0,23660,0.00,0.00),(10428,3,0,23659,0.00,0.00),(10427,3,0,23658,0.00,0.00),(10426,3,0,23657,0.00,0.00),(10425,3,0,23656,0.00,0.00),(10424,3,0,23655,0.00,0.00),(10528,3,0,23759,0.00,0.00),(10527,3,0,23758,0.00,0.00),(10526,3,0,23757,0.00,0.00),(10525,3,0,23756,0.00,0.00),(10524,3,0,23755,0.00,0.00),(13693,3,0,26876,0.00,149.00),(13692,3,0,26875,0.00,149.00),(13691,3,0,26874,0.00,129.00),(10241,3,0,23472,0.00,0.00),(10240,3,0,23471,0.00,0.00),(10239,3,0,23470,0.00,0.00),(10238,3,0,23469,0.00,0.00),(14141,3,0,27309,0.00,24.00),(14140,3,0,27308,0.00,24.00),(13996,3,0,27173,0.00,69.00),(13995,3,0,27172,0.00,69.00),(13759,3,0,26938,0.00,19.00),(13758,3,0,26937,0.00,7.00),(13725,3,0,26905,0.00,42.00),(13724,3,0,26905,0.00,42.00),(12564,3,0,25768,0.00,32.00),(13757,3,0,26936,0.00,12.00),(13756,3,0,26935,0.00,16.00),(13822,3,0,27001,0.00,17.00),(13821,3,0,27000,0.00,17.00),(13820,3,0,26999,0.00,17.00),(13819,3,0,26998,0.00,68.00),(13818,3,0,26997,0.00,68.00),(13817,3,0,26996,0.00,68.00),(13816,3,0,26995,0.00,68.00),(13815,3,0,26994,0.00,68.00),(11871,3,0,25095,0.00,18.00),(10817,3,0,24048,0.00,0.00),(11756,3,0,24984,0.00,75.00),(10636,3,0,23867,0.00,0.00),(10635,3,0,23866,0.00,0.00),(10634,3,0,23865,0.00,0.00),(10633,3,0,23864,0.00,0.00),(9475,3,0,22706,0.00,75.00),(9474,3,0,22705,0.00,75.00),(9473,3,0,22704,0.00,75.00),(9472,3,0,22703,0.00,59.00),(9471,3,0,22702,0.00,75.00),(9470,3,0,22701,0.00,75.00),(9469,3,0,22700,0.00,59.00),(9468,3,0,22699,0.00,75.00),(9467,3,0,22698,0.00,75.00),(9466,3,0,22697,0.00,59.00),(9465,3,0,22696,0.00,59.00),(9464,3,0,22695,0.00,59.00),(10751,3,0,23982,0.00,0.00),(10750,3,0,23981,0.00,0.00),(10749,3,0,23980,0.00,0.00),(10748,3,0,23979,0.00,0.00),(10747,3,0,23978,0.00,0.00),(10746,3,0,23977,0.00,0.00),(10745,3,0,23976,0.00,0.00),(10744,3,0,23975,0.00,0.00),(10743,3,0,23974,0.00,0.00),(10742,3,0,23973,0.00,0.00),(10741,3,0,23972,0.00,0.00),(10740,3,0,23971,0.00,0.00),(10739,3,0,23970,0.00,0.00),(10738,3,0,23969,0.00,0.00),(10737,3,0,23968,0.00,0.00),(10736,3,0,23967,0.00,0.00),(10735,3,0,23966,0.00,0.00),(10734,3,0,23965,0.00,0.00),(13994,3,0,27171,0.00,69.00),(13993,3,0,27170,0.00,59.00),(13992,3,0,27169,0.00,59.00),(13991,3,0,27168,0.00,59.00),(13712,3,0,26894,0.00,359.00),(13711,3,0,26894,0.00,359.00),(11886,3,0,25108,0.00,15.00),(11885,3,0,25107,0.00,59.00),(10523,3,0,23754,0.00,0.00),(10522,3,0,23753,0.00,0.00),(10521,3,0,23752,0.00,0.00),(10520,3,0,23751,0.00,0.00),(10519,3,0,23750,0.00,0.00),(13723,3,0,26904,0.00,36.00),(9546,3,0,22777,0.00,0.00),(9545,3,0,22776,0.00,0.00),(9544,3,0,22775,0.00,0.00),(9771,3,0,23002,0.00,0.00),(9770,3,0,23001,0.00,0.00),(9769,3,0,23000,0.00,0.00),(9768,3,0,22999,0.00,0.00),(9767,3,0,22998,0.00,0.00),(9766,3,0,22997,0.00,0.00),(9765,3,0,22996,0.00,0.00),(9764,3,0,22995,0.00,59.00),(11891,3,0,25113,0.00,109.00),(11876,3,0,25099,0.00,199.00),(12576,3,0,25780,0.00,379.00),(12004,3,0,25226,0.00,99.99),(12003,3,0,25225,0.00,99.99),(12002,3,0,25224,0.00,99.99),(12001,3,0,25223,0.00,19.99),(12000,3,0,25222,0.00,19.99),(11999,3,0,25221,0.00,19.99),(11998,3,0,25220,0.00,85.00),(11997,3,0,25219,0.00,85.00),(11996,3,0,25218,0.00,85.00),(11995,3,0,25217,0.00,299.00),(11994,3,0,25216,0.00,16.00),(11993,3,0,25215,0.00,16.00),(11992,3,0,25214,0.00,16.00),(11991,3,0,25213,0.00,16.00),(11990,3,0,25212,0.00,16.00),(11989,3,0,25211,0.00,16.00),(11988,3,0,25210,0.00,16.00),(11987,3,0,25209,0.00,16.00),(11986,3,0,25208,0.00,16.00),(11985,3,0,25207,0.00,16.00),(11984,3,0,25206,0.00,16.00),(11983,3,0,25205,0.00,16.00),(11982,3,0,25204,0.00,16.00),(11884,3,0,25106,0.00,299.00),(11883,3,0,25105,0.00,299.00),(11981,3,0,25203,0.00,16.00),(11980,3,0,25202,0.00,16.00),(11979,3,0,25201,0.00,16.00),(11978,3,0,25200,0.00,16.00),(11977,3,0,25199,0.00,16.00),(11976,3,0,25198,0.00,16.00),(11975,3,0,25197,0.00,16.00),(11974,3,0,25196,0.00,16.00),(11973,3,0,25195,0.00,299.00),(11972,3,0,25194,0.00,16.00),(11971,3,0,25193,0.00,16.00),(11970,3,0,25192,0.00,16.00),(11969,3,0,25191,0.00,16.00),(11968,3,0,25190,0.00,16.00),(11967,3,0,25189,0.00,2699.00),(11966,3,0,25188,0.00,2799.00),(11965,3,0,25187,0.00,2699.00),(11964,3,0,25186,0.00,4699.00),(11963,3,0,25185,0.00,4699.00),(11962,3,0,25184,0.00,4199.00),(11961,3,0,25183,0.00,3999.00),(11960,3,0,25182,0.00,3999.00),(11959,3,0,25181,0.00,3699.00),(11958,3,0,25180,0.00,3699.00),(11957,3,0,25179,0.00,16.00),(11956,3,0,25178,0.00,16.00),(11955,3,0,25177,0.00,16.00),(11954,3,0,25176,0.00,16.00),(11953,3,0,25175,0.00,16.00),(12786,3,0,25989,0.00,75.00);

--
-- Table structure for table `shop_price_settings`
--

CREATE TABLE `shop_price_settings` (
  `id` int(11) NOT NULL AUTO_INCREMENT,
  `shop_id` int(11) NOT NULL DEFAULT '0',
  `number` varchar(20) DEFAULT NULL,
  `description` mediumtext,
  `datetime` datetime NOT NULL DEFAULT '0000-00-00 00:00:00',
  `posted` tinyint(1) unsigned NOT NULL DEFAULT '0',
  `user_id` int(11) NOT NULL DEFAULT '0',
  `deleted` tinyint(1) unsigned NOT NULL DEFAULT '0',
  PRIMARY KEY (`id`),
  KEY `deleted` (`deleted`,`shop_id`),
  KEY `number` (`number`(5))
) ENGINE=MyISAM AUTO_INCREMENT=4 DEFAULT CHARSET=utf8;

--
-- Dumping data for table `shop_price_settings`
--

INSERT INTO `shop_price_settings` VALUES (1,3,'1','Установка цены при импорте товара','2019-05-06 13:04:35',1,19,0),(2,3,'2','Установка цены при импорте товара','2020-07-22 17:02:13',1,22,0),(3,3,'3','Установка цены при импорте товара','2020-07-22 17:28:31',1,22,0);

--
-- Table structure for table `shop_prices`
--

CREATE TABLE `shop_prices` (
  `id` int(11) NOT NULL AUTO_INCREMENT,
  `name` varchar(255) NOT NULL,
  `shop_id` int(11) NOT NULL DEFAULT '0',
  `percent` decimal(6,2) NOT NULL DEFAULT '0.00',
  `siteuser_group_id` int(11) NOT NULL DEFAULT '0',
  `guid` varchar(100) NOT NULL DEFAULT '',
  `sorting` smallint(6) NOT NULL DEFAULT '0',
  `user_id` int(11) NOT NULL DEFAULT '0',
  `deleted` tinyint(1) unsigned NOT NULL DEFAULT '0',
  PRIMARY KEY (`id`),
  KEY `deleted` (`deleted`,`shop_id`,`guid`(30))
) ENGINE=MyISAM AUTO_INCREMENT=5 DEFAULT CHARSET=utf8;

--
-- Dumping data for table `shop_prices`
--

INSERT INTO `shop_prices` VALUES (4,'Супер цена',3,35.00,8,'',0,19,0);

--
-- Table structure for table `shop_print_forms`
--

CREATE TABLE `shop_print_forms` (
  `id` int(11) NOT NULL AUTO_INCREMENT,
  `shop_id` int(11) NOT NULL DEFAULT '0',
  `name` varchar(255) NOT NULL,
  `sorting` smallint(6) NOT NULL DEFAULT '0',
  `description` mediumtext,
  `active` tinyint(1) NOT NULL DEFAULT '1',
  `user_id` int(11) NOT NULL DEFAULT '0',
  `deleted` tinyint(1) unsigned NOT NULL DEFAULT '0',
  PRIMARY KEY (`id`)
) ENGINE=MyISAM AUTO_INCREMENT=5 DEFAULT CHARSET=utf8;

--
-- Dumping data for table `shop_print_forms`
--

INSERT INTO `shop_print_forms` VALUES (1,1,'Счет-фактура',30,'',1,19,0),(2,1,'ТОРГ-12',20,'Форма по ОКУД 0330212',1,19,0),(3,1,'Акт',10,'',1,19,0),(4,1,'Invoice',40,'',1,19,0);

--
-- Table structure for table `shop_producer_dirs`
--

CREATE TABLE `shop_producer_dirs` (
  `id` int(11) NOT NULL AUTO_INCREMENT,
  `parent_id` int(11) NOT NULL DEFAULT '0',
  `shop_id` int(11) NOT NULL DEFAULT '0',
  `name` varchar(255) NOT NULL,
  `sorting` smallint(6) NOT NULL DEFAULT '0',
  `user_id` int(11) NOT NULL DEFAULT '0',
  `deleted` tinyint(1) unsigned NOT NULL DEFAULT '0',
  PRIMARY KEY (`id`),
  KEY `deleted` (`deleted`,`parent_id`),
  KEY `shop_id` (`shop_id`)
) ENGINE=MyISAM DEFAULT CHARSET=utf8;

--
-- Dumping data for table `shop_producer_dirs`
--


--
-- Table structure for table `shop_producers`
--

CREATE TABLE `shop_producers` (
  `id` int(11) NOT NULL AUTO_INCREMENT,
  `shop_producer_dir_id` int(11) NOT NULL DEFAULT '0',
  `shop_id` int(11) NOT NULL DEFAULT '0',
  `name` varchar(255) NOT NULL DEFAULT '',
  `active` tinyint(1) NOT NULL DEFAULT '1',
  `default` tinyint(1) NOT NULL DEFAULT '0',
  `description` mediumtext,
  `image_large` varchar(255) NOT NULL DEFAULT '',
  `image_small` varchar(255) NOT NULL DEFAULT '',
  `sorting` smallint(6) NOT NULL DEFAULT '0',
  `path` varchar(255) NOT NULL DEFAULT '',
  `user_id` int(11) NOT NULL DEFAULT '0',
  `address` varchar(255) NOT NULL DEFAULT '',
  `phone` varchar(255) NOT NULL DEFAULT '',
  `fax` varchar(255) NOT NULL DEFAULT '',
  `site` varchar(255) NOT NULL DEFAULT '',
  `email` varchar(255) NOT NULL DEFAULT '',
  `tin` varchar(12) NOT NULL DEFAULT '',
  `kpp` varchar(9) NOT NULL DEFAULT '',
  `psrn` varchar(20) NOT NULL DEFAULT '',
  `okpo` varchar(10) NOT NULL DEFAULT '',
  `okved` varchar(50) NOT NULL DEFAULT '',
  `bik` varchar(10) NOT NULL DEFAULT '',
  `current_account` varchar(20) NOT NULL DEFAULT '',
  `correspondent_account` varchar(20) NOT NULL DEFAULT '',
  `bank_name` varchar(255) NOT NULL DEFAULT '',
  `bank_address` varchar(255) NOT NULL DEFAULT '',
  `seo_title` mediumtext,
  `seo_description` mediumtext,
  `seo_keywords` mediumtext,
  `deleted` tinyint(1) unsigned NOT NULL DEFAULT '0',
  PRIMARY KEY (`id`),
  KEY `deleted` (`deleted`,`shop_id`),
  KEY `default` (`default`,`deleted`)
) ENGINE=MyISAM AUTO_INCREMENT=42 DEFAULT CHARSET=utf8;

--
-- Dumping data for table `shop_producers`
--


--
-- Table structure for table `shop_purchase_discount_coupons`
--

CREATE TABLE `shop_purchase_discount_coupons` (
  `id` int(11) NOT NULL AUTO_INCREMENT,
  `shop_purchase_discount_id` int(11) NOT NULL DEFAULT '0',
  `name` varchar(255) NOT NULL,
  `active` tinyint(1) NOT NULL DEFAULT '0',
  `start_datetime` datetime NOT NULL DEFAULT '0000-00-00 00:00:00',
  `end_datetime` datetime NOT NULL DEFAULT '2030-12-31 23:59:59',
  `count` int(11) NOT NULL DEFAULT '0',
  `text` varchar(255) NOT NULL DEFAULT '',
  `user_id` int(11) NOT NULL DEFAULT '0',
  `deleted` tinyint(1) unsigned NOT NULL DEFAULT '0',
  PRIMARY KEY (`id`),
  KEY `deleted` (`deleted`,`shop_purchase_discount_id`),
  KEY `text` (`text`(32),`deleted`)
) ENGINE=MyISAM AUTO_INCREMENT=3 DEFAULT CHARSET=utf8;

--
-- Dumping data for table `shop_purchase_discount_coupons`
--

INSERT INTO `shop_purchase_discount_coupons` VALUES (2,2,'Купон',1,'2018-12-29 14:55:03','2030-12-31 23:59:59',-1,'000-742-858-027',19,0);

--
-- Table structure for table `shop_purchase_discounts`
--

CREATE TABLE `shop_purchase_discounts` (
  `id` int(11) NOT NULL AUTO_INCREMENT,
  `shop_id` int(11) NOT NULL DEFAULT '0',
  `shop_currency_id` int(11) NOT NULL DEFAULT '0',
  `name` varchar(255) NOT NULL,
  `active` tinyint(1) NOT NULL DEFAULT '0',
  `coupon` tinyint(1) NOT NULL DEFAULT '0',
  `value` decimal(12,2) NOT NULL DEFAULT '0.00',
  `type` tinyint(1) NOT NULL DEFAULT '0',
  `position` tinyint(1) unsigned NOT NULL DEFAULT '0',
  `start_datetime` datetime NOT NULL DEFAULT '0000-00-00 00:00:00',
  `end_datetime` datetime NOT NULL DEFAULT '0000-00-00 00:00:00',
  `min_amount` decimal(12,2) NOT NULL DEFAULT '0.00',
  `max_amount` decimal(12,2) NOT NULL DEFAULT '0.00',
  `mode` tinyint(1) NOT NULL DEFAULT '0',
  `min_count` int(11) NOT NULL DEFAULT '0',
  `max_count` int(11) NOT NULL DEFAULT '0',
  `user_id` int(11) NOT NULL DEFAULT '0',
  `deleted` tinyint(1) unsigned NOT NULL DEFAULT '0',
  PRIMARY KEY (`id`),
  KEY `deleted` (`deleted`,`shop_id`)
) ENGINE=MyISAM AUTO_INCREMENT=3 DEFAULT CHARSET=utf8;

--
-- Dumping data for table `shop_purchase_discounts`
--

INSERT INTO `shop_purchase_discounts` VALUES (2,3,5,'Скидка Диллера',1,1,5.00,0,0,'2018-12-28 16:36:10','2025-12-28 16:36:10',0.00,0.00,0,0,0,19,0);

--
-- Table structure for table `shop_sellers`
--

CREATE TABLE `shop_sellers` (
  `id` int(11) NOT NULL AUTO_INCREMENT,
  `shop_id` int(11) NOT NULL DEFAULT '0',
  `siteuser_id` int(11) NOT NULL DEFAULT '0',
  `name` varchar(255) NOT NULL,
  `description` mediumtext,
  `path` varchar(255) NOT NULL,
  `sorting` smallint(6) NOT NULL DEFAULT '0',
  `contact_person` varchar(255) NOT NULL DEFAULT '',
  `image_large` varchar(255) NOT NULL DEFAULT '',
  `image_small` varchar(255) NOT NULL DEFAULT '',
  `image_large_height` int(11) NOT NULL DEFAULT '0',
  `image_large_width` int(11) NOT NULL DEFAULT '0',
  `image_small_height` int(11) NOT NULL DEFAULT '0',
  `image_small_width` int(11) NOT NULL DEFAULT '0',
  `address` varchar(255) NOT NULL DEFAULT '',
  `phone` varchar(255) NOT NULL DEFAULT '',
  `fax` varchar(255) NOT NULL DEFAULT '',
  `site` varchar(255) NOT NULL DEFAULT '',
  `email` varchar(255) NOT NULL DEFAULT '',
  `tin` varchar(32) NOT NULL DEFAULT '',
  `user_id` int(11) NOT NULL DEFAULT '0',
  `default` tinyint(1) NOT NULL DEFAULT '0',
  `deleted` tinyint(1) unsigned NOT NULL DEFAULT '0',
  PRIMARY KEY (`id`),
  KEY `deleted` (`deleted`,`shop_id`),
  KEY `default` (`default`,`deleted`)
) ENGINE=MyISAM AUTO_INCREMENT=3 DEFAULT CHARSET=utf8;

--
-- Dumping data for table `shop_sellers`
--

INSERT INTO `shop_sellers` VALUES (2,6,0,'Продавец','','1',0,'','','',0,0,0,0,'','','','','','',19,0,0);

--
-- Table structure for table `shop_siteuser_transactions`
--

CREATE TABLE `shop_siteuser_transactions` (
  `id` int(11) NOT NULL AUTO_INCREMENT,
  `shop_id` int(11) NOT NULL DEFAULT '0',
  `siteuser_id` int(11) NOT NULL DEFAULT '0',
  `active` tinyint(1) NOT NULL DEFAULT '0',
  `datetime` datetime NOT NULL DEFAULT '0000-00-00 00:00:00',
  `amount` decimal(12,2) NOT NULL DEFAULT '0.00',
  `shop_currency_id` int(11) NOT NULL DEFAULT '0',
  `amount_base_currency` decimal(12,2) NOT NULL DEFAULT '0.00',
  `shop_order_id` int(11) NOT NULL DEFAULT '0',
  `description` mediumtext NOT NULL,
  `user_id` int(11) NOT NULL DEFAULT '0',
  `type` tinyint(1) NOT NULL DEFAULT '0',
  `deleted` tinyint(1) unsigned NOT NULL DEFAULT '0',
  PRIMARY KEY (`id`),
  KEY `shop_order_id` (`shop_order_id`),
  KEY `shop_id` (`deleted`,`shop_id`) USING BTREE,
  KEY `siteuser_id` (`deleted`,`siteuser_id`,`shop_id`) USING BTREE
) ENGINE=MyISAM AUTO_INCREMENT=25 DEFAULT CHARSET=utf8;

--
-- Dumping data for table `shop_siteuser_transactions`
--

INSERT INTO `shop_siteuser_transactions` VALUES (15,3,7,0,'2018-12-30 12:28:12',25.00,5,25.00,0,'За заказ',19,2,0),(18,3,72,1,'2019-10-03 12:25:46',25.00,5,25.00,176,'За заказ 176',19,0,0),(19,3,72,1,'2019-10-03 12:49:49',-25.00,5,-25.00,177,'Оплата бонусами с лицевого счета',19,0,0),(20,3,72,1,'2019-10-03 13:11:01',200.00,5,200.00,178,'Бонусы за заказ',19,0,0),(21,3,72,1,'2019-10-03 13:13:26',-200.00,5,-200.00,180,'Оплата бонусами с лицевого счета',19,0,0),(22,3,72,1,'2019-10-03 13:14:18',150.00,5,150.00,180,'За заказ 180',19,0,0),(23,3,72,1,'2019-10-03 13:16:04',-150.00,5,-150.00,181,'Оплата бонусами с лицевого счета',19,0,0),(24,3,72,1,'2020-08-05 14:22:57',10.00,5,10.00,0,'За заказ 2376',22,0,0);

--
-- Table structure for table `shop_specialprices`
--

CREATE TABLE `shop_specialprices` (
  `id` int(11) NOT NULL AUTO_INCREMENT,
  `shop_item_id` int(11) NOT NULL,
  `min_quantity` int(11) NOT NULL,
  `max_quantity` int(11) NOT NULL,
  `price` decimal(12,2) NOT NULL,
  `percent` decimal(5,2) NOT NULL,
  PRIMARY KEY (`id`),
  KEY `shop_item_id` (`shop_item_id`,`min_quantity`,`max_quantity`)
) ENGINE=MyISAM DEFAULT CHARSET=utf8;

--
-- Dumping data for table `shop_specialprices`
--


--
-- Table structure for table `shop_taxes`
--

CREATE TABLE `shop_taxes` (
  `id` int(11) NOT NULL AUTO_INCREMENT,
  `name` varchar(255) NOT NULL,
  `rate` decimal(8,0) NOT NULL DEFAULT '0',
  `tax_is_included` tinyint(1) NOT NULL DEFAULT '0',
  `guid` varchar(100) NOT NULL DEFAULT '',
  `user_id` int(11) NOT NULL DEFAULT '0',
  `deleted` tinyint(1) unsigned NOT NULL DEFAULT '0',
  PRIMARY KEY (`id`),
  KEY `deleted` (`deleted`,`guid`(30)),
  KEY `name` (`name`(30),`rate`,`deleted`)
) ENGINE=MyISAM AUTO_INCREMENT=22 DEFAULT CHARSET=utf8;

--
-- Dumping data for table `shop_taxes`
--

INSERT INTO `shop_taxes` VALUES (2,'НДС 18 (входит в цену)',18,1,'',19,0),(5,'НДС 18 (не входит в цену)',18,0,'',19,0),(19,'НДС 10 (входит в цену)',10,1,'',19,0),(20,'НДС 10 (не входит в цену)',10,0,'',19,0),(21,'НДС (без налога)',0,1,'',19,0);

--
-- Table structure for table `shop_warehouse_entries`
--

CREATE TABLE `shop_warehouse_entries` (
  `id` int(11) NOT NULL AUTO_INCREMENT,
  `document_id` int(11) NOT NULL DEFAULT '0',
  `datetime` datetime NOT NULL DEFAULT '0000-00-00 00:00:00',
  `shop_warehouse_id` int(11) NOT NULL DEFAULT '0',
  `shop_item_id` int(11) NOT NULL DEFAULT '0',
  `value` decimal(12,2) NOT NULL DEFAULT '0.00',
  PRIMARY KEY (`id`),
  KEY `document_id` (`document_id`),
  KEY `shop_warehouse_id` (`shop_warehouse_id`),
  KEY `shop_item_id` (`shop_item_id`)
) ENGINE=MyISAM DEFAULT CHARSET=utf8;

--
-- Dumping data for table `shop_warehouse_entries`
--


--
-- Table structure for table `shop_warehouse_incoming_items`
--

CREATE TABLE `shop_warehouse_incoming_items` (
  `id` int(11) NOT NULL AUTO_INCREMENT,
  `shop_warehouse_incoming_id` int(11) NOT NULL DEFAULT '0',
  `shop_item_id` int(11) NOT NULL DEFAULT '0',
  `price` decimal(12,2) NOT NULL DEFAULT '0.00',
  `count` decimal(12,2) NOT NULL DEFAULT '0.00',
  PRIMARY KEY (`id`),
  KEY `shop_warehouse_incoming_id` (`shop_warehouse_incoming_id`),
  KEY `shop_item_id` (`shop_item_id`)
) ENGINE=MyISAM DEFAULT CHARSET=utf8;

--
-- Dumping data for table `shop_warehouse_incoming_items`
--


--
-- Table structure for table `shop_warehouse_incomings`
--

CREATE TABLE `shop_warehouse_incomings` (
  `id` int(11) NOT NULL AUTO_INCREMENT,
  `shop_warehouse_id` int(11) NOT NULL DEFAULT '0',
  `number` varchar(20) NOT NULL DEFAULT '',
  `description` mediumtext,
  `datetime` datetime NOT NULL DEFAULT '0000-00-00 00:00:00',
  `posted` tinyint(1) unsigned NOT NULL DEFAULT '0',
  `shop_price_id` int(11) NOT NULL DEFAULT '0',
  `user_id` int(11) NOT NULL DEFAULT '0',
  `deleted` tinyint(1) unsigned NOT NULL DEFAULT '0',
  PRIMARY KEY (`id`),
  KEY `deleted` (`deleted`,`shop_warehouse_id`),
  KEY `number` (`number`(5))
) ENGINE=MyISAM DEFAULT CHARSET=utf8;

--
-- Dumping data for table `shop_warehouse_incomings`
--


--
-- Table structure for table `shop_warehouse_inventories`
--

CREATE TABLE `shop_warehouse_inventories` (
  `id` int(11) NOT NULL AUTO_INCREMENT,
  `shop_warehouse_id` int(11) NOT NULL DEFAULT '0',
  `number` varchar(20) NOT NULL DEFAULT '',
  `description` mediumtext,
  `datetime` datetime NOT NULL DEFAULT '0000-00-00 00:00:00',
  `posted` tinyint(1) NOT NULL DEFAULT '0',
  `user_id` int(11) NOT NULL DEFAULT '0',
  `deleted` tinyint(1) NOT NULL DEFAULT '0',
  PRIMARY KEY (`id`),
  KEY `deleted` (`deleted`,`shop_warehouse_id`),
  KEY `number` (`number`(5))
) ENGINE=MyISAM DEFAULT CHARSET=utf8;

--
-- Dumping data for table `shop_warehouse_inventories`
--


--
-- Table structure for table `shop_warehouse_inventory_items`
--

CREATE TABLE `shop_warehouse_inventory_items` (
  `id` int(11) NOT NULL AUTO_INCREMENT,
  `shop_warehouse_inventory_id` int(11) NOT NULL DEFAULT '0',
  `shop_item_id` int(11) NOT NULL DEFAULT '0',
  `count` decimal(12,2) NOT NULL DEFAULT '0.00',
  PRIMARY KEY (`id`),
  KEY `shop_warehouse_inventory_id` (`shop_warehouse_inventory_id`),
  KEY `shop_item_id` (`shop_item_id`)
) ENGINE=MyISAM DEFAULT CHARSET=utf8;

--
-- Dumping data for table `shop_warehouse_inventory_items`
--


--
-- Table structure for table `shop_warehouse_items`
--

CREATE TABLE `shop_warehouse_items` (
  `id` int(11) NOT NULL AUTO_INCREMENT,
  `shop_warehouse_id` int(11) NOT NULL,
  `shop_item_id` int(11) NOT NULL,
  `count` decimal(12,2) NOT NULL DEFAULT '0.00',
  `user_id` int(11) NOT NULL DEFAULT '0',
  PRIMARY KEY (`id`),
  KEY `shop_item_id` (`shop_item_id`,`shop_warehouse_id`),
  KEY `shop_warehouse_id` (`shop_warehouse_id`)
) ENGINE=MyISAM AUTO_INCREMENT=79 DEFAULT CHARSET=utf8 ROW_FORMAT=DYNAMIC;

--
-- Dumping data for table `shop_warehouse_items`
--


--
-- Table structure for table `shop_warehouse_movement_items`
--

CREATE TABLE `shop_warehouse_movement_items` (
  `id` int(11) NOT NULL AUTO_INCREMENT,
  `shop_warehouse_movement_id` int(11) NOT NULL DEFAULT '0',
  `shop_item_id` int(11) NOT NULL DEFAULT '0',
  `count` decimal(12,2) NOT NULL DEFAULT '0.00',
  PRIMARY KEY (`id`),
  KEY `shop_warehouse_movement_id` (`shop_warehouse_movement_id`),
  KEY `shop_item_id` (`shop_item_id`)
) ENGINE=MyISAM DEFAULT CHARSET=utf8;

--
-- Dumping data for table `shop_warehouse_movement_items`
--


--
-- Table structure for table `shop_warehouse_movements`
--

CREATE TABLE `shop_warehouse_movements` (
  `id` int(11) NOT NULL AUTO_INCREMENT,
  `source_shop_warehouse_id` int(11) NOT NULL DEFAULT '0',
  `destination_shop_warehouse_id` int(11) NOT NULL DEFAULT '0',
  `number` varchar(20) NOT NULL DEFAULT '',
  `description` mediumtext,
  `datetime` datetime NOT NULL DEFAULT '0000-00-00 00:00:00',
  `posted` tinyint(1) unsigned NOT NULL DEFAULT '0',
  `user_id` int(11) NOT NULL DEFAULT '0',
  `deleted` tinyint(1) unsigned NOT NULL DEFAULT '0',
  PRIMARY KEY (`id`),
  KEY `number` (`number`(5)),
  KEY `deleted` (`deleted`,`source_shop_warehouse_id`),
  KEY `deleted_2` (`deleted`,`destination_shop_warehouse_id`)
) ENGINE=MyISAM DEFAULT CHARSET=utf8;

--
-- Dumping data for table `shop_warehouse_movements`
--


--
-- Table structure for table `shop_warehouse_regrade_items`
--

CREATE TABLE `shop_warehouse_regrade_items` (
  `id` int(11) NOT NULL AUTO_INCREMENT,
  `shop_warehouse_regrade_id` int(11) NOT NULL DEFAULT '0',
  `writeoff_shop_item_id` int(11) NOT NULL DEFAULT '0',
  `writeoff_price` decimal(12,2) NOT NULL DEFAULT '0.00',
  `incoming_shop_item_id` int(11) NOT NULL DEFAULT '0',
  `incoming_price` decimal(12,2) NOT NULL DEFAULT '0.00',
  `count` decimal(12,2) NOT NULL DEFAULT '0.00',
  PRIMARY KEY (`id`),
  KEY `shop_warehouse_regrade_id` (`shop_warehouse_regrade_id`),
  KEY `writeoff_shop_item_id` (`writeoff_shop_item_id`),
  KEY `incoming_shop_item_id` (`incoming_shop_item_id`)
) ENGINE=MyISAM DEFAULT CHARSET=utf8;

--
-- Dumping data for table `shop_warehouse_regrade_items`
--


--
-- Table structure for table `shop_warehouse_regrades`
--

CREATE TABLE `shop_warehouse_regrades` (
  `id` int(11) NOT NULL AUTO_INCREMENT,
  `shop_warehouse_id` int(11) NOT NULL DEFAULT '0',
  `number` varchar(20) NOT NULL DEFAULT '',
  `description` mediumtext,
  `datetime` datetime NOT NULL DEFAULT '0000-00-00 00:00:00',
  `posted` tinyint(1) unsigned NOT NULL DEFAULT '0',
  `shop_price_id` int(11) NOT NULL DEFAULT '0',
  `user_id` int(11) NOT NULL DEFAULT '0',
  `deleted` tinyint(1) unsigned NOT NULL DEFAULT '0',
  PRIMARY KEY (`id`),
  KEY `deleted` (`deleted`,`shop_warehouse_id`),
  KEY `number` (`number`(5))
) ENGINE=MyISAM DEFAULT CHARSET=utf8;

--
-- Dumping data for table `shop_warehouse_regrades`
--


--
-- Table structure for table `shop_warehouse_writeoff_items`
--

CREATE TABLE `shop_warehouse_writeoff_items` (
  `id` int(11) NOT NULL AUTO_INCREMENT,
  `shop_warehouse_writeoff_id` int(11) NOT NULL DEFAULT '0',
  `shop_item_id` int(11) NOT NULL DEFAULT '0',
  `count` decimal(12,2) NOT NULL DEFAULT '0.00',
  `price` decimal(12,2) NOT NULL DEFAULT '0.00',
  PRIMARY KEY (`id`),
  KEY `shop_warehouse_writeoff_id` (`shop_warehouse_writeoff_id`),
  KEY `shop_item_id` (`shop_item_id`)
) ENGINE=MyISAM DEFAULT CHARSET=utf8;

--
-- Dumping data for table `shop_warehouse_writeoff_items`
--


--
-- Table structure for table `shop_warehouse_writeoffs`
--

CREATE TABLE `shop_warehouse_writeoffs` (
  `id` int(11) NOT NULL AUTO_INCREMENT,
  `shop_warehouse_id` int(11) NOT NULL DEFAULT '0',
  `number` varchar(20) NOT NULL DEFAULT '',
  `description` mediumtext,
  `datetime` datetime NOT NULL DEFAULT '0000-00-00 00:00:00',
  `reason` text,
  `posted` tinyint(1) unsigned NOT NULL DEFAULT '0',
  `shop_price_id` int(11) NOT NULL DEFAULT '0',
  `user_id` int(11) NOT NULL DEFAULT '0',
  `deleted` tinyint(1) unsigned NOT NULL DEFAULT '0',
  PRIMARY KEY (`id`),
  KEY `deleted` (`deleted`,`shop_warehouse_id`),
  KEY `number` (`number`(5))
) ENGINE=MyISAM DEFAULT CHARSET=utf8;

--
-- Dumping data for table `shop_warehouse_writeoffs`
--


--
-- Table structure for table `shop_warehouses`
--

CREATE TABLE `shop_warehouses` (
  `id` int(11) NOT NULL AUTO_INCREMENT,
  `shop_id` int(11) NOT NULL DEFAULT '0',
  `name` varchar(255) NOT NULL,
  `sorting` smallint(6) NOT NULL DEFAULT '0',
  `active` tinyint(1) NOT NULL DEFAULT '1',
  `default` tinyint(1) NOT NULL DEFAULT '0',
  `shop_country_id` int(11) NOT NULL DEFAULT '0',
  `shop_country_location_id` int(11) NOT NULL DEFAULT '0',
  `shop_country_location_city_id` int(11) NOT NULL DEFAULT '0',
  `shop_country_location_city_area_id` int(11) NOT NULL DEFAULT '0',
  `address` varchar(255) NOT NULL DEFAULT '',
  `name_other` varchar(255) DEFAULT NULL,
  `address_info` mediumtext,
  `latitude` varchar(255) DEFAULT NULL,
  `longitude` varchar(255) DEFAULT NULL,
  `phone` varchar(255) DEFAULT NULL,
  `website` varchar(255) DEFAULT NULL,
  `working_time` varchar(255) DEFAULT NULL,
  `user_id` int(11) NOT NULL DEFAULT '0',
  `guid` varchar(100) NOT NULL,
  `deleted` tinyint(1) unsigned NOT NULL DEFAULT '0',
  PRIMARY KEY (`id`),
  KEY `deleted` (`deleted`,`shop_id`,`active`),
  KEY `default` (`default`,`deleted`)
) ENGINE=MyISAM AUTO_INCREMENT=3 DEFAULT CHARSET=utf8;

--
-- Dumping data for table `shop_warehouses`
--


--
-- Table structure for table `shops`
--

CREATE TABLE `shops` (
  `id` int(11) NOT NULL AUTO_INCREMENT,
  `shop_dir_id` int(11) NOT NULL DEFAULT '0',
  `shop_company_id` int(11) NOT NULL DEFAULT '0',
  `site_id` int(11) NOT NULL,
  `name` varchar(255) NOT NULL,
  `description` text,
  `yandex_market_name` varchar(255) NOT NULL DEFAULT '',
  `image_small_max_width` int(11) NOT NULL DEFAULT '0',
  `image_small_max_height` int(11) NOT NULL DEFAULT '0',
  `image_large_max_width` int(11) NOT NULL DEFAULT '0',
  `image_large_max_height` int(11) NOT NULL DEFAULT '0',
  `structure_id` int(11) NOT NULL DEFAULT '0',
  `shop_country_id` int(11) NOT NULL DEFAULT '0',
  `shop_currency_id` int(11) NOT NULL DEFAULT '0',
  `shop_tax_id` int(11) NOT NULL DEFAULT '0',
  `shop_order_status_id` int(11) NOT NULL DEFAULT '0',
  `shop_measure_id` int(11) NOT NULL DEFAULT '0',
  `default_shop_measure_id` int(11) NOT NULL DEFAULT '0',
  `email` varchar(255) NOT NULL,
  `items_on_page` int(11) NOT NULL DEFAULT '0',
  `url_type` tinyint(1) NOT NULL DEFAULT '0',
  `reserve` tinyint(1) NOT NULL DEFAULT '0',
  `send_order_email_admin` tinyint(1) NOT NULL DEFAULT '0',
  `send_order_email_user` tinyint(1) NOT NULL DEFAULT '0',
  `items_sorting_field` tinyint(1) DEFAULT '0',
  `items_sorting_direction` tinyint(1) NOT NULL DEFAULT '0',
  `groups_sorting_field` tinyint(1) NOT NULL DEFAULT '0',
  `groups_sorting_direction` tinyint(1) NOT NULL DEFAULT '0',
  `user_id` int(11) NOT NULL DEFAULT '0',
  `comment_active` tinyint(1) NOT NULL DEFAULT '0',
  `watermark_file` varchar(255) NOT NULL,
  `watermark_default_use_large_image` tinyint(1) NOT NULL DEFAULT '0',
  `watermark_default_use_small_image` tinyint(1) NOT NULL DEFAULT '0',
  `watermark_default_position_x` varchar(10) NOT NULL DEFAULT '',
  `watermark_default_position_y` varchar(10) NOT NULL DEFAULT '',
  `create_small_image` tinyint(1) unsigned NOT NULL DEFAULT '1',
  `guid` varchar(100) NOT NULL DEFAULT '',
  `format_date` varchar(30) NOT NULL DEFAULT '%d.%m.%Y',
  `format_datetime` varchar(30) NOT NULL DEFAULT '%d.%m.%Y %H:%M:%S',
  `typograph_default_items` tinyint(1) NOT NULL DEFAULT '0',
  `typograph_default_groups` tinyint(1) NOT NULL DEFAULT '0',
  `apply_tags_automatically` tinyint(1) NOT NULL DEFAULT '1',
  `write_off_paid_items` tinyint(1) NOT NULL DEFAULT '0',
  `apply_keywords_automatically` tinyint(1) NOT NULL DEFAULT '0',
  `change_filename` tinyint(1) NOT NULL DEFAULT '1',
  `attach_digital_items` tinyint(1) NOT NULL DEFAULT '1',
  `yandex_market_sales_notes_default` varchar(50) NOT NULL DEFAULT '',
  `siteuser_group_id` int(11) NOT NULL DEFAULT '0',
  `use_captcha` tinyint(1) NOT NULL DEFAULT '1',
  `group_image_small_max_width` int(11) NOT NULL DEFAULT '0',
  `group_image_large_max_width` int(11) NOT NULL DEFAULT '0',
  `group_image_small_max_height` int(11) NOT NULL DEFAULT '0',
  `group_image_large_max_height` int(11) NOT NULL DEFAULT '0',
  `producer_image_small_max_width` int(11) NOT NULL DEFAULT '0',
  `producer_image_large_max_width` int(11) NOT NULL DEFAULT '0',
  `producer_image_small_max_height` int(11) NOT NULL DEFAULT '0',
  `producer_image_large_max_height` int(11) NOT NULL DEFAULT '0',
  `preserve_aspect_ratio` tinyint(1) NOT NULL DEFAULT '1',
  `preserve_aspect_ratio_small` tinyint(1) NOT NULL DEFAULT '1',
  `preserve_aspect_ratio_group` tinyint(1) NOT NULL DEFAULT '1',
  `preserve_aspect_ratio_group_small` tinyint(1) NOT NULL DEFAULT '1',
  `size_measure` tinyint(1) NOT NULL DEFAULT '0',
  `reserve_hours` smallint(5) unsigned NOT NULL DEFAULT '24',
  `adult` tinyint(1) NOT NULL DEFAULT '0',
  `cpa` tinyint(1) unsigned NOT NULL DEFAULT '1',
  `issue_discountcard` tinyint(1) unsigned NOT NULL DEFAULT '0',
  `discountcard_template` varchar(255) NOT NULL DEFAULT '{this.id}',
  `invoice_template` varchar(255) NOT NULL DEFAULT '{this.id}',
  `order_admin_subject` varchar(255) DEFAULT NULL,
  `order_user_subject` varchar(255) DEFAULT NULL,
  `confirm_admin_subject` varchar(255) DEFAULT NULL,
  `confirm_user_subject` varchar(255) DEFAULT NULL,
  `cancel_admin_subject` varchar(255) DEFAULT NULL,
  `cancel_user_subject` varchar(255) DEFAULT NULL,
  `seo_group_title_template` text,
  `seo_group_keywords_template` text,
  `seo_group_description_template` text,
  `seo_item_title_template` text,
  `seo_item_keywords_template` text,
  `seo_item_description_template` text,
  `deleted` tinyint(1) unsigned NOT NULL DEFAULT '0',
  PRIMARY KEY (`id`),
  KEY `deleted` (`deleted`,`shop_dir_id`),
  KEY `site_id` (`site_id`,`deleted`),
  KEY `structure_id` (`structure_id`,`deleted`)
) ENGINE=MyISAM AUTO_INCREMENT=5 DEFAULT CHARSET=utf8;

--
-- Dumping data for table `shops`
--

INSERT INTO `shops` VALUES (3,0,0,2,'Ногтевой сервис','','',128,128,300,300,420,0,5,0,1,0,0,'apelsindzagi@yandex.ru',99999,1,0,1,1,2,0,1,0,19,0,'shop_watermark_3.png',1,0,'50%','50%',1,'5568EE53-361A-7B6B-C25B-A45D456636C2','%d.%m.%Y','%d.%m.%Y %H:%M:%S',1,1,1,0,1,1,1,'',0,1,185,300,188,200,100,800,100,800,1,1,0,1,0,24,0,1,0,'{this.id}','{this.id}','Заказ N %1$s от %3$s в \"%2$s\"','Заказ N %1$s от %3$s в \"%2$s\"','Подтверждение оплаты, заказ N %1$s от %3$s в магазине \"%2$s\"','Подтверждение оплаты, заказ N %1$s от %3$s','Отмена заказа N %1$s от %3$s в магазине \"%2$s\"','Отмена заказа N %1$s от %3$s','','','','','','',0);

--
-- Table structure for table `shortcode_dirs`
--

CREATE TABLE `shortcode_dirs` (
  `id` int(11) NOT NULL AUTO_INCREMENT,
  `parent_id` int(11) NOT NULL DEFAULT '0',
  `name` varchar(255) NOT NULL,
  `sorting` smallint(6) NOT NULL DEFAULT '0',
  `deleted` tinyint(1) unsigned NOT NULL DEFAULT '0',
  PRIMARY KEY (`id`),
  KEY `deleted` (`deleted`,`parent_id`)
) ENGINE=MyISAM DEFAULT CHARSET=utf8;

--
-- Dumping data for table `shortcode_dirs`
--


--
-- Table structure for table `shortcodes`
--

CREATE TABLE `shortcodes` (
  `id` int(11) NOT NULL AUTO_INCREMENT,
  `shortcode_dir_id` int(11) NOT NULL DEFAULT '0',
  `name` varchar(255) NOT NULL,
  `shortcode` varchar(255) NOT NULL,
  `example` text,
  `php` mediumtext,
  `active` tinyint(1) NOT NULL DEFAULT '1',
  `sorting` smallint(6) NOT NULL DEFAULT '0',
  `deleted` tinyint(1) unsigned NOT NULL DEFAULT '0',
  PRIMARY KEY (`id`),
  KEY `deleted` (`deleted`,`active`),
  KEY `shortcode_dir_id` (`deleted`,`shortcode_dir_id`)
) ENGINE=MyISAM AUTO_INCREMENT=9 DEFAULT CHARSET=utf8;

--
-- Dumping data for table `shortcodes`
--

INSERT INTO `shortcodes` VALUES (1,0,'Показ магазина','shop','[shop id=\"1\" limit=\"2\" group=\"0\" xsl=\"МагазинКаталогТоваровНаГлавнойСпецПред\"]','$args += array(\r\n	\'xsl\' => \'МагазинКаталогТоваровНаГлавнойСпецПред\',\r\n	\'limit\' => 3,\r\n	\'group\' => FALSE,\r\n);\r\n\r\nob_start();\r\n\r\nif (Core::moduleIsActive(\'shop\'))\r\n{\r\n	if (isset($args[\'id\']) && $args[\'id\'])\r\n	{\r\n		$Shop_Controller_Show = new Shop_Controller_Show(\r\n			Core_Entity::factory(\'Shop\', $args[\'id\'])\r\n		);\r\n\r\n		$oXsl = Core_Entity::factory(\'Xsl\')->getByName($args[\'xsl\']);\r\n\r\n		if ($oXsl)\r\n		{\r\n			$Shop_Controller_Show\r\n				->xsl($oXsl)\r\n				->groupsMode(\'none\')\r\n				->itemsForbiddenTags(array(\'text\'))\r\n				->group($args[\'group\'])\r\n				->limit($args[\'limit\'])\r\n				->show();\r\n		}\r\n		else\r\n		{\r\n			?>Ошибка, XSL не найден!<?php\r\n		}\r\n	}\r\n	else\r\n	{\r\n		?>Ошибка, ID магазина не указан!<?php\r\n	}\r\n}\r\n\r\nreturn ob_get_clean();',1,10,0),(2,0,'Показ информационной сиcтемы','informationsystem','[informationsystem id=\"1\" limit=\"2\" group=\"0\" xsl=\"СписокНовостейНаГлавной\"]','$args += array(\r\n	\'xsl\' => \'СписокНовостейНаГлавной\',\r\n	\'limit\' => 5,\r\n	\'group\' => FALSE,\r\n);\r\n		\r\nob_start();\r\n\r\nif (Core::moduleIsActive(\'informationsystem\'))\r\n{\r\n	if (isset($args[\'id\']) && $args[\'id\'])\r\n	{\r\n		$Informationsystem_Controller_Show = new Informationsystem_Controller_Show(\r\n			Core_Entity::factory(\'Informationsystem\', $args[\'id\'])\r\n		);\r\n\r\n		$oXsl = Core_Entity::factory(\'Xsl\')->getByName($args[\'xsl\']);\r\n\r\n		if ($oXsl)\r\n		{\r\n			$Informationsystem_Controller_Show\r\n				->xsl($oXsl)\r\n				->groupsMode(\'none\')\r\n				->itemsForbiddenTags(array(\'text\'))\r\n				->group($args[\'group\'])\r\n				->limit($args[\'limit\'])\r\n				->show();\r\n		}\r\n		else\r\n		{\r\n			?>Ошибка, XSL не найден!<?php\r\n		}\r\n	}\r\n	else\r\n	{\r\n		?>Ошибка, ID информационной системы не указан!<?php\r\n	}\r\n}\r\n\r\nreturn ob_get_clean();',1,20,0),(3,0,'Показ документа','document','[document id=\"1\"]','ob_start();\r\n\r\nif (Core::moduleIsActive(\'document\'))\r\n{\r\n	if (isset($args[\'id\']) && $args[\'id\'])\r\n	{\r\n		Core_Entity::factory(\'Document\', $args[\'id\'])->execute();\r\n	}\r\n	else\r\n	{\r\n		?>Ошибка, ID документа не указан!<?php\r\n	}\r\n}\r\n\r\nreturn ob_get_clean();',1,30,0),(4,0,'Пожертвование Яндекс.Деньги','donate','[donate account=\"41000000000000\"]','$args += array(\r\n	\'sum\' => 100,\r\n	\'targets\' => \'Благотворительность\',\r\n	\'project-name\' => \'Кошкин дом\'\r\n);\r\n\r\nif (!isset($args[\'project-site\']))\r\n{	\r\n	$oSite = Core_Entity::factory(\'Site\', CURRENT_SITE);\r\n	\r\n	$oSiteAlias = $oSite->getCurrentAlias();\r\n	if ($oSiteAlias)\r\n	{\r\n		$args[\'project-site\'] = \'http://\' . $oSiteAlias->name;\r\n	}\r\n	else\r\n	{\r\n		return \'Ошибка, домен для сайта не указан!\';\r\n	}\r\n}\r\n\r\nif (!isset($args[\'account\']))\r\n{\r\n	return \'Ошибка, номер Яндекс.Кошелек не указан!\';\r\n}\r\n\r\nob_start();\r\n?>\r\n<iframe frameborder=\"0\" allowtransparency=\"true\" scrolling=\"no\" src=\"https://money.yandex.ru/embed/donate.xml?account=<?php echo rawurlencode($args[\'account\'])?>&quickpay=donate&payment-type-choice=on&mobile-payment-type-choice=on&default-sum=<?php echo rawurlencode($args[\'sum\'])?>&targets=<?php echo rawurlencode($args[\'targets\'])?>&project-name=<?php echo rawurlencode($args[\'project-name\'])?>&project-site=<?php echo rawurlencode($args[\'project-site\'])?>&button-text=01&mail=on&successURL=<?php echo rawurlencode($args[\'project-site\'])?>\" width=\"524\" height=\"93\"></iframe>\r\n\r\n<?php\r\n	\r\nreturn ob_get_clean();',1,40,0),(5,0,'Показ PDF через Google.Docs','pdf','[pdf url=\"http://demo.hostcms.ru/my.pdf\"]','$args += array(\r\n	\'width\' => \'100%\',\r\n	\'height\' => \'700px\',\r\n);\r\n\r\nob_start();\r\n\r\nif (isset($args[\'url\']))\r\n{\r\n?>\r\n<iframe src=\"https://docs.google.com/viewer?url=<?php echo rawurlencode($args[\'url\'])?>&embedded=true\" style=\"width:<?php echo htmlspecialchars($args[\'width\'])?>; height:<?php echo htmlspecialchars($args[\'height\'])?>;\" \r\nframeborder=\"0\">Ваш браузер не поддерживает фреймы</iframe>\r\n<?php\r\n}\r\n\r\nreturn ob_get_clean();',1,50,0),(6,0,'Видео Youtube','youtube','[youtube src=\"https://www.youtube.com/embed/cGLAsLFnHeo\"]','$args += array(\r\n	\'width\' => \'560\',\r\n	\'height\' => \'315\',\r\n);\r\n\r\nob_start();\r\nif (isset($args[\'src\']))\r\n{\r\n?>\r\n<iframe width=\"<?php echo htmlspecialchars($args[\'width\'])?>\" height=\"<?php echo htmlspecialchars($args[\'height\'])?>\" src=\"<?php echo htmlspecialchars($args[\'src\'])?>\" frameborder=\"0\" allowfullscreen=\"allowfullscreen\"></iframe>\r\n<?php \r\n}\r\n\r\nreturn ob_get_clean();',1,60,0),(7,0,'Яндекс.Карта','yandex_map','[yandex_map latlng=\"55.684758, 37.738521\" width=\"100%\" height=\"500px\"]','$args += array(\r\n	\'latlng\' => \'55.684758, 37.738521\',\r\n	\'content\' => \'<strong>Маркер</strong> места\',\r\n	\'color\' => \'#0095b6\',\r\n	\'width\' => \'500px\',\r\n	\'height\' => \'400px\',\r\n	\'zoom\' => 15,\r\n);\r\n\r\nob_start();\r\n?>\r\n<script src=\"https://api-maps.yandex.ru/2.1/?lang=ru_RU\" type=\"text/javascript\"></script>\r\n<script type=\"text/javascript\">\r\n	ymaps.ready(init);\r\n\r\n	function init() {\r\n		var myMap = new ymaps.Map(\"yandexMap\", {\r\n				center: [<?php echo htmlspecialchars($args[\'latlng\'])?>],\r\n				zoom: <?php echo intval($args[\'zoom\'])?>\r\n			}, {\r\n				searchControlProvider: \'yandex#search\'\r\n			});\r\n\r\n		myMap.geoObjects\r\n			.add(new ymaps.Placemark([<?php echo htmlspecialchars($args[\'latlng\'])?>], {\r\n				balloonContent: \"<?php echo $args[\'content\']?>\"\r\n			}, {\r\n				preset: \'islands#icon\',\r\n				iconColor: \"<?php echo htmlspecialchars($args[\'color\'])?>\"\r\n			}));\r\n	}\r\n</script>\r\n\r\n<style>\r\n	#yandexMap {\r\n		width: <?php echo htmlspecialchars($args[\'width\'])?>; height: <?php echo htmlspecialchars($args[\'height\'])?>; padding: 0; margin: 0;\r\n	}\r\n</style>\r\n\r\n<div id=\"yandexMap\"></div>\r\n\r\n<?php\r\nreturn ob_get_clean();',1,0,0),(8,0,'Google.Maps','google_map','[google_map key=\'AIzaSyADtuSUbqq2MNdQ3Q0_xBr5Fbdzkvv1XY4\' latlng=\'55.684758, 37.738521\' width=\'100%\' height=\'500px\']','$args += array(\r\n	\'key\' => \'AIzaSyADtuSUbqq2MNdQ3Q0_xBr5Fbdzkvv1XY4\',\r\n	\'latlng\' => \'55.684758, 37.738521\',\r\n	\'content\' => \'Маркер места\',\r\n	\'width\' => \'500px\',\r\n	\'height\' => \'400px\',\r\n	\'zoom\' => 15,\r\n);\r\n\r\nob_start();\r\n?>\r\n<script async defer src=\"https://maps.googleapis.com/maps/api/js?key=<?php echo htmlspecialchars($args[\'key\'])?>&callback=initMap\"></script>\r\n<script type=\"text/javascript\">\r\n	function initMap() {\r\n		var myLatlng = new google.maps.LatLng(<?php echo htmlspecialchars($args[\'latlng\'])?>);\r\n		var mapOptions = {\r\n			zoom: <?php echo intval($args[\'zoom\'])?>,\r\n			center: myLatlng\r\n		}\r\n		var map = new google.maps.Map(document.getElementById(\"googleMap\"), mapOptions);\r\n\r\n		var marker = new google.maps.Marker({\r\n			position: myLatlng,\r\n			title:\"<?php echo htmlspecialchars($args[\'content\'])?>\"\r\n		});\r\n\r\n		// To add the marker to the map, call setMap();\r\n		marker.setMap(map);\r\n	}\r\n</script>\r\n\r\n<style>\r\n	#googleMap {\r\n		width: <?php echo htmlspecialchars($args[\'width\'])?>; height: <?php echo htmlspecialchars($args[\'height\'])?>; padding: 0; margin: 0;\r\n	}\r\n</style>\r\n\r\n<div id=\"googleMap\"></div>\r\n\r\n<?php\r\nreturn ob_get_clean();',1,0,0);

--
-- Table structure for table `shortlink_dirs`
--

CREATE TABLE `shortlink_dirs` (
  `id` int(11) NOT NULL AUTO_INCREMENT,
  `site_id` int(11) NOT NULL DEFAULT '0',
  `parent_id` int(11) NOT NULL DEFAULT '0',
  `name` varchar(255) NOT NULL,
  `description` text,
  `sorting` smallint(6) NOT NULL DEFAULT '0',
  `deleted` tinyint(1) NOT NULL DEFAULT '0',
  PRIMARY KEY (`id`),
  KEY `deleted` (`deleted`,`parent_id`),
  KEY `site_id` (`site_id`)
) ENGINE=MyISAM DEFAULT CHARSET=utf8;

--
-- Dumping data for table `shortlink_dirs`
--


--
-- Table structure for table `shortlinks`
--

CREATE TABLE `shortlinks` (
  `id` int(11) NOT NULL AUTO_INCREMENT,
  `site_id` int(11) NOT NULL DEFAULT '0',
  `shortlink_dir_id` int(11) NOT NULL DEFAULT '0',
  `source` varchar(1024) DEFAULT NULL,
  `shortlink` varchar(1024) DEFAULT NULL,
  `description` text,
  `type` smallint(6) NOT NULL DEFAULT '301',
  `hits` int(11) NOT NULL DEFAULT '0',
  `datetime` datetime NOT NULL DEFAULT '0000-00-00 00:00:00',
  `active` tinyint(1) NOT NULL DEFAULT '1',
  `deleted` tinyint(1) NOT NULL DEFAULT '0',
  PRIMARY KEY (`id`),
  KEY `deleted` (`deleted`,`active`,`shortlink`(8)),
  KEY `site_id` (`site_id`)
) ENGINE=MyISAM DEFAULT CHARSET=utf8;

--
-- Dumping data for table `shortlinks`
--


--
-- Table structure for table `site_aliases`
--

CREATE TABLE `site_aliases` (
  `id` int(11) NOT NULL AUTO_INCREMENT,
  `site_id` int(11) DEFAULT '0',
  `name` varchar(255) NOT NULL,
  `current` tinyint(1) NOT NULL DEFAULT '0',
  `redirect` tinyint(1) NOT NULL DEFAULT '0',
  `user_id` int(10) unsigned NOT NULL DEFAULT '0',
  `deleted` tinyint(1) unsigned NOT NULL DEFAULT '0',
  PRIMARY KEY (`id`),
  KEY `deleted` (`deleted`,`site_id`),
  KEY `name` (`name`(30),`deleted`)
) ENGINE=MyISAM AUTO_INCREMENT=4 DEFAULT CHARSET=utf8;

--
-- Dumping data for table `site_aliases`
--

INSERT INTO `site_aliases` VALUES (2,2,'new.nails.ua',0,0,19,0),(3,2,'test.nails.ua',1,0,28,0);

--
-- Table structure for table `sites`
--

CREATE TABLE `sites` (
  `id` int(11) NOT NULL AUTO_INCREMENT,
  `name` varchar(255) NOT NULL,
  `active` tinyint(1) DEFAULT '0',
  `coding` varchar(100) DEFAULT '',
  `sorting` smallint(6) DEFAULT '0',
  `locale` varchar(30) DEFAULT '',
  `timezone` varchar(50) NOT NULL DEFAULT '',
  `max_size_load_image` smallint(6) DEFAULT '0',
  `max_size_load_image_big` smallint(6) DEFAULT '0',
  `admin_email` varchar(100) NOT NULL,
  `error_email` varchar(100) DEFAULT NULL,
  `lng` varchar(10) DEFAULT NULL,
  `send_attendance_report` tinyint(1) NOT NULL DEFAULT '1',
  `chmod` varchar(5) DEFAULT '',
  `files_chmod` varchar(5) DEFAULT '',
  `date_format` varchar(20) DEFAULT '',
  `date_time_format` varchar(20) DEFAULT '',
  `error` varchar(50) DEFAULT '',
  `error404` int(11) NOT NULL DEFAULT '0',
  `error403` int(11) NOT NULL DEFAULT '0',
  `robots` mediumtext,
  `key` mediumtext,
  `user_id` int(10) unsigned NOT NULL DEFAULT '0',
  `closed` int(11) unsigned NOT NULL DEFAULT '0',
  `safe_email` tinyint(1) NOT NULL DEFAULT '1',
  `html_cache_use` tinyint(1) NOT NULL DEFAULT '0',
  `html_cache_with` mediumtext,
  `html_cache_without` mediumtext,
  `css_left` varchar(20) DEFAULT '',
  `css_right` varchar(20) DEFAULT '',
  `html_cache_clear_probability` int(11) NOT NULL DEFAULT '10000',
  `notes` mediumtext,
  `uploaddir` varchar(255) NOT NULL DEFAULT '',
  `nesting_level` tinyint(3) unsigned NOT NULL DEFAULT '3',
  `deleted` tinyint(1) unsigned NOT NULL DEFAULT '0',
  PRIMARY KEY (`id`),
  KEY `deleted` (`deleted`,`active`)
) ENGINE=MyISAM AUTO_INCREMENT=6 DEFAULT CHARSET=utf8;

--
-- Dumping data for table `sites`
--

INSERT INTO `sites` VALUES (2,'new.nails.ua',1,'UTF-8',0,'ru_RU.utf8','',70,300,'test@test.ru','test@test.ru','ru',1,'0755','0644','%d.%m.%Y','%d.%m.%Y %H:%M:%S','E_ALL',495,0,'User-agent: *\nDisallow: /\n','BS-204C0646-3D4E0FFF-E3BFF410',19,0,1,0,'/*',NULL,'','',10000,NULL,'upload/',3,0),(5,'test.nails.ua',1,'UTF-8',0,'ru_RU.utf8','',70,300,'merly2k@gmail.com','','ru',1,'0755','0644','%d.%m.%Y','%d.%m.%Y %H:%M:%S','E_ALL',0,0,'User-Agent: *\r\nDisallow: /admin\r\nDisallow: /search\r\nDisallow: /templates\r\nDisallow: /hostcmsfiles\r\nDisallow: /showbanner\r\nDisallow: /captcha.php\r\nDisallow: /403\r\nDisallow: /404\r\nAllow: /hostcmsfiles/css/*\r\nAllow: /hostcmsfiles/js/*','',28,0,1,0,'/*',NULL,'','',10000,NULL,'upload/',3,0);

--
-- Table structure for table `siteuser_affiliates`
--

CREATE TABLE `siteuser_affiliates` (
  `id` int(11) NOT NULL AUTO_INCREMENT,
  `referral_siteuser_id` int(11) NOT NULL,
  `siteuser_id` int(11) DEFAULT NULL,
  `active` tinyint(1) NOT NULL DEFAULT '1',
  `user_id` int(11) NOT NULL DEFAULT '0',
  `date` date NOT NULL DEFAULT '0000-00-00',
  PRIMARY KEY (`id`),
  UNIQUE KEY `referral_siteuser_id` (`referral_siteuser_id`),
  KEY `affiliate_siteuser_id` (`siteuser_id`)
) ENGINE=MyISAM AUTO_INCREMENT=8 DEFAULT CHARSET=utf8;

--
-- Dumping data for table `siteuser_affiliates`
--


--
-- Table structure for table `siteuser_companies`
--

CREATE TABLE `siteuser_companies` (
  `id` int(11) NOT NULL AUTO_INCREMENT,
  `siteuser_id` int(11) NOT NULL,
  `name` varchar(255) NOT NULL,
  `description` mediumtext,
  `tin` varchar(20) NOT NULL DEFAULT '',
  `bank_account` mediumtext,
  `image` varchar(255) NOT NULL DEFAULT '',
  `headcount` smallint(5) unsigned NOT NULL DEFAULT '0',
  `annual_turnover` varchar(20) NOT NULL DEFAULT '0',
  `business_area` varchar(255) NOT NULL DEFAULT '',
  `user_id` int(11) NOT NULL DEFAULT '0',
  `deleted` tinyint(1) unsigned NOT NULL DEFAULT '0',
  PRIMARY KEY (`id`),
  KEY `deleted` (`deleted`,`siteuser_id`)
) ENGINE=MyISAM AUTO_INCREMENT=3 DEFAULT CHARSET=utf8;

--
-- Dumping data for table `siteuser_companies`
--


--
-- Table structure for table `siteuser_company_directory_addresses`
--

CREATE TABLE `siteuser_company_directory_addresses` (
  `id` int(11) NOT NULL AUTO_INCREMENT,
  `siteuser_company_id` int(11) NOT NULL,
  `directory_address_id` int(11) NOT NULL,
  PRIMARY KEY (`id`),
  UNIQUE KEY `siteuser_company_id` (`siteuser_company_id`,`directory_address_id`),
  KEY `directory_address_id` (`directory_address_id`)
) ENGINE=MyISAM AUTO_INCREMENT=3 DEFAULT CHARSET=utf8;

--
-- Dumping data for table `siteuser_company_directory_addresses`
--


--
-- Table structure for table `siteuser_company_directory_emails`
--

CREATE TABLE `siteuser_company_directory_emails` (
  `id` int(11) NOT NULL AUTO_INCREMENT,
  `siteuser_company_id` int(11) NOT NULL,
  `directory_email_id` int(11) NOT NULL,
  PRIMARY KEY (`id`),
  UNIQUE KEY `siteuser_company_id` (`siteuser_company_id`,`directory_email_id`),
  UNIQUE KEY `directory_email_id` (`directory_email_id`)
) ENGINE=MyISAM AUTO_INCREMENT=3 DEFAULT CHARSET=utf8;

--
-- Dumping data for table `siteuser_company_directory_emails`
--


--
-- Table structure for table `siteuser_company_directory_messengers`
--

CREATE TABLE `siteuser_company_directory_messengers` (
  `id` int(11) NOT NULL AUTO_INCREMENT,
  `siteuser_company_id` int(11) NOT NULL,
  `directory_messenger_id` int(11) NOT NULL,
  PRIMARY KEY (`id`),
  UNIQUE KEY `siteuser_company_id` (`siteuser_company_id`,`directory_messenger_id`),
  UNIQUE KEY `directory_messenger_id` (`directory_messenger_id`)
) ENGINE=MyISAM DEFAULT CHARSET=utf8;

--
-- Dumping data for table `siteuser_company_directory_messengers`
--


--
-- Table structure for table `siteuser_company_directory_phones`
--

CREATE TABLE `siteuser_company_directory_phones` (
  `id` int(11) NOT NULL AUTO_INCREMENT,
  `siteuser_company_id` int(11) NOT NULL,
  `directory_phone_id` int(11) NOT NULL,
  PRIMARY KEY (`id`),
  UNIQUE KEY `siteuser_company_id` (`siteuser_company_id`,`directory_phone_id`),
  KEY `directory_phone_id` (`directory_phone_id`)
) ENGINE=MyISAM AUTO_INCREMENT=5 DEFAULT CHARSET=utf8;

--
-- Dumping data for table `siteuser_company_directory_phones`
--


--
-- Table structure for table `siteuser_company_directory_socials`
--

CREATE TABLE `siteuser_company_directory_socials` (
  `id` int(11) NOT NULL AUTO_INCREMENT,
  `siteuser_company_id` int(11) NOT NULL,
  `directory_social_id` int(11) NOT NULL,
  PRIMARY KEY (`id`),
  UNIQUE KEY `siteuser_company_id` (`siteuser_company_id`,`directory_social_id`),
  UNIQUE KEY `directory_social_id` (`directory_social_id`)
) ENGINE=MyISAM DEFAULT CHARSET=utf8;

--
-- Dumping data for table `siteuser_company_directory_socials`
--


--
-- Table structure for table `siteuser_company_directory_websites`
--

CREATE TABLE `siteuser_company_directory_websites` (
  `id` int(11) NOT NULL AUTO_INCREMENT,
  `siteuser_company_id` int(11) NOT NULL,
  `directory_website_id` int(11) NOT NULL,
  PRIMARY KEY (`id`),
  UNIQUE KEY `siteuser_company_id` (`siteuser_company_id`,`directory_website_id`),
  KEY `directory_website_id` (`directory_website_id`)
) ENGINE=MyISAM AUTO_INCREMENT=3 DEFAULT CHARSET=utf8;

--
-- Dumping data for table `siteuser_company_directory_websites`
--


--
-- Table structure for table `siteuser_group_lists`
--

CREATE TABLE `siteuser_group_lists` (
  `id` int(11) NOT NULL AUTO_INCREMENT,
  `siteuser_group_id` int(11) NOT NULL DEFAULT '0',
  `siteuser_id` int(11) NOT NULL DEFAULT '0',
  `user_id` int(11) NOT NULL DEFAULT '0',
  PRIMARY KEY (`id`),
  UNIQUE KEY `siteuser_group_id` (`siteuser_group_id`,`siteuser_id`),
  KEY `siteuser_id` (`siteuser_id`)
) ENGINE=MyISAM AUTO_INCREMENT=180 DEFAULT CHARSET=utf8;

--
-- Dumping data for table `siteuser_group_lists`
--

INSERT INTO `siteuser_group_lists` VALUES (56,10,66,19),(57,10,65,19),(58,10,64,19),(59,10,63,19),(60,10,62,19),(61,10,61,19),(62,10,60,19),(63,10,59,19),(64,10,58,19),(65,10,57,19),(66,10,56,19),(67,10,55,19),(68,10,54,19),(69,10,53,19),(70,10,52,19),(71,10,51,19),(72,10,50,19),(73,10,49,19),(74,10,67,19),(75,10,48,19),(76,10,47,19),(77,10,46,19),(78,10,45,19),(79,10,44,19),(80,10,43,19),(81,10,42,19),(82,10,41,19),(83,10,40,19),(84,10,39,19),(85,10,38,19),(86,10,37,19),(87,10,36,19),(88,10,35,19),(89,10,34,19),(90,10,33,19),(91,10,32,19),(92,10,31,19),(93,10,30,19),(94,10,29,19),(95,10,28,19),(96,10,27,19),(97,10,26,19),(98,10,25,19),(99,10,24,19),(100,10,23,19),(101,10,22,19),(102,10,21,19),(103,10,20,19),(104,10,19,19),(105,10,18,19),(106,10,17,19),(107,10,16,19),(108,10,15,19),(109,10,14,19),(110,10,13,19),(111,10,12,19),(112,10,11,19),(113,10,10,19),(114,10,9,19),(115,10,8,19),(116,10,7,19),(117,10,69,19),(119,11,71,0),(128,11,83,0),(129,11,84,0),(130,11,85,0),(131,11,86,0),(136,11,91,0),(138,11,93,19),(139,11,94,0),(140,11,95,19),(141,11,96,0),(143,11,98,0),(144,11,99,0),(145,11,100,0),(147,11,102,0),(160,11,115,0),(162,11,117,0),(163,11,118,0),(164,11,119,0),(165,11,120,0),(166,11,121,0),(177,11,130,0),(178,11,131,0),(179,10,72,22);

--
-- Table structure for table `siteuser_groups`
--

CREATE TABLE `siteuser_groups` (
  `id` int(11) NOT NULL AUTO_INCREMENT,
  `site_id` int(11) NOT NULL DEFAULT '0',
  `name` varchar(255) NOT NULL,
  `description` mediumtext,
  `default` tinyint(1) NOT NULL DEFAULT '0',
  `user_id` int(11) NOT NULL DEFAULT '0',
  `deleted` tinyint(1) unsigned NOT NULL DEFAULT '0',
  PRIMARY KEY (`id`),
  KEY `deleted` (`deleted`,`site_id`)
) ENGINE=MyISAM AUTO_INCREMENT=12 DEFAULT CHARSET=utf8;

--
-- Dumping data for table `siteuser_groups`
--

INSERT INTO `siteuser_groups` VALUES (10,2,'Дилер','',0,19,0),(11,2,'Розница','',1,19,0);

--
-- Table structure for table `siteuser_identities`
--

CREATE TABLE `siteuser_identities` (
  `id` int(11) NOT NULL AUTO_INCREMENT,
  `siteuser_identity_provider_id` int(11) NOT NULL DEFAULT '0',
  `siteuser_id` int(11) NOT NULL,
  `identity` varchar(255) NOT NULL,
  PRIMARY KEY (`id`),
  KEY `siteuser_id` (`siteuser_id`),
  KEY `siteuser_identity_provider_id` (`siteuser_identity_provider_id`,`identity`(30)) USING BTREE
) ENGINE=MyISAM DEFAULT CHARSET=utf8;

--
-- Dumping data for table `siteuser_identities`
--


--
-- Table structure for table `siteuser_identity_providers`
--

CREATE TABLE `siteuser_identity_providers` (
  `id` int(11) NOT NULL AUTO_INCREMENT,
  `site_id` int(11) NOT NULL,
  `name` varchar(255) NOT NULL,
  `active` tinyint(1) NOT NULL DEFAULT '1',
  `url` varchar(255) DEFAULT NULL,
  `image` varchar(255) DEFAULT NULL,
  `sorting` smallint(6) NOT NULL DEFAULT '0',
  `type` tinyint(1) NOT NULL DEFAULT '0',
  `user_id` int(11) NOT NULL DEFAULT '0',
  `deleted` tinyint(1) unsigned NOT NULL DEFAULT '0',
  PRIMARY KEY (`id`),
  KEY `deleted` (`deleted`,`site_id`,`active`)
) ENGINE=MyISAM AUTO_INCREMENT=16 DEFAULT CHARSET=utf8;

--
-- Dumping data for table `siteuser_identity_providers`
--


--
-- Table structure for table `siteuser_people`
--

CREATE TABLE `siteuser_people` (
  `id` int(11) NOT NULL AUTO_INCREMENT,
  `siteuser_id` int(11) NOT NULL,
  `name` varchar(255) NOT NULL,
  `surname` varchar(255) DEFAULT NULL,
  `patronymic` varchar(255) DEFAULT NULL,
  `post` varchar(255) DEFAULT NULL,
  `birthday` date DEFAULT NULL,
  `sex` tinyint(1) unsigned NOT NULL DEFAULT '0',
  `image` varchar(255) NOT NULL DEFAULT '',
  `country` varchar(255) DEFAULT NULL,
  `postcode` varchar(32) DEFAULT NULL,
  `city` varchar(255) DEFAULT NULL,
  `address` varchar(255) DEFAULT NULL,
  `user_id` int(11) NOT NULL DEFAULT '0',
  `deleted` tinyint(1) unsigned NOT NULL DEFAULT '0',
  PRIMARY KEY (`id`),
  KEY `deleted` (`deleted`,`siteuser_id`)
) ENGINE=MyISAM AUTO_INCREMENT=124 DEFAULT CHARSET=utf8;

--
-- Dumping data for table `siteuser_people`
--

INSERT INTO `siteuser_people` VALUES (7,7,'Наталья','Чернявская','','',NULL,0,'','','','','',19,0),(8,8,'Валентина ','Ижакевич','','',NULL,0,'','','','','',19,0),(9,9,'Василий ','Кушнир','','',NULL,0,'','','','','',19,0),(10,10,'Дмитрий ','Иванов','','',NULL,0,'','','','','',19,0),(11,11,'Анна ','Приходько','','',NULL,0,'','','','','',19,0),(12,12,'Инна','Зинченко ','','',NULL,0,'','','','','',19,0),(13,13,'Черновцы','Толкачев ','','',NULL,0,'','','','','',19,0),(14,14,'Алина','Петрич ','','',NULL,0,'','','','','',19,0),(15,15,'ФОП','Гончаренко','','',NULL,0,'','','','','',19,0),(16,16,'Киев','Хищенко ','','',NULL,0,'','','','','',19,0),(17,17,'Арапатий','','','',NULL,0,'','','','','',19,0),(18,18,'Инна','Мазурец ','','',NULL,0,'','','','','',19,0),(19,19,'','Романец','','',NULL,0,'','','','','',19,0),(20,20,'','Шкурдодо','','',NULL,0,'','','','','',19,0),(21,21,'Олег ','Винник ','Андреевич','',NULL,0,'','','','','',19,0),(22,22,'Ивахив323232','','','',NULL,0,'','','','','',19,0),(23,23,'Оксана','Лысенко ','','',NULL,0,'','','','','',19,0),(24,24,'Ярослав','Степанишин ','','',NULL,0,'','','','','',19,0),(25,25,'','Акберова','','',NULL,0,'','','','','',19,0),(26,26,'Дмитрий','Корзун ','','',NULL,0,'','','','','',19,0),(27,27,'Алина','Рекун ','','',NULL,0,'','','','','',19,0),(28,28,'Наталья ','Яновская','','',NULL,0,'','','','','',19,0),(29,29,'Ярослав ','Антоник','','',NULL,0,'','','','','',19,0),(30,30,'Александр','Вепринский ','','',NULL,0,'','','','','',19,0),(31,31,'Александр','Свинаренко ','','',NULL,0,'','','','','',19,0),(32,32,'Олег','Бутенко ','','',NULL,0,'','','','','',19,0),(33,33,'Анна','Сенишина ','','',NULL,0,'','','','','',19,0),(34,34,'Ирина','Ивченко ','','',NULL,0,'','','','','',19,0),(35,35,'Виктория','Юпко ','','',NULL,0,'','','','','',19,0),(36,36,'Дмитрий','Перспективный ','','',NULL,0,'','','','','',19,0),(37,37,'Эдуард','Князев ','','',NULL,0,'','','','','',19,0),(38,38,'Николай','Маслов ','','',NULL,0,'','','','','',19,0),(39,39,'Андрей','Канафоцкий ','','',NULL,0,'','','','','',19,0),(40,40,'Наталья','Червоненко ','','',NULL,0,'','','','','',19,0),(41,41,'Валерий','Теодорович ','','',NULL,0,'','','','','',19,0),(42,42,'Елена','Михельсон ','','',NULL,0,'','','','','',19,0),(43,43,'ТОВ ','Якiсний Продукт-Плюс','','',NULL,0,'','','','','',19,0),(44,44,'Марина','Шпак ','','',NULL,0,'','','','','',19,0),(45,45,'Сергей','Нагорный ','','',NULL,0,'','','','','',19,0),(46,46,'Андрей ','\"Тензор\"','','',NULL,0,'','','','','',19,0),(47,47,'Людмила','Свириденко ','','',NULL,0,'','','','','',19,0),(48,48,'Владимир','Ходынь ','','',NULL,0,'','','','','',19,0),(49,49,'Зинаида','Бедзир ','','',NULL,0,'','','','','',19,0),(50,50,'Наталья','Ризова ','','',NULL,0,'','','','','',19,0),(51,51,'Людмила ','Декарчук-Кравец','','',NULL,0,'','','','','',19,0),(52,52,'Ирина','Деменская ','','',NULL,0,'','','','','',19,0),(53,53,'Екатерина','Гаврилюк ','','',NULL,0,'','','','','',19,0),(54,54,'Людмила','Сорокина ','','',NULL,0,'','','','','',19,0),(55,55,'Анна','Полюга ','','',NULL,0,'','','','','',19,0),(56,56,'Алла ','Самческая','','',NULL,0,'','','','','',19,0),(57,57,'Виктория','Кожан ','','',NULL,0,'','','','','',19,0),(58,58,'Краматорск','Хищенко ','','',NULL,0,'','','','','',19,0),(59,59,'Виктория','Адаменко ','','',NULL,0,'','','','','',19,0),(60,60,'Николай','Петров ','','',NULL,0,'','','','','',19,0),(61,61,'Екатерина (Павел)','Порт ','','',NULL,0,'','','','','',19,0),(62,62,'Лидия ','Кириченко','','',NULL,0,'','','','','',19,0),(63,63,'Алена ','Богун','','',NULL,0,'','','','','',19,0),(64,65,'Эдуард','','','',NULL,0,'','','','','',19,0),(65,66,'Евгений','','','',NULL,0,'','','','','',19,0),(68,72,'ALEXANDR','YUDIN','','',NULL,0,'','','241050','Брянск','Ромашина 1-а, 63',19,0),(77,83,'tikhonov.vitaliy.uw@gmail.com','Розница','Александрович',NULL,NULL,0,'',NULL,'1',NULL,'днепр',0,0),(78,84,'Test','Test','Test',NULL,NULL,0,'',NULL,'нп1','','нп1',0,0),(79,85,'Test','Test','Test',NULL,NULL,0,'',NULL,'нп2',NULL,'нп2',0,0),(80,86,'Тест','Test','Тест',NULL,NULL,0,'',NULL,'нп1',NULL,'нп1',0,0),(85,91,'Тест','Тест','Тест',NULL,NULL,0,'',NULL,'нп1',NULL,'нп1',0,0),(87,93,'11','11','11',NULL,NULL,0,'',NULL,'',NULL,'11',19,0),(88,94,'Аааа','Ааа','Папа',NULL,NULL,0,'',NULL,'',NULL,'Аааааа',0,0),(89,95,'11','11','11',NULL,NULL,0,'',NULL,'1',NULL,'11',19,0),(90,96,'22','22','22',NULL,NULL,0,'',NULL,'',NULL,'22',0,0),(92,98,'Тестер','Тестов','Тестерович',NULL,NULL,0,'',NULL,'',NULL,'днепр_тест',0,0),(93,99,'еуые','еуые','еуые',NULL,NULL,0,'',NULL,'25',NULL,'lhijgblkjb.kb',0,0),(94,100,'еуіе','еуіе','еуіе',NULL,NULL,0,'',NULL,'49000',NULL,'Набережна Перемоги, 66, 82',0,0),(96,102,'nnn','12345','mmm',NULL,NULL,0,'',NULL,'',NULL,'днепр_тест',0,0),(109,115,'2222222222','1111111','333333',NULL,NULL,0,'',NULL,'1',NULL,'днепр',0,0),(111,117,'Maryna','Iurchenko','',NULL,NULL,0,'',NULL,'49000','Dnipro','Lipovaya street 34',0,0),(112,118,'sdsdsd','fsfdfsdf','sdfsdfsdf',NULL,NULL,0,'',NULL,'','','',0,0),(113,119,'Vitaliy','Tihonov','Alexandrovich',NULL,NULL,0,'',NULL,'1',NULL,'Dnepr',0,0),(114,120,'Тест','Test','Тест',NULL,NULL,0,'',NULL,'',NULL,'нп1',0,0),(115,121,'палмер','тед','дж',NULL,NULL,0,'',NULL,'',NULL,'днепр_тест',0,0),(122,130,'Анастасия','Захарова','',NULL,NULL,0,'',NULL,'','Киев','',0,0),(123,131,'тест','тест','',NULL,NULL,0,'',NULL,'',NULL,'',0,0);

--
-- Table structure for table `siteuser_people_directory_emails`
--

CREATE TABLE `siteuser_people_directory_emails` (
  `id` int(11) NOT NULL AUTO_INCREMENT,
  `siteuser_person_id` int(11) NOT NULL,
  `directory_email_id` int(11) NOT NULL,
  PRIMARY KEY (`id`),
  UNIQUE KEY `siteuser_person_id` (`siteuser_person_id`,`directory_email_id`),
  KEY `directory_email_id` (`directory_email_id`)
) ENGINE=MyISAM AUTO_INCREMENT=121 DEFAULT CHARSET=utf8;

--
-- Dumping data for table `siteuser_people_directory_emails`
--

INSERT INTO `siteuser_people_directory_emails` VALUES (4,7,7),(5,8,8),(6,9,9),(7,10,10),(8,11,11),(9,12,12),(10,13,13),(11,14,14),(12,15,15),(13,16,16),(14,17,17),(15,18,18),(16,19,19),(17,20,20),(18,21,21),(19,22,22),(20,23,23),(21,24,24),(22,25,25),(23,26,26),(24,27,27),(25,28,28),(26,29,29),(27,30,30),(28,31,31),(29,32,32),(30,33,33),(31,34,34),(32,35,35),(33,36,36),(34,37,37),(35,38,38),(36,39,39),(37,40,40),(38,41,41),(39,42,42),(40,43,43),(41,44,44),(42,45,45),(43,46,46),(44,47,47),(45,48,48),(46,49,49),(47,50,50),(48,51,51),(49,52,52),(50,53,53),(51,54,54),(52,55,55),(53,56,56),(54,57,57),(55,58,58),(56,59,59),(57,60,60),(58,61,61),(59,62,62),(60,63,63),(61,64,64),(62,65,65),(65,68,68),(74,77,77),(75,78,78),(76,79,79),(77,80,80),(82,85,85),(84,87,87),(85,88,88),(86,89,89),(87,90,90),(89,92,92),(90,93,93),(91,94,94),(93,96,96),(106,109,109),(108,111,111),(109,112,112),(110,113,113),(111,114,114),(112,115,115),(119,122,122),(120,123,123);

--
-- Table structure for table `siteuser_people_directory_messengers`
--

CREATE TABLE `siteuser_people_directory_messengers` (
  `id` int(11) NOT NULL AUTO_INCREMENT,
  `siteuser_person_id` int(11) NOT NULL,
  `directory_messenger_id` int(11) NOT NULL,
  PRIMARY KEY (`id`),
  UNIQUE KEY `siteuser_person_id` (`siteuser_person_id`,`directory_messenger_id`),
  KEY `directory_messenger_id` (`directory_messenger_id`)
) ENGINE=MyISAM DEFAULT CHARSET=utf8;

--
-- Dumping data for table `siteuser_people_directory_messengers`
--


--
-- Table structure for table `siteuser_people_directory_phones`
--

CREATE TABLE `siteuser_people_directory_phones` (
  `id` int(11) NOT NULL AUTO_INCREMENT,
  `siteuser_person_id` int(11) NOT NULL,
  `directory_phone_id` int(11) NOT NULL,
  PRIMARY KEY (`id`),
  UNIQUE KEY `siteuser_person_id` (`siteuser_person_id`,`directory_phone_id`),
  KEY `directory_phone_id` (`directory_phone_id`)
) ENGINE=MyISAM AUTO_INCREMENT=61 DEFAULT CHARSET=utf8;

--
-- Dumping data for table `siteuser_people_directory_phones`
--

INSERT INTO `siteuser_people_directory_phones` VALUES (6,68,12),(15,77,21),(16,78,22),(17,79,23),(18,80,24),(23,85,29),(25,87,31),(26,88,32),(27,89,33),(28,90,34),(30,92,36),(31,93,37),(32,94,38),(34,96,40),(47,109,53),(49,111,55),(50,113,56),(51,114,57),(52,115,58),(59,122,65),(60,123,66);

--
-- Table structure for table `siteuser_people_directory_socials`
--

CREATE TABLE `siteuser_people_directory_socials` (
  `id` int(11) NOT NULL AUTO_INCREMENT,
  `siteuser_person_id` int(11) NOT NULL,
  `directory_social_id` int(11) NOT NULL,
  PRIMARY KEY (`id`),
  UNIQUE KEY `siteuser_person_id` (`siteuser_person_id`,`directory_social_id`),
  KEY `directory_social_id` (`directory_social_id`)
) ENGINE=MyISAM DEFAULT CHARSET=utf8;

--
-- Dumping data for table `siteuser_people_directory_socials`
--


--
-- Table structure for table `siteuser_people_directory_websites`
--

CREATE TABLE `siteuser_people_directory_websites` (
  `id` int(11) NOT NULL AUTO_INCREMENT,
  `siteuser_person_id` int(11) NOT NULL,
  `directory_website_id` int(11) NOT NULL,
  PRIMARY KEY (`id`),
  UNIQUE KEY `siteuser_person_id` (`siteuser_person_id`,`directory_website_id`),
  KEY `directory_website_id` (`directory_website_id`)
) ENGINE=MyISAM DEFAULT CHARSET=utf8;

--
-- Dumping data for table `siteuser_people_directory_websites`
--


--
-- Table structure for table `siteuser_properties`
--

CREATE TABLE `siteuser_properties` (
  `id` int(11) NOT NULL AUTO_INCREMENT,
  `site_id` int(11) NOT NULL,
  `property_id` int(11) NOT NULL,
  PRIMARY KEY (`id`),
  UNIQUE KEY `site_id` (`site_id`,`property_id`),
  UNIQUE KEY `property_id` (`property_id`)
) ENGINE=MyISAM AUTO_INCREMENT=5 DEFAULT CHARSET=utf8;

--
-- Dumping data for table `siteuser_properties`
--

INSERT INTO `siteuser_properties` VALUES (1,1,175),(2,1,176),(3,1,177);

--
-- Table structure for table `siteuser_property_dirs`
--

CREATE TABLE `siteuser_property_dirs` (
  `id` int(11) NOT NULL AUTO_INCREMENT,
  `site_id` int(11) NOT NULL,
  `property_dir_id` int(11) NOT NULL,
  PRIMARY KEY (`id`),
  UNIQUE KEY `site_id` (`site_id`,`property_dir_id`),
  UNIQUE KEY `property_dir_id` (`property_dir_id`)
) ENGINE=MyISAM AUTO_INCREMENT=4 DEFAULT CHARSET=utf8;

--
-- Dumping data for table `siteuser_property_dirs`
--


--
-- Table structure for table `siteuser_relationship_types`
--

CREATE TABLE `siteuser_relationship_types` (
  `id` int(11) NOT NULL AUTO_INCREMENT,
  `site_id` int(11) NOT NULL,
  `name` varchar(255) NOT NULL,
  `deleted` tinyint(1) unsigned NOT NULL DEFAULT '0',
  PRIMARY KEY (`id`),
  KEY `deleted` (`deleted`,`site_id`)
) ENGINE=MyISAM AUTO_INCREMENT=3 DEFAULT CHARSET=utf8;

--
-- Dumping data for table `siteuser_relationship_types`
--

INSERT INTO `siteuser_relationship_types` VALUES (1,1,'Коллеги',0),(2,2,'Одноклассники',0);

--
-- Table structure for table `siteuser_relationships`
--

CREATE TABLE `siteuser_relationships` (
  `id` int(11) NOT NULL AUTO_INCREMENT,
  `siteuser_id` int(11) NOT NULL DEFAULT '0',
  `recipient_siteuser_id` int(11) NOT NULL DEFAULT '0',
  `siteuser_relationship_type_id` int(11) NOT NULL DEFAULT '0',
  `read` tinyint(1) unsigned NOT NULL DEFAULT '0',
  PRIMARY KEY (`id`),
  UNIQUE KEY `siteuser_id` (`siteuser_id`,`recipient_siteuser_id`)
) ENGINE=MyISAM DEFAULT CHARSET=utf8;

--
-- Dumping data for table `siteuser_relationships`
--


--
-- Table structure for table `siteuser_sources`
--

CREATE TABLE `siteuser_sources` (
  `id` int(11) NOT NULL AUTO_INCREMENT,
  `name` varchar(255) NOT NULL,
  `color` varchar(7) NOT NULL,
  `sorting` smallint(6) NOT NULL DEFAULT '0',
  `user_id` int(11) NOT NULL,
  `deleted` tinyint(1) unsigned NOT NULL,
  PRIMARY KEY (`id`),
  KEY `deleted` (`deleted`) USING BTREE
) ENGINE=MyISAM AUTO_INCREMENT=8 DEFAULT CHARSET=utf8;

--
-- Dumping data for table `siteuser_sources`
--

INSERT INTO `siteuser_sources` VALUES (1,'Звонок','#2dbd56',10,19,0),(2,'Веб-сайт','#cb0dd9',100,19,0),(3,'Электронная почта','#e3633f',40,19,0),(4,'Совет/рекомендация','#9e98e0',90,19,0),(5,'Реклама','#f5ab23',20,19,0),(6,'Социальные сети','#0885fa',30,19,0),(7,'Другое','',110,19,0);

--
-- Table structure for table `siteuser_statuses`
--

CREATE TABLE `siteuser_statuses` (
  `id` int(11) NOT NULL AUTO_INCREMENT,
  `name` varchar(255) NOT NULL,
  `description` mediumtext,
  `color` varchar(7) NOT NULL DEFAULT '',
  `user_id` int(11) NOT NULL DEFAULT '0',
  `deleted` tinyint(1) unsigned NOT NULL DEFAULT '0',
  PRIMARY KEY (`id`),
  KEY `deleted` (`deleted`)
) ENGINE=MyISAM AUTO_INCREMENT=4 DEFAULT CHARSET=utf8;

--
-- Dumping data for table `siteuser_statuses`
--

INSERT INTO `siteuser_statuses` VALUES (1,'Надежный клиент','','#53a93f',19,0),(2,'Нудный клиент','','#2dc3e8',19,0),(3,'Покупает редко, но большими партиями','','#fb6e52',19,0);

--
-- Table structure for table `siteuser_types`
--

CREATE TABLE `siteuser_types` (
  `id` int(11) NOT NULL AUTO_INCREMENT,
  `name` varchar(255) NOT NULL,
  `color` varchar(7) NOT NULL DEFAULT '',
  `user_id` int(11) NOT NULL DEFAULT '0',
  `deleted` tinyint(1) unsigned NOT NULL DEFAULT '0',
  PRIMARY KEY (`id`),
  KEY `deleted` (`deleted`)
) ENGINE=MyISAM AUTO_INCREMENT=7 DEFAULT CHARSET=utf8;

--
-- Dumping data for table `siteuser_types`
--

INSERT INTO `siteuser_types` VALUES (1,'Розница','#a0d468',19,0),(2,'Дилер','#ffce55',19,0);

--
-- Table structure for table `siteuser_users`
--

CREATE TABLE `siteuser_users` (
  `id` int(11) NOT NULL AUTO_INCREMENT,
  `siteuser_id` int(11) NOT NULL,
  `user_id` int(11) NOT NULL,
  PRIMARY KEY (`id`),
  KEY `siteuser_id` (`siteuser_id`),
  KEY `user_id` (`user_id`)
) ENGINE=MyISAM DEFAULT CHARSET=utf8;

--
-- Dumping data for table `siteuser_users`
--


--
-- Table structure for table `siteusers`
--

CREATE TABLE `siteusers` (
  `id` int(11) NOT NULL AUTO_INCREMENT,
  `site_id` int(11) NOT NULL DEFAULT '0',
  `siteuser_type_id` int(11) NOT NULL DEFAULT '0',
  `siteuser_status_id` int(11) NOT NULL DEFAULT '0',
  `siteuser_source_id` int(11) NOT NULL DEFAULT '0',
  `login` varchar(50) NOT NULL,
  `password` varchar(40) DEFAULT NULL,
  `email` varchar(255) DEFAULT NULL,
  `datetime` datetime DEFAULT NULL,
  `ip` varchar(23) DEFAULT NULL,
  `guid` varchar(100) DEFAULT NULL,
  `active` tinyint(1) NOT NULL DEFAULT '0',
  `user_id` int(11) NOT NULL DEFAULT '0',
  `last_activity` datetime DEFAULT NULL,
  `deleted` tinyint(1) unsigned NOT NULL DEFAULT '0',
  PRIMARY KEY (`id`),
  KEY `deleted` (`deleted`,`site_id`,`active`),
  KEY `login` (`login`,`password`,`deleted`),
  KEY `email` (`email`(30),`login`(30),`deleted`),
  KEY `guid` (`guid`(30),`deleted`)
) ENGINE=MyISAM AUTO_INCREMENT=132 DEFAULT CHARSET=utf8;

--
-- Dumping data for table `siteusers`
--

INSERT INTO `siteusers` VALUES (7,2,2,0,0,'chern_n@ukr.net','668d8d2b2c52ae43505bb2a21da2722c','chern_n@ukr.net','2018-12-17 23:41:47','31.132.172.99','4629B789-2DBC-CB35-2485-6B99C16CE9AD',1,19,'2019-01-15 20:53:54',0),(8,2,2,0,0,'izh_valya@ukr.net','7714887a560cbbfa0a5d5b4ea9c2a8be','izh_valya@ukr.net','2018-12-17 23:50:05','31.132.172.99','61F9E575-EFE0-EC57-E2AD-89B09DF4E946',1,19,NULL,0),(9,2,2,0,0,'kushnirvv140163@gmail.com','ad09192082550a88d686a063eb32da69','kushnirvv140163@gmail.com','2018-12-17 23:52:15','31.132.172.99','65CF50E3-EAC3-9107-E739-BF2F8C3A80B8',1,19,NULL,0),(10,2,2,0,0,'divan315@gmail.com','6219ea41627b1ae52af48d458a3ecc68','divan315@gmail.com','2018-12-17 23:54:26','31.132.172.99','37E89B54-8CC3-6868-8DEB-764A29DD2FFC',1,19,NULL,0),(11,2,2,0,0,'anna.kodi@mail.ru','ef82f5bf0611d174559fb7ee9f6f1de6','anna.kodi@mail.ru','2018-12-17 23:56:05','31.132.172.99','F3E4C09C-D0C3-2B01-3379-A4246C99DE74',1,19,NULL,0),(12,2,2,0,0,'proflinekrasa2011@gmail.com','99985eec511bcb315f62a6df81624bfd','proflinekrasa2011@gmail.com','2018-12-17 23:57:14','31.132.172.99','58809BFE-6D62-45FA-ABE0-F6ED40C0BD5C',1,19,NULL,0),(13,2,2,0,0,'tt@nails.ua','8d1cb173abdf8cb57f1d24104934ef9d','tt@nails.ua','2018-12-17 23:59:27','31.132.172.99','3A9BE74E-33D5-5550-4C8F-DC3E3985F40F',1,19,NULL,0),(14,2,2,0,0,'alina-maleeva00@rambler.ru','a556264e11529a7d15efcd8fa6056bd9','alina-maleeva00@rambler.ru','2018-12-18 00:00:52','31.132.172.99','82B39065-026C-8DEE-7D99-C7697E7F065F',1,19,NULL,0),(15,2,2,0,0,'Gontolyan@ukr.net','ef30d50dc7fa68c5ce1f3f39acb6ee44','Gontolyan@ukr.net','2018-12-18 00:02:07','31.132.172.99','1296014A-E104-14C5-10A7-B9495F85D1ED',1,19,NULL,0),(16,2,2,0,0,'zavsklada.kiev1.nfeya@gmail.com','d3be46400ad6b941a8dcb4ce1c9cb2f0','zavsklada.kiev1.nfeya@gmail.com','2018-12-18 00:04:04','31.132.172.99','F5377EA7-409E-0171-AD2E-2A1327EE72C5',1,19,NULL,0),(17,2,2,0,0,'arapatij@gmail.com','f615318da9012e242511b21bccccb1a0','arapatij@gmail.com','2018-12-18 00:06:01','31.132.172.99','22838BB6-B9F0-B98C-D62E-08E7B88D218A',1,19,NULL,0),(18,2,2,0,0,'inna_1211@ukr.net','eb3bd4ea3fda1b4fbb0718309a14029e','inna_1211@ukr.net','2018-12-18 00:07:12','31.132.172.99','A03A262C-44E5-E309-4BCF-9B8D0C613636',1,19,NULL,0),(19,2,2,0,0,'r.com@ukr.net','7764c7bb4ac9a4ff5a44bd5711532095','r.com@ukr.net','2018-12-18 00:08:15','31.132.172.99','D4B3D809-E289-01F6-3AE6-06B4524720C3',1,19,NULL,0),(20,2,2,0,0,'Etna88@list.ru','25ed187baa03b61c0f6d4a7c4b8cb547','Etna88@list.ru','2018-12-18 00:50:27','31.132.172.99','117554A6-F4B8-DE8E-86E9-BAE5EA50390D',1,19,NULL,0),(21,2,2,0,0,'beautyhand555@gmail.com','13b93818f2eacdacc01fdee443241357','beautyhand555@gmail.com','2018-12-18 00:51:42','31.132.172.99','99680EF5-44D4-0D74-3F8B-1E44EB41EDB3',1,19,NULL,0),(22,2,2,0,0,'Iramaterials@gmail.com','34087a54c03f84adee1ef6869841a276','Iramaterials@gmail.com','2018-12-18 00:53:34','31.132.172.99','80112888-ABE7-0139-BA0B-12C8AEBC86B1',1,19,NULL,0),(23,2,2,0,0,'Solinger.dp@gmail.com','8743ac28a8bc4b5b3ab3d0dd6a067fc1','Solinger.dp@gmail.com','2018-12-18 00:54:41','31.132.172.99','B11FEDDE-694B-C03C-092D-0A28022534F7',1,19,NULL,0),(24,2,2,0,0,'cristal.lviv@gmail.com','90b204840168088c6513f52883196ee4','cristal.lviv@gmail.com','2018-12-18 00:55:51','31.132.172.99','B38C1453-6A20-E333-F649-4A0AD5E16449',1,19,NULL,0),(25,2,2,0,0,'irenakor@ukr.net','eebaee7a25dd9384ca84f6ff5161d80d','irenakor@ukr.net','2018-12-18 00:57:10','31.132.172.99','F17FB95C-3D01-CC7A-B570-D50013BB0AB6',1,19,NULL,0),(26,2,2,0,0,'korzyn@mail.ru','b604afdc3fe17fb10c8020767674e242','korzyn@mail.ru','2018-12-18 00:58:52','31.132.172.99','94CDC7A4-6ADB-EFE0-C85A-82DF118345FE',1,19,NULL,0),(27,2,2,0,0,'alina.rekun91@mail.ru','222fcb1758f082a4e998c7c9a805ab30','alina.rekun91@mail.ru','2018-12-18 01:00:16','31.132.172.99','FA570232-9E85-A06D-77A8-E820756A9A25',1,19,NULL,0),(28,2,2,0,0,'natali_88-88@list.ru','62030d949889f084e2b4ed0af5e116e8','natali_88-88@list.ru','2018-12-18 01:01:48','31.132.172.99','6AE615F5-BDA5-2496-604B-64C5C234B4BC',1,19,NULL,0),(29,2,2,0,0,'ph5inform@gmail.com','64f54f2b3828dc2b0776f87e17813885','ph5inform@gmail.com','2018-12-18 01:02:58','31.132.172.99','4F3DEEE1-C486-3C88-61C8-05B0244A0F68',1,19,NULL,0),(30,2,2,0,0,'nailsml@ukr.net','cb913a08735b6f89db1047f9898f3e36','nailsml@ukr.net','2018-12-18 01:04:37','31.132.172.99','BD6EDC78-C1CF-C801-4436-037947E081FA',1,19,NULL,0),(31,2,2,0,0,'pnkr@ukr.net','b0e9d68008f91cea437d0857f90c2642','pnkr@ukr.net','2018-12-18 01:05:46','31.132.172.99','94618519-8A00-F277-C3F7-DA6631E48A96',1,19,NULL,0),(32,2,2,0,0,'edem.poltava@mail.ru','b45eb20b396525927abfded4ba705374','edem.poltava@mail.ru','2018-12-18 01:06:52','31.132.172.99','BAD33573-0528-536C-AD23-562EB5D34C28',0,19,NULL,0),(33,2,2,0,0,'nailsh2@ukr.net','102f64b8794d41e7e06f967b28186c2c','nailsh2@ukr.net','2018-12-18 01:08:02','31.132.172.99','200C9C05-45C3-4587-8851-CCB5F48A0112',1,19,NULL,0),(34,2,2,0,0,'mangosha84@rambler.ru','00c047edd96af961acb4afdcc3364dd4','mangosha84@rambler.ru','2018-12-18 01:09:00','31.132.172.99','8665F52A-B4B2-34B7-51BA-D306AE0E3BC1',1,19,NULL,0),(35,2,2,0,0,'nogtiua@list.ru','da06296cfecda23cc584e2aa29f0bd5e','nogtiua@list.ru','2018-12-18 01:10:24','31.132.172.99','F4EA39BB-2643-8C29-F5B3-075CF288C5BC',1,19,NULL,0),(36,2,2,0,0,'dm_silva@ukr.net','011364900b4da29013e57134ad4d5d7a','dm_silva@ukr.net','2018-12-18 01:11:54','31.132.172.99','B7752F0D-2A46-8EF8-4FA8-8F4482161434',1,19,NULL,0),(37,2,2,0,0,'edlen27@ukr.net','724da74953b2c3dcdb4413974432e672','edlen27@ukr.net','2018-12-18 01:13:23','31.132.172.99','A806E480-2314-FC55-296E-9F42F10685D4',1,19,NULL,0),(38,2,2,0,0,'nikma65@mail.ru','c323799a43c541fb3ef82ac18ab20ebb','nikma65@mail.ru','2018-12-18 01:15:21','31.132.172.99','4F6994D9-C311-0070-6C01-6B69F950F9F4',1,19,NULL,0),(39,2,2,0,0,'plaza-alstri@ukr.net','46daea99d3568a4bb96e186ca41ecff8','plaza-alstri@ukr.net','2018-12-18 01:16:37','31.132.172.99','6AB39B4E-93AB-F62D-3CF8-C20F77FE4102',1,19,NULL,0),(40,2,2,0,0,'natali251988@i.ua','31428b5c38e9269865a1f08851a8110b','natali251988@i.ua','2018-12-18 01:17:35','31.132.172.99','097A1C10-540A-71C7-76E9-818F93D90720',1,19,NULL,0),(41,2,2,0,0,'tval1@yandex.ua','b02a70a66c5d83801f4ce7c94460b6cc','tval1@yandex.ua','2018-12-18 01:19:03','31.132.172.99','B26168F2-92F9-8C68-DD61-1B6063E4C255',1,19,NULL,0),(42,2,2,0,0,'87malvina87@mail.ru','48f6a9c42bdb81f9bd93cb98da05eb3e','87malvina87@mail.ru','2018-12-18 01:20:15','31.132.172.99','AB5D955D-28EE-A62A-F646-0B189683318C',1,19,NULL,0),(43,2,2,0,0,'gorjatschow.i.v@gmail.com','1679f05d3ede705799794610fadeb467','gorjatschow.i.v@gmail.com','2018-12-18 01:21:09','31.132.172.99','7E9828B9-9A7E-E42B-3A30-6012993DCDC7',1,19,NULL,0),(44,2,2,0,0,'marishpak@gmail.com','53e702bc8760ce9d3a686712d008db09','marishpak@gmail.com','2018-12-18 01:22:41','31.132.172.99','D36ABA3C-A1FF-A154-85BB-7A46FD2B65CF',1,19,NULL,0),(45,2,2,0,0,'ira_grish@ukr.net','e7306fd1ecd71869285cde1b22eea9fa','ira_grish@ukr.net','2018-12-18 01:23:46','31.132.172.99','E8C849EF-0B08-591A-CF47-31A9C1FE1258',1,19,NULL,0),(46,2,2,0,0,'zhukovskaya08@mail.ru','93c4c040c2a26587a1b8b4b64d0ec3f0','zhukovskaya08@mail.ru','2018-12-18 01:25:13','31.132.172.99','ECB4F365-AF70-8B6F-F178-B8AE88AC8AEE',1,19,NULL,0),(47,2,2,0,0,'help7life@gmail.com','825b7d55e928cdf22695b4955b0f5c2b','help7life@gmail.com','2018-12-18 01:27:47','31.132.172.99','8841C710-00DE-1EF6-C192-8885DD7BC17C',1,19,NULL,0),(48,2,2,0,0,'bgn_ter@ukr.net','02039d804669d949a47d62ef91224957','bgn_ter@ukr.net','2018-12-18 01:28:40','31.132.172.99','071F3140-2CAC-6EBC-C03F-8932DA8A9212',1,19,NULL,0),(49,2,2,0,0,'nelliro1@rambler.ru','3663da3b5065ae899fabe0a9d6a31782','nelliro1@rambler.ru','2018-12-18 01:29:36','31.132.172.99','6FFADCE5-7D83-8329-7ECA-0FE827E0ED6F',1,19,NULL,0),(50,2,2,0,0,'Natasharizova@mail.ru','5e5e9e59d3360848f42d33d291acb260','Natasharizova@mail.ru','2018-12-18 01:30:27','31.132.172.99','649C908D-C1ED-C493-9120-10683A91D5E0',1,19,NULL,0),(51,2,2,0,0,'sentrdelux@mail.ru','ed9c346db27be2daa3060ce395d76834','sentrdelux@mail.ru','2018-12-18 01:31:13','31.132.172.99','B5C8ADAA-BADF-8D00-CADC-3673C8F62959',1,19,NULL,0),(52,2,2,0,0,'demenskaya@mail.ru','2dd30d29c46ca02d3348722309d3fe62','demenskaya@mail.ru','2018-12-18 01:32:25','31.132.172.99','280E2CDF-FB76-0BA0-1C62-4AD1006326C9',1,19,NULL,0),(53,2,2,0,0,'katya.gavrilyuk03@ukr.net','f24e0ad866cfdc9cbac458d4fbd0bc17','katya.gavrilyuk03@ukr.net','2018-12-18 01:33:12','31.132.172.99','EEE6C5AB-B821-C5C6-9085-1DAA5BA10C3D',1,19,NULL,0),(54,2,2,0,0,'Lyudmil_dushako@mail.ru','f89578d32c5a31b597fa1b9c6ea0c56d','Lyudmil_dushako@mail.ru','2018-12-18 01:34:31','31.132.172.99','4FD436BE-D0D7-A2EF-B187-555E45FD43E0',1,19,NULL,0),(55,2,2,0,0,'skoropad@gmail.com','5d7cb14dd8f172e8f38666b514fc7a6c','skoropad@gmail.com','2018-12-18 01:35:30','31.132.172.99','B62A0444-472C-9661-7626-AE7B88B6A89C',1,19,NULL,0),(56,2,2,0,0,'nailarts@mail.ru','f1f90f092cec867cec3f593c516dff79','nailarts@mail.ru','2018-12-18 01:36:28','31.132.172.99','9C094E61-FBA2-7578-8CEB-99FAC68E5704',1,19,NULL,0),(57,2,2,0,0,'vicylca@mail.ru','cd126759dc7ebb2a139e156af001a389','vicylca@mail.ru','2018-12-18 01:37:32','31.132.172.99','C0D617C9-B94B-9CC3-6E19-A0816AAD9E96',1,19,NULL,0),(58,2,2,0,0,'boss@nfeya.com','001c39c2972892d6bca2c09f3191c344','boss@nfeya.com','2018-12-18 01:38:30','31.132.172.99','E19D084E-41C6-FB48-1474-E05C0122D314',1,19,NULL,0),(59,2,2,0,0,'viktoriaadamenko7@gmail.com','99af65ce83467e62705aadf65f0af02e','viktoriaadamenko7@gmail.com','2018-12-18 01:39:28','31.132.172.99','1C8169B4-31E6-367B-8D55-58DF0CC3BFA9',1,19,NULL,0),(60,2,2,0,0,'pnv2004@list.ru','cba479c6f947f6a15a1b5a426622fba8','pnv2004@list.ru','2018-12-18 01:40:23','31.132.172.99','87EE0091-9BD1-8A80-8288-D8C9C51E2290',1,19,NULL,0),(61,2,2,0,0,'artglamour_zt@mail.ru','612d848558b3cbd25fa5d2aac2de56c9','artglamour_zt@mail.ru','2018-12-18 01:41:35','31.132.172.99','29C08ADD-8D97-19A8-21C8-0DA5D896C260',1,19,NULL,0),(62,2,2,0,0,'lidushka1983@gmail.com','fc849d715f5b4769aa44262c8818ccd1','lidushka1983@gmail.com','2018-12-18 01:42:41','31.132.172.99','B36B1A43-F86D-BDCD-DE62-D82143D73B88',1,19,NULL,0),(63,2,2,0,0,'alyonchikbogun@gmail.com','34e8a6c38c0595a684065f816ba8c675','alyonchikbogun@gmail.com','2018-12-18 01:43:48','31.132.172.99','94700A5E-C052-837C-D54C-4C2DC6EFE4F3',1,19,NULL,0),(64,2,2,0,0,'aleksey@nails.ua','116dc17fce5dc548d8c12653019e0527','aleksey@nails.ua','2018-12-18 01:44:51','31.132.172.99','32315E05-1C9B-6E37-4354-0877064CC8D4',1,19,NULL,0),(65,2,2,0,0,'shop@nails.ua','02b48b1590e2a63a7f4c3c3a162d07ad','shop@nails.ua','2018-12-18 01:45:54','31.132.172.99','CF3C4212-6926-D320-D44E-59DB1B0A55E6',1,19,NULL,0),(66,2,2,0,0,'evg@nails.ua','a854c0b8c24fc05afaeb40247eec7215','evg@nails.ua','2018-12-18 01:46:53','31.132.172.99','AD330575-AC90-BD5F-84A3-35F67ADCE3F1',1,19,NULL,0),(67,2,2,0,0,'fx3500@gmail.com','76bbec4f88893c08ecd948c60414c7e7','fx3500@gmail.com','2018-12-18 01:48:02','31.132.172.99','ADE0192E-75DE-B8FC-354A-262990DCB043',0,19,NULL,0),(72,2,0,0,0,'apelsindzagi@yandex.ru','fa800fb4d4a741a105968e7d897c49c5','apelsindzagi@yandex.ru','2019-02-26 12:06:27','95.29.164.7','',1,19,'2020-08-05 14:33:26',0),(69,2,2,0,0,'test-diller@nails.ua','6465985b6e10f7aacd8afb0ba7cd4d80','','2019-01-15 20:37:55','81.171.25.206','63E1A8DD-9C55-7586-E5F7-4AB58B91FED6',1,19,'2019-01-21 15:16:42',0),(71,2,0,0,0,'sadwin.supervisor@gmail.com','0d79dc489056f1b6bbf4f46255ad7d2e','sadwin.supervisor@gmail.com','2019-02-05 18:05:56','78.85.48.43','',1,0,'2019-02-10 14:46:05',0),(83,2,0,0,0,'tikhonov.vitaliy.uw@gmail.com','0d183f1782fadda2aa4c7af1a9cb963c','tikhonov.vitaliy.uw@gmail.com','2019-03-11 19:21:28','85.198.140.154','',1,0,'2019-04-05 12:01:16',0),(84,2,0,0,0,'marina.nektowich@gmail.com','04df1b465c2518644a4cb83bda5c5415','marina.nektowich@gmail.com','2019-03-12 10:47:28','195.24.136.74','',1,0,'2020-08-27 09:32:47',0),(85,2,0,0,0,'marina.nektowich@gmail.com','e272f482cf514d18c48f370c34d68f6a','marina.nektowich@gmail.com','2019-03-12 10:59:59','195.24.136.74','',1,0,'2019-03-12 17:53:32',0),(86,2,0,0,0,'marina.nektowich@gmail.com','f4066c07131ecf8e4175e098f9a63c8d','marina.nektowich@gmail.com','2019-03-12 17:54:48','195.24.136.74','',1,0,'2019-03-20 11:26:00',0),(91,2,0,0,0,'kiddokidsanalytics@gmail.com','535a48ccd0b9c1a1ea5c5ded7fc75cad','kiddokidsanalytics@gmail.com','2019-03-14 10:04:24','195.24.136.74','',1,0,'2019-03-19 12:34:21',0),(93,2,0,0,0,'11','60c36c40789946dc7f7225cf9abd0798','11','2019-03-14 18:49:44','89.255.92.244','',1,19,'2019-03-14 19:30:00',0),(94,2,0,0,0,'Аааа','ed09aa23ed7341693be10a4b4e417606','Аааа','2019-03-14 19:52:59','89.255.92.244','',1,0,'2019-03-14 19:53:00',0),(95,2,0,0,0,'111','57807c1152d99fcf904e1baf81657088','111','2019-03-15 15:58:48','176.59.33.48','',1,19,'2019-03-15 15:59:30',0),(96,2,0,0,0,'22','5d1ed9eec47db7fbafefc7323d6d0ac0','22','2019-03-15 16:20:21','176.59.33.48','',1,0,'2019-03-15 16:20:22',0),(98,2,0,0,0,'	tikhonov.vitaliy.uw@gmail.com','97e33b111f71606fecb8cda2bec96fb0','	tikhonov.vitaliy.uw@gmail.com','2019-03-19 19:40:02','85.198.140.154','',1,0,'2019-03-27 18:24:43',0),(99,2,0,0,0,'jlhvgljvh@jhjvh.com','e84251268438f0d13a2f5ad6f99c96fd','jlhvgljvh@jhjvh.com','2019-03-21 21:34:52','77.239.183.73','',1,0,'2019-03-21 21:45:03',0),(100,2,0,0,0,'dniproltm@gmail.com','0c8036baec0cf0785a29ccffb14b5931','dniproltm@gmail.com','2019-03-25 14:01:48','193.200.32.155','',1,0,'2019-03-25 14:25:19',0),(102,2,0,0,0,'baraboom77@gmail.com','c0b2be5e532d8507fc944c901b31a34d','baraboom77@gmail.com','2019-03-30 16:00:08','46.98.35.200','',1,0,'2019-03-30 16:02:51',0),(115,2,0,0,0,'offtop007@gmail.com','453268affaa0a2c3e333dc1652b54154','offtop007@gmail.com','2019-04-03 12:22:51','178.215.160.240','',1,0,'2019-04-03 12:24:23',0),(117,2,0,0,0,'lisalisa2000@mail.ru','102e33d1d44188046a9a96c4e7920c23','lisalisa2000@mail.ru','2019-04-04 14:39:16','81.171.25.206','',1,0,'2019-05-05 11:56:11',0),(118,2,0,0,0,'vernigora5000@mail.ru','102e33d1d44188046a9a96c4e7920c23','vernigora5000@mail.ru','2019-04-04 15:07:03','81.171.25.206','',1,0,'2019-04-04 15:20:46',0),(119,2,0,0,0,'vtkhnv@gmail.com','5920836ca4b1f7bb273480075eded815','vtkhnv@gmail.com','2019-04-05 11:58:40','81.171.25.206','',1,0,'2019-04-12 10:13:08',0),(120,2,0,0,0,'pamososis@red-mail.top','12311d05c9aa67765703984239511212','pamososis@red-mail.top','2019-04-05 15:23:46','195.24.136.74','',1,0,'2019-04-08 10:20:28',0),(121,2,0,0,0,'teddplm@gmail.com','373ef894d202a9c487bf28c6c558e790','teddplm@gmail.com','2019-04-06 00:05:30','93.79.111.223','',1,0,'2019-07-18 15:44:17',0),(130,2,0,0,0,'anastasia_zarova@ukr.net','6172773993916d2a6d2cfb0070b4b72e','anastasia_zarova@ukr.net','2019-11-08 14:09:38','212.90.34.204','',1,0,'2020-02-14 15:52:39',0),(131,2,0,0,0,'chernyak911@mail.ru','05567a50e0e7dfe4bf07a12cf0598424','chernyak911@mail.ru','2020-07-06 15:44:11','127.0.0.1','',1,0,NULL,0);

--
-- Table structure for table `sources`
--

CREATE TABLE `sources` (
  `id` int(11) unsigned NOT NULL AUTO_INCREMENT,
  `type` smallint(6) unsigned NOT NULL DEFAULT '0',
  `service` varchar(100) DEFAULT NULL,
  `campaign` varchar(100) DEFAULT NULL,
  `ad` varchar(100) DEFAULT NULL,
  `source` varchar(100) DEFAULT NULL,
  `medium` varchar(20) DEFAULT NULL,
  `content` varchar(100) DEFAULT NULL,
  `term` varchar(100) DEFAULT NULL,
  PRIMARY KEY (`id`)
) ENGINE=MyISAM DEFAULT CHARSET=utf8;

--
-- Dumping data for table `sources`
--


--
-- Table structure for table `structure_menus`
--

CREATE TABLE `structure_menus` (
  `id` int(11) unsigned NOT NULL AUTO_INCREMENT,
  `site_id` int(11) NOT NULL DEFAULT '0',
  `name` varchar(255) NOT NULL,
  `user_id` int(11) NOT NULL DEFAULT '0',
  `sorting` smallint(6) NOT NULL DEFAULT '0',
  `deleted` tinyint(1) unsigned NOT NULL DEFAULT '0',
  PRIMARY KEY (`id`),
  KEY `deleted` (`deleted`,`site_id`)
) ENGINE=MyISAM AUTO_INCREMENT=9 DEFAULT CHARSET=utf8;

--
-- Dumping data for table `structure_menus`
--

INSERT INTO `structure_menus` VALUES (8,2,'Меню городов обучения',19,0,0),(7,2,'Основное меню обучения',19,0,0),(5,2,'Верхнее меню',19,0,0),(6,2,'Список магазинов',19,0,0);

--
-- Table structure for table `structure_properties`
--

CREATE TABLE `structure_properties` (
  `id` int(11) NOT NULL AUTO_INCREMENT,
  `site_id` int(11) NOT NULL,
  `property_id` int(11) NOT NULL,
  PRIMARY KEY (`id`),
  UNIQUE KEY `site_id` (`site_id`,`property_id`),
  UNIQUE KEY `property_id` (`property_id`)
) ENGINE=MyISAM AUTO_INCREMENT=6 DEFAULT CHARSET=utf8;

--
-- Dumping data for table `structure_properties`
--


--
-- Table structure for table `structure_property_dirs`
--

CREATE TABLE `structure_property_dirs` (
  `id` int(11) NOT NULL AUTO_INCREMENT,
  `site_id` int(11) NOT NULL,
  `property_dir_id` int(11) NOT NULL,
  PRIMARY KEY (`id`),
  UNIQUE KEY `site_id` (`site_id`,`property_dir_id`),
  UNIQUE KEY `property_dir_id` (`property_dir_id`)
) ENGINE=MyISAM DEFAULT CHARSET=utf8;

--
-- Dumping data for table `structure_property_dirs`
--


--
-- Table structure for table `structures`
--

CREATE TABLE `structures` (
  `id` int(11) NOT NULL AUTO_INCREMENT,
  `structure_menu_id` int(11) NOT NULL DEFAULT '0',
  `template_id` int(11) NOT NULL DEFAULT '0',
  `data_template_id` int(11) NOT NULL DEFAULT '0',
  `site_id` int(11) NOT NULL DEFAULT '0',
  `document_id` int(11) DEFAULT NULL,
  `lib_id` int(11) NOT NULL DEFAULT '0',
  `parent_id` int(11) DEFAULT NULL,
  `options` text,
  `name` varchar(255) NOT NULL,
  `seo_title` mediumtext,
  `seo_description` mediumtext,
  `seo_keywords` mediumtext,
  `show` tinyint(1) NOT NULL DEFAULT '1',
  `url` varchar(255) DEFAULT NULL,
  `sorting` smallint(6) DEFAULT NULL,
  `path` varchar(255) CHARACTER SET utf8 COLLATE utf8_bin DEFAULT NULL,
  `type` tinyint(4) NOT NULL DEFAULT '0',
  `siteuser_group_id` int(11) NOT NULL DEFAULT '-1',
  `https` tinyint(1) NOT NULL,
  `active` tinyint(1) NOT NULL DEFAULT '0',
  `indexing` tinyint(1) NOT NULL DEFAULT '0',
  `changefreq` tinyint(4) NOT NULL DEFAULT '0',
  `priority` float NOT NULL DEFAULT '0',
  `user_id` int(11) NOT NULL DEFAULT '0',
  `deleted` tinyint(1) unsigned NOT NULL DEFAULT '0',
  PRIMARY KEY (`id`),
  KEY `site_id` (`site_id`,`deleted`,`active`,`structure_menu_id`),
  KEY `deleted` (`deleted`,`parent_id`,`site_id`,`path`(30),`active`)
) ENGINE=MyISAM AUTO_INCREMENT=507 DEFAULT CHARSET=utf8;

--
-- Dumping data for table `structures`
--

INSERT INTO `structures` VALUES (488,7,22,0,2,66,0,462,NULL,'Задать вопрос','','','',1,'',3,'voprosy-spetsialistam',0,0,0,1,1,2,0.5,19,0),(489,7,22,0,2,0,18,462,'{\"formId\":\"4\",\"mailType\":\"0\",\"emailFieldName\":\"email\",\"notificationMailXsl\":\"\\u041f\\u0438\\u0441\\u044c\\u043c\\u043e\\u041a\\u0443\\u0440\\u0430\\u0442\\u043e\\u0440\\u0443\\u0424\\u043e\\u0440\\u043c\\u044b\\u041a\\u043e\\u043d\\u0442\\u0430\\u043a\\u0442\\u044b\",\"formXsl\":\"\\u041e\\u0442\\u043e\\u0431\\u0440\\u0430\\u0437\\u0438\\u0442\\u044c\\u0424\\u043e\\u0440\\u043c\\u0443\\u041a\\u043e\\u043d\\u0442\\u0430\\u043a\\u0442\\u044b\"}','Написать нам','','','',1,'',4,'napisat-nam',2,0,0,1,1,2,0.5,19,0),(490,5,18,0,2,67,0,0,NULL,'Доставка и оплата','','','',1,'',7,'pay',0,0,0,1,1,2,0.5,19,0),(491,5,18,0,2,68,0,0,NULL,'Оптовые поставки','','','',1,'',8,'opt',0,0,0,1,1,2,0.5,19,0),(492,5,18,0,2,0,18,0,'{\"formId\":\"4\",\"mailType\":\"0\",\"emailFieldName\":\"email\",\"notificationMailXsl\":\"\\u041f\\u0438\\u0441\\u044c\\u043c\\u043e\\u041a\\u0443\\u0440\\u0430\\u0442\\u043e\\u0440\\u0443\\u0424\\u043e\\u0440\\u043c\\u044b\\u041a\\u043e\\u043d\\u0442\\u0430\\u043a\\u0442\\u044b\",\"formXsl\":\"\\u041e\\u0442\\u043e\\u0431\\u0440\\u0430\\u0437\\u0438\\u0442\\u044c\\u0424\\u043e\\u0440\\u043c\\u0443\\u041a\\u043e\\u043d\\u0442\\u0430\\u043a\\u0442\\u044b\"}','Контакты','','','',1,'',9,'feedback',2,0,0,1,1,2,0.5,19,0),(494,8,18,0,2,0,45,0,'{\"shopId\":\"3\",\"deliveryXsl\":\"\\u041c\\u0430\\u0433\\u0430\\u0437\\u0438\\u043d\\u0414\\u043e\\u0441\\u0442\\u0430\\u0432\\u043a\\u0438\",\"deliveryAddressXsl\":\"\\u041c\\u0430\\u0433\\u0430\\u0437\\u0438\\u043d\\u0410\\u0434\\u0440\\u0435\\u0441\\u0414\\u043e\\u0441\\u0442\\u0430\\u0432\\u043a\\u0438\",\"paymentSystemXsl\":\"\\u041c\\u0430\\u0433\\u0430\\u0437\\u0438\\u043d\\u041f\\u043b\\u0430\\u0442\\u0435\\u0436\\u043d\\u0430\\u044f\\u0421\\u0438\\u0441\\u0442\\u0435\\u043c\\u0430\",\"orderXsl\":\"\\u041e\\u0444\\u043e\\u0440\\u043c\\u043b\\u0435\\u043d\\u0438\\u0435\\u0417\\u0430\\u043a\\u0430\\u0437\\u0430\",\"cartXsl\":\"\\u041c\\u0430\\u0433\\u0430\\u0437\\u0438\\u043d\\u041a\\u043e\\u0440\\u0437\\u0438\\u043d\\u0430\",\"littleCartXsl\":\"\\u041c\\u0430\\u0433\\u0430\\u0437\\u0438\\u043d\\u041a\\u043e\\u0440\\u0437\\u0438\\u043d\\u0430\\u041a\\u0440\\u0430\\u0442\\u043a\\u0430\\u044f\\u041d\",\"~~xsl_quick_registration\":\"\\u041c\\u0430\\u0433\\u0430\\u0437\\u0438\\u043d\\u0411\\u044b\\u0441\\u0442\\u0440\\u0430\\u044f\\u0420\\u0435\\u0433\\u0438\\u0441\\u0442\\u0440\\u0430\\u0446\\u0438\\u044f\",\"~~xsl_registaration_letter\":\"\\u041f\\u0438\\u0441\\u044c\\u043c\\u043e\\u041f\\u043e\\u0434\\u0442\\u0432\\u0435\\u0440\\u0436\\u0434\\u0435\\u043d\\u0438\\u0435\\u0420\\u0435\\u0433\\u0438\\u0441\\u0442\\u0440\\u0430\\u0446\\u0438\\u0438\",\"userAuthorizationXsl\":\"\\u041b\\u0438\\u0447\\u043d\\u044b\\u0439\\u041a\\u0430\\u0431\\u0438\\u043d\\u0435\\u0442\\u041f\\u043e\\u043b\\u044c\\u0437\\u043e\\u0432\\u0430\\u0442\\u0435\\u043b\\u044f\",\"userRegistrationXsl\":\"\\u0420\\u0435\\u0433\\u0438\\u0441\\u0442\\u0440\\u0430\\u0446\\u0438\\u044f\\u041f\\u043e\\u043b\\u044c\\u0437\\u043e\\u0432\\u0430\\u0442\\u0435\\u043b\\u044f\"}','Корзина','','','',0,'',0,'cart',2,0,0,1,1,2,0.5,19,0),(495,8,18,0,2,70,0,0,NULL,'Ошибка 404','','','',0,'',0,'404',0,0,0,1,1,2,0.5,19,0),(496,8,18,0,2,0,5,0,'{\"xsl\":\"\\u041a\\u0430\\u0440\\u0442\\u0430\\u0421\\u0430\\u0439\\u0442\\u0430\",\"showInformationsystemGroups\":false,\"showInformationsystemItems\":false,\"showShopGroups\":false,\"showShopItems\":false,\"structureParentId\":\"0\"}','Карта сайта','','','',1,'',0,'map',2,0,0,1,1,2,0.5,19,0),(497,8,18,0,2,0,3,0,'{\"itemsOnPage\":\"10\",\"maxlen\":\"200\",\"searchOnCurrentSite\":false,\"xsl\":\"\\u041f\\u043e\\u0438\\u0441\\u043a\"}','Поиск','','','',0,'',0,'search',2,0,0,1,1,2,0.5,19,0),(498,8,18,0,2,0,36,0,'{\"shopId\":\"3\"}','Обмен с 1С','','','',1,'',0,'1c',2,0,0,1,0,2,0.5,19,0),(487,7,22,0,2,0,1,462,'{\"informationsystemId\":\"20\",\"itemsOnPage\":\"12\",\"page\":\"\\u0441\\u0442\\u0440\\u0430\\u043d\\u0438\\u0446\\u0430\",\"separator\":\" -\",\"showComments\":false,\"showAddComment\":\"0\",\"addedCommentActive\":false,\"commentMailNoticeType\":\"0\",\"informationsystemXsl\":\"\\u0421\\u043f\\u0438\\u0441\\u043e\\u043a\\u041a\\u0430\\u0440\\u0442\\u0438\\u043d\\u043e\\u043a\\u0413\\u0430\\u043b\\u0435\\u0440\\u0435\\u044f\\u041e\\u0431\\u0443\\u0447\\u0435\\u043d\\u0438\\u0435\",\"informationsystemItemXsl\":\"\\u041e\\u0442\\u043e\\u0431\\u0440\\u0430\\u0436\\u0435\\u043d\\u0438\\u0435\\u041f\\u043e\\u0434\\u0440\\u043e\\u0431\\u043d\\u043e\\u0439\\u0418\\u043d\\u0444\\u043e\\u0440\\u043c\\u0430\\u0446\\u0438\\u0438\\u041e\\u0424\\u043e\\u0442\\u043e\\u0433\\u0440\\u0430\\u0444\\u0438\\u0438\",\"addCommentAdminMailXsl\":\"\\u041e\\u0442\\u043f\\u0440\\u0430\\u0432\\u043a\\u0430\\u041f\\u0438\\u0441\\u044c\\u043c\\u0430\\u0410\\u0434\\u043c\\u0438\\u043d\\u0438\\u0441\\u0442\\u0440\\u0430\\u0442\\u043e\\u0440\\u0443\\u0414\\u043e\\u0431\\u0430\\u0432\\u043b\\u0435\\u043d\\u0438\\u0435\\u041a\\u043e\\u043c\\u043c\\u0435\\u043d\\u0442\\u0430\\u0440\\u0438\\u044f\",\"addCommentNoticeXsl\":\"\\u0423\\u0432\\u0435\\u0434\\u043e\\u043c\\u043b\\u0435\\u043d\\u0438\\u0435\\u0414\\u043e\\u0431\\u0430\\u0432\\u043b\\u0435\\u043d\\u0438\\u0435\\u041a\\u043e\\u043c\\u043c\\u0435\\u043d\\u0442\\u0430\\u0440\\u0438\\u044f\"}','Галерея работ','','','',1,'',2,'gallery',2,0,0,1,1,2,0.5,19,0),(486,7,22,0,2,0,1,462,'{\"informationsystemId\":\"19\",\"itemsOnPage\":\"12\",\"page\":\"\\u0441\\u0442\\u0440\\u0430\\u043d\\u0438\\u0446\\u0430\",\"separator\":\" -\",\"showComments\":false,\"showAddComment\":\"0\",\"addedCommentActive\":false,\"commentMailNoticeType\":\"0\",\"informationsystemXsl\":\"\\u0421\\u043f\\u0438\\u0441\\u043e\\u043a\\u042d\\u043b\\u0435\\u043c\\u0435\\u043d\\u0442\\u043e\\u0432\\u0418\\u043d\\u0444\\u043e\\u0441\\u0438\\u0441\\u0442\\u0435\\u043c\\u044b\\u041d\\u043e\\u0432\\u043e\\u0441\\u0442\\u0438\",\"informationsystemItemXsl\":\"\\u0412\\u044b\\u0432\\u043e\\u0434\\u0415\\u0434\\u0438\\u043d\\u0438\\u0446\\u044b\\u0418\\u043d\\u0444\\u043e\\u0440\\u043c\\u0430\\u0446\\u0438\\u043e\\u043d\\u043d\\u043e\\u0439\\u0421\\u0438\\u0441\\u0442\\u0435\\u043c\\u044b\\u041d\\u043e\\u0432\\u043e\\u0441\\u0442\\u0438\",\"addCommentAdminMailXsl\":\"\\u041e\\u0442\\u043f\\u0440\\u0430\\u0432\\u043a\\u0430\\u041f\\u0438\\u0441\\u044c\\u043c\\u0430\\u0410\\u0434\\u043c\\u0438\\u043d\\u0438\\u0441\\u0442\\u0440\\u0430\\u0442\\u043e\\u0440\\u0443\\u0414\\u043e\\u0431\\u0430\\u0432\\u043b\\u0435\\u043d\\u0438\\u0435\\u041a\\u043e\\u043c\\u043c\\u0435\\u043d\\u0442\\u0430\\u0440\\u0438\\u044f\",\"addCommentNoticeXsl\":\"\\u0423\\u0432\\u0435\\u0434\\u043e\\u043c\\u043b\\u0435\\u043d\\u0438\\u0435\\u0414\\u043e\\u0431\\u0430\\u0432\\u043b\\u0435\\u043d\\u0438\\u0435\\u041a\\u043e\\u043c\\u043c\\u0435\\u043d\\u0442\\u0430\\u0440\\u0438\\u044f\"}','Мастер-классы','','','',1,'',1,'virtualnyjj-master-klass',2,0,0,1,1,2,0.5,19,0),(483,8,22,0,2,63,0,482,NULL,'Общая информация','','','',1,'',0,'obshhaja-informatsija',0,0,0,1,1,2,0.5,19,0),(484,8,22,0,2,65,0,462,NULL,'Харьков','','','',1,'',0,'kharkov',0,0,0,1,1,2,0.5,19,0),(485,8,22,0,2,65,0,484,NULL,'Программа школы','','','',1,'',0,'programm_school',0,0,0,1,1,2,0.5,19,0),(470,8,22,0,2,55,0,468,NULL,'Новости и акции','','','',1,'',0,'novosti-i-aktsii',0,0,0,1,1,2,0.5,19,0),(471,8,22,0,2,56,0,468,NULL,'Контакты','','','',1,'',0,'kontakty',0,0,0,1,1,2,0.5,19,0),(472,8,22,0,2,57,0,462,NULL,'Киев','','','',1,'',0,'kiev',0,0,0,1,1,2,0.5,19,0),(473,8,22,0,2,57,0,472,NULL,'Контакты','','','',1,'',0,'kontakty',0,0,0,1,1,2,0.5,19,0),(474,8,22,0,2,58,0,472,NULL,'Программа школы','','','',1,'',0,'programm_school',0,0,0,1,1,2,0.5,19,0),(475,8,22,0,2,59,0,462,NULL,'Николаев','','','',1,'',0,'nikolaev',0,0,0,1,1,2,0.5,19,0),(476,8,22,0,2,59,0,475,NULL,'Программа школы','','','',1,'',0,'programm_school',0,0,0,1,1,2,0.5,19,0),(477,8,22,0,2,60,0,475,NULL,'Контакты','','','',1,'',0,'kontakty',0,0,0,1,1,2,0.5,19,0),(478,8,22,0,2,61,0,462,NULL,'Полтава','','','',1,'',0,'poltava',0,0,0,1,1,2,0.5,19,0),(479,8,22,0,2,61,0,478,NULL,'Программа школы','','','',1,'',0,'programm_school',0,0,0,1,1,2,0.5,19,0),(480,8,22,0,2,62,0,462,NULL,'Кривой Рог','','','',1,'',0,'krivojj-rog',0,0,0,1,1,2,0.5,19,0),(481,8,22,0,2,62,0,480,NULL,'Программа школы','','','',1,'',0,'programm_school',0,0,0,1,1,2,0.5,19,0),(482,8,22,0,2,63,0,462,NULL,'Никополь','','','',1,'',0,'nikopol',0,0,0,1,1,2,0.5,19,0),(469,8,17,0,2,0,0,468,NULL,'Программа школы','','','',1,'/school/zaporozhe/',0,'zaporozhe-m',3,0,0,1,1,2,0.5,19,0),(463,8,22,0,2,51,0,462,NULL,'Днепр','','','',1,'',0,'dnepropetrovsk',0,0,0,1,1,2,0.5,19,0),(504,8,17,0,2,0,0,0,NULL,'Тест СМС','','','',1,'',0,'test-sms',1,0,0,0,1,2,0.5,19,0),(505,8,18,0,2,0,45,0,'{\"shopId\":\"3\",\"deliveryXsl\":\"\\u041c\\u0430\\u0433\\u0430\\u0437\\u0438\\u043d\\u0414\\u043e\\u0441\\u0442\\u0430\\u0432\\u043a\\u0438\",\"deliveryAddressXsl\":\"\\u041c\\u0430\\u0433\\u0430\\u0437\\u0438\\u043d\\u0410\\u0434\\u0440\\u0435\\u0441\\u0414\\u043e\\u0441\\u0442\\u0430\\u0432\\u043a\\u0438\",\"paymentSystemXsl\":\"\\u041c\\u0430\\u0433\\u0430\\u0437\\u0438\\u043d\\u041f\\u043b\\u0430\\u0442\\u0435\\u0436\\u043d\\u0430\\u044f\\u0421\\u0438\\u0441\\u0442\\u0435\\u043c\\u0430\",\"orderXsl\":\"\\u041e\\u0444\\u043e\\u0440\\u043c\\u043b\\u0435\\u043d\\u0438\\u0435\\u0417\\u0430\\u043a\\u0430\\u0437\\u0430\",\"cartXsl\":\"\\u041c\\u0430\\u0433\\u0430\\u0437\\u0438\\u043d\\u041a\\u043e\\u0440\\u0437\\u0438\\u043d\\u0430\",\"littleCartXsl\":\"\\u041c\\u0430\\u0433\\u0430\\u0437\\u0438\\u043d\\u041a\\u043e\\u0440\\u0437\\u0438\\u043d\\u0430\\u041a\\u0440\\u0430\\u0442\\u043a\\u0430\\u044f\\u041d\",\"~~xsl_quick_registration\":\"\\u041c\\u0430\\u0433\\u0430\\u0437\\u0438\\u043d\\u0411\\u044b\\u0441\\u0442\\u0440\\u0430\\u044f\\u0420\\u0435\\u0433\\u0438\\u0441\\u0442\\u0440\\u0430\\u0446\\u0438\\u044f\",\"~~xsl_registaration_letter\":\"\\u041f\\u0438\\u0441\\u044c\\u043c\\u043e\\u041f\\u043e\\u0434\\u0442\\u0432\\u0435\\u0440\\u0436\\u0434\\u0435\\u043d\\u0438\\u0435\\u0420\\u0435\\u0433\\u0438\\u0441\\u0442\\u0440\\u0430\\u0446\\u0438\\u0438\",\"userAuthorizationXsl\":\"\\u041b\\u0438\\u0447\\u043d\\u044b\\u0439\\u041a\\u0430\\u0431\\u0438\\u043d\\u0435\\u0442\\u041f\\u043e\\u043b\\u044c\\u0437\\u043e\\u0432\\u0430\\u0442\\u0435\\u043b\\u044f\",\"userRegistrationXsl\":\"\\u0420\\u0435\\u0433\\u0438\\u0441\\u0442\\u0440\\u0430\\u0446\\u0438\\u044f\\u041f\\u043e\\u043b\\u044c\\u0437\\u043e\\u0432\\u0430\\u0442\\u0435\\u043b\\u044f\"}','Корзина - Чекаут','','','',0,'',0,'checkout',2,0,0,1,1,2,0.5,19,0),(465,8,17,0,2,0,0,463,NULL,'Программа школы','','','',1,'/school/dnepropetrovsk/',0,'dnepropetrovsk-programm',3,0,0,1,1,2,0.5,19,0),(466,8,22,0,2,52,0,463,NULL,'Новости и акции','','','',1,'',0,'novosti-i-aktsii',0,0,0,1,1,2,0.5,19,0),(467,8,22,0,2,53,0,463,NULL,'Контакты','','','',1,'',0,'kontakty',0,0,0,1,1,2,0.5,19,0),(468,8,22,0,2,54,0,462,NULL,'Запорожье','','','',1,'',0,'zaporozhe',0,0,0,1,1,2,0.5,19,0),(420,5,18,0,2,12,44,0,'{\"shopId\":\"3\",\"shopXsl\":\"\\u041c\\u0430\\u0433\\u0430\\u0437\\u0438\\u043d\\u041a\\u0430\\u0442\\u0430\\u043b\\u043e\\u0433\\u0422\\u043e\\u0432\\u0430\\u0440\\u043e\\u0432\\u041d\",\"shopItemXsl\":\"\\u041c\\u0430\\u0433\\u0430\\u0437\\u0438\\u043d\\u0422\\u043e\\u0432\\u0430\\u0440\\u041d\",\"addCommentAdminMailXsl\":\"\\u041f\\u0438\\u0441\\u044c\\u043c\\u043e\\u0410\\u0434\\u043c\\u0438\\u043d\\u0438\\u0441\\u0442\\u0440\\u0430\\u0442\\u043e\\u0440\\u0443\\u041e\\u0414\\u043e\\u0431\\u0430\\u0432\\u043b\\u0435\\u043d\\u0438\\u0438\\u041a\\u043e\\u043c\\u043c\\u0435\\u043d\\u0442\\u0430\\u0440\\u0438\\u044f\\u0412\\u0424\\u043e\\u0440\\u043c\\u0430\\u0442\\u0435HTML\",\"commentMailNoticeType\":\"0\",\"orderAdminNotificationXsl\":\"\\u041f\\u0438\\u0441\\u044c\\u043c\\u043e\\u0410\\u0434\\u043c\\u0438\\u043d\\u0438\\u0441\\u0442\\u0440\\u0430\\u0442\\u043e\\u0440\\u0443\",\"addCommentNoticeXsl\":\"\\u0423\\u0432\\u0435\\u0434\\u043e\\u043c\\u043b\\u0435\\u043d\\u0438\\u0435\\u0414\\u043e\\u0431\\u0430\\u0432\\u043b\\u0435\\u043d\\u0438\\u0435\\u041a\\u043e\\u043c\\u043c\\u0435\\u043d\\u0442\\u0430\\u0440\\u0438\\u044f\",\"orderUserNotificationXsl\":\"\\u041f\\u0438\\u0441\\u044c\\u043c\\u043e\\u041f\\u043e\\u043b\\u044c\\u0437\\u043e\\u0432\\u0430\\u0442\\u0435\\u043b\\u044e\"}','Главная','BLAZE NAILS гели гель-лаки акрилы пудры мономеры','Интернет магазин Blaze Nails. Материалы для наращивания гелем и акрилом  Ногтевой Сервис','Blaze Nails, Материалы для наращивания ногтей, Интернет магазин, гель, акрил, Blaze, уф-лампы, Nail Tek, гель-лаки ',1,'',1,'/',2,0,0,1,1,2,0.5,19,0),(462,5,22,0,2,50,0,0,NULL,'Обучение','','','',1,'',6,'school',0,0,0,1,1,2,0.5,19,0),(423,5,18,0,2,0,1,0,'{\"informationsystemId\":\"17\",\"itemsOnPage\":\"12\",\"page\":\"\\u0441\\u0442\\u0440\\u0430\\u043d\\u0438\\u0446\\u0430\",\"separator\":\" |\",\"showComments\":false,\"showAddComment\":\"0\",\"addedCommentActive\":false,\"commentMailNoticeType\":\"0\",\"informationsystemXsl\":\"\\u0421\\u043f\\u0438\\u0441\\u043e\\u043a\\u042d\\u043b\\u0435\\u043c\\u0435\\u043d\\u0442\\u043e\\u0432\\u0418\\u043d\\u0444\\u043e\\u0441\\u0438\\u0441\\u0442\\u0435\\u043c\\u044b\\u041d\\u043e\\u0432\\u043e\\u0441\\u0442\\u0438\",\"informationsystemItemXsl\":\"\\u0412\\u044b\\u0432\\u043e\\u0434\\u0415\\u0434\\u0438\\u043d\\u0438\\u0446\\u044b\\u0418\\u043d\\u0444\\u043e\\u0440\\u043c\\u0430\\u0446\\u0438\\u043e\\u043d\\u043d\\u043e\\u0439\\u0421\\u0438\\u0441\\u0442\\u0435\\u043c\\u044b\\u041d\\u043e\\u0432\\u043e\\u0441\\u0442\\u0438\",\"addCommentAdminMailXsl\":\"\\u041e\\u0442\\u043f\\u0440\\u0430\\u0432\\u043a\\u0430\\u041f\\u0438\\u0441\\u044c\\u043c\\u0430\\u0410\\u0434\\u043c\\u0438\\u043d\\u0438\\u0441\\u0442\\u0440\\u0430\\u0442\\u043e\\u0440\\u0443\\u0414\\u043e\\u0431\\u0430\\u0432\\u043b\\u0435\\u043d\\u0438\\u0435\\u041a\\u043e\\u043c\\u043c\\u0435\\u043d\\u0442\\u0430\\u0440\\u0438\\u044f\",\"addCommentNoticeXsl\":\"\\u0423\\u0432\\u0435\\u0434\\u043e\\u043c\\u043b\\u0435\\u043d\\u0438\\u0435\\u0414\\u043e\\u0431\\u0430\\u0432\\u043b\\u0435\\u043d\\u0438\\u0435\\u041a\\u043e\\u043c\\u043c\\u0435\\u043d\\u0442\\u0430\\u0440\\u0438\\u044f\"}','Новости и акции','Новости и акции','Свежие новости и акции Ногтевой Сервис','новости, акции',1,'',3,'news',2,0,0,1,1,2,0.5,19,0),(424,5,18,0,2,0,1,0,'{\"informationsystemId\":\"18\",\"itemsOnPage\":\"50\",\"page\":\"\\u0441\\u0442\\u0440\\u0430\\u043d\\u0438\\u0446\\u0430\",\"separator\":\" -\",\"showComments\":false,\"showAddComment\":\"0\",\"addedCommentActive\":false,\"commentMailNoticeType\":\"0\",\"informationsystemXsl\":\"\\u0421\\u043f\\u0438\\u0441\\u043e\\u043a\\u042d\\u043b\\u0435\\u043c\\u0435\\u043d\\u0442\\u043e\\u0432\\u0418\\u043d\\u0444\\u043e\\u0441\\u0438\\u0441\\u0442\\u0435\\u043c\\u044b\\u0421\\u0442\\u0430\\u0442\\u044c\\u0438\",\"informationsystemItemXsl\":\"\\u0412\\u044b\\u0432\\u043e\\u0434\\u0415\\u0434\\u0438\\u043d\\u0438\\u0446\\u044b\\u0418\\u043d\\u0444\\u043e\\u0440\\u043c\\u0430\\u0446\\u0438\\u043e\\u043d\\u043d\\u043e\\u0439\\u0421\\u0438\\u0441\\u0442\\u0435\\u043c\\u044b\\u0421\\u0442\\u0430\\u0442\\u044c\\u0438\",\"addCommentAdminMailXsl\":\"\\u041e\\u0442\\u043f\\u0440\\u0430\\u0432\\u043a\\u0430\\u041f\\u0438\\u0441\\u044c\\u043c\\u0430\\u0410\\u0434\\u043c\\u0438\\u043d\\u0438\\u0441\\u0442\\u0440\\u0430\\u0442\\u043e\\u0440\\u0443\\u0414\\u043e\\u0431\\u0430\\u0432\\u043b\\u0435\\u043d\\u0438\\u0435\\u041a\\u043e\\u043c\\u043c\\u0435\\u043d\\u0442\\u0430\\u0440\\u0438\\u044f\",\"addCommentNoticeXsl\":\"\\u0423\\u0432\\u0435\\u0434\\u043e\\u043c\\u043b\\u0435\\u043d\\u0438\\u0435\\u0414\\u043e\\u0431\\u0430\\u0432\\u043b\\u0435\\u043d\\u0438\\u0435\\u041a\\u043e\\u043c\\u043c\\u0435\\u043d\\u0442\\u0430\\u0440\\u0438\\u044f\"}','Статьи','Статьи о ногтях и материалах для наращивания ногтей','Практические статьи о наращивании для мастеров ногтевого сервиса.','статьи о ногтях, статьи о наращивании, статьи для мастеров',1,'',5,'article',2,0,0,1,1,2,0.5,19,0),(425,5,18,0,2,14,0,0,NULL,'О компании','','','',1,'',2,'about',0,0,0,1,1,2,0.5,19,0),(426,5,20,0,2,15,0,0,NULL,'Магазины','','','',1,'',4,'shops',0,0,0,1,1,2,0.5,19,0),(427,6,18,0,2,16,0,426,NULL,'Артемовск','','','материалы для наращивания ногтей Артемовск, наращивание ногтей Артемовск, купить материалы для наращивания ногтей Артемовск, мономеры Артемовск, гели Артемовск, материалы для салонов красоты Артемовск',1,'',0,'artemovsk',0,0,0,1,1,2,0.5,19,0),(428,6,18,0,2,17,0,426,NULL,'Винница','Ногтевой Сервис Винница','','материалы для наращивания ногтей Винница, наращивание ногтей Винница, купить материалы для наращивания ногтей Винница, мономеры Винница, гели Винница,материалы для салонов красоты Винница',1,'',0,'vinnica',0,0,0,1,1,2,0.5,19,0),(429,6,18,0,2,0,0,426,NULL,'Горловка','','','материалы для наращивания ногтей Горловка, наращивание ногтей Горловка, купить материалы для наращивания ногтей Горловка, мономеры Горловка, гели Горловка, материалы для салонов красоты Горловка',1,'',0,'gorlovka',1,0,0,1,1,2,0.5,19,0),(430,6,18,0,2,19,0,426,NULL,'Днепродзержинск','','','материалы для наращивания ногтей Днепродзержинск, наращивание ногтей Днепродзержинск, купить материалы для наращивания ногтей Днепродзержинск, мономеры Днепродзержинск, гели Днепродзержинск',1,'',0,'dneprodzerzhinsk',0,0,0,1,1,2,0.5,19,0),(431,6,18,0,2,18,0,426,NULL,'Днепропетровск','','','материалы для наращивания ногтей Днепропетровск, наращивание ногтей Днепропетровск, купить материалы для наращивания ногтей Днепропетровск, мономеры Днепропетровск, гели Днепропетровск, материалы для салонов красоты Днепропетровск',1,'',0,'dnepropetrovsk',0,0,0,1,1,2,0.5,19,0),(432,6,18,0,2,0,0,426,NULL,'Донецк','','','материалы для наращивания ногтей Донецк, наращивание ногтей Донецк, купить материалы для наращивания ногтей Донецк, мономеры Донецк, гели Донецк, материалы для салонов красоты Донецк',1,'',0,'donetsk',1,0,0,1,1,2,0.5,19,0),(433,6,20,0,2,20,0,426,NULL,'Житомир','Ногтевой Сервис Житомир','','материалы для наращивания ногтей Житомир, наращивание ногтей Житомир, купить материалы для наращивания ногтей Житомир, мономеры Житомир, гели Житомир, материалы для салонов красоты Житомир',1,'',0,'zhytomyr',0,0,0,1,1,2,0.5,19,0),(434,6,18,0,2,21,0,426,NULL,'Запорожье','','','материалы для наращивания ногтей Запорожье, наращивание ногтей Запорожье, купить материалы для наращивания ногтей Запорожье, мономеры Запорожье, гели Запорожье, материалы для салонов красоты Запорожье',1,'',0,'zaporojye',0,0,0,1,1,2,0.5,19,0),(435,6,18,0,2,22,0,426,NULL,'Ивано-Франковск','','','',1,'',0,'ivano-frankovsk',0,0,0,1,1,2,0.5,19,0),(436,6,18,0,2,23,0,426,NULL,'Киев','','','материалы для наращивания ногтей Киев, наращивание ногтей Киев, купить материалы для наращивания ногтей Киева, мономеры Киев, гели Киев, материалы для салонов красоты Киев',1,'',0,'kiev',0,0,0,1,1,2,0.5,19,0),(437,6,18,0,2,24,0,426,NULL,'Кировоград','Ногтевой Сервис Кировоград','','материалы для наращивания ногтей Кировоград, наращивание ногтей Кировоград, купить материалы для наращивания ногтей Кировоград,  гели Кировоград, материалы для салонов красоты Кировоград',1,'',0,'kirovograd',0,0,0,1,1,2,0.5,19,0),(438,6,18,0,2,25,0,426,NULL,'Константиновка','','','',1,'',0,'konstantinovka',0,0,0,1,1,2,0.5,19,0),(439,6,18,0,2,26,0,426,NULL,'Краматорск','','','',1,'',0,'kramatorsk',0,0,0,1,1,2,0.5,19,0),(440,6,18,0,2,27,0,426,NULL,'Кременчуг','','','материалы для наращивания ногтей Кременчуг, наращивание ногтей Кременчуг, купить материалы для наращивания ногтей Кременчуг, мономеры Кременчуг, гели Кременчуг, материалы для салонов красоты Кременчуг',1,'',0,'kremenchug',0,0,0,1,1,2,0.5,19,0),(441,6,18,0,2,28,0,426,NULL,'Кривой Рог','','','материалы для наращивания ногтей Кривой Рог, наращивание ногтей Кривой Рог, купить материалы для наращивания ногтей Кривой Рог, мономеры Кривой Рог, гели Кривой Рог, материалы для салонов красоты Кривой Рог',1,'',0,'krivoi_rog',0,0,0,1,1,2,0.5,19,0),(442,6,18,0,2,30,0,426,NULL,'Львов','Ногтевой Сервис Blaze Nails Львов','','материалы для наращивания ногтей Львов, гель-лаки Львов, наращивание ногтей Львов, купить материалы для наращивания ногтей Львов, мономеры Львов, гели Львов, материалы для салонов красоты Львов',1,'',0,'lvov',0,0,0,1,1,2,0.5,19,0),(443,6,18,0,2,31,0,426,NULL,'Мариуполь','','','материалы для наращивания ногтей Мариуполь, наращивание ногтей Мариуполь, купить материалы для наращивания ногтей Мариуполь, мономеры Мариуполь, гели Мариуполь, материалы для салонов красоты Мариуполь',1,'',0,'mariupol',0,0,0,1,1,2,0.5,19,0),(444,6,18,0,2,32,0,426,NULL,'Николаев','','','материалы для наращивания ногтей Николаев, гель-лаки Николаев',1,'',0,'nikolaev',0,0,0,1,1,2,0.5,19,0),(445,6,18,0,2,33,0,426,NULL,'Никополь','','','материалы для наращивания ногтей Никополь, наращивание ногтей Никополь, купить материалы для наращивания ногтей Никополь, мономеры Никополь, гели Никополь, материалы для салонов красоты Никополь',1,'',0,'nikopol',0,0,0,1,1,2,0.5,19,0),(446,6,18,0,2,34,0,426,NULL,'Новомосковск','','','материалы для наращивания ногтей Новомосковск, наращивание ногтей Новомосковск, купить материалы для наращивания ногтей Новомосковск, мономеры Новомосковск, гели Новомосковск, материалы для салонов красоты Новомосковск',1,'',0,'novomoskovsk',0,0,0,1,1,2,0.5,19,0),(447,6,18,0,2,35,0,426,NULL,'Одесса','','','материалы для наращивания ногтей Одесса, наращивание ногтей Одесса, купить материалы для наращивания ногтей Одесса, мономеры Одесса, гели Одесса, материалы для салонов красоты Одесса',1,'',0,'odessa',0,0,0,1,1,2,0.5,19,0),(448,6,18,0,2,36,0,426,NULL,'Павлоград','','','материалы для наращивания ногтей Павлоград, наращивание ногтей Павлоград, купить материалы для наращивания ногтей Павлоград, мономеры Павлоград, гели Павлоград, материалы для салонов красоты Павлоград',1,'',0,'pavlograd',0,0,0,1,1,2,0.5,19,0),(449,6,18,0,2,37,0,426,NULL,'Полтава','','','материалы для наращивания ногтей Полтава, наращивание ногтей Полтава, купить материалы для наращивания ногтей Полтава, мономеры Полтава, гели Полтава, материалы для салонов красоты Полтава',1,'',0,'poltava',0,0,0,1,1,2,0.5,19,0),(450,6,18,0,2,39,0,426,NULL,'Ровненская область','Ногтевой Сервис Ровненская область','','материалы для наращивания ногтей Ровненская область, наращивание ногтей Ровненская область, купить материалы для наращивания ногтей Ровненская область, мономеры Ровненская область, гели Ровненская область, материалы для салонов красоты Ровненская область',1,'',0,'rovnoobl',0,0,0,1,1,2,0.5,19,0),(451,6,18,0,2,38,0,426,NULL,'Ровно','Ногтевой Сервис Ровно','','гель-лаки Ровно, Blaze Ровно, материалы для наращивания ногтей Ровно, наращивание ногтей Ровно, купить материалы для наращивания ногтей Ровно, мономеры Ровно, гели Ровно, материалы для салонов красоты Ровно',1,'',0,'rovno',0,0,0,1,1,2,0.5,19,0),(452,6,18,0,2,40,0,426,NULL,'Славянск','','','материалы для наращивания ногтей Славянск, наращивание ногтей Славянск, купить материалы для наращивания ногтей Славянск, мономеры Славянск, гели Славянск, материалы для салонов красоты Славянск',1,'',0,'slavyansk',0,0,0,1,1,2,0.5,19,0),(453,6,18,0,2,41,0,426,NULL,'Сумы','Ногтевой Сервис Сумы','','материалы для наращивания ногтей Сумы, наращивание ногтей Сумы, купить материалы для наращивания ногтей Сумы, мономеры Сумы, гели Сумы, материалы для салонов красоты Сумы',1,'',0,'sumy',0,0,0,1,1,2,0.5,19,0),(454,6,18,0,2,42,0,426,NULL,'Тернополь','','','',1,'',0,'ternopol',0,0,0,1,1,2,0.5,19,0),(455,6,18,0,2,43,0,426,NULL,'Умань','','','',1,'',0,'uman',0,0,0,1,1,2,0.5,19,0),(456,6,18,0,2,44,0,426,NULL,'Харьков','','','материалы для наращивания ногтей Харьков, наращивание ногтей Харьков, купить материалы для наращивания ногтей Харьков, мономеры Харьков, гели Харьков, материалы для салонов красоты Харьков',1,'',0,'kharkov',0,0,0,1,1,2,0.5,19,0),(457,6,18,0,2,45,0,426,NULL,'Херсон','','Материалы для наращивания ногтей, гель-лаки Blaze Nails купить','материалы для наращивания ногтей Херсон, наращивание ногтей Херсон, купить материалы для наращивания ногтей Херсон, мономеры Херсон, гели Херсон, материалы для салонов красоты Херсон',1,'',0,'kherson',0,0,0,1,1,2,0.5,19,0),(458,6,18,0,2,46,0,426,NULL,'Хмельницкий','','Купить материалы для ногтей, гель-лаки, гели Ногтевой Сервис Хмельницкий','материалы для наращивания ногтей Хмельницкий, наращивание ногтей Хмельницкий, купить материалы для наращивания ногтей Хмельницкий, мономеры Хмельницкий, гели Хмельницкий, материалы для салонов красоты Хмельницкий',1,'',0,'khmelnitsky',0,0,0,1,1,2,0.5,19,0),(459,6,18,0,2,47,0,426,NULL,'Черкассы','Ногтевой Сервис Черкассы','','материалы для наращивания ногтей Черкассы, наращивание ногтей Черкассы, купить материалы для наращивания ногтей Черкассы, мономеры Черкассы, гели Черкассы, материалы для салонов красоты Черкассы',1,'',0,'cherkassy',0,0,0,1,1,2,0.5,19,0),(460,6,18,0,2,48,0,426,NULL,'Чернигов','Ногтевой Сервис Чернигов','','материалы для наращивания ногтей Чернигов, наращивание ногтей Чернигов, купить материалы для наращивания ногтей Чернигов, мономеры Чернигов, гели Чернигов, материалы для салонов красоты Чернигов',1,'',0,'chernigov',0,0,0,1,1,2,0.5,19,0),(461,6,18,0,2,49,0,426,NULL,'Черновцы','','','',1,'',0,'chernovci',0,0,0,1,1,2,0.5,19,0),(499,8,18,0,2,0,23,0,'{\"userAuthorizationXsl\":\"\\u041b\\u0438\\u0447\\u043d\\u044b\\u0439\\u041a\\u0430\\u0431\\u0438\\u043d\\u0435\\u0442\\u041f\\u043e\\u043b\\u044c\\u0437\\u043e\\u0432\\u0430\\u0442\\u0435\\u043b\\u044f\"}','Личный кабинет','','','',0,'',0,'users',2,0,0,1,1,2,0.5,19,0),(500,8,18,0,2,0,24,499,'{\"xslRestorePasswordMailXsl\":\"\\u041f\\u0438\\u0441\\u044c\\u043c\\u043e\\u041f\\u043e\\u0434\\u0442\\u0432\\u0435\\u0440\\u0436\\u0434\\u0435\\u043d\\u0438\\u0435\\u0420\\u0435\\u0433\\u0438\\u0441\\u0442\\u0440\\u0430\\u0446\\u0438\\u0438\",\"userRegistrationXsl\":\"\\u0420\\u0435\\u0433\\u0438\\u0441\\u0442\\u0440\\u0430\\u0446\\u0438\\u044f\\u041f\\u043e\\u043b\\u044c\\u0437\\u043e\\u0432\\u0430\\u0442\\u0435\\u043b\\u044f [NAILS]\"}','Регистрация','','','',0,'',0,'registration',2,0,0,1,1,2,0.5,19,0),(501,8,18,0,2,0,26,499,'{\"xslRestorePasswordMailXsl\":\"\\u041f\\u0438\\u0441\\u044c\\u043c\\u043e\\u0412\\u043e\\u0441\\u0441\\u0442\\u0430\\u043d\\u043e\\u0432\\u043b\\u0435\\u043d\\u0438\\u0435\\u041f\\u0430\\u0440\\u043e\\u043b\\u044f\"}','Восстановление пароля','','','',0,'',0,'restore_password',2,0,0,1,1,2,0.5,19,0),(502,8,18,0,2,0,25,499,'{\"orderXsl\":\"\\u0421\\u043f\\u0438\\u0441\\u043e\\u043a\\u0417\\u0430\\u043a\\u0430\\u0437\\u043e\\u0432\",\"shopId\":\"3\"}','Мои заказы','','','',0,'',0,'order',2,0,0,1,1,2,0.5,19,0),(503,8,18,0,2,0,30,499,'{\"siteuserAccountsXsl\":\"\\u0421\\u043f\\u0438\\u0441\\u043e\\u043a\\u041b\\u0438\\u0446\\u0435\\u0432\\u044b\\u0445\\u0421\\u0447\\u0435\\u0442\\u043e\\u0432\",\"siteuserAccountTransactionsXsl\":\"\\u0414\\u0432\\u0438\\u0436\\u0435\\u043d\\u0438\\u044f\\u041f\\u043e\\u041b\\u0438\\u0446\\u0435\\u0432\\u043e\\u043c\\u0443\\u0421\\u0447\\u0435\\u0442\\u0443\"}','Лицевой счет','','','',1,'',0,'account',2,0,0,1,1,2,0.5,19,0),(506,8,18,0,2,0,45,0,'{\"shopId\":\"3\",\"deliveryXsl\":\"\\u041c\\u0430\\u0433\\u0430\\u0437\\u0438\\u043d\\u0414\\u043e\\u0441\\u0442\\u0430\\u0432\\u043a\\u0438\",\"deliveryAddressXsl\":\"\\u041c\\u0430\\u0433\\u0430\\u0437\\u0438\\u043d\\u0410\\u0434\\u0440\\u0435\\u0441\\u0414\\u043e\\u0441\\u0442\\u0430\\u0432\\u043a\\u0438\",\"paymentSystemXsl\":\"\\u041c\\u0430\\u0433\\u0430\\u0437\\u0438\\u043d\\u041f\\u043b\\u0430\\u0442\\u0435\\u0436\\u043d\\u0430\\u044f\\u0421\\u0438\\u0441\\u0442\\u0435\\u043c\\u0430\",\"orderXsl\":\"\\u041e\\u0444\\u043e\\u0440\\u043c\\u043b\\u0435\\u043d\\u0438\\u0435\\u0417\\u0430\\u043a\\u0430\\u0437\\u0430\",\"cartXsl\":\"\\u041c\\u0430\\u0433\\u0430\\u0437\\u0438\\u043d\\u041a\\u043e\\u0440\\u0437\\u0438\\u043d\\u0430\",\"littleCartXsl\":\"\\u041c\\u0430\\u0433\\u0430\\u0437\\u0438\\u043d\\u041a\\u043e\\u0440\\u0437\\u0438\\u043d\\u0430\\u041a\\u0440\\u0430\\u0442\\u043a\\u0430\\u044f\\u041d\",\"~~xsl_quick_registration\":\"\\u041c\\u0430\\u0433\\u0430\\u0437\\u0438\\u043d\\u0411\\u044b\\u0441\\u0442\\u0440\\u0430\\u044f\\u0420\\u0435\\u0433\\u0438\\u0441\\u0442\\u0440\\u0430\\u0446\\u0438\\u044f\",\"~~xsl_registaration_letter\":\"\\u041f\\u0438\\u0441\\u044c\\u043c\\u043e\\u041f\\u043e\\u0434\\u0442\\u0432\\u0435\\u0440\\u0436\\u0434\\u0435\\u043d\\u0438\\u0435\\u0420\\u0435\\u0433\\u0438\\u0441\\u0442\\u0440\\u0430\\u0446\\u0438\\u0438\",\"userAuthorizationXsl\":\"\\u041b\\u0438\\u0447\\u043d\\u044b\\u0439\\u041a\\u0430\\u0431\\u0438\\u043d\\u0435\\u0442\\u041f\\u043e\\u043b\\u044c\\u0437\\u043e\\u0432\\u0430\\u0442\\u0435\\u043b\\u044f\",\"userRegistrationXsl\":\"\\u0420\\u0435\\u0433\\u0438\\u0441\\u0442\\u0440\\u0430\\u0446\\u0438\\u044f\\u041f\\u043e\\u043b\\u044c\\u0437\\u043e\\u0432\\u0430\\u0442\\u0435\\u043b\\u044f\"}','Корзина - Спасибо за покупку','','','',0,'',0,'thank-you',2,0,0,1,1,2,0.5,19,0);

--
-- Table structure for table `tag_dirs`
--

CREATE TABLE `tag_dirs` (
  `id` int(11) NOT NULL AUTO_INCREMENT,
  `parent_id` int(11) NOT NULL DEFAULT '0',
  `name` varchar(255) NOT NULL,
  `description` mediumtext,
  `sorting` smallint(6) NOT NULL DEFAULT '0',
  `user_id` int(11) NOT NULL DEFAULT '0',
  `deleted` tinyint(1) unsigned NOT NULL DEFAULT '0',
  PRIMARY KEY (`id`),
  KEY `parent_id` (`parent_id`),
  KEY `deleted` (`deleted`,`parent_id`)
) ENGINE=MyISAM DEFAULT CHARSET=utf8;

--
-- Dumping data for table `tag_dirs`
--


--
-- Table structure for table `tag_informationsystem_items`
--

CREATE TABLE `tag_informationsystem_items` (
  `id` int(11) NOT NULL AUTO_INCREMENT,
  `tag_id` int(11) NOT NULL,
  `informationsystem_item_id` int(11) NOT NULL,
  `site_id` int(11) NOT NULL,
  PRIMARY KEY (`id`),
  KEY `informationsystem_item_id` (`informationsystem_item_id`),
  KEY `tag_id` (`tag_id`,`site_id`)
) ENGINE=MyISAM AUTO_INCREMENT=644 DEFAULT CHARSET=utf8;

--
-- Dumping data for table `tag_informationsystem_items`
--

INSERT INTO `tag_informationsystem_items` VALUES (439,103,441,2),(438,107,441,2),(437,110,441,2),(433,107,440,2),(432,103,440,2),(421,103,438,2),(413,103,437,2),(412,107,437,2),(409,107,436,2),(408,103,436,2),(401,107,170,2),(400,103,170,2),(395,103,169,2),(394,107,169,2),(420,105,438,2),(419,107,438,2),(418,102,438,2),(471,106,452,2),(470,107,452,2),(473,107,453,2),(477,107,454,2),(467,107,451,2),(126,107,444,2),(451,103,443,2),(450,107,443,2),(399,109,170,2),(425,103,439,2),(424,107,439,2),(447,107,442,2),(446,103,442,2),(455,103,448,2),(454,107,448,2),(129,107,447,2),(128,107,446,2),(127,107,445,2),(465,109,450,2),(464,107,450,2),(463,103,450,2),(459,103,449,2),(458,107,449,2),(150,103,461,2),(485,107,457,2),(483,107,456,2),(481,103,455,2),(480,107,455,2),(149,103,460,2),(491,107,459,2),(489,107,458,2),(497,107,465,2),(493,107,464,2),(151,103,462,2),(476,103,454,2),(66,103,161,2),(67,102,162,2),(68,103,162,2),(69,104,162,2),(70,105,162,2),(71,106,163,2),(72,102,163,2),(73,103,163,2),(74,104,163,2),(75,103,164,2),(76,107,164,2),(77,108,164,2),(393,109,169,2),(84,103,166,2),(83,109,166,2),(82,105,166,2),(85,110,167,2),(86,111,167,2),(87,112,167,2),(88,103,167,2),(89,107,167,2),(90,113,167,2),(91,114,167,2),(97,109,168,2),(96,105,168,2),(95,103,168,2),(496,103,465,2),(501,107,466,2),(505,107,467,2),(504,103,467,2),(158,107,468,2),(159,107,469,2),(509,107,470,2),(508,106,470,2),(511,107,471,2),(163,107,472,2),(513,107,473,2),(515,107,474,2),(166,102,476,2),(167,107,476,2),(517,107,477,2),(519,107,478,2),(523,107,479,2),(522,106,479,2),(172,107,480,2),(527,107,481,2),(529,107,482,2),(533,107,483,2),(532,106,483,2),(535,107,484,2),(178,107,485,2),(537,107,486,2),(539,107,487,2),(543,107,488,2),(547,107,489,2),(549,107,490,2),(551,107,491,2),(553,107,492,2),(557,107,493,2),(556,106,493,2),(559,107,494,2),(563,107,495,2),(562,106,495,2),(565,107,496,2),(569,107,497,2),(568,106,497,2),(571,107,498,2),(573,107,499,2),(579,107,500,2),(581,107,501,2),(585,107,502,2),(587,107,503,2),(589,107,504,2),(591,107,505,2),(593,107,506,2),(595,107,507,2),(599,107,508,2),(598,103,508,2),(601,107,509,2),(605,107,510,2),(607,107,511,2),(609,107,512,2),(611,107,513,2),(615,107,514,2),(614,102,514,2),(619,107,515,2),(618,102,515,2),(623,107,516,2),(622,102,516,2),(627,107,517,2),(629,107,518,2),(631,107,519,2),(643,102,520,2),(642,107,520,2),(639,107,521,2),(638,102,521,2),(224,103,522,2),(225,103,523,2),(226,105,523,2),(227,109,523,2),(228,103,524,2),(229,105,524,2),(230,109,524,2),(231,102,526,2),(232,103,526,2),(233,107,526,2),(234,110,526,2),(235,103,527,2),(236,105,527,2),(237,109,527,2),(238,110,527,2),(239,111,527,2),(240,103,529,2),(241,105,529,2),(242,110,529,2),(243,111,529,2),(251,104,531,2),(250,103,531,2),(246,103,532,2),(247,109,532,2),(249,107,534,2),(252,107,535,2),(253,108,535,2),(254,112,535,2),(255,107,536,2),(256,103,537,2),(257,114,537,2),(258,102,538,2),(259,103,538,2),(260,104,538,2),(261,105,538,2),(262,109,538,2),(263,111,538,2),(264,114,538,2),(265,103,540,2),(266,105,540,2),(267,103,541,2),(268,105,541,2),(269,102,542,2),(270,107,542,2),(271,102,543,2),(272,107,543,2),(273,102,545,2),(274,103,545,2),(275,109,545,2),(276,111,545,2),(277,102,546,2),(278,103,547,2),(279,105,547,2),(280,107,547,2),(281,109,547,2),(282,111,547,2),(283,103,548,2),(284,107,548,2),(285,109,548,2),(286,103,551,2),(287,105,551,2),(288,107,551,2),(289,109,551,2),(290,107,552,2),(291,103,554,2),(292,105,554,2),(293,109,554,2),(294,111,554,2),(295,107,555,2),(296,103,558,2),(297,105,558,2),(298,103,559,2),(299,103,562,2),(300,105,562,2),(301,103,563,2),(302,103,564,2),(303,105,564,2),(304,109,564,2),(305,111,564,2),(306,113,566,2),(307,103,567,2),(308,105,567,2),(309,111,567,2),(310,112,567,2),(311,103,568,2),(312,105,568,2),(313,109,568,2),(314,103,572,2),(315,105,572,2),(316,109,572,2),(317,103,573,2),(318,111,573,2),(319,103,574,2),(320,105,574,2),(321,109,574,2),(322,103,575,2),(323,103,576,2),(324,103,577,2),(325,111,577,2),(326,103,579,2),(327,103,582,2),(328,105,582,2),(329,103,583,2),(330,105,583,2),(331,113,584,2),(332,103,588,2),(333,105,588,2),(334,103,589,2),(335,105,589,2),(336,109,589,2),(337,103,593,2),(338,103,594,2),(339,103,596,2),(340,102,597,2),(341,103,597,2),(342,103,599,2),(343,111,599,2),(344,103,600,2),(345,107,601,2),(346,107,602,2),(347,103,603,2),(348,105,603,2),(349,103,607,2),(350,103,608,2),(351,107,609,2),(352,108,609,2),(353,102,610,2),(355,107,611,2),(356,103,613,2),(357,105,613,2),(358,103,615,2),(359,109,615,2),(360,103,617,2),(361,107,619,2),(362,108,619,2),(363,114,620,2),(365,102,622,2),(366,103,625,2),(367,110,625,2),(368,107,627,2),(369,113,628,2),(370,102,632,2),(371,107,633,2),(376,107,634,2),(375,102,634,2),(374,107,636,2),(377,107,637,2);

--
-- Table structure for table `tag_shop_items`
--

CREATE TABLE `tag_shop_items` (
  `id` int(11) NOT NULL AUTO_INCREMENT,
  `tag_id` int(11) NOT NULL,
  `shop_item_id` int(11) NOT NULL,
  `site_id` int(11) NOT NULL,
  PRIMARY KEY (`id`),
  KEY `shop_item_id` (`shop_item_id`),
  KEY `tag_id` (`tag_id`,`site_id`)
) ENGINE=MyISAM AUTO_INCREMENT=27264 DEFAULT CHARSET=utf8;

--
-- Dumping data for table `tag_shop_items`
--

INSERT INTO `tag_shop_items` VALUES (25656,102,25887,2),(24315,102,24307,2),(25054,114,25430,2),(25056,114,25432,2),(24409,108,24511,2),(24408,108,24510,2),(24412,108,24514,2),(24411,108,24513,2),(24410,108,24512,2),(26540,103,26782,2),(26704,124,26927,2),(25950,105,26031,2),(25949,109,26030,2),(25952,105,26032,2),(25951,109,26031,2),(25954,105,26033,2),(25953,109,26032,2),(25956,105,26034,2),(25955,109,26033,2),(25958,105,26035,2),(26538,105,26782,2),(23400,119,23157,2),(25957,109,26034,2),(25960,105,26036,2),(25959,109,26035,2),(25962,105,26037,2),(25961,109,26036,2),(25964,105,26038,2),(25963,109,26037,2),(25966,105,26039,2),(25055,114,25431,2),(24155,106,24173,2),(24572,125,24605,2),(24578,125,24610,2),(24576,125,24608,2),(24415,108,24516,2),(24414,125,24515,2),(24413,124,24515,2),(24418,108,24517,2),(24153,106,24172,2),(25052,114,25420,2),(25053,114,25429,2),(25050,114,25418,2),(25051,114,25419,2),(25048,114,25416,2),(25049,114,25417,2),(25046,114,25414,2),(25047,114,25415,2),(25044,114,25412,2),(25045,114,25413,2),(25042,114,25410,2),(25043,114,25411,2),(25040,114,25408,2),(25041,114,25409,2),(25038,116,25405,2),(25039,116,25406,2),(24577,125,24609,2),(24841,108,24606,2),(25236,115,25592,2),(25235,115,25591,2),(24427,108,24524,2),(25234,115,25590,2),(24426,108,24523,2),(24430,108,24527,2),(25158,118,25534,2),(25438,103,25709,2),(25440,103,25710,2),(25149,118,25525,2),(25148,118,25524,2),(25062,114,25438,2),(25061,114,25437,2),(25060,114,25436,2),(25059,114,25435,2),(26227,118,26336,2),(26226,118,26335,2),(23882,118,23571,2),(25260,115,25616,2),(25424,106,25702,2),(24431,108,24528,2),(26456,118,26709,2),(26458,118,26711,2),(26790,109,27107,2),(26791,103,27107,2),(26454,118,26707,2),(26455,118,26708,2),(26619,103,26809,2),(26620,120,26809,2),(26617,109,26808,2),(26480,118,26733,2),(27116,103,27560,2),(26048,130,26081,2),(23602,118,23296,2),(24992,109,25305,2),(26049,130,26082,2),(23870,118,23559,2),(23869,118,23558,2),(23868,118,23557,2),(23867,118,23556,2),(23258,112,23024,2),(27206,109,27604,2),(27204,132,27603,2),(27205,132,27604,2),(27202,103,27603,2),(27203,109,27603,2),(27200,109,27602,2),(27201,103,27602,2),(27207,103,27604,2),(27199,132,27602,2),(25651,102,25884,2),(23546,118,23240,2),(23544,118,23238,2),(27210,132,27605,2),(27208,103,27605,2),(24556,125,24597,2),(24554,125,24596,2),(24555,124,24597,2),(24538,125,24589,2),(24536,125,24588,2),(25218,121,25581,2),(23640,118,23334,2),(24163,106,24177,2),(24161,106,24176,2),(24367,108,24477,2),(24123,106,24157,2),(24122,102,24157,2),(23842,118,23531,2),(24365,108,24476,2),(24107,115,24143,2),(24105,115,24140,2),(24359,140,24374,2),(24358,140,24373,2),(23440,119,23177,2),(23441,118,23177,2),(23438,119,23176,2),(23439,118,23176,2),(23436,119,23175,2),(23437,118,23175,2),(23434,119,23174,2),(23435,118,23174,2),(23442,119,23178,2),(23433,118,23173,2),(27209,109,27605,2),(25216,121,25580,2),(25217,113,25580,2),(24364,124,24476,2),(24363,108,24475,2),(24362,124,24475,2),(25430,106,25705,2),(25429,102,25705,2),(25428,106,25704,2),(25427,102,25704,2),(24160,102,24176,2),(26596,109,26801,2),(26594,103,26800,2),(26593,109,26800,2),(26592,105,26800,2),(26591,103,26799,2),(26590,109,26799,2),(26589,105,26799,2),(26588,103,26798,2),(24672,115,24822,2),(24484,125,24562,2),(24478,125,24559,2),(24477,124,24559,2),(24480,125,24560,2),(24479,124,24560,2),(25683,105,25901,2),(25214,121,25579,2),(25633,102,25873,2),(23215,112,22981,2),(26576,103,26794,2),(27156,132,27573,2),(24482,125,24561,2),(24483,124,24562,2),(23508,119,23211,2),(23509,118,23211,2),(26292,118,26401,2),(24481,124,24561,2),(26508,118,26753,2),(26506,118,26751,2),(26505,118,26750,2),(25215,113,25579,2),(24103,115,24138,2),(25213,113,25578,2),(24101,115,24136,2),(24102,115,24137,2),(24099,115,24134,2),(24100,115,24135,2),(24097,115,24132,2),(24098,115,24133,2),(23242,112,23008,2),(23240,112,23006,2),(26291,118,26400,2),(26466,118,26719,2),(23534,118,23228,2),(24524,125,24582,2),(26574,105,26794,2),(25648,102,25883,2),(25657,103,25887,2),(25682,109,25901,2),(27118,109,27560,2),(27117,132,27560,2),(24095,115,24130,2),(25555,104,25811,2),(25104,118,25480,2),(25103,118,25479,2),(25102,118,25478,2),(25101,118,25477,2),(25100,118,25476,2),(25099,118,25475,2),(25098,118,25474,2),(25097,118,25473,2),(25096,118,25472,2),(25095,118,25471,2),(25094,118,25470,2),(25034,116,25401,2),(25093,118,25469,2),(25033,116,25400,2),(25032,116,25399,2),(25031,116,25398,2),(25030,115,25397,2),(25029,102,25396,2),(25028,115,25395,2),(25027,115,25394,2),(25026,115,25393,2),(25025,115,25392,2),(25024,115,25391,2),(25022,115,25389,2),(24096,115,24131,2),(24093,115,24127,2),(24094,115,24129,2),(24091,115,24125,2),(24092,115,24126,2),(24089,115,24122,2),(24090,115,24123,2),(24087,115,24120,2),(24088,115,24121,2),(24085,115,24118,2),(24086,115,24119,2),(24083,115,24116,2),(24084,115,24117,2),(23571,118,23265,2),(26478,118,26732,2),(26479,131,26733,2),(24464,125,24552,2),(24462,125,24551,2),(24463,124,24552,2),(24460,125,24550,2),(24461,124,24551,2),(24458,125,24549,2),(24459,124,24550,2),(24456,125,24548,2),(24457,124,24549,2),(24454,125,24547,2),(24455,124,24548,2),(24452,125,24546,2),(24453,124,24547,2),(24450,125,24545,2),(26486,118,26736,2),(26903,109,27196,2),(24451,124,24546,2),(24448,125,24544,2),(24449,124,24545,2),(24446,108,24543,2),(24447,124,24544,2),(26354,118,26463,2),(23134,115,22727,2),(23136,115,22729,2),(23135,115,22728,2),(23138,115,22731,2),(23137,115,22730,2),(23140,115,22733,2),(23139,115,22732,2),(23142,115,22735,2),(26355,118,26464,2),(26632,113,26829,2),(24203,103,24238,2),(24200,102,24237,2),(24199,103,24236,2),(26896,109,27194,2),(26895,103,27193,2),(26894,109,27193,2),(26891,103,27192,2),(26890,109,27192,2),(26887,103,27191,2),(26631,113,26828,2),(26628,113,26817,2),(26629,113,26826,2),(26630,113,26827,2),(26886,109,27191,2),(26883,103,27190,2),(27063,113,27400,2),(26353,118,26462,2),(24198,102,24236,2),(24202,102,24238,2),(24201,103,24237,2),(26627,113,26816,2),(26626,124,26815,2),(26625,129,26815,2),(23714,118,23406,2),(27008,103,27370,2),(27154,132,27572,2),(27155,109,27573,2),(23540,118,23234,2),(27007,109,27370,2),(24793,115,24984,2),(24792,115,24983,2),(24791,115,24982,2),(24790,115,24981,2),(24297,103,24271,2),(23146,115,22739,2),(23141,115,22734,2),(23144,115,22737,2),(23147,115,22740,2),(23148,115,22741,2),(23145,115,22738,2),(23105,115,22697,2),(23143,115,22736,2),(24649,108,24690,2),(23106,115,22698,2),(26976,106,27230,2),(24653,108,24692,2),(26974,109,27230,2),(26977,114,27230,2),(27052,113,27389,2),(26975,103,27230,2),(27050,113,27387,2),(27051,113,27388,2),(27048,113,27385,2),(27049,113,27386,2),(27046,129,27384,2),(27047,124,27384,2),(27044,129,27383,2),(27045,124,27383,2),(27041,124,27381,2),(27043,124,27382,2),(27039,132,27380,2),(27042,129,27382,2),(27037,109,27380,2),(27040,129,27381,2),(27035,103,27379,2),(27038,103,27380,2),(27033,132,27378,2),(27036,132,27379,2),(27031,109,27378,2),(27034,109,27379,2),(27029,103,27377,2),(27032,103,27378,2),(27025,109,27376,2),(27030,132,27377,2),(27023,103,27375,2),(27026,103,27376,2),(27021,132,27374,2),(27024,132,27375,2),(27019,109,27374,2),(27022,109,27375,2),(25529,126,25803,2),(24444,108,24541,2),(23525,118,23219,2),(23526,118,23220,2),(23523,118,23218,2),(23524,119,23219,2),(23521,118,23217,2),(23522,119,23218,2),(23519,118,23216,2),(23520,119,23217,2),(25908,105,26010,2),(25909,109,26010,2),(27157,103,27573,2),(24397,108,24499,2),(24396,108,24498,2),(24394,108,24496,2),(24395,108,24497,2),(24393,108,24495,2),(24392,108,24494,2),(24391,108,24493,2),(24445,108,24542,2),(24442,108,24539,2),(26448,118,26700,2),(26445,113,26698,2),(26447,103,26699,2),(26443,103,26694,2),(26444,104,26695,2),(26441,105,26694,2),(26442,109,26694,2),(26439,105,26544,2),(27081,103,27425,2),(27028,109,27377,2),(26690,124,26916,2),(26691,124,26917,2),(26688,120,26912,2),(26689,103,26916,2),(26686,103,26893,2),(25528,125,25802,2),(25527,125,25801,2),(25526,125,25800,2),(25450,103,25715,2),(25449,102,25715,2),(25448,103,25714,2),(23716,118,23407,2),(26401,118,26510,2),(26687,128,26912,2),(26684,127,26883,2),(26685,103,26890,2),(24443,108,24540,2),(24440,108,24537,2),(24269,102,24262,2),(25799,105,25956,2),(27233,109,27613,2),(25650,103,25884,2),(25504,108,25781,2),(25798,109,25956,2),(25502,124,25780,2),(25503,108,25780,2),(25500,124,25779,2),(25501,108,25779,2),(25899,109,26005,2),(25900,105,26006,2),(26664,132,26874,2),(26663,133,26874,2),(23848,118,23537,2),(23847,118,23536,2),(23846,118,23535,2),(23845,118,23534,2),(23844,118,23533,2),(23843,118,23532,2),(25122,118,25498,2),(25121,118,25497,2),(26329,118,26438,2),(26328,118,26437,2),(27237,103,27614,2),(27239,109,27615,2),(27240,132,27615,2),(25460,103,25720,2),(25462,103,25721,2),(23856,118,23545,2),(26952,103,27218,2),(26662,134,26874,2),(26951,114,27217,2),(26950,132,27216,2),(26949,114,27215,2),(26283,118,26392,2),(25499,108,25778,2),(25498,124,25778,2),(25497,108,25777,2),(25496,124,25777,2),(25495,108,25776,2),(25494,124,25776,2),(25493,108,25775,2),(25492,124,25775,2),(25491,108,25774,2),(25490,124,25774,2),(25489,108,25773,2),(25488,124,25773,2),(25487,108,25772,2),(25486,124,25772,2),(27072,113,27409,2),(26800,103,27112,2),(27224,109,27610,2),(25695,105,25907,2),(25693,105,25906,2),(25692,109,25906,2),(25691,105,25905,2),(25690,109,25905,2),(25485,108,25771,2),(25484,124,25771,2),(25483,108,25770,2),(25990,105,26051,2),(25989,109,26050,2),(25982,105,26047,2),(25981,109,26046,2),(25482,124,25770,2),(25929,109,26020,2),(25928,105,26020,2),(25927,109,26019,2),(25926,105,26019,2),(25925,109,26018,2),(25514,108,25787,2),(25513,121,25786,2),(25516,124,25788,2),(24630,125,24680,2),(23341,118,23107,2),(23174,114,22936,2),(25551,108,25810,2),(23535,118,23229,2),(23357,118,23123,2),(26470,118,26724,2),(27073,128,27410,2),(26842,129,27148,2),(26844,103,27153,2),(26840,123,27146,2),(26843,124,27148,2),(26838,103,27143,2),(26841,103,27147,2),(26836,103,27142,2),(26839,132,27144,2),(26834,103,27140,2),(26837,109,27143,2),(26832,103,27138,2),(26835,132,27141,2),(26830,129,27136,2),(26833,132,27139,2),(26828,129,27134,2),(26831,103,27137,2),(26826,129,27132,2),(26829,129,27135,2),(26824,128,27130,2),(26827,129,27133,2),(26822,123,27124,2),(26825,129,27131,2),(26724,103,27038,2),(23516,119,23215,2),(26801,109,27112,2),(23460,119,23187,2),(23432,119,23173,2),(23515,118,23214,2),(26902,103,27196,2),(23431,118,23172,2),(26900,109,27195,2),(26901,103,27195,2),(23724,118,23413,2),(23725,118,23414,2),(23722,118,23411,2),(23723,118,23412,2),(27139,103,27567,2),(26943,132,27211,2),(27140,109,27568,2),(27141,103,27568,2),(25663,105,25891,2),(24590,125,24622,2),(24592,125,24624,2),(24589,125,24621,2),(24283,109,24266,2),(24591,125,24623,2),(24271,109,24262,2),(24273,103,24263,2),(24586,125,24618,2),(24588,125,24620,2),(25182,118,25558,2),(25571,115,25820,2),(25866,105,25989,2),(25184,118,25560,2),(23751,118,23440,2),(27190,103,27599,2),(23750,118,23439,2),(23752,118,23441,2),(23748,118,23437,2),(23537,118,23231,2),(23746,118,23435,2),(23749,118,23438,2),(23744,118,23433,2),(23747,118,23436,2),(23561,118,23255,2),(27136,132,27566,2),(23559,118,23253,2),(23560,118,23254,2),(26621,103,26810,2),(26967,103,27226,2),(25882,109,25997,2),(25880,105,25996,2),(25901,109,26006,2),(25285,102,25634,2),(25879,105,25995,2),(25878,109,25995,2),(25877,109,25994,2),(25876,105,25994,2),(27167,109,27577,2),(27166,132,27576,2),(23254,112,23020,2),(23253,112,23019,2),(23232,112,22998,2),(23231,112,22997,2),(23230,112,22996,2),(23229,112,22995,2),(25002,124,25324,2),(25001,129,25324,2),(23345,118,23111,2),(23344,118,23110,2),(26798,109,27111,2),(26799,103,27111,2),(26114,103,26163,2),(26115,109,26163,2),(26135,103,26174,2),(26136,109,26174,2),(23557,118,23251,2),(23558,118,23252,2),(23555,118,23249,2),(23556,118,23250,2),(23553,118,23247,2),(23554,118,23248,2),(24441,108,24538,2),(24438,108,24535,2),(24439,108,24536,2),(24436,108,24533,2),(26694,124,26920,2),(26695,124,26921,2),(26692,124,26918,2),(26693,124,26919,2),(24901,110,25078,2),(25186,118,25562,2),(25687,105,25903,2),(25686,109,25903,2),(24990,109,25304,2),(25185,118,25561,2),(26965,132,27225,2),(26966,109,27226,2),(25570,115,25819,2),(26964,114,27224,2),(25183,118,25559,2),(25865,105,25988,2),(25995,109,26053,2),(25875,109,25993,2),(26133,103,26173,2),(26134,109,26173,2),(26963,106,27223,2),(26962,103,27223,2),(26960,106,27222,2),(26961,114,27222,2),(26131,103,26172,2),(26132,109,26172,2),(23469,118,23191,2),(23467,118,23190,2),(23471,118,23192,2),(23468,119,23191,2),(26639,113,26836,2),(27135,103,27566,2),(26968,106,27226,2),(26054,130,26087,2),(23805,118,23494,2),(23789,118,23478,2),(23788,118,23477,2),(24921,103,25106,2),(25898,105,26005,2),(23541,118,23235,2),(25896,105,26004,2),(25897,109,26004,2),(23532,118,23226,2),(25842,105,25977,2),(23818,118,23507,2),(23819,118,23508,2),(23820,118,23509,2),(23815,118,23504,2),(23816,118,23505,2),(23817,118,23506,2),(23812,118,23501,2),(23813,118,23502,2),(23814,118,23503,2),(23809,118,23498,2),(23810,118,23499,2),(23811,118,23500,2),(23796,118,23485,2),(23795,118,23484,2),(23794,118,23483,2),(23793,118,23482,2),(23792,118,23481,2),(23791,118,23480,2),(23790,118,23479,2),(23787,118,23476,2),(23786,118,23475,2),(23785,118,23474,2),(26045,105,26078,2),(26046,130,26079,2),(26042,105,26077,2),(26043,109,26077,2),(23601,118,23295,2),(26044,109,26078,2),(23599,118,23293,2),(23600,118,23294,2),(26792,109,27108,2),(25895,109,26003,2),(23767,118,23456,2),(23768,118,23457,2),(23765,118,23454,2),(23766,118,23455,2),(23763,118,23452,2),(23764,118,23453,2),(23728,118,23417,2),(23729,118,23418,2),(25632,118,25872,2),(25660,109,25890,2),(26457,118,26710,2),(26460,118,26713,2),(26476,118,26731,2),(26477,131,26732,2),(26474,118,26728,2),(26475,118,26729,2),(26472,118,26726,2),(26473,118,26727,2),(23539,118,23233,2),(25630,102,25871,2),(25631,120,25871,2),(25628,102,25870,2),(23598,118,23292,2),(23597,118,23291,2),(23596,118,23290,2),(25629,120,25870,2),(26866,140,27183,2),(26864,141,27182,2),(26471,118,26725,2),(26865,133,27182,2),(26862,140,27182,2),(26863,132,27182,2),(26860,103,27179,2),(26861,103,27180,2),(23594,118,23288,2),(23595,118,23289,2),(27068,113,27405,2),(27076,118,27417,2),(23473,118,23193,2),(27069,113,27406,2),(23592,118,23286,2),(23593,118,23287,2),(25170,118,25546,2),(23591,118,23285,2),(25169,118,25545,2),(25168,118,25544,2),(25250,115,25606,2),(27016,109,27373,2),(24918,128,25094,2),(24917,103,25092,2),(26160,109,25091,2),(26159,103,25091,2),(24912,103,25090,2),(23742,118,23431,2),(23347,118,23113,2),(24911,109,25090,2),(24910,127,25087,2),(25654,103,25886,2),(27015,132,27372,2),(27013,109,27372,2),(27012,132,27371,2),(25610,115,25859,2),(25609,115,25858,2),(25608,115,25857,2),(25607,115,25856,2),(25635,124,25874,2),(25634,103,25873,2),(25794,105,25955,2),(25791,105,25953,2),(25790,109,25953,2),(25783,105,25949,2),(25782,109,25949,2),(25787,105,25951,2),(25781,105,25948,2),(25780,109,25948,2),(25779,105,25947,2),(25778,109,25947,2),(23894,118,23583,2),(23893,118,23582,2),(23745,118,23434,2),(23892,118,23581,2),(23740,118,23429,2),(23743,118,23432,2),(23738,118,23427,2),(23741,118,23430,2),(25697,105,25908,2),(25699,105,25909,2),(25696,109,25908,2),(24275,102,24264,2),(24272,102,24263,2),(24285,103,24267,2),(24284,102,24267,2),(25915,109,26013,2),(24982,109,25300,2),(24969,107,25285,2),(26982,132,27361,2),(26983,109,27362,2),(26984,103,27362,2),(26985,132,27362,2),(26986,109,27363,2),(26987,103,27363,2),(25993,109,26052,2),(25992,105,26052,2),(25991,109,26051,2),(23684,118,23378,2),(23682,118,23376,2),(23891,118,23580,2),(23890,118,23579,2),(23889,118,23578,2),(25000,124,25323,2),(26360,118,26469,2),(27011,103,27371,2),(23421,118,23167,2),(23713,106,23406,2),(27010,109,27371,2),(27009,132,27370,2),(25884,105,25998,2),(25883,105,25997,2),(25881,109,25996,2),(23888,118,23577,2),(23887,118,23576,2),(23886,118,23575,2),(25252,115,25608,2),(25233,115,25589,2),(25249,115,25605,2),(23615,118,23309,2),(23616,118,23310,2),(26906,103,27198,2),(26764,109,27094,2),(25681,105,25900,2),(26490,131,26739,2),(27177,103,27594,2),(25626,102,25869,2),(25627,120,25869,2),(25624,125,25867,2),(27176,109,27594,2),(25625,125,25868,2),(25622,102,25866,2),(25623,106,25866,2),(25620,102,25865,2),(25621,106,25865,2),(25618,106,25864,2),(25619,102,25864,2),(25616,106,25863,2),(25617,102,25863,2),(25614,102,25862,2),(27175,132,27594,2),(26037,105,26074,2),(26035,109,26073,2),(26034,105,26073,2),(26033,109,26072,2),(26032,105,26072,2),(26031,105,26071,2),(26029,109,26070,2),(26030,109,26071,2),(27174,103,27580,2),(27173,104,27579,2),(27172,132,27578,2),(25694,109,25907,2),(27143,109,27569,2),(27142,132,27568,2),(24998,127,25320,2),(27062,113,27399,2),(24996,103,25319,2),(23840,118,23529,2),(23839,118,23528,2),(25751,105,25933,2),(25750,109,25933,2),(25749,105,25932,2),(27120,103,27561,2),(27119,132,27561,2),(27122,132,27562,2),(27121,109,27561,2),(27124,103,27562,2),(27123,109,27562,2),(25748,109,25932,2),(25747,105,25931,2),(25746,109,25931,2),(23252,112,23018,2),(26624,103,26812,2),(23533,118,23227,2),(26304,118,26413,2),(26537,103,26781,2),(24135,106,24163,2),(25638,108,25875,2),(24133,106,24162,2),(26845,103,27154,2),(26846,103,27155,2),(26847,103,27157,2),(26848,103,27158,2),(26852,103,27162,2),(26849,103,27159,2),(26802,109,27113,2),(26804,103,27114,2),(26805,109,27114,2),(26806,109,27115,2),(26820,103,27122,2),(26823,123,27125,2),(26821,103,27123,2),(25058,114,25434,2),(25057,114,25433,2),(23804,118,23493,2),(26050,130,26083,2),(26051,130,26084,2),(26293,118,26402,2),(24621,125,24653,2),(23430,119,23172,2),(26141,103,26177,2),(26140,109,26176,2),(26139,103,26176,2),(26138,109,26175,2),(26137,103,26175,2),(25830,109,25972,2),(26172,103,26215,2),(26124,103,26168,2),(26123,109,26167,2),(26122,103,26167,2),(26121,109,26166,2),(26120,103,26166,2),(26793,103,27108,2),(26119,109,26165,2),(26091,105,26118,2),(26090,105,26117,2),(26089,113,26113,2),(26088,121,26113,2),(27145,103,27569,2),(27144,132,27569,2),(26484,118,26735,2),(26483,131,26735,2),(27055,113,27392,2),(27054,113,27391,2),(27053,113,27390,2),(26605,109,26804,2),(26604,105,26804,2),(26603,103,26803,2),(25525,125,25799,2),(25524,125,25798,2),(23855,118,23544,2),(26118,103,26165,2),(26117,109,26164,2),(26116,103,26164,2),(26602,109,26803,2),(26601,105,26803,2),(26600,103,26802,2),(26599,109,26802,2),(26125,109,26168,2),(24980,109,25299,2),(24979,103,25299,2),(24989,103,25304,2),(24988,109,25303,2),(24986,109,25302,2),(24984,109,25301,2),(24983,103,25301,2),(24981,103,25300,2),(24929,118,25181,2),(24935,111,25195,2),(24928,118,25180,2),(24931,107,25183,2),(24930,107,25182,2),(24933,107,25185,2),(26794,109,27109,2),(25446,103,25713,2),(26796,103,27110,2),(25021,115,25388,2),(23210,112,22976,2),(24764,115,24936,2),(24937,109,25195,2),(24932,107,25184,2),(23212,112,22978,2),(23211,112,22977,2),(24070,115,24101,2),(24212,102,24243,2),(24211,103,24242,2),(23339,118,23105,2),(26722,103,27037,2),(26723,109,27038,2),(26708,107,26931,2),(26706,107,26929,2),(26720,103,27036,2),(26721,109,27037,2),(26718,103,27035,2),(26719,109,27036,2),(26214,113,26257,2),(26213,113,26256,2),(26216,113,26259,2),(26215,113,26258,2),(26218,120,26327,2),(26217,113,26260,2),(26220,118,26329,2),(26219,118,26328,2),(26222,118,26331,2),(26221,118,26330,2),(26224,118,26333,2),(26223,118,26332,2),(25010,115,25377,2),(25008,115,25375,2),(25007,128,25329,2),(25006,113,25328,2),(25939,109,26025,2),(25940,105,26026,2),(25941,109,26026,2),(25942,109,26027,2),(25943,105,26027,2),(25944,105,26028,2),(25932,105,26022,2),(23668,118,23362,2),(25931,109,26021,2),(25919,109,26015,2),(24309,106,24293,2),(26150,106,24303,2),(24307,102,24291,2),(24308,102,24292,2),(24305,102,24289,2),(24306,102,24290,2),(24303,102,24288,2),(24304,123,24288,2),(24175,103,24224,2),(24174,102,24224,2),(26424,118,26533,2),(25164,118,25540,2),(26598,105,26802,2),(24766,115,24938,2),(24765,115,24937,2),(25036,116,25403,2),(25037,116,25404,2),(25912,105,26012,2),(25035,116,25402,2),(26528,103,26778,2),(26526,105,26778,2),(24570,125,24604,2),(24568,125,24603,2),(24571,124,24605,2),(24375,108,24481,2),(24373,108,24480,2),(24372,124,24480,2),(24371,108,24479,2),(24370,124,24479,2),(24369,108,24478,2),(26808,109,27116,2),(26810,103,27117,2),(23403,118,23158,2),(26078,115,26106,2),(26080,115,26108,2),(26079,115,26107,2),(26082,121,26109,2),(26081,113,26109,2),(27109,103,27557,2),(27107,109,27557,2),(25341,102,25661,2),(25340,106,25660,2),(25349,102,25665,2),(25348,106,25664,2),(25343,102,25662,2),(25342,106,25661,2),(25345,102,25663,2),(25344,106,25662,2),(24544,124,24592,2),(24542,103,24591,2),(24546,125,24592,2),(24545,103,24592,2),(24676,115,24826,2),(24675,115,24825,2),(24680,115,24832,2),(24679,115,24830,2),(24550,125,24594,2),(24549,124,24594,2),(27108,132,27557,2),(27111,103,27558,2),(23549,118,23243,2),(25838,109,25976,2),(24325,102,24322,2),(24323,102,24321,2),(23551,118,23245,2),(23552,118,23246,2),(23548,118,23242,2),(23550,118,23244,2),(24324,120,24321,2),(24327,102,24323,2),(24329,102,24324,2),(24326,120,24322,2),(24331,102,24325,2),(24328,120,24323,2),(24333,120,24326,2),(24335,120,24328,2),(24330,120,24324,2),(24332,120,24325,2),(27110,109,27558,2),(27113,103,27559,2),(27112,132,27558,2),(24403,108,24505,2),(27114,109,27559,2),(24406,108,24508,2),(24337,120,24330,2),(24334,120,24327,2),(24402,108,24504,2),(26143,103,26178,2),(26142,109,26177,2),(26145,103,26179,2),(26144,109,26178,2),(26147,103,26180,2),(26146,109,26179,2),(24770,115,24951,2),(24769,115,24949,2),(23214,112,22980,2),(27186,132,27597,2),(26093,110,26120,2),(26094,110,26121,2),(26095,110,26122,2),(24336,120,24329,2),(24339,120,24332,2),(24434,108,24531,2),(24338,120,24331,2),(25870,105,25991,2),(25869,105,25990,2),(27194,109,27600,2),(27193,132,27600,2),(27225,103,27610,2),(27227,109,27611,2),(27226,103,27611,2),(27078,146,27420,2),(26897,103,27194,2),(23450,119,23182,2),(26665,105,26874,2),(27161,109,27575,2),(26666,129,26875,2),(26667,124,26875,2),(26668,129,26876,2),(26669,124,26876,2),(26670,129,26877,2),(26671,124,26877,2),(25910,105,26011,2),(25911,109,26011,2),(23573,118,23267,2),(23575,118,23269,2),(23574,118,23268,2),(23577,118,23271,2),(23576,118,23270,2),(23579,118,23273,2),(25545,108,25808,2),(25544,126,25808,2),(25549,104,25809,2),(25548,108,25809,2),(23854,118,23543,2),(23853,118,23542,2),(25106,118,25482,2),(25105,118,25481,2),(26260,118,26369,2),(26261,118,26370,2),(26661,139,26874,2),(26262,118,26371,2),(26956,114,27220,2),(26959,103,27222,2),(26958,109,27222,2),(26957,103,27221,2),(25265,115,25621,2),(27103,103,27555,2),(27105,109,27556,2),(27104,132,27556,2),(27106,103,27556,2),(27083,114,27454,2),(26415,118,26524,2),(24512,125,24576,2),(26423,118,26532,2),(25530,108,25803,2),(26421,118,26530,2),(26422,118,26531,2),(24319,102,24319,2),(24317,102,24309,2),(24321,102,24320,2),(24322,120,24320,2),(24215,102,24244,2),(24214,109,24243,2),(25777,105,25946,2),(25188,118,25564,2),(25776,109,25946,2),(24613,125,24645,2),(24612,125,24644,2),(24611,125,24643,2),(25319,102,25650,2),(25318,106,25649,2),(25359,102,25670,2),(25361,102,25671,2),(25360,106,25670,2),(25363,102,25672,2),(25362,106,25671,2),(25365,102,25673,2),(25364,106,25672,2),(25368,106,25674,2),(25367,102,25674,2),(23864,118,23553,2),(24320,120,24319,2),(23863,118,23552,2),(23866,118,23555,2),(23861,118,23550,2),(27067,113,27404,2),(25389,102,25685,2),(25383,102,25682,2),(25382,106,25681,2),(25386,106,25683,2),(26525,103,26777,2),(26524,109,26777,2),(24421,124,24519,2),(24420,108,24518,2),(24424,108,24521,2),(24423,108,24520,2),(24422,108,24519,2),(24425,108,24522,2),(26868,141,27183,2),(23346,118,23112,2),(24939,127,25195,2),(24936,117,25195,2),(24941,103,25219,2),(24938,103,25195,2),(24943,119,25221,2),(24940,103,25218,2),(24945,119,25223,2),(24942,103,25220,2),(24476,125,24558,2),(24671,115,24821,2),(24474,125,24557,2),(24475,124,24558,2),(24472,125,24556,2),(25679,105,25899,2),(24473,124,24557,2),(24470,125,24555,2),(23860,118,23549,2),(24947,119,25225,2),(24944,119,25222,2),(24949,127,25231,2),(23862,118,23551,2),(23455,118,23184,2),(25733,105,25924,2),(23859,118,23548,2),(23453,118,23183,2),(23454,119,23184,2),(23456,119,23185,2),(23427,118,23170,2),(23429,118,23171,2),(23452,119,23183,2),(26282,118,26391,2),(26281,118,26390,2),(23428,119,23171,2),(23676,118,23370,2),(23674,118,23368,2),(25689,105,25904,2),(23672,118,23366,2),(23675,118,23369,2),(23673,118,23367,2),(25988,105,26050,2),(25987,109,26049,2),(23670,118,23364,2),(24786,115,24974,2),(24785,115,24973,2),(24946,119,25224,2),(24951,129,25234,2),(24948,119,25226,2),(24953,124,25237,2),(24950,127,25232,2),(24955,124,25239,2),(24952,124,25234,2),(24957,124,25240,2),(26973,103,27229,2),(25839,105,25976,2),(26284,118,26393,2),(26971,103,27228,2),(26970,114,27227,2),(26972,114,27228,2),(26006,105,26059,2),(26969,114,27226,2),(26007,109,26059,2),(23702,118,23396,2),(23700,118,23394,2),(23703,118,23397,2),(23698,118,23392,2),(23701,118,23395,2),(23699,118,23393,2),(23696,118,23390,2),(23694,118,23388,2),(23697,118,23391,2),(23692,118,23386,2),(23695,118,23389,2),(23693,118,23387,2),(23690,118,23384,2),(23688,118,23382,2),(23691,118,23385,2),(27216,132,27607,2),(27217,132,27608,2),(24782,115,24968,2),(24781,115,24967,2),(27129,103,27564,2),(27128,109,27564,2),(24780,115,24966,2),(24779,115,24965,2),(26482,118,26734,2),(26481,131,26734,2),(24784,115,24972,2),(24783,115,24971,2),(26243,118,26352,2),(26242,118,26351,2),(27165,103,27576,2),(27164,109,27576,2),(26568,105,26792,2),(26566,109,26791,2),(27163,103,27575,2),(27162,132,27575,2),(26514,124,26757,2),(26512,124,26756,2),(26516,124,26758,2),(26513,129,26757,2),(26570,103,26792,2),(26567,103,26791,2),(26572,109,26793,2),(26569,109,26792,2),(26237,118,26346,2),(26236,118,26345,2),(26235,118,26344,2),(26234,118,26343,2),(26233,118,26342,2),(26232,118,26341,2),(26231,118,26340,2),(26230,118,26339,2),(26565,105,26791,2),(26564,103,26790,2),(26550,105,26786,2),(26548,109,26785,2),(26547,105,26785,2),(26546,103,26784,2),(26545,109,26784,2),(26544,105,26784,2),(26542,109,26783,2),(26539,109,26782,2),(26241,118,26350,2),(26240,118,26349,2),(27222,132,27609,2),(26327,118,26436,2),(24789,115,24980,2),(24788,115,24979,2),(23732,118,23421,2),(23417,118,23165,2),(26325,118,26434,2),(23733,118,23422,2),(27127,103,27563,2),(27126,132,27563,2),(26062,103,26091,2),(26061,111,26091,2),(26060,103,26090,2),(26059,111,26090,2),(26058,103,26089,2),(26057,111,26089,2),(26056,103,26088,2),(24209,103,24241,2),(27115,132,27559,2),(23572,118,23266,2),(24580,125,24612,2),(24582,125,24614,2),(24581,125,24613,2),(26634,113,26831,2),(26635,113,26832,2),(26636,113,26833,2),(26637,113,26834,2),(26638,113,26835,2),(26904,109,27197,2),(25518,124,25789,2),(27219,103,27608,2),(27220,103,27609,2),(27221,109,27609,2),(27218,109,27608,2),(26064,111,26093,2),(26063,118,26092,2),(26066,132,26094,2),(26065,103,26093,2),(26069,120,26096,2),(26067,120,26095,2),(26072,124,26100,2),(26071,132,26097,2),(26074,124,26102,2),(26073,124,26101,2),(26076,115,26104,2),(26075,115,26103,2),(26511,129,26756,2),(26510,118,26755,2),(26536,109,26781,2),(26534,103,26780,2),(26586,105,26798,2),(26584,109,26797,2),(26587,109,26798,2),(26585,103,26797,2),(25713,105,25916,2),(25711,105,25915,2),(25715,105,25917,2),(25709,105,25914,2),(25710,109,25915,2),(25708,109,25914,2),(25707,105,25913,2),(25705,105,25912,2),(25706,109,25913,2),(25703,105,25911,2),(25704,109,25912,2),(25702,109,25911,2),(25701,105,25910,2),(25698,109,25909,2),(25700,109,25910,2),(24498,125,24569,2),(24496,125,24568,2),(24494,125,24567,2),(24495,124,24568,2),(24492,125,24566,2),(24493,124,24567,2),(24490,125,24565,2),(25680,109,25900,2),(23234,112,23000,2),(23686,118,23380,2),(23689,118,23383,2),(23687,118,23381,2),(25986,105,26049,2),(25985,109,26048,2),(23685,118,23379,2),(26774,103,27099,2),(26776,109,27100,2),(25994,105,26053,2),(26772,109,27098,2),(26773,103,27098,2),(26775,109,27099,2),(24668,115,24818,2),(26770,109,27097,2),(26771,103,27097,2),(24663,115,24812,2),(24667,115,24817,2),(24666,115,24816,2),(23167,115,22909,2),(24662,115,24811,2),(24661,108,24698,2),(25835,105,25974,2),(25834,109,25974,2),(24624,108,24656,2),(24251,102,24256,2),(25833,105,25973,2),(25832,109,25973,2),(24250,109,24255,2),(26583,105,26797,2),(23236,112,23002,2),(24249,103,24255,2),(25831,105,25972,2),(27002,103,27368,2),(23305,118,23071,2),(23900,118,23589,2),(27000,132,27367,2),(27001,109,27368,2),(25797,132,25955,2),(26998,109,27367,2),(26999,103,27367,2),(26996,103,27366,2),(26997,132,27366,2),(26994,132,27365,2),(26995,109,27366,2),(26992,109,27365,2),(26993,103,27365,2),(26990,103,27364,2),(26991,132,27364,2),(26988,132,27363,2),(26989,109,27364,2),(24514,125,24577,2),(24510,125,24575,2),(24508,125,24574,2),(23850,118,23539,2),(25232,115,25588,2),(25231,113,25587,2),(25464,103,25722,2),(24658,108,24695,2),(24657,108,24694,2),(25818,109,25966,2),(25817,105,25965,2),(25459,102,25720,2),(26854,103,27168,2),(26855,103,27169,2),(26856,103,27172,2),(26857,103,27173,2),(24265,109,24260,2),(24267,103,24261,2),(26858,103,27175,2),(26859,103,27178,2),(24263,102,24260,2),(24262,109,24259,2),(24264,103,24260,2),(24259,109,24258,2),(24261,103,24259,2),(24260,102,24259,2),(24343,120,24336,2),(27234,132,27613,2),(24257,102,24258,2),(24645,108,24688,2),(24934,107,25186,2),(25004,113,25326,2),(25003,124,25325,2),(23507,118,23210,2),(25523,118,25797,2),(25522,103,25793,2),(25521,125,25790,2),(25520,124,25790,2),(25124,118,25500,2),(25123,118,25499,2),(25582,115,25831,2),(25581,115,25830,2),(23803,118,23492,2),(23802,118,23491,2),(23801,118,23490,2),(23897,118,23586,2),(23896,118,23585,2),(23852,118,23541,2),(23851,118,23540,2),(26323,118,26432,2),(26322,118,26431,2),(26324,118,26433,2),(26321,118,26430,2),(25546,104,25808,2),(25547,126,25809,2),(23836,118,23525,2),(23837,118,23526,2),(23838,118,23527,2),(23833,118,23522,2),(23834,118,23523,2),(24620,125,24652,2),(24619,125,24651,2),(24847,112,25023,2),(24846,115,25021,2),(24873,109,25050,2),(24871,109,25049,2),(24849,103,25034,2),(24848,112,25024,2),(24851,118,25039,2),(24850,118,25038,2),(24855,105,25041,2),(24872,105,25050,2),(24853,105,25040,2),(24852,109,25040,2),(24875,109,25051,2),(24874,105,25051,2),(24879,109,25053,2),(24854,109,25041,2),(24877,109,25052,2),(24876,105,25052,2),(24857,105,25042,2),(24856,109,25042,2),(24861,105,25044,2),(24878,105,25053,2),(24859,105,25043,2),(24858,109,25043,2),(24881,105,25054,2),(24880,109,25054,2),(24883,103,25056,2),(24860,109,25044,2),(24863,105,25045,2),(24862,109,25045,2),(24885,103,25057,2),(24884,111,25056,2),(24865,105,25046,2),(24882,130,25055,2),(25129,118,25505,2),(24864,109,25046,2),(25131,118,25507,2),(25128,118,25504,2),(25765,105,25940,2),(25130,118,25506,2),(25767,105,25941,2),(25773,105,25944,2),(25769,105,25942,2),(25766,109,25941,2),(25771,105,25943,2),(25768,109,25942,2),(24887,132,25058,2),(25770,109,25943,2),(24893,132,25065,2),(24886,111,25057,2),(24892,107,25064,2),(24889,105,25061,2),(23412,119,23163,2),(23410,119,23162,2),(23411,118,23162,2),(26309,118,26418,2),(26310,118,26419,2),(23172,114,22934,2),(23173,114,22935,2),(23170,116,22914,2),(23171,116,22915,2),(26308,118,26417,2),(23169,116,22913,2),(23157,115,22899,2),(24869,109,25048,2),(23155,102,22885,2),(23156,102,22886,2),(23153,102,22883,2),(23154,102,22884,2),(23152,115,22745,2),(23531,118,23225,2),(23123,115,22716,2),(23124,115,22717,2),(23121,115,22714,2),(23122,115,22715,2),(23119,115,22711,2),(23120,115,22713,2),(23117,115,22709,2),(23118,115,22710,2),(23115,115,22707,2),(23116,115,22708,2),(23113,115,22705,2),(23114,115,22706,2),(23111,115,22703,2),(23112,115,22704,2),(26306,118,26415,2),(26307,118,26416,2),(23151,115,22744,2),(26305,118,26414,2),(23149,115,22742,2),(23150,115,22743,2),(23109,115,22701,2),(23110,115,22702,2),(23107,115,22699,2),(23108,115,22700,2),(25641,124,25877,2),(23161,115,22903,2),(25644,113,25881,2),(25642,108,25877,2),(25646,103,25882,2),(26263,118,26372,2),(26264,118,26373,2),(26265,118,26374,2),(26266,118,26375,2),(26267,118,26376,2),(26268,118,26377,2),(26269,118,26378,2),(26270,118,26379,2),(26271,118,26380,2),(26272,118,26381,2),(26273,118,26382,2),(26274,118,26383,2),(26275,118,26384,2),(26276,118,26385,2),(25181,118,25557,2),(25930,105,26021,2),(24437,108,24534,2),(24433,108,24530,2),(26099,103,26126,2),(26100,103,26127,2),(26101,103,26128,2),(24256,109,24257,2),(23865,118,23554,2),(24954,129,25239,2),(24959,124,25241,2),(25461,102,25721,2),(24956,129,25240,2),(24843,108,25018,2),(25735,105,25925,2),(25734,109,25925,2),(25737,105,25926,2),(25592,115,25841,2),(25531,104,25803,2),(26543,103,26783,2),(26541,105,26783,2),(26552,103,26786,2),(26549,103,26785,2),(26562,105,26790,2),(26560,109,26789,2),(26559,105,26789,2),(26558,105,26788,2),(26573,103,26793,2),(26571,105,26793,2),(25643,112,25879,2),(25645,121,25881,2),(24361,108,24474,2),(24360,124,24474,2),(24534,125,24587,2),(24535,124,24588,2),(26111,109,26161,2),(26110,103,26161,2),(26108,103,26160,2),(26107,109,26159,2),(26102,104,26130,2),(26106,103,26159,2),(25970,105,26041,2),(25969,109,26040,2),(25972,105,26042,2),(25971,109,26041,2),(25743,109,25929,2),(25741,109,25928,2),(25740,105,25928,2),(25841,105,25927,2),(25381,102,25681,2),(24509,124,24575,2),(26554,109,26787,2),(27125,109,27563,2),(25385,102,25683,2),(26582,109,26796,2),(24258,103,24258,2),(24253,109,24256,2),(24255,103,24257,2),(25384,106,25682,2),(25374,106,25677,2),(25371,102,25676,2),(25840,109,25927,2),(26350,118,26459,2),(24532,125,24586,2),(24533,124,24587,2),(24254,102,24257,2),(24345,120,24338,2),(24344,120,24337,2),(24252,103,24256,2),(24530,125,24585,2),(24528,125,24584,2),(24526,125,24583,2),(24527,124,24584,2),(24525,124,24583,2),(24522,125,24581,2),(26406,118,26515,2),(26407,118,26516,2),(26404,118,26513,2),(24349,120,24342,2),(25736,109,25926,2),(25353,102,25667,2),(24471,124,24556,2),(25333,102,25657,2),(26084,121,26111,2),(26083,121,26110,2),(26086,113,26112,2),(25332,106,25656,2),(25351,102,25666,2),(23806,118,23495,2),(24195,103,24234,2),(24193,103,24233,2),(24192,102,24233,2),(24191,103,24232,2),(24190,102,24232,2),(24560,125,24599,2),(24562,125,24600,2),(24189,103,24231,2),(24188,102,24231,2),(24187,103,24230,2),(24776,115,24958,2),(24186,102,24230,2),(24185,103,24229,2),(24184,102,24229,2),(24183,103,24228,2),(23233,112,22999,2),(23881,118,23570,2),(26618,103,26808,2),(23256,112,23022,2),(26047,130,26080,2),(23255,112,23021,2),(24552,125,24595,2),(25753,109,25934,2),(25918,105,26015,2),(24432,108,24529,2),(27212,109,27606,2),(27213,103,27606,2),(23340,118,23106,2),(27211,132,27606,2),(25180,118,25556,2),(25171,118,25547,2),(25177,118,25553,2),(25179,118,25555,2),(25843,109,25977,2),(25176,118,25552,2),(25652,102,25885,2),(23547,118,23241,2),(23545,118,23239,2),(23542,118,23236,2),(23543,118,23237,2),(23355,118,23121,2),(23354,118,23120,2),(23262,112,23028,2),(23353,118,23119,2),(23260,112,23026,2),(23261,112,23027,2),(23259,112,23025,2),(23257,112,23023,2),(25801,105,25957,2),(25800,109,25957,2),(26326,118,26435,2),(25667,105,25893,2),(25020,115,25387,2),(25019,115,25386,2),(25018,115,25385,2),(25017,115,25384,2),(25016,115,25383,2),(27064,113,27401,2),(26438,132,26544,2),(26623,127,26811,2),(27027,132,27376,2),(26622,120,26810,2),(25287,122,25635,2),(25283,106,25633,2),(25284,122,25634,2),(25281,122,25633,2),(25092,118,25468,2),(25282,102,25633,2),(25279,102,25632,2),(25280,106,25632,2),(24623,125,24655,2),(25278,122,25632,2),(24622,125,24654,2),(26023,105,26067,2),(26021,105,26066,2),(26019,109,26065,2),(26020,109,26066,2),(26018,105,26065,2),(26016,109,26064,2),(26017,105,26064,2),(26014,105,26063,2),(26015,109,26063,2),(26012,109,26062,2),(26013,105,26062,2),(26010,105,26061,2),(26011,109,26061,2),(26008,109,26060,2),(26009,105,26060,2),(27171,103,27578,2),(27170,109,27578,2),(27169,103,27577,2),(27168,132,27577,2),(23338,118,23104,2),(23337,118,23103,2),(23413,118,23163,2),(23409,118,23161,2),(26917,103,27203,2),(26942,144,27211,2),(26941,135,27210,2),(26940,143,27210,2),(26939,132,27210,2),(26938,142,27210,2),(26937,103,27209,2),(26936,109,27209,2),(25447,102,25714,2),(26399,118,26508,2),(26400,118,26509,2),(26397,118,26506,2),(26398,118,26507,2),(26395,118,26504,2),(26396,118,26505,2),(26393,118,26502,2),(26394,118,26503,2),(26391,118,26500,2),(26392,118,26501,2),(26389,118,26498,2),(26390,118,26499,2),(26387,118,26496,2),(26388,118,26497,2),(23465,118,23189,2),(23466,119,23190,2),(23463,118,23188,2),(23464,119,23189,2),(23461,118,23187,2),(23462,119,23188,2),(23457,118,23185,2),(23458,119,23186,2),(26386,118,26495,2),(23718,118,23408,2),(23720,118,23409,2),(23719,106,23409,2),(26905,103,27197,2),(23721,118,23410,2),(23407,118,23160,2),(23408,119,23161,2),(23405,118,23159,2),(23406,119,23160,2),(26913,103,27201,2),(26914,103,27202,2),(25685,105,25902,2),(26912,109,27201,2),(24299,102,24286,2),(24295,109,24270,2),(24296,102,24271,2),(24078,115,24109,2),(24077,115,24108,2),(24076,115,24107,2),(24075,115,24106,2),(24074,115,24105,2),(24073,115,24104,2),(26882,109,27190,2),(26881,103,27189,2),(26916,109,27203,2),(26915,109,27202,2),(24994,109,25306,2),(24993,103,25306,2),(25152,118,25528,2),(25147,118,25523,2),(23885,118,23574,2),(23884,118,23573,2),(23883,118,23572,2),(26615,103,26807,2),(26616,105,26808,2),(26613,105,26807,2),(26614,109,26807,2),(26611,109,26806,2),(26612,103,26806,2),(26609,103,26805,2),(26610,105,26806,2),(26607,105,26805,2),(26608,109,26805,2),(27134,109,27566,2),(26606,103,26804,2),(27132,132,27565,2),(27133,103,27565,2),(27130,132,27564,2),(23683,118,23377,2),(23680,118,23374,2),(23681,118,23375,2),(23678,118,23372,2),(27230,109,27612,2),(27231,103,27612,2),(23414,119,23164,2),(23569,118,23263,2),(23570,118,23264,2),(23567,118,23261,2),(23568,118,23262,2),(23565,118,23259,2),(23566,118,23260,2),(23563,118,23257,2),(23564,118,23258,2),(23562,118,23256,2),(25567,108,25816,2),(25569,115,25818,2),(25568,108,25817,2),(25565,108,25815,2),(25564,104,25814,2),(25566,104,25815,2),(24390,108,24492,2),(23798,118,23487,2),(23797,118,23486,2),(24082,115,24115,2),(24081,115,24112,2),(24080,115,24111,2),(26681,127,26882,2),(26682,111,26883,2),(26679,111,26882,2),(26680,103,26882,2),(26677,124,26880,2),(26678,126,26881,2),(26675,129,26879,2),(26676,129,26880,2),(26673,124,26878,2),(26674,124,26879,2),(26880,109,27189,2),(26672,129,26878,2),(27146,109,27570,2),(23489,118,23201,2),(23488,119,23201,2),(23487,118,23200,2),(23486,119,23200,2),(23485,118,23199,2),(23484,119,23199,2),(23483,118,23198,2),(23482,119,23198,2),(23481,118,23197,2),(23480,119,23197,2),(23479,118,23196,2),(23478,119,23196,2),(26523,105,26777,2),(26522,103,26776,2),(26521,109,26776,2),(26520,105,26776,2),(26519,103,26775,2),(26518,109,26775,2),(26517,105,26775,2),(26515,129,26758,2),(23495,118,23204,2),(23494,119,23204,2),(25248,115,25604,2),(23493,118,23203,2),(24281,102,24266,2),(25246,115,25602,2),(24280,109,24265,2),(24282,103,24266,2),(25615,106,25862,2),(23238,112,23004,2),(24197,103,24235,2),(24575,125,24607,2),(24840,124,24606,2),(25612,102,25861,2),(25613,106,25861,2),(25585,115,25834,2),(25155,118,25531,2),(25154,118,25530,2),(25151,118,25527,2),(25150,118,25526,2),(27131,109,27565,2),(23617,118,23311,2),(27077,127,27419,2),(26361,118,26470,2),(26358,118,26467,2),(26359,118,26468,2),(26356,118,26465,2),(26357,118,26466,2),(23776,118,23465,2),(26027,105,26069,2),(26028,105,26070,2),(24587,125,24619,2),(25127,118,25503,2),(25132,118,25508,2),(25133,118,25509,2),(25190,118,25566,2),(26493,118,26740,2),(26491,118,26739,2),(25647,102,25882,2),(25599,115,25848,2),(26818,109,27121,2),(25262,115,25618,2),(24968,107,25284,2),(23419,118,23166,2),(23420,119,23167,2),(23679,118,23373,2),(25269,115,25625,2),(25268,115,25624,2),(25271,115,25627,2),(27017,103,27373,2),(26495,118,26741,2),(26496,131,26742,2),(23753,118,23442,2),(23754,118,23443,2),(25868,109,25990,2),(23351,118,23117,2),(23350,118,23116,2),(23343,118,23109,2),(24909,127,25086,2),(23664,118,23358,2),(23665,118,23359,2),(23662,118,23356,2),(23663,118,23357,2),(23660,118,23354,2),(23661,118,23355,2),(23677,118,23371,2),(25270,115,25626,2),(24137,106,24164,2),(25605,115,25854,2),(25601,115,25850,2),(23808,118,23497,2),(24182,102,24228,2),(24181,103,24227,2),(24180,102,24227,2),(24179,103,24226,2),(24178,102,24226,2),(24177,103,24225,2),(24176,102,24225,2),(24558,125,24598,2),(24559,124,24599,2),(24159,106,24175,2),(24543,125,24591,2),(24540,125,24590,2),(24541,124,24591,2),(24539,124,24590,2),(24537,124,24589,2),(24531,124,24586,2),(24553,124,24596,2),(24551,124,24595,2),(24152,102,24172,2),(24151,106,24171,2),(24150,102,24171,2),(24149,106,24170,2),(24148,102,24170,2),(24147,106,24169,2),(24146,102,24169,2),(24145,106,24168,2),(24144,102,24168,2),(24143,106,24167,2),(24142,102,24167,2),(24141,106,24166,2),(24140,102,24166,2),(24139,106,24165,2),(24138,102,24165,2),(24136,102,24164,2),(23610,118,23304,2),(23611,118,23305,2),(23608,118,23302,2),(23609,118,23303,2),(23606,118,23300,2),(23607,118,23301,2),(26867,132,27183,2),(24210,102,24242,2),(24213,103,24243,2),(27198,132,27601,2),(25874,105,25993,2),(25935,109,26023,2),(25936,105,26024,2),(25937,109,26024,2),(25938,105,26025,2),(25005,113,25327,2),(26129,109,26170,2),(26127,109,26169,2),(26128,103,26170,2),(24973,124,25291,2),(24972,129,25291,2),(24978,109,25298,2),(24976,132,25293,2),(25933,109,26022,2),(25934,105,26023,2),(26109,109,26160,2),(26955,103,27220,2),(26954,114,27219,2),(25532,126,25804,2),(24173,103,24223,2),(24172,102,24223,2),(24171,103,24222,2),(24170,102,24222,2),(24169,103,24221,2),(24168,102,24221,2),(24167,103,24220,2),(24166,102,24220,2),(24165,103,24219,2),(24164,102,24219,2),(26280,118,26389,2),(24162,102,24177,2),(26278,118,26387,2),(26279,118,26388,2),(25920,105,26016,2),(26277,118,26386,2),(27089,103,27460,2),(27091,113,27478,2),(27090,114,27460,2),(27093,113,27480,2),(27092,113,27479,2),(27095,113,27482,2),(27094,113,27481,2),(27097,103,27484,2),(27096,103,27483,2),(27099,103,27486,2),(27098,103,27485,2),(27101,135,27555,2),(27100,132,27555,2),(27102,136,27555,2),(26712,124,27032,2),(26710,124,27031,2),(26711,103,27032,2),(26709,103,27031,2),(26176,103,26219,2),(26175,103,26218,2),(26178,103,26221,2),(26177,103,26220,2),(26149,103,26189,2),(26148,109,26180,2),(26152,109,24303,2),(26151,103,24303,2),(26155,109,24304,2),(26154,103,24304,2),(26158,109,24305,2),(26157,103,24305,2),(26162,103,26205,2),(26161,103,26204,2),(26164,103,26207,2),(26163,103,26206,2),(26166,103,26209,2),(26165,103,26208,2),(26168,103,26211,2),(26167,103,26210,2),(26170,103,26213,2),(26169,103,26212,2),(26171,103,26214,2),(23734,118,23423,2),(23735,118,23424,2),(25295,102,25638,2),(25294,106,25637,2),(23712,118,23405,2),(25291,102,25636,2),(27196,103,27601,2),(27195,103,27600,2),(26112,103,26162,2),(26113,109,26162,2),(26092,110,26119,2),(26194,113,26237,2),(26193,113,26236,2),(26196,113,26239,2),(26195,113,26238,2),(26198,113,26241,2),(26197,113,26240,2),(26200,113,26243,2),(26199,113,26242,2),(26202,113,26245,2),(26201,113,26244,2),(26204,113,26247,2),(26203,113,26246,2),(26206,113,26249,2),(26205,113,26248,2),(26208,113,26251,2),(26207,113,26250,2),(26210,113,26253,2),(26209,113,26252,2),(26498,131,26743,2),(26497,118,26742,2),(26500,131,26744,2),(26499,118,26743,2),(26502,118,26746,2),(26501,118,26745,2),(26504,118,26749,2),(26503,118,26748,2),(26212,113,26255,2),(26211,113,26254,2),(23476,119,23195,2),(25238,115,25594,2),(23807,118,23496,2),(23841,118,23530,2),(25263,115,25619,2),(26780,109,27102,2),(26782,103,27103,2),(26783,109,27103,2),(26784,109,27104,2),(26777,103,27100,2),(26778,109,27101,2),(26779,103,27101,2),(26781,103,27102,2),(27018,132,27373,2),(27020,103,27374,2),(25153,118,25529,2),(27179,103,27595,2),(27178,132,27595,2),(27181,132,27596,2),(27180,109,27595,2),(27183,103,27596,2),(27182,109,27596,2),(26085,113,26111,2),(26087,121,26112,2),(23858,118,23547,2),(23857,118,23546,2),(27197,109,27601,2),(25872,105,25992,2),(25871,109,25991,2),(26245,118,26354,2),(26244,118,26353,2),(26255,118,26364,2),(26254,118,26363,2),(26253,118,26362,2),(26252,118,26361,2),(26247,118,26356,2),(26595,105,26801,2),(26249,118,26358,2),(26248,118,26357,2),(26251,118,26360,2),(26250,118,26359,2),(23404,119,23159,2),(24132,102,24162,2),(27214,103,27607,2),(24131,106,24161,2),(24130,102,24161,2),(24129,106,24160,2),(24128,102,24160,2),(24127,106,24159,2),(24126,102,24159,2),(24125,106,24158,2),(26953,103,27219,2),(25924,105,26018,2),(25161,118,25537,2),(24435,108,24532,2),(25923,109,26017,2),(25922,105,26017,2),(25921,109,26016,2),(26130,132,26171,2),(24778,115,24964,2),(24867,105,25047,2),(24768,115,24948,2),(24866,109,25047,2),(27080,103,27422,2),(27079,127,27420,2),(24777,115,24959,2),(25410,106,25695,2),(25409,102,25695,2),(25408,106,25694,2),(25407,102,25694,2),(25406,106,25693,2),(25405,102,25693,2),(25404,106,25692,2),(25403,102,25692,2),(25402,106,25691,2),(25401,102,25691,2),(25400,106,25690,2),(25399,102,25690,2),(25398,106,25689,2),(25397,102,25689,2),(25396,106,25688,2),(25395,102,25688,2),(25394,102,25687,2),(25392,102,25686,2),(25388,106,25684,2),(25373,102,25677,2),(25372,106,25676,2),(25377,102,25679,2),(25376,106,25678,2),(25380,106,25680,2),(25375,102,25678,2),(25379,102,25680,2),(25378,106,25679,2),(25387,102,25684,2),(24124,102,24158,2),(24379,108,24483,2),(25256,115,25612,2),(25873,109,25992,2),(27082,103,27435,2),(23669,118,23363,2),(23671,118,23365,2),(24985,103,25302,2),(27065,113,27402,2),(26462,118,26715,2),(26459,118,26712,2),(23213,112,22979,2),(25255,115,25611,2),(26405,118,26514,2),(26402,118,26511,2),(26403,118,26512,2),(26413,118,26522,2),(26414,118,26523,2),(25335,102,25658,2),(25334,106,25657,2),(25350,106,25665,2),(25352,106,25666,2),(26557,103,26788,2),(26556,109,26788,2),(23500,119,23207,2),(23496,119,23205,2),(23497,118,23205,2),(23498,119,23206,2),(23499,118,23206,2),(27004,109,27369,2),(26597,103,26801,2),(25678,109,25899,2),(27003,132,27368,2),(25675,105,25897,2),(25674,109,25897,2),(25677,105,25898,2),(25676,109,25898,2),(26485,131,26736,2),(26488,131,26738,2),(26487,131,26737,2),(26489,118,26738,2),(23501,118,23207,2),(24468,125,24554,2),(24775,115,24957,2),(24774,115,24956,2),(24773,115,24954,2),(26492,131,26740,2),(25468,103,25724,2),(25467,102,25724,2),(25273,115,25629,2),(25272,115,25628,2),(23502,119,23208,2),(23503,118,23208,2),(26581,105,26796,2),(26580,103,26796,2),(24491,124,24566,2),(24488,125,24564,2),(24489,124,24565,2),(24486,125,24563,2),(24487,124,24564,2),(24485,124,24563,2),(24516,125,24578,2),(24513,124,24577,2),(24511,124,24576,2),(24506,125,24573,2),(24772,115,24953,2),(24368,124,24478,2),(24366,124,24477,2),(24341,120,24334,2),(24340,120,24333,2),(24515,124,24578,2),(25114,118,25490,2),(25237,115,25593,2),(25240,115,25596,2),(25116,118,25492,2),(25115,118,25491,2),(25118,118,25494,2),(25117,118,25493,2),(25120,118,25496,2),(25119,118,25495,2),(23291,118,23057,2),(23292,118,23058,2),(23293,118,23059,2),(23294,118,23060,2),(23295,118,23061,2),(23296,118,23062,2),(23297,118,23063,2),(23298,118,23064,2),(23299,118,23065,2),(23300,118,23066,2),(23301,118,23067,2),(23302,118,23068,2),(24245,102,24254,2),(24244,109,24253,2),(24248,102,24255,2),(23303,118,23069,2),(23217,112,22983,2),(23304,118,23070,2),(26878,109,27188,2),(26879,103,27188,2),(24243,103,24253,2),(24247,109,24254,2),(24246,103,24254,2),(24388,108,24490,2),(24387,108,24489,2),(24389,108,24491,2),(25466,103,25723,2),(26811,109,27117,2),(26812,109,27118,2),(27152,109,27572,2),(27153,103,27572,2),(27235,132,27614,2),(27236,109,27614,2),(27238,103,27615,2),(23849,118,23538,2),(23604,118,23298,2),(23605,118,23299,2),(26378,118,26487,2),(26911,103,27200,2),(24999,129,25323,2),(26910,109,27200,2),(25189,118,25565,2),(25146,118,25522,2),(25907,109,26009,2),(23800,118,23489,2),(23799,118,23488,2),(25905,109,26008,2),(25759,109,25937,2),(25757,105,25936,2),(25756,109,25936,2),(25758,105,25937,2),(25906,105,26009,2),(25903,109,26007,2),(24569,124,24604,2),(23603,118,23297,2),(26909,103,27199,2),(26946,103,27212,2),(26947,114,27213,2),(25755,109,25935,2),(25754,105,25935,2),(25752,105,25934,2),(26803,103,27113,2),(26908,109,27199,2),(25157,118,25533,2),(25156,118,25532,2),(26876,103,27187,2),(26907,109,27198,2),(25339,102,25660,2),(25338,106,25659,2),(25337,102,25659,2),(25336,106,25658,2),(26156,106,24305,2),(24316,102,24308,2),(24310,102,24293,2),(26153,106,24304,2),(27087,103,27459,2),(27088,114,27459,2),(27085,114,27456,2),(27137,109,27567,2),(24378,124,24483,2),(24377,108,24482,2),(24376,124,24482,2),(24374,124,24481,2),(24497,124,24569,2),(24771,115,24952,2),(24507,124,24574,2),(24504,125,24572,2),(24505,124,24573,2),(24502,125,24571,2),(24503,124,24572,2),(24500,125,24570,2),(26105,103,26155,2),(24971,116,25290,2),(24970,124,25289,2),(24518,125,24579,2),(24342,120,24335,2),(26461,118,26714,2),(26464,118,26717,2),(26465,118,26718,2),(26463,118,26716,2),(23104,115,22696,2),(25517,125,25788,2),(24633,108,24682,2),(24064,115,24095,2),(26551,109,26786,2),(25745,109,25930,2),(25358,106,25669,2),(26563,109,26790,2),(26561,103,26789,2),(25669,105,25894,2),(25665,105,25892,2),(26509,118,26754,2),(26507,118,26752,2),(26555,103,26787,2),(26553,105,26787,2),(24523,124,24582,2),(24557,124,24598,2),(24405,108,24507,2),(24404,108,24506,2),(23424,119,23169,2),(25984,105,26048,2),(25983,109,26047,2),(26001,109,26056,2),(26000,105,26056,2),(25999,109,26055,2),(25998,105,26055,2),(26002,105,26057,2),(25997,109,26054,2),(24900,110,25077,2),(24903,110,25080,2),(24902,110,25079,2),(24905,110,25082,2),(24904,110,25081,2),(24907,110,25084,2),(24906,110,25083,2),(24908,127,25085,2),(24584,125,24616,2),(24583,125,24615,2),(24585,125,24617,2),(25662,109,25891,2),(26192,113,26235,2),(26191,113,26234,2),(26184,113,26227,2),(26183,113,26226,2),(26186,113,26229,2),(26185,113,26228,2),(26188,113,26231,2),(26187,113,26230,2),(26190,113,26233,2),(26189,113,26232,2),(26180,103,26223,2),(26179,103,26222,2),(26182,103,26225,2),(26181,103,26224,2),(26174,103,26217,2),(26173,103,26216,2),(25393,106,25687,2),(25391,106,25686,2),(25390,106,25685,2),(25413,102,25697,2),(25412,106,25696,2),(25411,102,25696,2),(25416,106,25698,2),(25415,102,25698,2),(25414,106,25697,2),(25331,102,25656,2),(25330,106,25655,2),(25329,102,25655,2),(25761,105,25938,2),(25760,109,25938,2),(25328,106,25654,2),(26408,118,26517,2),(26409,118,26518,2),(26410,118,26519,2),(25559,126,25813,2),(24991,103,25305,2),(27150,132,27571,2),(27151,103,27571,2),(24891,107,25063,2),(23349,118,23115,2),(23348,118,23114,2),(25655,102,25886,2),(23133,115,22726,2),(26314,118,26423,2),(26315,118,26424,2),(26312,118,26421,2),(26313,118,26422,2),(26311,118,26420,2),(26316,118,26425,2),(26317,118,26426,2),(26318,118,26427,2),(26319,118,26428,2),(26320,118,26429,2),(23426,119,23170,2),(25806,109,25960,2),(25796,133,25955,2),(25827,105,25970,2),(25828,109,25971,2),(25829,105,25971,2),(25636,108,25874,2),(25807,105,25960,2),(27188,109,27598,2),(27187,132,27598,2),(25793,105,25954,2),(25808,109,25961,2),(25432,106,25706,2),(25431,102,25706,2),(25434,106,25707,2),(25433,102,25707,2),(25974,105,26043,2),(25973,109,26042,2),(25976,105,26044,2),(25975,109,26043,2),(24355,106,24348,2),(24354,106,24347,2),(24357,106,24361,2),(24356,106,24360,2),(24616,125,24648,2),(24615,125,24647,2),(24618,125,24650,2),(24617,125,24649,2),(25439,102,25710,2),(25442,103,25711,2),(25441,102,25711,2),(25591,115,25840,2),(25444,103,25712,2),(25443,102,25712,2),(25822,109,25968,2),(25803,105,25958,2),(25804,109,25959,2),(25805,105,25959,2),(23175,114,22937,2),(23176,114,22938,2),(23177,114,22939,2),(23178,114,22940,2),(23179,114,22941,2),(23180,114,22942,2),(25823,105,25968,2),(25826,109,25970,2),(25825,105,25969,2),(25824,109,25969,2),(23181,114,22943,2),(23182,114,22944,2),(23356,118,23122,2),(25519,125,25789,2),(25795,134,25955,2),(25727,105,25921,2),(25725,105,25920,2),(25729,105,25922,2),(25726,109,25921,2),(26945,133,27211,2),(24277,109,24264,2),(23477,118,23195,2),(24314,102,24306,2),(24318,102,24310,2),(26385,118,26494,2),(26948,114,27214,2),(25836,105,25975,2),(25837,109,25975,2),(23185,114,22947,2),(25125,118,25501,2),(26705,107,26928,2),(25945,109,26028,2),(26716,103,27034,2),(26717,109,27035,2),(26714,124,27033,2),(26715,109,27034,2),(26713,103,27033,2),(24870,105,25049,2),(24845,115,25020,2),(24844,112,25019,2),(24868,105,25048,2),(25477,102,25729,2),(25476,102,25728,2),(25474,103,25727,2),(25473,102,25727,2),(25472,103,25726,2),(25471,102,25726,2),(25470,103,25725,2),(25469,102,25725,2),(23131,115,22724,2),(23132,115,22725,2),(23129,115,22722,2),(24803,103,24992,2),(24802,102,24992,2),(24805,103,24993,2),(24804,102,24993,2),(24807,103,24994,2),(24806,102,24994,2),(24809,103,24995,2),(24808,102,24995,2),(24811,103,24996,2),(24810,102,24996,2),(24813,103,24997,2),(25978,105,26045,2),(25977,109,26044,2),(24287,102,24268,2),(25979,109,26045,2),(24286,109,24267,2),(24289,109,24268,2),(25327,102,25654,2),(25326,106,25653,2),(25325,102,25653,2),(25324,102,25652,2),(25322,106,25651,2),(25323,106,25652,2),(26707,107,26930,2),(25948,105,26030,2),(23736,118,23425,2),(23739,118,23428,2),(25247,115,25603,2),(25264,115,25620,2),(25239,115,25595,2),(25242,115,25598,2),(25241,115,25597,2),(25244,115,25600,2),(25243,115,25599,2),(25245,115,25601,2),(24925,103,25134,2),(24924,127,25134,2),(24923,118,25131,2),(24922,118,25130,2),(25254,115,25610,2),(25253,115,25609,2),(25251,115,25607,2),(25267,115,25623,2),(26813,103,27118,2),(26814,109,27119,2),(24196,102,24235,2),(24579,125,24611,2),(24564,125,24601,2),(24561,124,24600,2),(24566,125,24602,2),(24565,124,24602,2),(24563,124,24601,2),(24194,102,24234,2),(26870,109,27184,2),(26874,109,27186,2),(26872,103,27185,2),(26873,109,27185,2),(26869,133,27183,2),(26871,103,27184,2),(26875,103,27186,2),(26877,109,27187,2),(25357,102,25669,2),(25356,106,25668,2),(25355,102,25668,2),(25354,106,25667,2),(26436,136,26544,2),(26437,135,26544,2),(25200,121,25572,2),(25199,113,25571,2),(25198,121,25571,2),(25197,113,25570,2),(25195,113,25569,2),(25196,121,25570,2),(25193,118,25568,2),(25194,121,25569,2),(25206,121,25575,2),(25205,113,25574,2),(25204,121,25574,2),(25203,113,25573,2),(25202,121,25573,2),(25201,113,25572,2),(25310,106,25645,2),(25309,102,25645,2),(25307,102,25644,2),(25306,106,25643,2),(25304,106,25642,2),(25305,102,25643,2),(25303,102,25642,2),(25302,106,25641,2),(25301,102,25641,2),(25300,106,25640,2),(25298,106,25639,2),(25299,102,25640,2),(26659,126,26869,2),(25297,102,25639,2),(25321,102,25651,2),(25320,106,25650,2),(25316,106,25648,2),(25317,102,25649,2),(25315,102,25648,2),(25314,106,25647,2),(25313,102,25647,2),(25312,106,25646,2),(25308,106,25644,2),(25563,108,25814,2),(25561,104,25813,2),(25560,108,25813,2),(23164,115,22906,2),(25562,126,25814,2),(23166,115,22908,2),(23165,115,22907,2),(25637,124,25875,2),(24927,127,25159,2),(24926,111,25134,2),(24958,129,25241,2),(25136,118,25512,2),(25137,118,25513,2),(25135,118,25511,2),(25134,118,25510,2),(24897,103,25066,2),(25211,113,25577,2),(25210,121,25577,2),(25209,113,25576,2),(25208,121,25576,2),(25207,113,25575,2),(26648,103,26856,2),(26649,103,26857,2),(26646,103,26854,2),(26647,103,26855,2),(26644,103,26852,2),(26645,103,26853,2),(26642,113,26839,2),(26643,113,26840,2),(27160,132,27574,2),(26641,113,26838,2),(27159,103,27574,2),(26640,113,26837,2),(25296,106,25638,2),(27158,109,27574,2),(25143,118,25519,2),(25142,118,25518,2),(25141,118,25517,2),(25140,118,25516,2),(25139,118,25515,2),(25138,118,25514,2),(26657,124,26867,2),(26660,126,26870,2),(26655,124,26865,2),(26658,126,26868,2),(26653,103,26861,2),(26656,124,26866,2),(26651,103,26859,2),(26654,103,26864,2),(26650,103,26858,2),(26652,103,26860,2),(26788,109,27106,2),(26785,103,27104,2),(26786,109,27105,2),(26787,103,27105,2),(26789,103,27106,2),(25064,112,25440,2),(25063,114,25439,2),(25144,118,25520,2),(26815,103,27119,2),(26816,103,27120,2),(26817,109,27120,2),(26819,103,27121,2),(25266,115,25622,2),(26382,118,26491,2),(26383,118,26492,2),(26384,118,26493,2),(26379,118,26488,2),(26380,118,26489,2),(26381,118,26490,2),(23216,112,22982,2),(27148,132,27570,2),(27149,109,27571,2),(23614,118,23308,2),(23472,119,23193,2),(23612,118,23306,2),(23613,118,23307,2),(25947,109,26029,2),(25946,105,26029,2),(24812,102,24997,2),(24815,102,24999,2),(24814,102,24998,2),(24817,102,25001,2),(24816,102,25000,2),(25475,102,25002,2),(24818,123,25001,2),(24821,114,25007,2),(24820,117,25003,2),(24823,120,25009,2),(24822,102,25009,2),(24825,125,25010,2),(24824,124,25010,2),(24827,125,25011,2),(27241,103,27616,2),(27242,109,27616,2),(24826,124,25011,2),(24829,125,25012,2),(24828,124,25012,2),(24831,125,25013,2),(24830,124,25013,2),(24833,108,25014,2),(26809,103,27116,2),(26807,103,27115,2),(26468,118,26722,2),(25275,102,25631,2),(25274,115,25630,2),(25420,106,25700,2),(25419,102,25700,2),(25418,106,25699,2),(25417,102,25699,2),(25422,106,25701,2),(25421,102,25701,2),(25347,102,25664,2),(25346,106,25663,2),(24417,124,24517,2),(24416,124,24516,2),(24279,103,24265,2),(24274,109,24263,2),(24276,103,24264,2),(24832,124,25014,2),(24835,108,25015,2),(23880,118,23569,2),(23879,118,23568,2),(23878,118,23567,2),(23876,118,23565,2),(23877,118,23566,2),(23875,118,23564,2),(23874,118,23563,2),(23873,118,23562,2),(23872,118,23561,2),(23871,118,23560,2),(23475,118,23194,2),(23474,119,23194,2),(25167,118,25543,2),(25166,118,25542,2),(25165,118,25541,2),(25163,118,25539,2),(25162,118,25538,2),(25160,118,25536,2),(24834,124,25015,2),(24975,124,25016,2),(27066,113,27403,2),(24062,115,24093,2),(24061,115,24092,2),(24066,115,24097,2),(24065,115,24096,2),(27138,132,27567,2),(26579,103,26795,2),(26578,109,26795,2),(27086,114,27457,2),(24767,115,24942,2),(27084,103,27455,2),(25904,105,26008,2),(25902,105,26007,2),(25261,115,25617,2),(26376,118,26485,2),(26349,118,26458,2),(25583,115,25832,2),(25258,115,25614,2),(25257,115,25613,2),(25259,115,25615,2),(25311,102,25646,2),(26494,131,26741,2),(25126,118,25502,2),(26286,118,26395,2),(26285,118,26394,2),(26005,109,26058,2),(26004,105,26058,2),(26003,109,26057,2),(23444,119,23179,2),(23445,118,23179,2),(25914,105,26013,2),(25913,109,26012,2),(25080,118,25456,2),(25078,118,25454,2),(25077,118,25453,2),(26411,118,26520,2),(26419,118,26528,2),(26420,118,26529,2),(26417,118,26526,2),(26418,118,26527,2),(26416,118,26525,2),(24227,102,24248,2),(24230,102,24249,2),(24229,109,24248,2),(24382,124,24485,2),(24381,108,24484,2),(24380,124,24484,2),(24385,108,24487,2),(23618,118,23312,2),(23619,118,23313,2),(23620,118,23314,2),(23621,118,23315,2),(23622,118,23316,2),(23623,118,23317,2),(23624,118,23318,2),(23625,118,23319,2),(23626,118,23320,2),(23627,118,23321,2),(24384,108,24486,2),(23628,118,23322,2),(23629,118,23323,2),(23630,118,23324,2),(24383,108,24485,2),(25819,105,25966,2),(25820,109,25967,2),(25277,106,25631,2),(25276,122,25631,2),(26696,124,26922,2),(26697,103,26923,2),(24763,115,24935,2),(23737,118,23426,2),(26434,137,26543,2),(26435,138,26544,2),(26432,133,26543,2),(26433,134,26543,2),(26430,105,26543,2),(26431,132,26543,2),(26428,118,26537,2),(26429,118,26538,2),(26427,118,26536,2),(25192,120,25567,2),(26425,118,26534,2),(26426,118,26535,2),(25426,106,25703,2),(26290,118,26399,2),(26289,118,26398,2),(26288,118,26397,2),(25812,109,25963,2),(25191,118,25567,2),(25810,109,25962,2),(25811,105,25962,2),(25458,103,25719,2),(25809,105,25961,2),(25542,108,25807,2),(25457,102,25719,2),(25540,104,25806,2),(25541,126,25807,2),(25538,126,25806,2),(25539,108,25806,2),(25536,108,25805,2),(25537,104,25805,2),(25456,103,25718,2),(25535,126,25805,2),(25454,103,25717,2),(25455,102,25718,2),(25452,103,25716,2),(25453,102,25717,2),(25534,104,25804,2),(25451,102,25716,2),(25550,126,25810,2),(23459,118,23186,2),(25606,115,25855,2),(25515,124,25787,2),(25588,115,25837,2),(25603,115,25852,2),(24627,125,24677,2),(25587,115,25836,2),(25557,108,25812,2),(25604,115,25853,2),(25558,104,25812,2),(25556,126,25812,2),(25732,109,25924,2),(25731,105,25923,2),(25730,109,25923,2),(25728,109,25922,2),(24072,115,24103,2),(23402,119,23158,2),(23401,118,23157,2),(24134,102,24163,2),(24567,124,24603,2),(27215,109,27607,2),(27074,128,27411,2),(25212,121,25578,2),(23239,112,23005,2),(26702,124,26926,2),(26700,124,26924,2),(26703,103,26927,2),(26701,124,26925,2),(24071,115,24102,2),(24069,115,24100,2),(25815,105,25964,2),(25816,109,25965,2),(25814,109,25964,2),(25813,105,25963,2),(24063,115,24094,2),(24068,115,24099,2),(24067,115,24098,2),(26933,103,27208,2),(26932,109,27208,2),(26929,103,27207,2),(26928,109,27207,2),(26925,103,27206,2),(26924,109,27206,2),(26921,103,27205,2),(26920,109,27205,2),(23726,118,23415,2),(23727,118,23416,2),(27071,113,27408,2),(27070,113,27407,2),(27060,113,27397,2),(27061,113,27398,2),(27059,113,27396,2),(27058,113,27395,2),(27057,113,27394,2),(27056,113,27393,2),(23784,118,23473,2),(23783,118,23472,2),(23782,118,23471,2),(23781,118,23470,2),(23780,118,23469,2),(23779,118,23468,2),(23778,118,23467,2),(23777,118,23466,2),(24242,102,24253,2),(24241,109,24252,2),(24240,103,24252,2),(24239,102,24252,2),(23335,118,23101,2),(23336,118,23102,2),(23333,118,23099,2),(23334,118,23100,2),(23331,118,23097,2),(23332,118,23098,2),(23329,118,23095,2),(23330,118,23096,2),(23327,118,23093,2),(23328,118,23094,2),(23325,118,23091,2),(23326,118,23092,2),(23323,118,23089,2),(23324,118,23090,2),(23321,118,23087,2),(23322,118,23088,2),(23319,118,23085,2),(23320,118,23086,2),(23317,118,23083,2),(23318,118,23084,2),(23315,118,23081,2),(23316,118,23082,2),(23313,118,23079,2),(23314,118,23080,2),(23311,118,23077,2),(23312,118,23078,2),(23309,118,23075,2),(23310,118,23076,2),(23307,118,23073,2),(23308,118,23074,2),(25174,118,25550,2),(23306,118,23072,2),(25172,118,25548,2),(25173,118,25549,2),(26768,109,27096,2),(26769,103,27096,2),(26766,103,27095,2),(26767,109,27095,2),(26765,103,27094,2),(26368,118,26477,2),(26369,118,26478,2),(26366,118,26475,2),(26367,118,26476,2),(26364,118,26473,2),(26365,118,26474,2),(26362,118,26471,2),(26363,118,26472,2),(26919,109,27204,2),(26918,103,27204,2),(26944,145,27211,2),(26762,129,27092,2),(26763,124,27092,2),(26760,129,27091,2),(26761,124,27091,2),(26758,129,27090,2),(26759,124,27090,2),(26756,103,27063,2),(26757,103,27066,2),(26754,103,27053,2),(26755,103,27056,2),(26752,103,27052,2),(26753,109,27053,2),(26750,103,27051,2),(26751,109,27052,2),(26748,103,27050,2),(26749,109,27051,2),(26746,103,27049,2),(26747,109,27050,2),(26744,103,27048,2),(26745,109,27049,2),(26742,103,27047,2),(26743,109,27048,2),(26740,103,27046,2),(26741,109,27047,2),(26738,103,27045,2),(26739,109,27046,2),(26736,103,27044,2),(26737,109,27045,2),(26734,103,27043,2),(26735,109,27044,2),(26732,103,27042,2),(26733,109,27043,2),(26730,103,27041,2),(26731,109,27042,2),(26728,103,27040,2),(26729,109,27041,2),(26726,103,27039,2),(26727,109,27040,2),(26725,109,27039,2),(24351,120,24344,2),(24350,120,24343,2),(24598,125,24630,2),(24600,125,24632,2),(24599,125,24631,2),(24596,125,24628,2),(24595,125,24627,2),(24597,125,24629,2),(24594,125,24626,2),(24593,125,24625,2),(23219,112,22985,2),(26225,118,26334,2),(23187,114,22953,2),(23168,116,22910,2),(24610,125,24642,2),(25090,118,25466,2),(25091,118,25467,2),(25088,118,25464,2),(25089,118,25465,2),(25086,118,25462,2),(25087,118,25463,2),(25084,118,25460,2),(25085,118,25461,2),(25082,118,25458,2),(25083,118,25459,2),(25081,118,25457,2),(25079,118,25455,2),(25580,115,25829,2),(25579,115,25828,2),(25553,126,25811,2),(25552,104,25810,2),(25578,115,25827,2),(25577,115,25826,2),(23710,118,23404,2),(23711,106,23405,2),(23159,115,22901,2),(23160,115,22902,2),(23183,114,22945,2),(23184,114,22946,2),(23903,118,23592,2),(23218,112,22984,2),(24608,125,24640,2),(24607,125,24639,2),(24609,125,24641,2),(24604,125,24636,2),(24606,125,24638,2),(24605,125,24637,2),(24602,125,24634,2),(24601,125,24633,2),(24603,125,24635,2),(24293,102,24270,2),(24292,109,24269,2),(24294,103,24270,2),(24288,103,24268,2),(25481,120,25738,2),(25590,115,25839,2),(23225,112,22991,2),(23224,112,22990,2),(23223,112,22989,2),(23222,112,22988,2),(23221,112,22987,2),(23220,112,22986,2),(23264,112,23030,2),(23263,112,23029,2),(24291,103,24269,2),(25480,123,25735,2),(25478,102,25730,2),(25653,103,25885,2),(24290,102,24269,2),(26055,111,26088,2),(26052,130,26085,2),(26053,130,26086,2),(25187,118,25563,2),(25293,102,25637,2),(25292,106,25636,2),(25894,105,26003,2),(25893,109,26002,2),(25892,105,26002,2),(25891,105,26001,2),(25890,109,26001,2),(25889,109,26000,2),(25888,105,26000,2),(25887,109,25999,2),(25886,105,25999,2),(25885,109,25998,2),(25289,106,25635,2),(25290,122,25636,2),(25286,106,25634,2),(25288,102,25635,2),(27014,103,27372,2),(26287,118,26396,2),(24520,125,24580,2),(24347,120,24340,2),(24346,120,24339,2),(26532,105,26780,2),(24348,120,24341,2),(26533,109,26780,2),(25688,109,25904,2),(25113,118,25489,2),(25112,118,25488,2),(23425,118,23169,2),(25640,108,25876,2),(26412,118,26521,2),(23835,118,23524,2),(23830,118,23519,2),(23831,118,23520,2),(23832,118,23521,2),(23827,118,23516,2),(23828,118,23517,2),(23829,118,23518,2),(23824,118,23513,2),(23825,118,23514,2),(23826,118,23515,2),(23821,118,23510,2),(23822,118,23511,2),(23823,118,23512,2),(26452,118,26705,2),(26453,118,26706,2),(26450,118,26703,2),(25554,108,25811,2),(24899,117,25075,2),(24898,118,25071,2),(25821,105,25967,2),(27232,103,27613,2),(25980,105,26046,2),(23470,119,23192,2),(23209,112,22975,2),(26797,109,27110,2),(25996,105,26054,2),(26795,103,27109,2),(25917,109,26014,2),(25916,105,26014,2),(26377,118,26486,2),(25611,117,25860,2),(24208,102,24241,2),(25584,115,25833,2),(24206,102,24240,2),(24207,103,24240,2),(24205,103,24239,2),(24204,102,24239,2),(24268,109,24261,2),(25465,102,25723,2),(24270,103,24262,2),(24266,102,24261,2),(25659,109,25889,2),(25658,105,25889,2),(23278,117,23044,2),(24966,103,25283,2),(24961,124,25279,2),(24920,123,25104,2),(24977,103,25298,2),(25723,135,25920,2),(25722,132,25920,2),(25724,136,25920,2),(23709,118,23403,2),(23708,118,23402,2),(23707,118,23401,2),(23706,118,23400,2),(23705,118,23399,2),(23704,118,23398,2),(26041,105,26076,2),(26040,109,26076,2),(26039,109,26075,2),(26038,105,26075,2),(26036,109,26074,2),(23448,119,23181,2),(23449,118,23181,2),(23517,118,23215,2),(23518,119,23216,2),(23446,119,23180,2),(23447,118,23180,2),(23504,119,23209,2),(23505,118,23209,2),(23506,119,23210,2),(23512,119,23213,2),(23237,112,23003,2),(23235,112,23001,2),(25015,115,25382,2),(25014,115,25381,2),(25013,115,25380,2),(25012,115,25379,2),(25011,115,25378,2),(24419,124,24518,2),(24278,102,24265,2),(23186,114,22952,2),(23399,118,23156,2),(23280,117,23046,2),(23279,117,23045,2),(25867,109,25989,2),(23342,118,23108,2),(25068,118,25444,2),(25066,117,25442,2),(25065,112,25441,2),(24974,103,25016,2),(24839,108,25017,2),(24838,124,25017,2),(23715,106,23407,2),(23717,106,23408,2),(23762,118,23451,2),(23536,118,23230,2),(23761,118,23450,2),(23538,118,23232,2),(23759,118,23448,2),(23760,118,23449,2),(24997,109,25319,2),(23758,118,23447,2),(25684,109,25902,2),(24995,128,25315,2),(23352,118,23118,2),(23451,118,23182,2),(27228,132,27611,2),(23755,118,23444,2),(23757,118,23446,2),(23415,118,23164,2),(23416,119,23165,2),(27229,132,27612,2),(23756,118,23445,2),(23528,118,23222,2),(23529,118,23223,2),(23527,118,23221,2),(24842,124,25018,2),(24429,108,24526,2),(24428,108,24525,2),(24233,102,24250,2),(24232,109,24249,2),(24231,103,24249,2),(24236,102,24251,2),(24235,109,24250,2),(24234,103,24250,2),(24238,109,24251,2),(24237,103,24251,2),(24218,102,24245,2),(26683,103,26883,2),(24217,109,24244,2),(24216,103,24244,2),(24221,102,24246,2),(24220,109,24245,2),(24219,103,24245,2),(24224,102,24247,2),(24223,109,24246,2),(24222,103,24246,2),(24226,109,24247,2),(24225,103,24247,2),(24228,103,24248,2),(25070,118,25446,2),(25069,118,25445,2),(25067,117,25443,2),(25074,118,25450,2),(25072,118,25448,2),(25071,118,25447,2),(25076,118,25452,2),(25075,118,25451,2),(25073,118,25449,2),(23578,118,23272,2),(23581,118,23275,2),(23580,118,23274,2),(23583,118,23277,2),(23582,118,23276,2),(23585,118,23279,2),(23584,118,23278,2),(23586,118,23280,2),(23588,118,23282,2),(23587,118,23281,2),(23590,118,23284,2),(23589,118,23283,2),(25108,118,25484,2),(25107,118,25483,2),(25110,118,25486,2),(25109,118,25485,2),(25111,118,25487,2),(26256,118,26365,2),(26257,118,26366,2),(26258,118,26367,2),(26259,118,26368,2),(26096,103,26123,2),(26097,103,26124,2),(26098,103,26125,2),(26025,109,26068,2),(26026,109,26069,2),(26024,105,26068,2),(26022,109,26067,2),(26530,109,26779,2),(26529,105,26779,2),(23130,115,22723,2),(24407,108,24509,2),(25639,124,25876,2),(25023,115,25390,2),(26449,118,26702,2),(26451,118,26704,2),(26853,103,27163,2),(26698,124,26923,2),(26467,118,26721,2),(26469,118,26723,2),(26850,103,27160,2),(26851,103,27161,2),(26699,103,26924,2),(27075,128,27412,2),(24529,124,24585,2),(25145,118,25521,2),(25802,109,25958,2),(25598,115,25847,2),(25533,108,25804,2),(25596,115,25845,2),(25597,115,25846,2),(25594,115,25843,2),(25595,115,25844,2),(25593,115,25842,2),(25586,115,25835,2),(25744,105,25930,2),(25742,105,25929,2),(25673,105,25896,2),(26577,105,26795,2),(26575,109,26794,2),(25649,103,25883,2),(25589,115,25838,2),(23513,118,23213,2),(23251,112,23017,2),(25668,109,25894,2),(25671,105,25895,2),(25463,102,25722,2),(26531,103,26779,2),(26229,118,26338,2),(26527,109,26778,2),(26239,118,26348,2),(26228,118,26337,2),(26535,105,26781,2),(24121,106,24156,2),(25370,106,25675,2),(25369,102,25675,2),(25366,106,25673,2),(25712,109,25916,2),(24521,124,24581,2),(24519,124,24580,2),(24517,124,24579,2),(26246,118,26355,2),(25666,109,25893,2),(25661,105,25890,2),(25664,109,25892,2),(27223,132,27610,2),(27006,132,27369,2),(27005,103,27369,2),(26370,118,26479,2),(26371,118,26480,2),(23895,118,23584,2),(25784,109,25950,2),(25785,105,25950,2),(25786,109,25951,2),(26330,118,26439,2),(26331,118,26440,2),(26332,118,26441,2),(26333,118,26442,2),(26334,118,26443,2),(26335,118,26444,2),(26372,118,26481,2),(26373,118,26482,2),(26374,118,26483,2),(26375,118,26484,2),(26336,118,26445,2),(26337,118,26446,2),(23769,118,23458,2),(23770,118,23459,2),(23771,118,23460,2),(23772,118,23461,2),(23773,118,23462,2),(23418,119,23166,2),(23774,118,23463,2),(23775,118,23464,2),(23631,118,23325,2),(26338,118,26447,2),(26339,118,26448,2),(26340,118,26449,2),(23632,118,23326,2),(23633,118,23327,2),(23634,118,23328,2),(23635,118,23329,2),(23636,118,23330,2),(23637,118,23331,2),(23638,118,23332,2),(23639,118,23333,2),(24104,115,24139,2),(24120,102,24156,2),(24119,106,24155,2),(25670,109,25895,2),(23510,119,23212,2),(23511,118,23212,2),(23514,119,23214,2),(24962,124,25280,2),(23250,112,23016,2),(23249,112,23015,2),(25672,109,25896,2),(23641,118,23335,2),(23642,118,23336,2),(23643,118,23337,2),(23644,118,23338,2),(23645,118,23339,2),(23646,118,23340,2),(23647,118,23341,2),(23648,118,23342,2),(23649,118,23343,2),(23650,118,23344,2),(23651,118,23345,2),(23652,118,23346,2),(23653,118,23347,2),(23530,118,23224,2),(25437,102,25709,2),(26341,118,26450,2),(26342,118,26451,2),(26343,118,26452,2),(26344,118,26453,2),(26345,118,26454,2),(26346,118,26455,2),(26347,118,26456,2),(26348,118,26457,2),(23654,118,23348,2),(23655,118,23349,2),(23656,118,23350,2),(23657,118,23351,2),(23658,118,23352,2),(23659,118,23353,2),(23266,112,23032,2),(23265,112,23031,2),(23268,112,23034,2),(23267,112,23033,2),(23270,112,23036,2),(23269,112,23035,2),(24919,113,25102,2),(23271,112,23037,2),(24960,124,25278,2),(25717,105,25918,2),(24987,103,25303,2),(26980,109,27361,2),(26981,103,27361,2),(26633,113,26830,2),(24469,124,24555,2),(24466,125,24553,2),(24467,124,24554,2),(24465,124,24553,2),(24158,102,24175,2),(24157,106,24174,2),(24156,102,24174,2),(24154,102,24173,2),(23422,119,23168,2),(23423,118,23168,2),(26978,103,27231,2),(26979,106,27231,2),(26351,118,26460,2),(26352,118,26461,2),(25600,115,25849,2),(25602,115,25851,2),(25716,109,25918,2),(25714,109,25917,2),(24118,102,24155,2),(24117,106,24154,2),(24116,102,24154,2),(24115,106,24153,2),(24114,102,24153,2),(24113,106,24146,2),(24112,102,24146,2),(24301,102,24287,2),(24302,123,24287,2),(24298,109,24271,2),(24300,123,24286,2),(24111,122,24146,2),(24110,106,24145,2),(24109,102,24145,2),(24108,122,24145,2),(24106,115,24141,2),(25425,102,25703,2),(25423,102,25702,2),(25965,109,26038,2),(25968,105,26040,2),(25719,133,25919,2),(25718,132,25919,2),(25721,105,25919,2),(25720,134,25919,2),(27185,109,27597,2),(27184,103,27597,2),(26077,115,26105,2),(25009,115,25376,2),(26126,103,26169,2),(23443,118,23178,2),(23666,118,23360,2),(23667,118,23361,2),(25159,118,25535,2),(23492,119,23203,2),(23491,118,23202,2),(23490,119,23202,2),(23731,118,23420,2),(23730,118,23419,2),(27147,103,27570,2),(24401,108,24503,2),(24400,108,24502,2),(24399,108,24501,2),(24398,108,24500,2),(24386,108,24488,2),(24353,106,24346,2),(25479,106,24345,2),(24801,103,24991,2),(24800,102,24991,2),(24799,103,24990,2),(24798,102,24990,2),(24797,103,24989,2),(24796,102,24989,2),(24795,115,24986,2),(24794,115,24985,2),(24963,124,25281,2),(24964,103,25282,2),(23245,112,23011,2),(24965,124,25282,2),(23243,112,23009,2),(23241,112,23007,2),(25967,109,26039,2),(26238,118,26347,2),(24501,124,24571,2),(24499,124,24570,2),(18918,109,22119,2),(18917,103,22119,2),(26935,109,22120,2),(26934,103,22120,2),(26931,109,22121,2),(26930,103,22121,2),(26927,109,22122,2),(26926,103,22122,2),(26923,109,22123,2),(26922,103,22123,2),(26899,109,22124,2),(26898,103,22124,2),(18930,103,22125,2),(18929,109,22125,2),(26893,109,22126,2),(26892,103,22126,2),(26889,109,22127,2),(26888,103,22127,2),(26885,109,22128,2),(26884,103,22128,2),(18920,109,22129,2),(18919,103,22129,2),(18946,109,22130,2),(18945,103,22130,2),(18944,109,22131,2),(18943,103,22131,2),(18942,109,22132,2),(18941,103,22132,2),(18940,109,22133,2),(18939,103,22133,2),(18938,109,22134,2),(18937,103,22134,2),(18936,109,22135,2),(18935,103,22135,2),(18934,109,22136,2),(18933,103,22136,2),(23158,115,22900,2),(25772,109,25944,2),(25863,109,25987,2),(25862,105,25987,2),(25861,105,25986,2),(25860,109,25986,2),(25859,109,25985,2),(25858,105,25985,2),(25857,109,25984,2),(25856,105,25984,2),(25855,109,25983,2),(25854,105,25983,2),(25853,105,25982,2),(25852,109,25982,2),(25851,109,25981,2),(25850,105,25981,2),(23227,112,22993,2),(23228,112,22994,2),(25572,115,25821,2),(25506,121,25783,2),(26303,118,26412,2),(26302,118,26411,2),(26301,118,26410,2),(26300,118,26409,2),(26299,118,26408,2),(26298,118,26407,2),(26297,118,26406,2),(26296,118,26405,2),(26295,118,26404,2),(26294,118,26403,2),(25864,109,25988,2),(25849,109,25980,2),(25848,105,25980,2),(25847,109,25979,2),(25510,113,25785,2),(25508,121,25784,2),(25505,108,25782,2),(25507,113,25783,2),(25509,113,25784,2),(23226,112,22992,2),(25512,113,25786,2),(25511,121,25785,2),(25576,115,25825,2),(25575,115,25824,2),(25445,102,25713,2),(25574,115,25823,2),(25573,115,25822,2),(24614,125,24646,2),(27192,132,27599,2),(27191,109,27599,2),(25792,109,25954,2),(25230,121,25587,2),(25229,113,25586,2),(25228,121,25586,2),(25227,113,25585,2),(25226,121,25585,2),(25225,113,25584,2),(25224,121,25584,2),(25223,113,25583,2),(25222,121,25583,2),(25221,113,25582,2),(25220,121,25582,2),(25219,113,25581,2),(24678,115,24828,2),(24677,115,24827,2),(24674,115,24824,2),(24673,115,24823,2),(24548,125,24593,2),(24547,124,24593,2),(24670,115,24820,2),(24669,115,24819,2),(25178,118,25554,2),(25175,118,25551,2),(23904,118,23593,2),(25775,105,25945,2),(24079,115,24110,2),(24629,125,24679,2),(24628,125,24678,2),(24626,108,24673,2),(24625,103,24666,2),(24632,126,24682,2),(24631,125,24681,2),(24665,115,24815,2),(24664,115,24813,2),(24660,108,24697,2),(24659,108,24696,2),(23899,118,23588,2),(27189,103,27598,2),(25543,104,25807,2),(24656,104,24693,2),(24655,108,24693,2),(24654,104,24692,2),(23103,115,22695,2),(23163,115,22905,2),(23162,115,22904,2),(24762,115,24934,2),(24761,115,24933,2),(24760,115,24930,2),(24759,115,24929,2),(24758,115,24928,2),(24757,115,24926,2),(24756,115,24924,2),(24755,115,24923,2),(24754,115,24922,2),(24753,115,24921,2),(24752,115,24920,2),(24751,115,24918,2),(24750,115,24916,2),(24749,115,24915,2),(24748,115,24914,2),(24747,115,24913,2),(24746,115,24912,2),(24745,115,24910,2),(24888,134,25058,2),(24896,118,25066,2),(24890,105,25062,2),(24652,104,24691,2),(24651,108,24691,2),(24650,104,24690,2),(24648,104,24689,2),(24647,108,24689,2),(24646,104,24688,2),(24744,115,24909,2),(24742,115,24908,2),(24644,104,24687,2),(24643,108,24687,2),(24642,104,24686,2),(24641,108,24686,2),(24640,104,24685,2),(24639,108,24685,2),(24638,104,24684,2),(23128,115,22721,2),(23398,119,23156,2),(23397,118,23155,2),(23396,119,23155,2),(23395,118,23154,2),(23394,119,23154,2),(23393,118,23153,2),(23392,119,23153,2),(23391,118,23152,2),(23390,119,23152,2),(23389,118,23151,2),(23388,119,23151,2),(23387,118,23150,2),(23386,119,23150,2),(23385,118,23149,2),(23384,119,23149,2),(23383,118,23148,2),(23382,119,23148,2),(23381,118,23147,2),(23380,118,23146,2),(23379,118,23145,2),(23378,118,23144,2),(23377,118,23143,2),(23376,118,23142,2),(23375,118,23141,2),(23374,118,23140,2),(23373,118,23139,2),(23372,118,23138,2),(23371,118,23137,2),(23370,118,23136,2),(23369,118,23135,2),(23368,118,23134,2),(23367,118,23133,2),(23366,118,23132,2),(24741,115,24907,2),(24740,115,24906,2),(24739,115,24905,2),(24738,115,24904,2),(24737,115,24903,2),(24736,115,24901,2),(24735,115,24900,2),(24733,115,24899,2),(24732,115,24898,2),(24731,115,24897,2),(24730,115,24895,2),(24729,115,24894,2),(24728,115,24893,2),(24727,115,24890,2),(24726,115,24889,2),(24725,115,24888,2),(24724,115,24887,2),(24723,115,24886,2),(24722,115,24885,2),(24721,115,24884,2),(24720,115,24883,2),(24719,115,24882,2),(24718,115,24881,2),(24717,115,24880,2),(24716,115,24879,2),(24715,115,24878,2),(24714,115,24876,2),(24713,115,24874,2),(24712,115,24873,2),(24711,115,24872,2),(24710,115,24871,2),(24709,115,24870,2),(24787,115,24868,2),(24707,115,24867,2),(24706,115,24866,2),(24705,115,24864,2),(24704,115,24863,2),(24703,115,24862,2),(24702,115,24860,2),(24701,115,24859,2),(24700,115,24858,2),(24699,115,24856,2),(24698,115,24852,2),(24697,115,24850,2),(24696,115,24849,2),(24695,115,24848,2),(24694,115,24847,2),(24693,115,24846,2),(24692,115,24845,2),(24691,115,24844,2),(24690,115,24843,2),(24689,115,24842,2),(24688,115,24841,2),(24687,115,24840,2),(24686,115,24839,2),(24685,115,24838,2),(24684,115,24837,2),(24683,115,24835,2),(24682,115,24834,2),(24681,115,24833,2),(25436,106,25708,2),(25435,102,25708,2),(23208,112,22974,2),(23207,112,22973,2),(23206,112,22972,2),(23205,112,22971,2),(23204,112,22970,2),(24967,124,25283,2),(23202,112,22968,2),(23201,112,22967,2),(23200,112,22966,2),(23199,112,22965,2),(23198,112,22964,2),(23197,112,22963,2),(23196,112,22962,2),(23195,112,22961,2),(23194,112,22960,2),(23193,112,22959,2),(23192,112,22958,2),(23191,112,22957,2),(23190,114,22956,2),(23189,114,22955,2),(23290,118,23056,2),(23289,118,23055,2),(23288,118,23054,2),(23287,118,23053,2),(23286,118,23052,2),(25764,109,25940,2),(25763,105,25939,2),(25762,109,25939,2),(23188,114,22954,2),(25846,105,25979,2),(25845,109,25978,2),(25844,105,25978,2),(25789,105,25952,2),(25788,109,25952,2),(23898,118,23587,2),(23365,118,23131,2),(23364,118,23130,2),(23363,118,23129,2),(23362,118,23128,2),(23361,118,23127,2),(23360,118,23126,2),(23359,118,23125,2),(23358,118,23124,2),(23285,118,23051,2),(23284,118,23050,2),(23283,118,23049,2),(23282,118,23048,2),(23281,118,23047,2),(25774,109,25945,2),(23127,115,22720,2),(23126,115,22719,2),(23125,115,22718,2),(24637,108,24684,2),(24636,104,24683,2),(24635,108,24683,2),(24634,104,24682,2),(24060,115,24091,2),(24059,115,24090,2),(24058,115,24089,2),(24057,115,24088,2),(24056,115,24087,2),(24055,115,24086,2),(24054,115,24085,2),(24053,115,24084,2),(24052,115,24083,2),(24051,115,24082,2),(24050,115,24081,2),(24049,115,24080,2),(24048,115,24079,2),(24047,115,24078,2),(24046,115,24077,2),(24045,115,24076,2),(24044,115,24075,2),(24043,115,24074,2),(24042,115,24073,2),(24041,115,24072,2),(24040,115,24071,2),(24039,115,24070,2),(24038,113,23705,2),(24037,113,23704,2),(24036,121,23704,2),(24035,113,23703,2),(24034,121,23703,2),(24033,113,23702,2),(24032,121,23702,2),(24031,113,23701,2),(24030,121,23701,2),(24029,113,23700,2),(24028,121,23700,2),(24027,113,23699,2),(24026,121,23699,2),(24025,113,23698,2),(24024,121,23698,2),(24023,113,23697,2),(24022,121,23697,2),(24021,113,23696,2),(24020,113,23695,2),(24019,121,23695,2),(24018,113,23694,2),(24017,121,23694,2),(24016,118,23693,2),(24015,118,23692,2),(24014,118,23691,2),(24013,118,23690,2),(24012,118,23689,2),(24011,118,23688,2),(24010,118,23687,2),(24009,118,23686,2),(24008,118,23685,2),(24007,120,23684,2),(24006,118,23684,2),(24005,120,23683,2),(24004,118,23683,2),(24003,120,23682,2),(24002,118,23682,2),(24001,120,23681,2),(24000,118,23681,2),(23999,120,23680,2),(23998,118,23680,2),(23997,120,23679,2),(23996,118,23679,2),(23995,120,23678,2),(23994,118,23678,2),(23993,120,23677,2),(23992,118,23677,2),(23902,118,23591,2),(23901,118,23590,2),(23991,120,23676,2),(23990,118,23676,2),(23989,102,23676,2),(23988,120,23675,2),(23987,118,23675,2),(23986,102,23675,2),(23985,118,23674,2),(23984,118,23673,2),(23983,118,23672,2),(23982,118,23671,2),(23981,118,23670,2),(23980,118,23669,2),(23979,118,23668,2),(23978,118,23667,2),(23977,118,23666,2),(23976,118,23665,2),(23975,118,23664,2),(23974,118,23663,2),(23973,118,23662,2),(23972,118,23661,2),(23971,118,23660,2),(23970,118,23659,2),(23969,118,23658,2),(23968,118,23657,2),(23967,118,23656,2),(23966,118,23655,2),(23965,118,23654,2),(23964,118,23653,2),(23963,118,23652,2),(23962,118,23651,2),(23961,118,23650,2),(23960,118,23649,2),(23959,118,23648,2),(23958,118,23647,2),(23957,118,23646,2),(23956,118,23645,2),(23955,118,23644,2),(23954,118,23643,2),(23953,118,23642,2),(23952,118,23641,2),(23951,118,23640,2),(23950,118,23639,2),(23949,118,23638,2),(23948,118,23637,2),(23947,118,23636,2),(23946,118,23635,2),(23945,118,23634,2),(23944,118,23633,2),(23943,118,23632,2),(23942,118,23631,2),(23941,118,23630,2),(23940,118,23629,2),(23939,118,23628,2),(23938,118,23627,2),(23937,118,23626,2),(23936,118,23625,2),(23935,118,23624,2),(23934,118,23623,2),(23933,118,23622,2),(23932,118,23621,2),(23931,118,23620,2),(23930,118,23619,2),(23929,118,23618,2),(23928,118,23617,2),(23927,118,23616,2),(23926,118,23615,2),(23925,118,23614,2),(23924,118,23613,2),(23923,118,23612,2),(23922,118,23611,2),(23921,118,23610,2),(23920,118,23609,2),(23919,118,23608,2),(23918,118,23607,2),(23917,118,23606,2),(23916,118,23605,2),(23915,118,23604,2),(23914,118,23603,2),(23913,118,23602,2),(23912,118,23601,2),(23911,118,23600,2),(23910,118,23599,2),(23909,118,23598,2),(23908,118,23597,2),(23907,118,23596,2),(23906,118,23595,2),(23905,118,23594,2),(27243,132,27616,2),(27244,132,27617,2),(27245,109,27617,2),(27246,103,27617,2),(27247,103,27618,2),(27248,109,27618,2),(27249,132,27618,2),(27250,132,27619,2),(27251,109,27619,2),(27252,103,27619,2),(27253,103,27620,2),(27254,109,27620,2),(27255,132,27620,2),(27256,132,27621,2),(27257,109,27621,2),(27258,103,27621,2),(27259,103,27622,2),(27260,109,27622,2),(27261,132,27622,2),(27262,102,27623,2),(27263,106,27623,2);

--
-- Table structure for table `tags`
--

CREATE TABLE `tags` (
  `id` int(11) NOT NULL AUTO_INCREMENT,
  `tag_dir_id` int(11) DEFAULT '0',
  `name` varchar(255) NOT NULL,
  `path` varchar(255) DEFAULT NULL,
  `user_id` int(11) NOT NULL DEFAULT '0',
  `description` mediumtext,
  `seo_title` mediumtext,
  `seo_description` mediumtext,
  `seo_keywords` mediumtext,
  `deleted` tinyint(1) unsigned NOT NULL DEFAULT '0',
  PRIMARY KEY (`id`),
  KEY `deleted` (`deleted`,`tag_dir_id`),
  KEY `name` (`name`(30),`deleted`),
  KEY `path` (`path`(30),`deleted`)
) ENGINE=MyISAM AUTO_INCREMENT=147 DEFAULT CHARSET=utf8;

--
-- Dumping data for table `tags`
--

INSERT INTO `tags` VALUES (102,0,'Blaze Nails','Blaze Nails',19,NULL,NULL,NULL,NULL,0),(103,0,'гель','гель',19,NULL,NULL,NULL,NULL,0),(104,0,'инструменты','инструменты',19,NULL,NULL,NULL,NULL,0),(105,0,'GelLaxy','GelLaxy',19,NULL,NULL,NULL,NULL,0),(106,0,'акрил','акрил',19,NULL,NULL,NULL,NULL,0),(107,0,'ногтевой сервис','ногтевой сервис',19,NULL,NULL,NULL,NULL,0),(108,0,'маникюр','маникюр',19,NULL,NULL,NULL,NULL,0),(109,0,'гель-лак','гель-лак',19,NULL,NULL,NULL,NULL,0),(110,0,'гель-краски','гель-краски',19,NULL,NULL,NULL,NULL,0),(111,0,'LED-гель','LED-гель',19,NULL,NULL,NULL,NULL,0),(112,0,'фрезеры','фрезеры',19,NULL,NULL,NULL,NULL,0),(113,0,'ресницы','ресницы',19,NULL,NULL,NULL,NULL,0),(114,0,'пилки','пилки',19,NULL,NULL,NULL,NULL,0),(115,0,'China Glaze','China Glaze',19,NULL,NULL,NULL,NULL,0),(116,0,'Nail Tek','Nail Tek',19,NULL,NULL,NULL,NULL,0),(117,0,'уф-лампы','уф-лампы',19,NULL,NULL,NULL,NULL,0),(118,0,'дизайн','дизайн',19,NULL,NULL,NULL,NULL,0),(119,0,'Swarovski','Swarovski',19,NULL,NULL,NULL,NULL,0),(120,0,'кисти','кисти',19,NULL,NULL,NULL,NULL,0),(121,0,'Ardell','Ardell',19,NULL,NULL,NULL,NULL,0),(122,0,'мономер','мономер',19,NULL,NULL,NULL,NULL,0),(123,0,'праймер','праймер',19,NULL,NULL,NULL,NULL,0),(124,0,'La Palm','La Palm',19,NULL,NULL,NULL,NULL,0),(125,0,'педикюр','педикюр',19,NULL,NULL,NULL,NULL,0),(126,0,'Olton','Olton',19,NULL,NULL,NULL,NULL,0),(127,0,'лампа','лампа',19,NULL,NULL,NULL,NULL,0),(128,0,'крем для рук','крем для рук',19,NULL,NULL,NULL,NULL,0),(129,0,'лосьон','лосьон',19,NULL,NULL,NULL,NULL,0),(130,0,'средства для ногтей','средства для ногтей',19,NULL,NULL,NULL,NULL,0),(131,0,'меланж','меланж',19,NULL,NULL,NULL,NULL,0),(132,0,'blaze','blaze',22,NULL,NULL,NULL,NULL,0),(133,0,'база','база',22,NULL,NULL,NULL,NULL,0),(134,0,'base','base',22,NULL,NULL,NULL,NULL,0),(135,0,'топ','топ',22,NULL,NULL,NULL,NULL,0),(136,0,'top','top',22,NULL,NULL,NULL,NULL,0),(137,0,'unibase','unibase',22,NULL,NULL,NULL,NULL,0),(138,0,'unitop','unitop',22,NULL,NULL,NULL,NULL,0),(139,0,'resin','resin',22,NULL,NULL,NULL,NULL,0),(140,0,'flow','flow',22,NULL,NULL,NULL,NULL,0),(141,0,'камуфляж','камуфляж',22,NULL,NULL,NULL,NULL,0),(142,0,'блеск','блеск',22,NULL,NULL,NULL,NULL,0),(143,0,'QUARTZ','QUARTZ',22,NULL,NULL,NULL,NULL,0),(144,0,'каучуковая','каучуковая',22,NULL,NULL,NULL,NULL,0),(145,0,'BASALT','BASALT',22,NULL,NULL,NULL,NULL,0),(146,0,'LED-лампа','LED-лампа',22,NULL,NULL,NULL,NULL,0);

--
-- Table structure for table `template_dirs`
--

CREATE TABLE `template_dirs` (
  `id` int(11) NOT NULL AUTO_INCREMENT,
  `parent_id` int(11) NOT NULL DEFAULT '0',
  `name` varchar(255) NOT NULL,
  `sorting` smallint(6) NOT NULL DEFAULT '0',
  `user_id` int(11) NOT NULL DEFAULT '0',
  `site_id` int(11) NOT NULL DEFAULT '0',
  `deleted` tinyint(1) unsigned NOT NULL DEFAULT '0',
  PRIMARY KEY (`id`),
  KEY `deleted` (`deleted`,`parent_id`),
  KEY `site_id` (`site_id`,`deleted`)
) ENGINE=MyISAM AUTO_INCREMENT=2 DEFAULT CHARSET=utf8;

--
-- Dumping data for table `template_dirs`
--


--
-- Table structure for table `template_section_libs`
--

CREATE TABLE `template_section_libs` (
  `id` int(11) NOT NULL AUTO_INCREMENT,
  `template_section_id` int(11) NOT NULL DEFAULT '0',
  `lib_id` int(11) NOT NULL DEFAULT '0',
  `description` text,
  `options` text,
  `class` varchar(255) DEFAULT NULL,
  `style` varchar(255) DEFAULT NULL,
  `active` tinyint(1) NOT NULL DEFAULT '1',
  `sorting` smallint(6) NOT NULL DEFAULT '0',
  `deleted` tinyint(1) unsigned NOT NULL DEFAULT '0',
  PRIMARY KEY (`id`),
  KEY `deleted` (`deleted`,`template_section_id`)
) ENGINE=MyISAM DEFAULT CHARSET=utf8;

--
-- Dumping data for table `template_section_libs`
--


--
-- Table structure for table `template_sections`
--

CREATE TABLE `template_sections` (
  `id` int(11) NOT NULL AUTO_INCREMENT,
  `template_id` int(11) NOT NULL DEFAULT '0',
  `name` varchar(255) DEFAULT NULL,
  `alias` varchar(255) DEFAULT NULL,
  `color` varchar(7) DEFAULT NULL,
  `sorting` smallint(6) NOT NULL DEFAULT '0',
  `deleted` tinyint(1) unsigned NOT NULL DEFAULT '0',
  PRIMARY KEY (`id`),
  KEY `deleted` (`deleted`,`template_id`,`alias`(15))
) ENGINE=MyISAM DEFAULT CHARSET=utf8;

--
-- Dumping data for table `template_sections`
--


--
-- Table structure for table `templates`
--

CREATE TABLE `templates` (
  `id` int(11) NOT NULL AUTO_INCREMENT,
  `template_id` int(11) NOT NULL DEFAULT '0',
  `template_dir_id` int(11) NOT NULL DEFAULT '0',
  `name` varchar(255) NOT NULL,
  `sorting` smallint(6) NOT NULL DEFAULT '0',
  `type` tinyint(4) NOT NULL DEFAULT '0',
  `timestamp` timestamp NOT NULL DEFAULT CURRENT_TIMESTAMP ON UPDATE CURRENT_TIMESTAMP,
  `user_id` int(11) NOT NULL DEFAULT '0',
  `site_id` int(11) NOT NULL DEFAULT '0',
  `deleted` tinyint(1) NOT NULL DEFAULT '0',
  `data_template_id` int(11) NOT NULL DEFAULT '0',
  PRIMARY KEY (`id`),
  KEY `deleted` (`deleted`,`template_dir_id`),
  KEY `template_id` (`template_id`,`deleted`),
  KEY `site_id` (`site_id`,`deleted`,`template_dir_id`)
) ENGINE=MyISAM AUTO_INCREMENT=25 DEFAULT CHARSET=utf8;

--
-- Dumping data for table `templates`
--

INSERT INTO `templates` VALUES (21,0,0,'Основной макет интернет магазина [Обучение]',0,0,'2020-08-05 12:31:21',19,2,0,0),(22,21,0,'Основной шаблон обучение',0,0,'2020-08-05 12:31:21',19,2,0,0),(17,0,0,'Основной макет интернет магазина',0,0,'2020-08-05 12:30:55',19,2,0,0),(18,17,0,'Основной шаблон интернет магазина',0,0,'2020-08-05 12:30:55',19,2,0,0),(20,17,0,'Основной шаблон интернет магазина [Магазины]',0,0,'2020-08-05 12:30:55',19,2,0,0);

--
-- Table structure for table `tpl_dirs`
--

CREATE TABLE `tpl_dirs` (
  `id` int(11) NOT NULL AUTO_INCREMENT,
  `parent_id` int(11) NOT NULL DEFAULT '0',
  `name` varchar(255) NOT NULL,
  `sorting` int(4) NOT NULL DEFAULT '0',
  `user_id` int(11) NOT NULL DEFAULT '0',
  `deleted` tinyint(1) unsigned NOT NULL DEFAULT '0',
  PRIMARY KEY (`id`),
  KEY `deleted` (`deleted`,`parent_id`)
) ENGINE=MyISAM AUTO_INCREMENT=6 DEFAULT CHARSET=utf8;

--
-- Dumping data for table `tpl_dirs`
--

INSERT INTO `tpl_dirs` VALUES (1,0,'Меню',1,19,0),(2,0,'Информационные системы',0,19,0),(3,0,'Магазин',0,19,0),(4,0,'Опросы',0,19,0),(5,0,'Реклама',0,19,0);

--
-- Table structure for table `tpls`
--

CREATE TABLE `tpls` (
  `id` int(11) NOT NULL AUTO_INCREMENT,
  `tpl_dir_id` int(11) NOT NULL DEFAULT '0',
  `name` varchar(255) NOT NULL,
  `description` mediumtext,
  `sorting` smallint(5) unsigned NOT NULL DEFAULT '0',
  `user_id` int(11) NOT NULL DEFAULT '0',
  `deleted` tinyint(1) unsigned NOT NULL DEFAULT '0',
  PRIMARY KEY (`id`),
  KEY `name` (`name`(30),`deleted`),
  KEY `deleted` (`deleted`,`tpl_dir_id`)
) ENGINE=MyISAM AUTO_INCREMENT=12 DEFAULT CHARSET=utf8;

--
-- Dumping data for table `tpls`
--

INSERT INTO `tpls` VALUES (1,1,'ВерхнееМеню','',0,19,0),(2,2,'ПоказИнформационнойСистемы','',0,19,0),(3,2,'ПоказЭлементаИнформационнойСистемы','',0,19,0),(4,3,'КаталогТоваров','',0,19,0),(5,3,'Товар','',0,19,0),(6,3,'МагазинКорзина','',0,19,0),(7,3,'КраткаяКорзина','',0,19,0),(8,4,'ОтображениеОпросаБезРезультатов','',0,19,0),(9,3,'МагазинСписокПроизводителей','',0,19,0),(10,3,'МагазинПроизводитель','',0,19,0),(11,5,'ОтображениеБаннера','',0,19,0);

--
-- Table structure for table `user_absence_types`
--

CREATE TABLE `user_absence_types` (
  `id` int(11) NOT NULL AUTO_INCREMENT,
  `name` varchar(255) NOT NULL,
  `abbr` varchar(2) NOT NULL,
  `color` varchar(7) NOT NULL,
  `sorting` smallint(6) NOT NULL DEFAULT '0',
  `deleted` tinyint(1) unsigned NOT NULL DEFAULT '0',
  PRIMARY KEY (`id`),
  KEY `deleted` (`deleted`)
) ENGINE=MyISAM AUTO_INCREMENT=4 DEFAULT CHARSET=utf8;

--
-- Dumping data for table `user_absence_types`
--

INSERT INTO `user_absence_types` VALUES (1,'Прогулы','П','#f0112b',10,0),(2,'Очередные и дополнительные отпуска','О','#00ad2b',20,0),(3,'Временная нетрудоспособность','Б','#b3b3b3',30,0);

--
-- Table structure for table `user_absences`
--

CREATE TABLE `user_absences` (
  `id` int(11) NOT NULL AUTO_INCREMENT,
  `employee_id` int(11) NOT NULL DEFAULT '0',
  `user_absence_type_id` int(11) NOT NULL DEFAULT '0',
  `reason` text,
  `start` date NOT NULL DEFAULT '0000-00-00',
  `end` date NOT NULL DEFAULT '0000-00-00',
  `datetime` datetime NOT NULL DEFAULT '0000-00-00 00:00:00',
  `user_id` int(11) NOT NULL DEFAULT '0',
  `deleted` tinyint(1) unsigned NOT NULL DEFAULT '0',
  PRIMARY KEY (`id`),
  KEY `deleted` (`deleted`,`employee_id`)
) ENGINE=MyISAM DEFAULT CHARSET=utf8;

--
-- Dumping data for table `user_absences`
--


--
-- Table structure for table `user_accessdenieds`
--

CREATE TABLE `user_accessdenieds` (
  `id` int(11) NOT NULL AUTO_INCREMENT,
  `datetime` datetime NOT NULL DEFAULT '0000-00-00 00:00:00',
  `ip` varchar(46) NOT NULL,
  PRIMARY KEY (`id`),
  KEY `datetime` (`datetime`),
  KEY `ip` (`ip`)
) ENGINE=MyISAM AUTO_INCREMENT=19 DEFAULT CHARSET=utf8;

--
-- Dumping data for table `user_accessdenieds`
--


--
-- Table structure for table `user_bookmarks`
--

CREATE TABLE `user_bookmarks` (
  `id` int(11) NOT NULL AUTO_INCREMENT,
  `module_id` int(11) NOT NULL DEFAULT '0',
  `name` varchar(255) DEFAULT NULL,
  `path` text,
  `user_id` int(11) NOT NULL DEFAULT '0',
  `deleted` tinyint(1) unsigned NOT NULL DEFAULT '0',
  PRIMARY KEY (`id`),
  KEY `deleted` (`deleted`,`user_id`,`path`(30)) USING BTREE
) ENGINE=MyISAM DEFAULT CHARSET=utf8;

--
-- Dumping data for table `user_bookmarks`
--


--
-- Table structure for table `user_directory_emails`
--

CREATE TABLE `user_directory_emails` (
  `id` int(11) unsigned NOT NULL AUTO_INCREMENT,
  `user_id` int(11) unsigned NOT NULL,
  `directory_email_id` int(11) unsigned NOT NULL,
  PRIMARY KEY (`id`),
  UNIQUE KEY `user_id` (`user_id`,`directory_email_id`),
  KEY `directory_email_id` (`directory_email_id`)
) ENGINE=MyISAM DEFAULT CHARSET=utf8;

--
-- Dumping data for table `user_directory_emails`
--


--
-- Table structure for table `user_directory_messengers`
--

CREATE TABLE `user_directory_messengers` (
  `id` int(11) unsigned NOT NULL AUTO_INCREMENT,
  `user_id` int(11) unsigned NOT NULL,
  `directory_messenger_id` int(11) unsigned NOT NULL,
  PRIMARY KEY (`id`),
  UNIQUE KEY `user_id` (`user_id`,`directory_messenger_id`),
  UNIQUE KEY `directory_messenger_id` (`directory_messenger_id`)
) ENGINE=MyISAM DEFAULT CHARSET=utf8;

--
-- Dumping data for table `user_directory_messengers`
--


--
-- Table structure for table `user_directory_phones`
--

CREATE TABLE `user_directory_phones` (
  `id` int(11) unsigned NOT NULL AUTO_INCREMENT,
  `user_id` int(11) unsigned NOT NULL,
  `directory_phone_id` int(11) unsigned NOT NULL,
  PRIMARY KEY (`id`),
  UNIQUE KEY `user_id` (`user_id`,`directory_phone_id`),
  KEY `directory_phone_id` (`directory_phone_id`)
) ENGINE=MyISAM DEFAULT CHARSET=utf8;

--
-- Dumping data for table `user_directory_phones`
--


--
-- Table structure for table `user_directory_socials`
--

CREATE TABLE `user_directory_socials` (
  `id` int(11) unsigned NOT NULL AUTO_INCREMENT,
  `user_id` int(11) unsigned NOT NULL,
  `directory_social_id` int(11) unsigned NOT NULL,
  PRIMARY KEY (`id`),
  UNIQUE KEY `user_id` (`user_id`,`directory_social_id`),
  KEY `directory_social_id` (`directory_social_id`)
) ENGINE=MyISAM DEFAULT CHARSET=utf8;

--
-- Dumping data for table `user_directory_socials`
--


--
-- Table structure for table `user_directory_websites`
--

CREATE TABLE `user_directory_websites` (
  `id` int(11) unsigned NOT NULL AUTO_INCREMENT,
  `user_id` int(11) unsigned NOT NULL,
  `directory_website_id` int(11) unsigned NOT NULL,
  PRIMARY KEY (`id`),
  UNIQUE KEY `user_id` (`user_id`,`directory_website_id`),
  KEY `directory_website_id` (`directory_website_id`)
) ENGINE=MyISAM DEFAULT CHARSET=utf8;

--
-- Dumping data for table `user_directory_websites`
--


--
-- Table structure for table `user_messages`
--

CREATE TABLE `user_messages` (
  `id` int(11) NOT NULL AUTO_INCREMENT,
  `user_id` int(11) NOT NULL DEFAULT '0',
  `recipient_user_id` int(11) NOT NULL DEFAULT '0',
  `datetime` datetime NOT NULL DEFAULT '0000-00-00 00:00:00',
  `text` text,
  `read` tinyint(1) unsigned NOT NULL DEFAULT '0',
  `alert` tinyint(1) unsigned NOT NULL DEFAULT '1',
  PRIMARY KEY (`id`),
  KEY `user_id` (`user_id`,`recipient_user_id`,`read`),
  KEY `datetime` (`datetime`),
  KEY `recipient_user_id` (`recipient_user_id`,`read`,`alert`)
) ENGINE=MyISAM DEFAULT CHARSET=utf8;

--
-- Dumping data for table `user_messages`
--


--
-- Table structure for table `user_notes`
--

CREATE TABLE `user_notes` (
  `id` int(11) NOT NULL AUTO_INCREMENT,
  `user_id` int(11) NOT NULL,
  `value` varchar(255) DEFAULT NULL,
  `deleted` tinyint(1) unsigned NOT NULL DEFAULT '0',
  PRIMARY KEY (`id`),
  KEY `user_id` (`user_id`)
) ENGINE=MyISAM AUTO_INCREMENT=2 DEFAULT CHARSET=utf8;

--
-- Dumping data for table `user_notes`
--

INSERT INTO `user_notes` VALUES (1,19,'Each user has their own notes.',0);

--
-- Table structure for table `user_settings`
--

CREATE TABLE `user_settings` (
  `id` int(11) NOT NULL AUTO_INCREMENT,
  `status` tinyint(4) NOT NULL DEFAULT '1',
  `user_id` int(11) NOT NULL,
  `module_id` int(11) NOT NULL,
  `type` tinyint(4) NOT NULL DEFAULT '0',
  `entity_id` int(11) NOT NULL,
  `position_x` smallint(6) NOT NULL DEFAULT '0',
  `position_y` smallint(6) NOT NULL DEFAULT '0',
  `width` smallint(6) NOT NULL DEFAULT '0',
  `height` smallint(6) NOT NULL DEFAULT '0',
  `active` tinyint(1) NOT NULL DEFAULT '1',
  PRIMARY KEY (`id`),
  KEY `user_id` (`user_id`,`module_id`,`type`,`entity_id`)
) ENGINE=MyISAM AUTO_INCREMENT=25 DEFAULT CHARSET=utf8;

--
-- Dumping data for table `user_settings`
--

INSERT INTO `user_settings` VALUES (1,1,19,25,99,0,0,0,0,0,1),(2,1,19,70,99,0,0,2,0,0,1),(3,1,19,74,99,0,2,1,0,0,1),(4,1,19,75,99,0,2,5,0,0,1),(5,1,19,78,99,0,0,3,0,0,1),(6,1,19,1,99,0,0,5,0,0,1),(7,1,19,73,99,0,0,6,0,0,1),(8,1,19,47,99,0,1,4,0,0,1),(9,1,19,20,99,0,0,4,0,0,1),(10,1,19,54,99,0,1,0,0,0,1),(11,1,19,76,99,0,1,2,0,0,1),(12,1,19,67,99,0,1,3,0,0,1),(13,1,19,79,99,0,1,5,0,0,1),(14,1,19,24,99,0,0,1,0,0,1),(15,1,19,35,99,0,1,1,0,0,1),(16,1,19,18,99,0,2,0,0,0,1),(17,1,19,8,99,0,2,2,0,0,1),(18,1,19,77,99,0,2,3,0,0,1),(19,1,19,69,99,0,2,4,0,0,1),(20,1,19,54,77,0,999,326,250,216,1),(21,1,19,0,77,0,996,87,250,219,1),(22,1,19,0,98,1,390,291,0,0,1),(23,1,19,0,2,0,1000,565,235,256,1),(24,1,19,0,1,0,1001,85,250,220,1);

--
-- Table structure for table `user_wallpapers`
--

CREATE TABLE `user_wallpapers` (
  `id` int(11) NOT NULL AUTO_INCREMENT,
  `name` varchar(255) DEFAULT NULL,
  `image_large` varchar(255) DEFAULT NULL,
  `image_small` varchar(255) DEFAULT NULL,
  `sorting` smallint(6) NOT NULL DEFAULT '0',
  `user_id` int(11) NOT NULL DEFAULT '0',
  `deleted` tinyint(1) unsigned NOT NULL DEFAULT '0',
  PRIMARY KEY (`id`),
  KEY `deleted` (`deleted`)
) ENGINE=MyISAM AUTO_INCREMENT=9 DEFAULT CHARSET=utf8;

--
-- Dumping data for table `user_wallpapers`
--

INSERT INTO `user_wallpapers` VALUES (1,'Default','wallpaper_1.jpg','wallpaper_1_30x30.jpg',10,19,0),(2,'Autumn Flowers','wallpaper_2.jpg','wallpaper_2_30x30.jpg',20,19,0),(3,'Lake','wallpaper_3.jpg','wallpaper_3_30x30.jpg',30,19,0),(4,'Landscape','wallpaper_4.jpg','wallpaper_4_30x30.jpg',40,19,0),(5,'Santa Claus','wallpaper_5.jpg','wallpaper_5_30x30.jpg',50,19,0),(6,'Scotland','wallpaper_6.jpg','wallpaper_6_30x30.jpg',60,19,0),(7,'Tiger','wallpaper_7.jpg','wallpaper_7_30x30.jpg',70,19,0),(8,'Yogurt','wallpaper_8.jpg','wallpaper_8_30x30.jpg',70,19,0);

--
-- Table structure for table `user_workday_breaks`
--

CREATE TABLE `user_workday_breaks` (
  `id` int(11) NOT NULL AUTO_INCREMENT,
  `user_workday_id` int(11) NOT NULL DEFAULT '0',
  `begin` time NOT NULL,
  `end` time NOT NULL DEFAULT '00:00:00',
  PRIMARY KEY (`id`),
  KEY `user_workday_id` (`user_workday_id`)
) ENGINE=MyISAM DEFAULT CHARSET=utf8;

--
-- Dumping data for table `user_workday_breaks`
--


--
-- Table structure for table `user_workdays`
--

CREATE TABLE `user_workdays` (
  `id` int(11) NOT NULL AUTO_INCREMENT,
  `user_id` int(11) NOT NULL DEFAULT '0',
  `date` date NOT NULL,
  `begin` time NOT NULL,
  `end` time NOT NULL DEFAULT '00:00:00',
  `notify_day_end` tinyint(1) unsigned NOT NULL DEFAULT '0',
  `notify_day_expired` tinyint(1) unsigned NOT NULL DEFAULT '0',
  `sent_request` datetime DEFAULT NULL,
  `approved` tinyint(1) NOT NULL DEFAULT '0',
  `reason` mediumtext,
  PRIMARY KEY (`id`),
  UNIQUE KEY `user_id` (`user_id`,`date`)
) ENGINE=MyISAM DEFAULT CHARSET=utf8;

--
-- Dumping data for table `user_workdays`
--


--
-- Table structure for table `user_worktimes`
--

CREATE TABLE `user_worktimes` (
  `id` int(11) NOT NULL AUTO_INCREMENT,
  `user_id` int(11) NOT NULL DEFAULT '0',
  `day` tinyint(1) unsigned NOT NULL,
  `from` time NOT NULL,
  `to` time NOT NULL,
  `break_from` time NOT NULL,
  `break_to` time NOT NULL,
  `deleted` tinyint(1) unsigned NOT NULL DEFAULT '0',
  PRIMARY KEY (`id`),
  UNIQUE KEY `user_id` (`user_id`,`day`),
  KEY `deleted` (`deleted`,`user_id`)
) ENGINE=MyISAM DEFAULT CHARSET=utf8;

--
-- Dumping data for table `user_worktimes`
--


--
-- Table structure for table `users`
--

CREATE TABLE `users` (
  `id` int(11) NOT NULL AUTO_INCREMENT,
  `user_group_id` int(11) NOT NULL DEFAULT '0',
  `login` varchar(255) NOT NULL,
  `password` varchar(40) NOT NULL,
  `superuser` tinyint(1) NOT NULL DEFAULT '1',
  `settings` int(10) unsigned NOT NULL DEFAULT '0',
  `name` varchar(255) DEFAULT NULL,
  `surname` varchar(255) DEFAULT NULL,
  `patronymic` varchar(255) DEFAULT NULL,
  `dismissed` tinyint(1) unsigned NOT NULL DEFAULT '0',
  `freelance` tinyint(1) unsigned NOT NULL DEFAULT '0',
  `address` varchar(255) DEFAULT NULL,
  `birthday` date NOT NULL DEFAULT '0000-00-00',
  `description` mediumtext,
  `sex` tinyint(1) unsigned NOT NULL DEFAULT '0',
  `image` varchar(255) DEFAULT NULL,
  `last_activity` datetime DEFAULT NULL,
  `active` tinyint(1) NOT NULL DEFAULT '1',
  `only_access_my_own` tinyint(1) NOT NULL DEFAULT '0',
  `read_only` tinyint(1) NOT NULL DEFAULT '0',
  `sound` tinyint(1) NOT NULL DEFAULT '1',
  `root_dir` varchar(255) DEFAULT NULL,
  `user_id` int(11) NOT NULL,
  `deleted` tinyint(1) unsigned NOT NULL DEFAULT '0',
  PRIMARY KEY (`id`),
  KEY `deleted` (`deleted`,`user_group_id`),
  KEY `login` (`login`(20),`password`,`deleted`) USING BTREE
) ENGINE=MyISAM AUTO_INCREMENT=29 DEFAULT CHARSET=utf8;

--
-- Dumping data for table `users`
--

INSERT INTO `users` VALUES (19,1,'admin','148e57f8fa4fea3e3db10b205514a6b0',1,0,'','','',0,0,'','0000-00-00','',0,NULL,'2020-09-03 05:50:05',1,0,0,1,'',0,0),(20,0,'offtop007','3f22c3c4a3d5b47c0b6724528eb7b17b',1,0,'','','',0,0,'','0000-00-00','',0,NULL,NULL,1,0,0,1,'/',19,0),(22,0,'hostcms','56d6696f627103d94eabe7e4592e66d1',1,0,'','','',0,0,'','0000-00-00','',0,NULL,'2020-08-26 16:53:31',1,0,0,1,'/',19,0),(23,0,'ed','3be76d6d436a4eb7b9c8cb72b79f6b19',0,0,'','','',0,0,'','0000-00-00','',0,NULL,NULL,1,0,0,1,'/',19,0),(24,0,'sp','3be76d6d436a4eb7b9c8cb72b79f6b19',0,0,'','','',0,0,'','0000-00-00','',0,NULL,NULL,1,0,0,1,'/',19,0),(25,0,'oleg','3be76d6d436a4eb7b9c8cb72b79f6b19',1,0,'','','',0,0,'','0000-00-00','',0,NULL,NULL,1,0,0,1,'/',19,0),(26,0,'aleksey','3be76d6d436a4eb7b9c8cb72b79f6b19',1,0,'','','',0,0,'','0000-00-00','',0,NULL,'2020-07-20 16:37:49',1,0,0,1,'/',19,0),(27,0,'Marina','3ca301d34853fbcd5e566fad985bf2c6',1,0,'','','',0,0,'','0000-00-00','',0,NULL,'2020-08-04 15:12:11',1,0,0,1,'/',19,0),(28,0,'merlin','1ebc467dcc3d3e3b1e8e44cf90d75d3d',1,0,'','','',0,0,'','0000-00-00','',0,NULL,'2020-09-05 21:49:04',1,0,0,1,'/',19,0);

--
-- Table structure for table `vote_comments`
--

CREATE TABLE `vote_comments` (
  `id` int(11) NOT NULL AUTO_INCREMENT,
  `comment_id` int(11) NOT NULL,
  `vote_id` int(11) NOT NULL,
  PRIMARY KEY (`id`),
  KEY `comment_id` (`comment_id`),
  KEY `vote_id` (`vote_id`)
) ENGINE=MyISAM DEFAULT CHARSET=utf8;

--
-- Dumping data for table `vote_comments`
--


--
-- Table structure for table `vote_informationsystem_items`
--

CREATE TABLE `vote_informationsystem_items` (
  `id` int(11) NOT NULL AUTO_INCREMENT,
  `informationsystem_item_id` int(11) NOT NULL,
  `vote_id` int(11) NOT NULL,
  PRIMARY KEY (`id`)
) ENGINE=MyISAM DEFAULT CHARSET=utf8;

--
-- Dumping data for table `vote_informationsystem_items`
--


--
-- Table structure for table `vote_shop_items`
--

CREATE TABLE `vote_shop_items` (
  `id` int(11) NOT NULL AUTO_INCREMENT,
  `shop_item_id` int(11) NOT NULL,
  `vote_id` int(11) NOT NULL,
  PRIMARY KEY (`id`),
  KEY `shop_item_id` (`shop_item_id`),
  KEY `vote_id` (`vote_id`)
) ENGINE=MyISAM DEFAULT CHARSET=utf8;

--
-- Dumping data for table `vote_shop_items`
--


--
-- Table structure for table `votes`
--

CREATE TABLE `votes` (
  `id` int(11) NOT NULL AUTO_INCREMENT,
  `value` tinyint(4) NOT NULL,
  `ip` varchar(46) NOT NULL,
  `datetime` datetime NOT NULL,
  `siteuser_id` int(11) NOT NULL DEFAULT '0',
  PRIMARY KEY (`id`),
  KEY `siteuser_id` (`siteuser_id`)
) ENGINE=MyISAM DEFAULT CHARSET=utf8;

--
-- Dumping data for table `votes`
--


--
-- Table structure for table `xsl_dirs`
--

CREATE TABLE `xsl_dirs` (
  `id` int(11) NOT NULL AUTO_INCREMENT,
  `parent_id` int(11) NOT NULL DEFAULT '0',
  `name` varchar(255) NOT NULL,
  `sorting` int(4) NOT NULL DEFAULT '0',
  `user_id` int(11) NOT NULL DEFAULT '0',
  `deleted` tinyint(1) unsigned NOT NULL DEFAULT '0',
  PRIMARY KEY (`id`),
  KEY `parent_id` (`parent_id`),
  KEY `deleted` (`deleted`,`parent_id`)
) ENGINE=MyISAM AUTO_INCREMENT=97 DEFAULT CHARSET=utf8;

--
-- Dumping data for table `xsl_dirs`
--

INSERT INTO `xsl_dirs` VALUES (1,0,'Меню',0,19,0),(2,0,'Новости и Статьи',20,19,0),(3,0,'Вопросы-ответы',0,19,0),(4,0,'Гостевая книга',0,19,0),(5,0,'Фотогалерея',0,19,0),(8,0,'Полезные ресурсы',0,19,0),(9,0,'Архив файлов',0,19,0),(10,0,'Поиск',0,19,0),(11,0,'Формы',0,19,0),(12,0,'Пользователи сайта',0,19,0),(13,12,'Почтовые рассылки',0,19,0),(14,0,'Почтовые рассылки',0,19,0),(15,0,'Опросы',0,19,0),(16,0,'Доска объявлений',0,19,0),(17,0,'Форумы',0,19,0),(18,17,'Письма',0,19,0),(20,0,'Карта сайта',0,19,0),(21,0,'Портфолио',0,19,0),(22,0,'Глоссарий',0,19,0),(23,0,'Вакансии',0,19,0),(24,0,'Интернет-магазин',10,19,0),(28,24,'Формы оплаты',0,19,0),(34,0,'Реклама',0,19,0),(35,0,'Хлебные крошки',0,19,0),(78,17,'Устаревшие',0,19,0),(79,0,'Google SiteMap',0,19,0),(80,12,'Лицевые счета',0,19,0),(81,0,'Службы техподдержки',0,19,0),(82,12,'Личные сообщения',0,19,0),(6,0,'Услуги',0,19,0),(83,0,'Сайт3',0,19,0),(84,83,'Меню',0,19,0),(85,84,'Сайт6',0,19,0),(86,0,'Сайт4',0,19,0),(87,86,'Меню',0,19,0),(88,87,'Сайт6',0,19,0),(89,86,'Новости и Статьи',0,19,0),(90,89,'Сайт6',0,19,0),(91,86,'Опросы',0,19,0),(92,91,'Сайт6',0,19,0),(93,86,'Хлебные крошки',0,19,0),(94,93,'Сайт6',0,19,0),(95,86,'Карта сайта',0,19,0),(96,86,'Формы',0,19,0);

--
-- Table structure for table `xsls`
--

CREATE TABLE `xsls` (
  `id` int(11) NOT NULL AUTO_INCREMENT,
  `xsl_dir_id` int(11) NOT NULL DEFAULT '0',
  `name` varchar(255) NOT NULL,
  `description` mediumtext,
  `sorting` smallint(5) unsigned NOT NULL DEFAULT '0',
  `format` tinyint(1) NOT NULL DEFAULT '1',
  `user_id` int(11) NOT NULL DEFAULT '0',
  `deleted` tinyint(1) unsigned NOT NULL DEFAULT '0',
  PRIMARY KEY (`id`),
  KEY `name` (`name`(30),`deleted`),
  KEY `deleted` (`deleted`,`xsl_dir_id`)
) ENGINE=MyISAM AUTO_INCREMENT=265 DEFAULT CHARSET=utf8;

--
-- Dumping data for table `xsls`
--

INSERT INTO `xsls` VALUES (1,1,'ВтороеВерхнееМеню','',0,1,19,0),(2,1,'ВерхнееМеню','',0,1,19,0),(3,2,'СписокЭлементовИнфосистемы','',0,1,19,0),(4,2,'ВыводЕдиницыИнформационнойСистемы','',0,1,19,0),(5,2,'УведомлениеДобавлениеКомментария','',0,1,19,0),(6,6,'СписокУслугНаГлавной','',0,1,0,0),(7,2,'ОтправкаПисьмаАдминистраторуДобавлениеКомментария','',0,1,19,0),(8,3,'ОтображениеВопроса','',0,1,19,0),(9,3,'СписокВопросов','',0,1,19,0),(10,4,'СписокЗаписейГостевойКниги','',0,1,19,0),(11,5,'СписокКартинок','',0,1,19,0),(12,5,'ОтображениеПодробнойИнформацииОФотографии','',0,1,19,0),(13,6,'СписокУслуг','',0,1,0,0),(14,24,'ПисьмоАдминистраторуОДобавленииКомментарияВТекстовомФормате','',0,1,19,0),(15,24,'ПисьмоАдминистраторуОДобавленииКомментарияВФорматеHTML','',0,1,19,0),(16,6,'ВыводУслуги','',0,1,0,0),(17,8,'СписокСсылок','',0,1,19,0),(18,8,'ВыводПодробнойИнформацииОСсылке','',0,1,19,0),(19,9,'СписокФайлов','',0,1,19,0),(20,9,'ПодробнаяИнформацияОФайле','',10,1,19,0),(21,10,'Поиск','',0,1,19,0),(22,11,'ОтобразитьФорму','',0,1,19,0),(23,11,'~ОбработкаОтправкиФормы','',0,1,19,0),(24,11,'ПисьмоКураторуФормы','',0,1,19,0),(27,12,'ЛичныйКабинетПользователя','',0,1,19,0),(28,12,'РегистрацияПользователя','',0,1,19,0),(29,13,'СписокРассылок','',0,1,19,0),(30,14,'ПочтовыеРассылки','',0,1,19,0),(37,17,'Форумы','',0,1,19,0),(38,17,'ТемыФорума','',0,1,19,0),(39,17,'СообщенияТемы','',0,1,19,0),(40,17,'СозданиеТемы','',0,1,19,0),(41,17,'РедактированиеСообщения','',0,1,19,0),(43,18,'ПисьмоОДобавленииСообщения','',0,1,19,0),(44,18,'ПисьмоОДобавленииТемы','',0,1,19,0),(47,20,'КартаСайта','',0,1,19,0),(48,21,'ЭлементПортфолио','',0,1,19,0),(49,21,'СписокЭлементовПортфолио','',0,1,19,0),(50,22,'СписокЭлементовГлоссарий','',0,1,19,0),(54,3,'УведомлениеДобавленияОтвета','',0,1,19,0),(55,24,'МагазинКаталогТоваров','',0,1,19,0),(56,24,'МагазинТовар','',0,1,19,0),(57,24,'МагазинКорзина','',0,1,19,0),(58,24,'МагазинБыстраяРегистрация','',0,1,19,0),(59,12,'ПисьмоВосстановлениеПароля','',0,1,19,0),(60,12,'ПисьмоПодтверждениеРегистрации','',0,1,19,0),(61,24,'МагазинАдресДоставки','',0,1,19,0),(62,24,'МагазинДоставки','',0,1,19,0),(64,15,'ОтображениеОпросаБезРезультатов','',0,1,19,0),(67,15,'ОтображениеРезультатовОпроса','',0,1,19,0),(68,24,'МагазинПлатежнаяСистема','',0,1,19,0),(69,24,'ОформлениеЗаказа','',0,1,19,0),(70,24,'МагазинСписокПродавцов','',0,1,19,0),(71,24,'МагазинПродавец','',0,1,19,0),(72,24,'СравнениеТоваров','',0,1,19,0),(73,1,'ПравоеМеню','',0,1,19,0),(74,24,'СписокЗаказов','',0,1,19,0),(75,28,'ОплатаПриПолучении','',0,1,19,0),(76,24,'ПисьмоАдминистратору','',0,1,19,0),(77,24,'ПисьмоПользователю','',0,1,19,0),(78,28,'КвитанцияПД4','',0,1,19,0),(79,24,'МагазинКорзинаКраткая','',0,1,19,0),(80,28,'ОплатаПоФормеПД4','',0,1,19,0),(81,28,'ОплатаБезналичнаяОтЮрЛица','',0,1,19,0),(82,28,'БанковскийСчет','',0,1,19,0),(83,24,'МагазинПрайс','',0,1,19,0),(84,17,'СообщенияПользователя','',0,1,19,0),(86,18,'ПисьмоРедактированияСообщенияПользователю','',0,1,19,0),(87,18,'ПисьмоДобавленияСообщенияПользователю','',0,1,19,0),(88,18,'ПисьмоРедактированияСообщенияКуратору','',0,1,19,0),(94,34,'ОтображениеБаннера','',0,1,19,0),(132,35,'ХлебныеКрошки','',0,1,19,0),(133,11,'ПисьмоКураторуФормыВФорматеHTML','',0,1,19,0),(134,80,'ПополнениеЛицевогоСчетаРеквизиты','',0,1,19,0),(135,80,'ПополнениеЛицевогоСчетаПлатежныеСистемы','',0,1,19,0),(171,2,'ОблакоТэговИнформационнойСистемы','',0,1,19,0),(172,16,'СписокОбъявлений','',1,1,19,0),(173,16,'ПодробнаяИнформацияОбОбъявлении','',0,1,19,0),(174,12,'АнкетныеДанные','',0,1,19,0),(176,24,'МагазинКаталогТоваровНаГлавнойСпецПред','',0,1,19,0),(177,79,'GoogleSiteMap','',0,1,19,0),(178,80,'СписокЛицевыхСчетов','',0,1,19,0),(179,80,'ДвиженияПоЛицевомуСчету','',0,1,19,0),(180,24,'ОблакоТэговМагазин','',0,1,19,0),(182,24,'МагазинГруппыТоваровНаГлавной','',0,1,19,0),(183,81,'ВыводСпискаТикетов','',0,1,19,0),(184,81,'ВыводСпискаСообщенийТикета','',0,1,19,0),(185,81,'ВыводРежимаРаботыСлужбыТехподдержки','',0,1,19,0),(186,12,'ПарнерскиеПрограммы','',0,1,19,0),(187,12,'ВыводСпискаОбъявленийПользователя','',0,1,19,0),(188,12,'ФормаРедактированияОбъявленияПользователя','',0,1,19,0),(189,2,'СписокНовостейНаГлавной','',0,1,19,0),(202,12,'ВыводБонусов','',0,1,19,0),(214,24,'МагазинСписокПроизводителей','',0,1,19,0),(219,24,'МагазинПроизводитель','',0,1,19,0),(221,12,'КодПриглашения','',0,1,19,0),(222,0,'test test test','',0,1,19,0),(224,1,'НижнееМеню','',0,1,19,0),(225,82,'ЛичныеСообщения','',0,1,19,0),(226,82,'ЛентаЛичныхСообщений','',0,1,19,0),(227,24,'ИзбранноеНаГлавной','',0,1,19,0),(228,28,'ОплатаПочтовымПереводом','',0,1,19,0),(229,28,'Форма112ф','',0,1,19,0),(230,24,'МагазинФильтр','',0,1,19,0),(231,24,'МагазинПоследнийЗаказ','',0,1,19,0),(232,85,'ВерхнееМенюСайт6Сайт3',NULL,0,1,19,0),(233,88,'ВерхнееМенюСайт6Сайт4',NULL,0,1,19,0),(234,90,'СписокСтатейНаГлавнойСайт6Сайт4',NULL,0,1,19,0),(235,90,'СписокНовостейНаГлавнойСайт6Сайт4',NULL,0,1,19,0),(236,92,'ОтображениеОпросаБезРезультатовСайт6Сайт4',NULL,0,1,19,0),(237,90,'СписокСтатейСайт6Сайт4',NULL,0,1,19,0),(238,90,'ПодробнаяИнформацияОСтатьеСайт6Сайт4',NULL,0,1,19,0),(239,94,'ХлебныеКрошкиСайт6Сайт4',NULL,0,1,19,0),(240,90,'ПодробнаяИнформацияОНовостиеСайт6Сайт4',NULL,0,1,19,0),(241,90,'СписокНовостейСайт6Сайт4',NULL,0,1,19,0),(242,95,'КартаСайтаСайт6Сайт4',NULL,0,1,19,0),(243,96,'ОтобразитьФормуСайт6Сайт4',NULL,0,1,19,0),(244,96,'ОбработкаОтправкиФормыСайт6Сайт4',NULL,0,1,19,0),(245,1,'ВерхнееМенюИнтернетМагазина','',0,1,19,0),(246,24,'МагазинКорзинаКраткаяН','',0,1,19,0),(247,24,'МагазинГруппыТоваровНаГлавнойН','',0,1,19,0),(248,24,'МагазинКаталогТоваровН','',0,1,19,0),(249,24,'МагазинТоварН','',0,1,19,0),(250,2,'СписокЭлементовИнфосистемыНовости','',0,1,19,0),(251,2,'СписокЭлементовИнфосистемыСтатьи','',0,1,19,0),(252,2,'ВыводЕдиницыИнформационнойСистемыСтатьи','',0,1,19,0),(253,2,'ВыводЕдиницыИнформационнойСистемыНовости','',0,1,19,0),(254,1,'ВерхнееМенюОбучение','',0,1,19,0),(255,1,'БоковоеМенюГородовОбучения','',0,1,19,0),(256,35,'ХлебныеКрошкиОбучение','',0,1,19,0),(257,5,'СписокКартинокГалереяОбучение','',0,1,19,0),(258,11,'ОбработкаОтправкиФормыКонтакты','',0,1,19,0),(259,11,'ПисьмоКураторуФормыКонтакты','',0,1,19,0),(260,11,'ОтобразитьФормуКонтакты','',0,1,19,0),(261,12,'РегистрацияПользователя [NAILS]','',0,1,19,0),(262,35,'ХлебныеКрошки [Заголовок]','',0,1,19,0),(263,24,'Вывод Палитры','',0,1,19,0),(264,0,'ЦенникиТоваров',NULL,0,1,19,0);


