-- Dumping data for table `siteuser_companies`
--


--
-- Table structure for table `siteuser_company_directory_addresses`
--

CREATE TABLE `siteuser_company_directory_addresses` (
  `id` int(11) NOT NULL AUTO_INCREMENT,
  `siteuser_company_id` int(11) NOT NULL,
  `directory_address_id` int(11) NOT NULL,
  PRIMARY KEY (`id`),
  UNIQUE KEY `siteuser_company_id` (`siteuser_company_id`,`directory_address_id`),
  KEY `directory_address_id` (`directory_address_id`)
) ENGINE=MyISAM DEFAULT CHARSET=utf8;

--
-- Dumping data for table `siteuser_company_directory_addresses`
--


--
-- Table structure for table `siteuser_company_directory_emails`
--

CREATE TABLE `siteuser_company_directory_emails` (
  `id` int(11) NOT NULL AUTO_INCREMENT,
  `siteuser_company_id` int(11) NOT NULL,
  `directory_email_id` int(11) NOT NULL,
  PRIMARY KEY (`id`),
  UNIQUE KEY `siteuser_company_id` (`siteuser_company_id`,`directory_email_id`),
  UNIQUE KEY `directory_email_id` (`directory_email_id`)
) ENGINE=MyISAM DEFAULT CHARSET=utf8;

--
-- Dumping data for table `siteuser_company_directory_emails`
--


--
-- Table structure for table `siteuser_company_directory_messengers`
--

CREATE TABLE `siteuser_company_directory_messengers` (
  `id` int(11) NOT NULL AUTO_INCREMENT,
  `siteuser_company_id` int(11) NOT NULL,
  `directory_messenger_id` int(11) NOT NULL,
  PRIMARY KEY (`id`),
  UNIQUE KEY `siteuser_company_id` (`siteuser_company_id`,`directory_messenger_id`),
  UNIQUE KEY `directory_messenger_id` (`directory_messenger_id`)
) ENGINE=MyISAM DEFAULT CHARSET=utf8;

--
-- Dumping data for table `siteuser_company_directory_messengers`
--


--
-- Table structure for table `siteuser_company_directory_phones`
--

CREATE TABLE `siteuser_company_directory_phones` (
  `id` int(11) NOT NULL AUTO_INCREMENT,
  `siteuser_company_id` int(11) NOT NULL,
  `directory_phone_id` int(11) NOT NULL,
  PRIMARY KEY (`id`),
  UNIQUE KEY `siteuser_company_id` (`siteuser_company_id`,`directory_phone_id`),
  KEY `directory_phone_id` (`directory_phone_id`)
) ENGINE=MyISAM DEFAULT CHARSET=utf8;

--
-- Dumping data for table `siteuser_company_directory_phones`
--


--
-- Table structure for table `siteuser_company_directory_socials`
--

CREATE TABLE `siteuser_company_directory_socials` (
  `id` int(11) NOT NULL AUTO_INCREMENT,
  `siteuser_company_id` int(11) NOT NULL,
  `directory_social_id` int(11) NOT NULL,
  PRIMARY KEY (`id`),
  UNIQUE KEY `siteuser_company_id` (`siteuser_company_id`,`directory_social_id`),
  UNIQUE KEY `directory_social_id` (`directory_social_id`)
) ENGINE=MyISAM DEFAULT CHARSET=utf8;

--
-- Dumping data for table `siteuser_company_directory_socials`
--


--
-- Table structure for table `siteuser_company_directory_websites`
--

CREATE TABLE `siteuser_company_directory_websites` (
  `id` int(11) NOT NULL AUTO_INCREMENT,
  `siteuser_company_id` int(11) NOT NULL,
  `directory_website_id` int(11) NOT NULL,
  PRIMARY KEY (`id`),
  UNIQUE KEY `siteuser_company_id` (`siteuser_company_id`,`directory_website_id`),
  KEY `directory_website_id` (`directory_website_id`)
) ENGINE=MyISAM DEFAULT CHARSET=utf8;

--
-- Dumping data for table `siteuser_company_directory_websites`
--


--
-- Table structure for table `siteuser_email_attachments`
--

CREATE TABLE `siteuser_email_attachments` (
  `id` int(11) NOT NULL AUTO_INCREMENT,
  `siteuser_email_id` int(11) NOT NULL DEFAULT '0',
  `name` varchar(255) DEFAULT NULL,
  `filename` varchar(255) DEFAULT NULL,
  `user_id` int(11) NOT NULL DEFAULT '0',
  PRIMARY KEY (`id`),
  KEY `siteuser_email_id` (`siteuser_email_id`)
) ENGINE=MyISAM DEFAULT CHARSET=utf8;

--
-- Dumping data for table `siteuser_email_attachments`
--


--
-- Table structure for table `siteuser_emails`
--

CREATE TABLE `siteuser_emails` (
  `id` int(11) NOT NULL AUTO_INCREMENT,
  `siteuser_id` int(11) NOT NULL DEFAULT '0',
  `email` varchar(255) NOT NULL,
  `from` varchar(255) NOT NULL,
  `cc` varchar(255) DEFAULT NULL,
  `bcc` varchar(255) DEFAULT NULL,
  `subject` varchar(255) NOT NULL,
  `datetime` datetime NOT NULL DEFAULT '0000-00-00 00:00:00',
  `important` tinyint(1) unsigned NOT NULL DEFAULT '0',
  `type` tinyint(1) unsigned NOT NULL DEFAULT '0',
  `text` mediumtext,
  `read` datetime DEFAULT NULL,
  `guid` varchar(100) NOT NULL,
  `deleted` tinyint(1) unsigned NOT NULL DEFAULT '0',
  `user_id` int(11) NOT NULL DEFAULT '0',
  PRIMARY KEY (`id`),
  KEY `deleted` (`deleted`,`siteuser_id`,`datetime`),
  KEY `guid` (`guid`(10)) USING BTREE
) ENGINE=MyISAM DEFAULT CHARSET=utf8;

--
-- Dumping data for table `siteuser_emails`
--


--
-- Table structure for table `siteuser_group_lists`
--

CREATE TABLE `siteuser_group_lists` (
  `id` int(11) NOT NULL AUTO_INCREMENT,
  `siteuser_group_id` int(11) NOT NULL DEFAULT '0',
  `siteuser_id` int(11) NOT NULL DEFAULT '0',
  `user_id` int(11) NOT NULL DEFAULT '0',
  PRIMARY KEY (`id`),
  UNIQUE KEY `siteuser_group_id` (`siteuser_group_id`,`siteuser_id`),
  KEY `siteuser_id` (`siteuser_id`)
) ENGINE=MyISAM AUTO_INCREMENT=1011 DEFAULT CHARSET=utf8;

--
-- Dumping data for table `siteuser_group_lists`
--

INSERT INTO `siteuser_group_lists` VALUES (864,12,268,20),(863,15,267,20),(862,15,266,20),(861,12,265,20),(860,12,264,20),(859,14,263,20),(858,13,262,20),(857,14,261,20),(856,12,260,20),(855,13,259,20),(865,12,269,20),(866,13,270,20),(867,13,271,20),(868,12,272,20),(869,16,273,20),(870,12,274,20),(871,13,275,20),(872,12,276,20),(854,13,258,20),(873,12,277,20),(874,12,278,20),(875,13,279,20),(876,12,280,20),(877,13,281,20),(878,13,282,20),(879,13,283,20),(880,13,284,20),(881,13,285,20),(882,12,286,20),(883,12,287,20),(884,12,288,20),(885,15,289,20),(886,13,290,20),(887,12,291,20),(888,12,292,20),(889,12,293,20),(890,13,294,20),(891,13,295,20),(892,12,296,20),(893,12,297,20),(894,13,298,20),(895,12,299,20),(896,12,300,20),(897,13,301,20),(898,12,302,20),(899,13,303,20),(900,12,304,20),(901,12,305,20),(902,12,306,20),(903,12,307,20),(904,12,308,20),(905,13,309,20),(906,12,310,20),(907,12,311,20),(908,16,312,20),(909,14,313,20),(910,13,314,20),(911,13,315,20),(912,13,316,20),(913,15,317,20),(914,14,318,20),(853,13,257,20),(852,12,256,20),(851,12,255,20),(850,12,254,20),(849,12,253,20),(848,13,252,20),(847,12,251,20),(846,12,250,20),(845,12,249,20),(844,11,241,20),(843,11,239,20),(842,11,238,20),(841,11,237,20),(840,11,236,20),(839,11,235,20),(838,11,234,20),(837,11,233,20),(836,11,232,20),(835,11,231,20),(834,11,230,20),(833,11,229,20),(832,11,228,20),(831,11,227,20),(830,11,226,20),(829,11,225,20),(828,11,224,20),(827,11,223,20),(826,11,222,20),(825,11,221,20),(824,11,220,20),(823,11,219,20),(822,11,218,20),(821,11,217,20),(820,11,216,20),(819,11,215,20),(818,11,214,20),(817,11,213,20),(816,11,212,20),(815,11,211,20),(814,11,210,20),(813,11,209,20),(812,11,208,20),(811,11,207,20),(810,11,206,20),(809,11,205,20),(808,11,204,20),(807,11,203,20),(806,11,202,20),(805,11,201,20),(804,11,200,20),(803,11,199,20),(802,11,198,20),(801,11,197,20),(800,11,196,20),(799,11,195,20),(798,11,194,20),(797,11,193,20),(796,11,192,20),(795,11,191,20),(794,11,190,20),(793,11,189,20),(792,11,188,20),(791,11,187,20),(790,11,186,20),(789,11,185,20),(788,11,184,20),(787,11,183,20),(786,11,182,20),(785,11,181,20),(784,11,240,20),(783,11,178,20),(782,11,177,20),(781,11,176,20),(780,11,175,20),(779,11,155,20),(778,11,166,20),(777,11,165,20),(776,11,170,20),(775,11,151,20),(774,11,146,20),(773,11,172,20),(772,11,141,20),(771,11,140,20),(770,11,138,20),(769,11,134,20),(768,11,132,20),(767,11,131,20),(766,11,130,20),(765,11,121,20),(764,11,120,20),(763,11,119,20),(762,11,118,20),(761,11,117,20),(760,11,115,20),(759,11,102,20),(758,11,100,20),(757,11,99,20),(756,11,98,20),(755,11,96,20),(754,11,95,20),(753,11,94,20),(752,11,93,20),(751,11,91,20),(750,11,171,20),(749,11,173,20),(748,11,84,20),(747,11,83,20),(746,11,71,20),(745,11,69,20),(744,11,174,20),(743,11,67,20),(742,11,66,20),(741,11,65,20),(740,11,64,20),(739,11,63,20),(738,18,62,20),(737,11,61,20),(736,11,60,20),(735,11,59,20),(734,11,58,20),(733,15,57,20),(732,11,56,20),(731,11,55,20),(730,11,54,20),(729,11,53,20),(728,11,52,20),(727,11,51,20),(726,11,50,20),(725,11,49,20),(724,11,48,20),(723,11,47,20),(722,11,46,20),(721,11,45,20),(720,11,44,20),(719,11,43,20),(718,11,42,20),(717,11,41,20),(716,11,40,20),(715,11,39,20),(714,11,38,20),(713,11,37,20),(712,11,36,20),(711,11,35,20),(710,11,34,20),(709,11,33,20),(708,11,32,20),(707,11,31,20),(706,11,30,20),(705,11,29,20),(704,11,28,20),(703,11,27,20),(702,11,26,20),(701,11,25,20),(700,11,24,20),(699,11,23,20),(698,11,22,20),(697,11,21,20),(696,11,20,20),(695,11,19,20),(694,11,18,20),(693,11,17,20),(692,11,16,20),(691,11,15,20),(690,11,14,20),(689,11,13,20),(688,11,12,20),(687,11,11,20),(686,11,10,20),(685,11,9,20),(684,11,8,20),(683,11,7,20),(915,12,319,20),(916,12,320,20),(917,17,321,20),(918,13,322,20),(919,13,323,20),(920,12,324,20),(921,12,325,20),(922,12,326,20),(923,12,327,20),(924,13,328,20),(925,13,329,20),(926,12,330,20),(927,13,331,20),(928,12,332,20),(929,12,333,20),(930,13,334,20),(931,12,335,20),(932,15,336,20),(933,12,337,20),(934,12,338,20),(935,12,339,20),(936,12,340,20),(937,12,341,20),(938,12,342,20),(939,12,343,20),(940,12,344,20),(941,13,345,20),(942,13,346,20),(943,12,347,20),(944,12,348,20),(945,12,349,20),(946,13,350,20),(947,12,351,20),(948,13,352,20),(949,12,353,20),(950,13,354,20),(951,13,355,20),(952,12,356,20),(953,12,357,20),(954,13,358,20),(955,12,359,20),(956,13,360,20),(957,12,361,20),(958,12,362,20),(959,13,363,20),(960,12,364,20),(961,14,365,20),(962,12,366,20),(963,12,367,20),(964,12,368,20),(965,12,369,20),(966,12,370,20),(967,13,371,20),(968,13,372,20),(969,12,373,20),(970,12,374,20),(971,12,375,20),(972,15,376,20),(973,12,377,20),(974,12,378,20),(975,12,379,20),(976,12,380,20),(977,12,381,20),(978,12,382,20),(979,12,383,20),(980,12,384,20),(981,12,385,20),(982,12,386,20),(983,12,387,20),(984,12,388,20),(985,12,389,20),(986,12,390,20),(987,13,391,20),(988,15,392,20),(989,13,393,20),(990,12,394,20),(991,12,395,20),(992,12,396,20),(993,12,397,20),(994,12,398,20),(995,12,399,20),(996,13,400,20),(997,12,401,20),(998,12,402,20),(999,12,403,20),(1000,13,404,20),(1001,12,405,20),(1002,12,406,20),(1003,14,407,20),(1004,12,408,20),(1005,12,409,20),(1006,13,410,20),(1007,12,411,20),(1008,12,412,20),(1009,12,413,20),(1010,11,414,0);

--
-- Table structure for table `siteuser_groups`
--

CREATE TABLE `siteuser_groups` (
  `id` int(11) NOT NULL AUTO_INCREMENT,
  `site_id` int(11) NOT NULL DEFAULT '0',
  `name` varchar(255) NOT NULL,
  `description` mediumtext,
  `default` tinyint(1) unsigned NOT NULL DEFAULT '0',
  `user_id` int(11) NOT NULL DEFAULT '0',
  `deleted` tinyint(1) unsigned NOT NULL DEFAULT '0',
  PRIMARY KEY (`id`),
  KEY `deleted` (`deleted`,`site_id`)
) ENGINE=MyISAM AUTO_INCREMENT=19 DEFAULT CHARSET=utf8;

--
-- Dumping data for table `siteuser_groups`
--

INSERT INTO `siteuser_groups` VALUES (10,2,'Дилер','',0,19,0),(11,2,'Розница','',1,19,0),(12,2,'12%','',0,20,0),(13,2,'15%','',0,20,0),(14,2,'13%','',0,20,0),(15,2,'20%','',0,20,0),(16,2,'25%','',0,20,0),(17,2,'14%','',0,20,0),(18,2,'26%','',0,20,0);

--
-- Table structure for table `siteuser_identities`
--

CREATE TABLE `siteuser_identities` (
  `id` int(11) NOT NULL AUTO_INCREMENT,
  `siteuser_identity_provider_id` int(11) NOT NULL DEFAULT '0',
  `siteuser_id` int(11) NOT NULL,
  `identity` varchar(255) NOT NULL,
  PRIMARY KEY (`id`),
  KEY `siteuser_id` (`siteuser_id`),
  KEY `siteuser_identity_provider_id` (`siteuser_identity_provider_id`,`identity`(30)) USING BTREE
) ENGINE=MyISAM DEFAULT CHARSET=utf8;

--
-- Dumping data for table `siteuser_identities`
--


--
-- Table structure for table `siteuser_identity_providers`
--

CREATE TABLE `siteuser_identity_providers` (
  `id` int(11) NOT NULL AUTO_INCREMENT,
  `site_id` int(11) NOT NULL,
  `name` varchar(255) NOT NULL,
  `active` tinyint(1) NOT NULL DEFAULT '1',
  `url` varchar(255) DEFAULT NULL,
  `image` varchar(255) DEFAULT NULL,
  `icon` varchar(255) NOT NULL DEFAULT '',
  `sorting` smallint(6) NOT NULL DEFAULT '0',
  `type` tinyint(1) NOT NULL DEFAULT '0',
  `user_id` int(11) NOT NULL DEFAULT '0',
  `deleted` tinyint(1) unsigned NOT NULL DEFAULT '0',
  PRIMARY KEY (`id`),
  KEY `deleted` (`deleted`,`site_id`,`active`)
) ENGINE=MyISAM DEFAULT CHARSET=utf8;

--
-- Dumping data for table `siteuser_identity_providers`
--


--
-- Table structure for table `siteuser_people`
--

CREATE TABLE `siteuser_people` (
  `id` int(11) NOT NULL AUTO_INCREMENT,
  `siteuser_id` int(11) NOT NULL,
  `name` varchar(255) DEFAULT NULL,
  `surname` varchar(255) DEFAULT NULL,
  `patronymic` varchar(255) DEFAULT NULL,
  `post` varchar(255) DEFAULT NULL,
  `birthday` date DEFAULT NULL,
  `sex` tinyint(1) unsigned NOT NULL DEFAULT '0',
  `image` varchar(255) NOT NULL DEFAULT '',
  `country` varchar(255) DEFAULT NULL,
  `postcode` varchar(32) DEFAULT NULL,
  `city` varchar(255) DEFAULT NULL,
  `address` varchar(255) DEFAULT NULL,
  `user_id` int(11) NOT NULL DEFAULT '0',
  `deleted` tinyint(1) unsigned NOT NULL DEFAULT '0',
  PRIMARY KEY (`id`),
  KEY `deleted` (`deleted`,`siteuser_id`)
) ENGINE=MyISAM AUTO_INCREMENT=386 DEFAULT CHARSET=utf8;

--
-- Dumping data for table `siteuser_people`
--

INSERT INTO `siteuser_people` VALUES (7,7,'Наталья','Чернявская','','',NULL,0,'','','','','',19,0),(8,8,'Валентина ','Ижакевич','','',NULL,0,'','','','','',19,0),(9,9,'Василий ','Кушнир','','',NULL,0,'','','','','',19,0),(10,10,'Дмитрий ','Иванов','','',NULL,0,'','','','','',19,0),(11,11,'Анна ','Приходько','','',NULL,0,'','','','','',19,0),(12,12,'Инна','Зинченко ','','',NULL,0,'','','','','',19,0),(13,13,'Черновцы','Толкачев ','','',NULL,0,'','','','','',19,0),(14,14,'Алина','Петрич ','','',NULL,0,'','','','','',19,0),(15,15,'ФОП','Гончаренко','','',NULL,0,'','','','','',19,0),(16,16,'Киев','Хищенко ','','',NULL,0,'','','','','',19,0),(17,17,'Арапатий','','','',NULL,0,'','','','','',19,0),(18,18,'Инна','Мазурец ','','',NULL,0,'','','','','',19,0),(19,19,'','Романец','','',NULL,0,'','','','','',19,0),(20,20,'','Шкурдодо','','',NULL,0,'','','','','',19,0),(21,21,'Олег ','Винник ','Андреевич','',NULL,0,'','','','','',19,0),(22,22,'Ивахив323232','','','',NULL,0,'','','','','',19,0),(23,23,'Оксана','Лысенко ','','',NULL,0,'','','','','',19,0),(24,24,'Ярослав','Степанишин ','','',NULL,0,'','','','','',19,0),(25,25,'','Акберова','','',NULL,0,'','','','','',19,0),(26,26,'Дмитрий','Корзун ','','',NULL,0,'','','','','',19,0),(27,27,'Алина','Рекун ','','',NULL,0,'','','','','',19,0),(28,28,'Наталья ','Яновская','','',NULL,0,'','','','','',19,0),(29,29,'Ярослав ','Антоник','','',NULL,0,'','','','','',19,0),(30,30,'Александр','Вепринский ','','',NULL,0,'','','','','',19,0),(31,31,'Александр','Свинаренко ','','',NULL,0,'','','','','',19,0),(32,32,'Олег','Бутенко ','','',NULL,0,'','','','','',19,0),(33,33,'Анна','Сенишина ','','',NULL,0,'','','','','',19,0),(34,34,'Ирина','Ивченко ','','',NULL,0,'','','','','',19,0),(35,35,'Виктория','Юпко ','','',NULL,0,'','','','','',19,0),(36,36,'Дмитрий','Перспективный ','','',NULL,0,'','','','','',19,0),(37,37,'Эдуард','Князев ','','',NULL,0,'','','','','',19,0),(38,38,'Николай','Маслов ','','',NULL,0,'','','','','',19,0),(39,39,'Андрей','Канафоцкий ','','',NULL,0,'','','','','',19,0),(40,40,'Наталья','Червоненко ','','',NULL,0,'','','','','',19,0),(41,41,'Валерий','Теодорович ','','',NULL,0,'','','','','',19,0),(42,42,'Елена','Михельсон ','','',NULL,0,'','','','','',19,0),(43,43,'ТОВ ','Якiсний Продукт-Плюс','','',NULL,0,'','','','','',19,0),(44,44,'Марина','Шпак ','','',NULL,0,'','','','','',19,0),(45,45,'Сергей','Нагорный ','','',NULL,0,'','','','','',19,0),(46,46,'Андрей ','\"Тензор\"','','',NULL,0,'','','','','',19,0),(47,47,'Людмила','Свириденко ','','',NULL,0,'','','','','',19,0),(48,48,'Владимир','Ходынь ','','',NULL,0,'','','','','',19,0),(49,49,'Зинаида','Бедзир ','','',NULL,0,'','','','','',19,0),(50,50,'Наталья','Ризова ','','',NULL,0,'','','','','',19,0),(51,51,'Людмила ','Декарчук-Кравец','','',NULL,0,'','','','','',19,0),(52,52,'Ирина','Деменская ','','',NULL,0,'','','','','',19,0),(53,53,'Екатерина','Гаврилюк ','','',NULL,0,'','','','','',19,0),(54,54,'Людмила','Сорокина ','','',NULL,0,'','','','','',19,0),(55,55,'Анна','Полюга ','','',NULL,0,'','','','','',19,0),(56,56,'Алла ','Самческая','','',NULL,0,'','','','','',19,0),(57,57,'Виктория','Кожан ','','',NULL,0,'','','','','',19,0),(58,58,'Краматорск','Хищенко ','','',NULL,0,'','','','','',19,0),(59,59,'Виктория','Адаменко ','','',NULL,0,'','','','','',19,0),(60,60,'Николай','Петров ','','',NULL,0,'','','','','',19,0),(61,61,'Екатерина (Павел)','Порт ','','',NULL,0,'','','','','',19,0),(62,62,'Лидия ','Кириченко','','',NULL,0,'','','','','',19,0),(63,63,'Алена ','Богун','','',NULL,0,'','','','','',19,0),(64,65,'Эдуард','','','',NULL,0,'','','','','',19,0),(65,66,'Евгений','','','',NULL,0,'','','','','',19,0),(147,172,'Мария','Дерменжи ','Николаевна ',NULL,NULL,0,'',NULL,'',NULL,'',0,0),(77,83,'tikhonov.vitaliy.uw@gmail.com','Розница','Александрович',NULL,NULL,0,'',NULL,'1',NULL,'днепр',0,0),(78,84,'Test','Test','Test','',NULL,0,'','','нп1','','нп1',0,0),(148,173,'SERGIY','PAVLOV','',NULL,NULL,0,'',NULL,'',NULL,'',0,0),(85,91,'Тест','Тест','Тест',NULL,NULL,0,'',NULL,'нп1',NULL,'нп1',0,0),(87,93,'11','11','11',NULL,NULL,0,'',NULL,'',NULL,'11',19,0),(88,94,'Аааа','Ааа','Папа',NULL,NULL,0,'',NULL,'',NULL,'Аааааа',0,0),(89,95,'11','11','11',NULL,NULL,0,'',NULL,'1',NULL,'11',19,0),(90,96,'22','22','22',NULL,NULL,0,'',NULL,'',NULL,'22',0,0),(92,98,'Тестер','Тестов','Тестерович',NULL,NULL,0,'',NULL,'',NULL,'днепр_тест',0,0),(93,99,'еуые','еуые','еуые',NULL,NULL,0,'',NULL,'25',NULL,'lhijgblkjb.kb',0,0),(94,100,'еуіе','еуіе','еуіе',NULL,NULL,0,'',NULL,'49000',NULL,'Набережна Перемоги, 66, 82',0,0),(96,102,'nnn','12345','mmm',NULL,NULL,0,'',NULL,'',NULL,'днепр_тест',0,0),(109,115,'2222222222','1111111','333333',NULL,NULL,0,'',NULL,'1',NULL,'днепр',0,0),(111,117,'Maryna','Iurchenko','',NULL,NULL,0,'',NULL,'49000','Dnipro','Lipovaya street 34',0,0),(112,118,'sdsdsd','fsfdfsdf','sdfsdfsdf',NULL,NULL,0,'',NULL,'','','',0,0),(113,119,'Vitaliy','Tihonov','Alexandrovich',NULL,NULL,0,'',NULL,'1',NULL,'Dnepr',0,0),(114,120,'Тест','Test','Тест',NULL,NULL,0,'',NULL,'',NULL,'нп1',0,0),(115,121,'палмер','тед','дж',NULL,NULL,0,'',NULL,'',NULL,'днепр_тест',0,0),(122,130,'Анастасия','Захарова','',NULL,NULL,0,'',NULL,'','Киев','',0,0),(123,131,'тест','тест','',NULL,NULL,0,'',NULL,'',NULL,'',0,0),(124,132,'Дмитрйи','Іванов','',NULL,NULL,0,'',NULL,'',NULL,'',0,0),(125,138,'Test','Test','',NULL,NULL,0,'',NULL,'',NULL,'Днепр',0,0),(126,140,'Олег','','',NULL,NULL,0,'',NULL,'15','Днепр','',0,0),(127,141,'Олег','Л','',NULL,NULL,0,'',NULL,'',NULL,'',0,0),(141,166,'Олег','Test','',NULL,NULL,0,'',NULL,'',NULL,'',0,0),(129,146,'Тест-3-12','Тест-3-12','',NULL,NULL,0,'',NULL,'',NULL,'',0,0),(130,151,'тест','Іванов','',NULL,NULL,0,'',NULL,'',NULL,'',0,0),(149,174,'Алена ','Аристова ','Геннадиевна ',NULL,NULL,0,'',NULL,'',NULL,'',0,0),(145,170,'Тест','Тест','',NULL,NULL,0,'',NULL,'',NULL,'Pushkina 31b',0,0),(146,171,'Оксана','Tatarko','',NULL,NULL,0,'',NULL,'','Dnepr','',0,0),(133,155,'Test','Test','uuu',NULL,NULL,0,'',NULL,'15','fhdy','Днепр',27,0),(150,176,'Алина','Ижовская','Владимировна',NULL,NULL,0,'',NULL,'',NULL,'Днепропетровская обл',0,0),(151,177,'Алла','Грицюк','',NULL,NULL,0,'',NULL,'',NULL,'Енергетиків (40-річчя Перемоги) вул.',0,0),(152,178,'Ольга','Дельфонцева','Александровна',NULL,NULL,0,'',NULL,'',NULL,'',0,0),(212,240,'Test','Latkin','','',NULL,0,'','','','Dnepr','',0,0),(213,241,'test','test',NULL,NULL,NULL,0,'',NULL,NULL,NULL,NULL,27,0),(154,181,'Marina','Chernobai','',NULL,NULL,0,'',NULL,'49101','Dnipro','Pushkina 31b',0,0),(155,182,'Анна ','Христолюбская','',NULL,NULL,0,'',NULL,'',NULL,'',0,0),(156,183,'Ольга','Куцак','',NULL,NULL,0,'',NULL,'1','Горенка','',0,0),(157,184,'Юлия','Макогончук-Вовк','',NULL,NULL,0,'',NULL,'',NULL,'',0,0),(158,185,'Мадлена','Шот','Володимирівна',NULL,NULL,0,'',NULL,'',NULL,'Вербицького',0,0),(159,186,' Виктория ','Батурина','Юрьевна',NULL,NULL,0,'',NULL,'',NULL,'',0,0),(160,187,'Ольга','Зиньковская','Николаевна',NULL,NULL,0,'',NULL,'',NULL,'Кравчука 42а',0,0),(161,188,'Khatuna','Butkina','',NULL,NULL,0,'',NULL,'',NULL,'',0,0),(162,189,'Татьяна','Авдеенко','Викторовна ',NULL,NULL,0,'',NULL,'',NULL,'',0,0),(163,190,'Наталья','Галивец ','Александровна',NULL,NULL,0,'',NULL,'',NULL,'Великоновоселковский р-н',0,0),(164,191,'Владислава','Расска','',NULL,NULL,0,'',NULL,'',NULL,'',0,0),(165,192,'Евгения','Клец','Сергеевна',NULL,NULL,0,'',NULL,'',NULL,'Донецкая обл',0,0),(166,193,'Елена ','Анохина ','Николаевна ',NULL,NULL,0,'',NULL,'',NULL,'',0,0),(167,194,'Алла','Думбасар','',NULL,NULL,0,'',NULL,'',NULL,'',0,0),(168,195,'Маргарита','Романюк ','Сергеевна',NULL,NULL,0,'',NULL,'',NULL,'',0,0),(169,196,'Леся','Каплан','Владимировна',NULL,NULL,0,'',NULL,'',NULL,'',0,0),(170,197,'Марина ','Арнаутова ','',NULL,NULL,0,'',NULL,'',NULL,'Зарічанська 24',0,0),(171,198,'Кристина ','Селецкая ','Эриковна ',NULL,NULL,0,'',NULL,'',NULL,'',0,0),(172,199,'Катя','Галета ','',NULL,NULL,0,'',NULL,'',NULL,'',0,0),(173,200,'Оксана','Власюк','Анатоліївна',NULL,NULL,0,'',NULL,'',NULL,'',0,0),(174,201,'Александр ','Орленко ','Владимирович ',NULL,NULL,0,'',NULL,'',NULL,'',0,0),(175,202,'Мария','Панасенко','Игоревна',NULL,NULL,0,'',NULL,'',NULL,'',0,0),(176,203,'Анна Далинчук','Далинчук','',NULL,NULL,0,'',NULL,'',NULL,'',0,0),(177,204,'Нина','Повханич ','',NULL,NULL,0,'',NULL,'',NULL,'',0,0),(178,205,'Алина','Соченко','',NULL,NULL,0,'',NULL,'',NULL,'',0,0),(179,206,'Тетяна','Рейпаші','Романівна',NULL,NULL,0,'',NULL,'Номер 1','Великий Березний','Вул.Шевченка 58',0,0),(180,207,'Анна','Цяцко','',NULL,NULL,0,'',NULL,'',NULL,'Днепропетровская обл.',0,0),(181,208,'Ксения','Вербицкая','Викторовна',NULL,NULL,0,'',NULL,'',NULL,'',0,0),(182,209,'Анна','Вітер','',NULL,NULL,0,'',NULL,'',NULL,'',0,0),(183,210,'наталия','Панурина','',NULL,NULL,0,'',NULL,'',NULL,'харьковское шоссе67а',0,0),(184,211,'Екатерина ','Береговая ','Михайлова',NULL,NULL,0,'',NULL,'',NULL,'',0,0),(185,212,'Евгения ','Якубенко ','Владимировна ',NULL,NULL,0,'',NULL,'',NULL,'Новоайдар ',0,0),(186,213,'Людмила','Яворська','Володимирівна',NULL,NULL,0,'',NULL,'',NULL,'Січових стрільців 7/6',0,0),(187,214,'Наталя','Чаплінська','Володимирівна',NULL,NULL,0,'',NULL,'',NULL,'',0,0),(188,215,'Соломія','Савка','Богданівна',NULL,NULL,0,'',NULL,'',NULL,'Данила Галицького',0,0),(189,216,'ОКСАНА ','Мороз ','Васильевна ',NULL,NULL,0,'',NULL,'',NULL,'',0,0),(190,217,'Маргарита','Фролова','Леонидовна ',NULL,NULL,0,'',NULL,'',NULL,'',0,0),(191,218,'Марина','Бессонова','Владимировна',NULL,NULL,0,'',NULL,'',NULL,'',0,0),(192,219,'Кристина ','Митько','',NULL,NULL,0,'',NULL,'',NULL,'',0,0),(193,220,'Крістіна','Марчук','Миколаївна',NULL,NULL,0,'',NULL,'',NULL,'',0,0),(194,221,'Ирина','Юдина','',NULL,NULL,0,'',NULL,'',NULL,'Греческая 93',0,0),(195,222,'Іван','Кричфалушій','Іванович',NULL,NULL,0,'',NULL,'',NULL,'c. Нересниця, Тячівський район, Закарпатська область',0,0),(196,223,' Оксана ','Понурко','Станиславовна',NULL,NULL,0,'',NULL,'',NULL,'Центральная 24а,кв21',0,0),(197,224,'Инна','Микитенко','Сергеевна',NULL,NULL,0,'',NULL,'',NULL,'',0,0),(198,225,'Ірина','Лазор','',NULL,NULL,0,'',NULL,'',NULL,'',0,0),(199,226,'Олена','Гасюк','Олександрівна ',NULL,NULL,0,'',NULL,'','','',0,0),(200,227,'Анна ','Гладка ','Владимировна ',NULL,NULL,0,'',NULL,'',NULL,'Великая Багачка ',0,0),(201,228,'Віталія','Калабішка','',NULL,NULL,0,'',NULL,'',NULL,'',0,0),(202,229,'Анна','Пригарiнова','Николаева',NULL,NULL,0,'',NULL,'6','Винница','Зодчих, 16',0,0),(203,230,'Виктория ','Лазаренко ','',NULL,NULL,0,'',NULL,'',NULL,'Чернигов',0,0),(204,231,'Оксана','Сабов','Михайлівна',NULL,NULL,0,'',NULL,'',NULL,'Жемайте1',0,0),(205,232,'Оксана','Рудик','Григорівна',NULL,NULL,0,'',NULL,'',NULL,'',0,0),(206,233,'Інна','Івчук','Олександрівна',NULL,NULL,0,'',NULL,'',NULL,'',0,0),(207,234,'Ирина','Литовщук ','Валентиновна ',NULL,NULL,0,'',NULL,'',NULL,'',0,0),(208,235,'Людмила','Ракита','Николаевна',NULL,NULL,0,'',NULL,'',NULL,'Караваева17 , кв 17',0,0),(209,236,'Ирина','Алексеенко','',NULL,NULL,0,'',NULL,'',NULL,'Закревского 103',0,0),(210,238,'Виктория ','Шелудько ','Григорьевна ',NULL,NULL,0,'',NULL,'',NULL,'',0,0),(211,239,'Надежда ','Копылова ','Юрьевна',NULL,NULL,0,'',NULL,'',NULL,'Драгомирова 12 ',0,0),(214,243,NULL,NULL,NULL,NULL,NULL,0,'',NULL,NULL,NULL,NULL,20,0),(220,249,NULL,NULL,NULL,NULL,NULL,0,'',NULL,NULL,NULL,NULL,20,0),(221,250,NULL,NULL,NULL,NULL,NULL,0,'',NULL,NULL,NULL,NULL,20,0),(222,251,NULL,NULL,NULL,NULL,NULL,0,'',NULL,NULL,NULL,NULL,20,0),(223,252,NULL,NULL,NULL,NULL,NULL,0,'',NULL,NULL,NULL,NULL,20,0),(224,253,NULL,NULL,NULL,NULL,NULL,0,'',NULL,NULL,NULL,NULL,20,0),(225,254,NULL,NULL,NULL,NULL,NULL,0,'',NULL,NULL,NULL,NULL,20,0),(226,255,NULL,NULL,NULL,NULL,NULL,0,'',NULL,NULL,NULL,NULL,20,0),(227,256,NULL,NULL,NULL,NULL,NULL,0,'',NULL,NULL,NULL,NULL,20,0),(228,257,NULL,NULL,NULL,NULL,NULL,0,'',NULL,NULL,NULL,NULL,20,0),(229,258,NULL,NULL,NULL,NULL,NULL,0,'',NULL,NULL,NULL,NULL,20,0),(230,259,NULL,NULL,NULL,NULL,NULL,0,'',NULL,NULL,NULL,NULL,20,0),(231,260,NULL,NULL,NULL,NULL,NULL,0,'',NULL,NULL,NULL,NULL,20,0),(232,261,NULL,NULL,NULL,NULL,NULL,0,'',NULL,NULL,NULL,NULL,20,0),(233,262,NULL,NULL,NULL,NULL,NULL,0,'',NULL,NULL,NULL,NULL,20,0),(234,263,NULL,NULL,NULL,NULL,NULL,0,'',NULL,NULL,NULL,NULL,20,0),(235,264,NULL,NULL,NULL,NULL,NULL,0,'',NULL,NULL,NULL,NULL,20,0),(236,265,NULL,NULL,NULL,NULL,NULL,0,'',NULL,NULL,NULL,NULL,20,0),(237,266,NULL,NULL,NULL,NULL,NULL,0,'',NULL,NULL,NULL,NULL,20,0),(238,267,NULL,NULL,NULL,NULL,NULL,0,'',NULL,NULL,NULL,NULL,20,0),(239,268,NULL,NULL,NULL,NULL,NULL,0,'',NULL,NULL,NULL,NULL,20,0),(240,269,NULL,NULL,NULL,NULL,NULL,0,'',NULL,NULL,NULL,NULL,20,0),(241,270,NULL,NULL,NULL,NULL,NULL,0,'',NULL,NULL,NULL,NULL,20,0),(242,271,NULL,NULL,NULL,NULL,NULL,0,'',NULL,NULL,NULL,NULL,20,0),(243,272,NULL,NULL,NULL,NULL,NULL,0,'',NULL,NULL,NULL,NULL,20,0),(244,273,NULL,NULL,NULL,NULL,NULL,0,'',NULL,NULL,NULL,NULL,20,0),(245,274,NULL,NULL,NULL,NULL,NULL,0,'',NULL,NULL,NULL,NULL,20,0),(246,275,NULL,NULL,NULL,NULL,NULL,0,'',NULL,NULL,NULL,NULL,20,0),(247,276,NULL,NULL,NULL,NULL,NULL,0,'',NULL,NULL,NULL,NULL,20,0),(248,277,NULL,NULL,NULL,NULL,NULL,0,'',NULL,NULL,NULL,NULL,20,0),(249,278,NULL,NULL,NULL,NULL,NULL,0,'',NULL,NULL,NULL,NULL,20,0),(250,279,NULL,NULL,NULL,NULL,NULL,0,'',NULL,NULL,NULL,NULL,20,0),(251,280,NULL,NULL,NULL,NULL,NULL,0,'',NULL,NULL,NULL,NULL,20,0),(252,281,NULL,NULL,NULL,NULL,NULL,0,'',NULL,NULL,NULL,NULL,20,0),(253,282,NULL,NULL,NULL,NULL,NULL,0,'',NULL,NULL,NULL,NULL,20,0),(254,283,NULL,NULL,NULL,NULL,NULL,0,'',NULL,NULL,NULL,NULL,20,0),(255,284,NULL,NULL,NULL,NULL,NULL,0,'',NULL,NULL,NULL,NULL,20,0),(256,285,NULL,NULL,NULL,NULL,NULL,0,'',NULL,NULL,NULL,NULL,20,0),(257,286,NULL,NULL,NULL,NULL,NULL,0,'',NULL,NULL,NULL,NULL,20,0),(258,287,NULL,NULL,NULL,NULL,NULL,0,'',NULL,NULL,NULL,NULL,20,0),(259,288,NULL,NULL,NULL,NULL,NULL,0,'',NULL,NULL,NULL,NULL,20,0),(260,289,NULL,NULL,NULL,NULL,NULL,0,'',NULL,NULL,NULL,NULL,20,0),(261,290,NULL,NULL,NULL,NULL,NULL,0,'',NULL,NULL,NULL,NULL,20,0),(262,291,NULL,NULL,NULL,NULL,NULL,0,'',NULL,NULL,NULL,NULL,20,0),(263,292,NULL,NULL,NULL,NULL,NULL,0,'',NULL,NULL,NULL,NULL,20,0),(264,293,NULL,NULL,NULL,NULL,NULL,0,'',NULL,NULL,NULL,NULL,20,0),(265,294,NULL,NULL,NULL,NULL,NULL,0,'',NULL,NULL,NULL,NULL,20,0),(266,295,NULL,NULL,NULL,NULL,NULL,0,'',NULL,NULL,NULL,NULL,20,0),(267,296,NULL,NULL,NULL,NULL,NULL,0,'',NULL,NULL,NULL,NULL,20,0),(268,297,NULL,NULL,NULL,NULL,NULL,0,'',NULL,NULL,NULL,NULL,20,0),(269,298,NULL,NULL,NULL,NULL,NULL,0,'',NULL,NULL,NULL,NULL,20,0),(270,299,NULL,NULL,NULL,NULL,NULL,0,'',NULL,NULL,NULL,NULL,20,0),(271,300,NULL,NULL,NULL,NULL,NULL,0,'',NULL,NULL,NULL,NULL,20,0),(272,301,NULL,NULL,NULL,NULL,NULL,0,'',NULL,NULL,NULL,NULL,20,0),(273,302,NULL,NULL,NULL,NULL,NULL,0,'',NULL,NULL,NULL,NULL,20,0),(274,303,NULL,NULL,NULL,NULL,NULL,0,'',NULL,NULL,NULL,NULL,20,0),(275,304,NULL,NULL,NULL,NULL,NULL,0,'',NULL,NULL,NULL,NULL,20,0),(276,305,NULL,NULL,NULL,NULL,NULL,0,'',NULL,NULL,NULL,NULL,20,0),(277,306,NULL,NULL,NULL,NULL,NULL,0,'',NULL,NULL,NULL,NULL,20,0),(278,307,NULL,NULL,NULL,NULL,NULL,0,'',NULL,NULL,NULL,NULL,20,0),(279,308,NULL,NULL,NULL,NULL,NULL,0,'',NULL,NULL,NULL,NULL,20,0),(280,309,NULL,NULL,NULL,NULL,NULL,0,'',NULL,NULL,NULL,NULL,20,0),(281,310,NULL,NULL,NULL,NULL,NULL,0,'',NULL,NULL,NULL,NULL,20,0),(282,311,NULL,NULL,NULL,NULL,NULL,0,'',NULL,NULL,NULL,NULL,20,0),(283,312,NULL,NULL,NULL,NULL,NULL,0,'',NULL,NULL,NULL,NULL,20,0),(284,313,NULL,NULL,NULL,NULL,NULL,0,'',NULL,NULL,NULL,NULL,20,0),(285,314,NULL,NULL,NULL,NULL,NULL,0,'',NULL,NULL,NULL,NULL,20,0),(286,315,NULL,NULL,NULL,NULL,NULL,0,'',NULL,NULL,NULL,NULL,20,0),(287,316,NULL,NULL,NULL,NULL,NULL,0,'',NULL,NULL,NULL,NULL,20,0),(288,317,NULL,NULL,NULL,NULL,NULL,0,'',NULL,NULL,NULL,NULL,20,0),(289,318,NULL,NULL,NULL,NULL,NULL,0,'',NULL,NULL,NULL,NULL,20,0),(290,319,NULL,NULL,NULL,NULL,NULL,0,'',NULL,NULL,NULL,NULL,20,0),(291,320,NULL,NULL,NULL,NULL,NULL,0,'',NULL,NULL,NULL,NULL,20,0),(292,321,NULL,NULL,NULL,NULL,NULL,0,'',NULL,NULL,NULL,NULL,20,0),(293,322,NULL,NULL,NULL,NULL,NULL,0,'',NULL,NULL,NULL,NULL,20,0),(294,323,NULL,NULL,NULL,NULL,NULL,0,'',NULL,NULL,NULL,NULL,20,0),(295,324,NULL,NULL,NULL,NULL,NULL,0,'',NULL,NULL,NULL,NULL,20,0),(296,325,NULL,NULL,NULL,NULL,NULL,0,'',NULL,NULL,NULL,NULL,20,0),(297,326,NULL,NULL,NULL,NULL,NULL,0,'',NULL,NULL,NULL,NULL,20,0),(298,327,NULL,NULL,NULL,NULL,NULL,0,'',NULL,NULL,NULL,NULL,20,0),(299,328,NULL,NULL,NULL,NULL,NULL,0,'',NULL,NULL,NULL,NULL,20,0),(300,329,NULL,NULL,NULL,NULL,NULL,0,'',NULL,NULL,NULL,NULL,20,0),(301,330,NULL,NULL,NULL,NULL,NULL,0,'',NULL,NULL,NULL,NULL,20,0),(302,331,NULL,NULL,NULL,NULL,NULL,0,'',NULL,NULL,NULL,NULL,20,0),(303,332,NULL,NULL,NULL,NULL,NULL,0,'',NULL,NULL,NULL,NULL,20,0),(304,333,NULL,NULL,NULL,NULL,NULL,0,'',NULL,NULL,NULL,NULL,20,0),(305,334,NULL,NULL,NULL,NULL,NULL,0,'',NULL,NULL,NULL,NULL,20,0),(306,335,NULL,NULL,NULL,NULL,NULL,0,'',NULL,NULL,NULL,NULL,20,0),(307,336,NULL,NULL,NULL,NULL,NULL,0,'',NULL,NULL,NULL,NULL,20,0),(308,337,NULL,NULL,NULL,NULL,NULL,0,'',NULL,NULL,NULL,NULL,20,0),(309,338,NULL,NULL,NULL,NULL,NULL,0,'',NULL,NULL,NULL,NULL,20,0),(310,339,NULL,NULL,NULL,NULL,NULL,0,'',NULL,NULL,NULL,NULL,20,0),(311,340,NULL,NULL,NULL,NULL,NULL,0,'',NULL,NULL,NULL,NULL,20,0),(312,341,NULL,NULL,NULL,NULL,NULL,0,'',NULL,NULL,NULL,NULL,20,0),(313,342,NULL,NULL,NULL,NULL,NULL,0,'',NULL,NULL,NULL,NULL,20,0),(314,343,NULL,NULL,NULL,NULL,NULL,0,'',NULL,NULL,NULL,NULL,20,0),(315,344,NULL,NULL,NULL,NULL,NULL,0,'',NULL,NULL,NULL,NULL,20,0),(316,345,NULL,NULL,NULL,NULL,NULL,0,'',NULL,NULL,NULL,NULL,20,0),(317,346,NULL,NULL,NULL,NULL,NULL,0,'',NULL,NULL,NULL,NULL,20,0),(318,347,NULL,NULL,NULL,NULL,NULL,0,'',NULL,NULL,NULL,NULL,20,0),(319,348,NULL,NULL,NULL,NULL,NULL,0,'',NULL,NULL,NULL,NULL,20,0),(320,349,NULL,NULL,NULL,NULL,NULL,0,'',NULL,NULL,NULL,NULL,20,0),(321,350,NULL,NULL,NULL,NULL,NULL,0,'',NULL,NULL,NULL,NULL,20,0),(322,351,NULL,NULL,NULL,NULL,NULL,0,'',NULL,NULL,NULL,NULL,20,0),(323,352,NULL,NULL,NULL,NULL,NULL,0,'',NULL,NULL,NULL,NULL,20,0),(324,353,NULL,NULL,NULL,NULL,NULL,0,'',NULL,NULL,NULL,NULL,20,0),(325,354,NULL,NULL,NULL,NULL,NULL,0,'',NULL,NULL,NULL,NULL,20,0),(326,355,NULL,NULL,NULL,NULL,NULL,0,'',NULL,NULL,NULL,NULL,20,0),(327,356,NULL,NULL,NULL,NULL,NULL,0,'',NULL,NULL,NULL,NULL,20,0),(328,357,NULL,NULL,NULL,NULL,NULL,0,'',NULL,NULL,NULL,NULL,20,0),(329,358,NULL,NULL,NULL,NULL,NULL,0,'',NULL,NULL,NULL,NULL,20,0),(330,359,NULL,NULL,NULL,NULL,NULL,0,'',NULL,NULL,NULL,NULL,20,0),(331,360,NULL,NULL,NULL,NULL,NULL,0,'',NULL,NULL,NULL,NULL,20,0),(332,361,NULL,NULL,NULL,NULL,NULL,0,'',NULL,NULL,NULL,NULL,20,0),(333,362,NULL,NULL,NULL,NULL,NULL,0,'',NULL,NULL,NULL,NULL,20,0),(334,363,NULL,NULL,NULL,NULL,NULL,0,'',NULL,NULL,NULL,NULL,20,0),(335,364,NULL,NULL,NULL,NULL,NULL,0,'',NULL,NULL,NULL,NULL,20,0),(336,365,NULL,NULL,NULL,NULL,NULL,0,'',NULL,NULL,NULL,NULL,20,0),(337,366,NULL,NULL,NULL,NULL,NULL,0,'',NULL,NULL,NULL,NULL,20,0),(338,367,NULL,NULL,NULL,NULL,NULL,0,'',NULL,NULL,NULL,NULL,20,0),(339,368,NULL,NULL,NULL,NULL,NULL,0,'',NULL,NULL,NULL,NULL,20,0),(340,369,NULL,NULL,NULL,NULL,NULL,0,'',NULL,NULL,NULL,NULL,20,0),(341,370,NULL,NULL,NULL,NULL,NULL,0,'',NULL,NULL,NULL,NULL,20,0),(342,371,NULL,NULL,NULL,NULL,NULL,0,'',NULL,NULL,NULL,NULL,20,0),(343,372,NULL,NULL,NULL,NULL,NULL,0,'',NULL,NULL,NULL,NULL,20,0),(344,373,NULL,NULL,NULL,NULL,NULL,0,'',NULL,NULL,NULL,NULL,20,0),(345,374,NULL,NULL,NULL,NULL,NULL,0,'',NULL,NULL,NULL,NULL,20,0),(346,375,NULL,NULL,NULL,NULL,NULL,0,'',NULL,NULL,NULL,NULL,20,0),(347,376,NULL,NULL,NULL,NULL,NULL,0,'',NULL,NULL,NULL,NULL,20,0),(348,377,NULL,NULL,NULL,NULL,NULL,0,'',NULL,NULL,NULL,NULL,20,0),(349,378,NULL,NULL,NULL,NULL,NULL,0,'',NULL,NULL,NULL,NULL,20,0),(350,379,NULL,NULL,NULL,NULL,NULL,0,'',NULL,NULL,NULL,NULL,20,0),(351,380,NULL,NULL,NULL,NULL,NULL,0,'',NULL,NULL,NULL,NULL,20,0),(352,381,NULL,NULL,NULL,NULL,NULL,0,'',NULL,NULL,NULL,NULL,20,0),(353,382,NULL,NULL,NULL,NULL,NULL,0,'',NULL,NULL,NULL,NULL,20,0),(354,383,NULL,NULL,NULL,NULL,NULL,0,'',NULL,NULL,NULL,NULL,20,0),(355,384,NULL,NULL,NULL,NULL,NULL,0,'',NULL,NULL,NULL,NULL,20,0),(356,385,NULL,NULL,NULL,NULL,NULL,0,'',NULL,NULL,NULL,NULL,20,0),(357,386,NULL,NULL,NULL,NULL,NULL,0,'',NULL,NULL,NULL,NULL,20,0),(358,387,NULL,NULL,NULL,NULL,NULL,0,'',NULL,NULL,NULL,NULL,20,0),(359,388,NULL,NULL,NULL,NULL,NULL,0,'',NULL,NULL,NULL,NULL,20,0),(360,389,NULL,NULL,NULL,NULL,NULL,0,'',NULL,NULL,NULL,NULL,20,0),(361,390,NULL,NULL,NULL,NULL,NULL,0,'',NULL,NULL,NULL,NULL,20,0),(362,391,NULL,NULL,NULL,NULL,NULL,0,'',NULL,NULL,NULL,NULL,20,0),(363,392,NULL,NULL,NULL,NULL,NULL,0,'',NULL,NULL,NULL,NULL,20,0),(364,393,NULL,NULL,NULL,NULL,NULL,0,'',NULL,NULL,NULL,NULL,20,0),(365,394,NULL,NULL,NULL,NULL,NULL,0,'',NULL,NULL,NULL,NULL,20,0),(366,395,NULL,NULL,NULL,NULL,NULL,0,'',NULL,NULL,NULL,NULL,20,0),(367,396,NULL,NULL,NULL,NULL,NULL,0,'',NULL,NULL,NULL,NULL,20,0),(368,397,NULL,NULL,NULL,NULL,NULL,0,'',NULL,NULL,NULL,NULL,20,0),(369,398,NULL,NULL,NULL,NULL,NULL,0,'',NULL,NULL,NULL,NULL,20,0),(370,399,NULL,NULL,NULL,NULL,NULL,0,'',NULL,NULL,NULL,NULL,20,0),(371,400,NULL,NULL,NULL,NULL,NULL,0,'',NULL,NULL,NULL,NULL,20,0),(372,401,NULL,NULL,NULL,NULL,NULL,0,'',NULL,NULL,NULL,NULL,20,0),(373,402,NULL,NULL,NULL,NULL,NULL,0,'',NULL,NULL,NULL,NULL,20,0),(374,403,NULL,NULL,NULL,NULL,NULL,0,'',NULL,NULL,NULL,NULL,20,0),(375,404,NULL,NULL,NULL,NULL,NULL,0,'',NULL,NULL,NULL,NULL,20,0),(376,405,NULL,NULL,NULL,NULL,NULL,0,'',NULL,NULL,NULL,NULL,20,0),(377,406,NULL,NULL,NULL,NULL,NULL,0,'',NULL,NULL,NULL,NULL,20,0),(378,407,NULL,NULL,NULL,NULL,NULL,0,'',NULL,NULL,NULL,NULL,20,0),(379,408,NULL,NULL,NULL,NULL,NULL,0,'',NULL,NULL,NULL,NULL,20,0),(380,409,NULL,NULL,NULL,NULL,NULL,0,'',NULL,NULL,NULL,NULL,20,0),(381,410,NULL,NULL,NULL,NULL,NULL,0,'',NULL,NULL,NULL,NULL,20,0),(382,411,NULL,NULL,NULL,NULL,NULL,0,'',NULL,NULL,NULL,NULL,20,0),(383,412,NULL,NULL,NULL,NULL,NULL,0,'',NULL,NULL,NULL,NULL,20,0),(384,413,NULL,NULL,NULL,NULL,NULL,0,'',NULL,NULL,NULL,NULL,20,0),(385,414,'Максим','Ильченко','Александрович',NULL,NULL,0,'',NULL,'',NULL,'',0,0);

--
-- Table structure for table `siteuser_people_directory_emails`
--

CREATE TABLE `siteuser_people_directory_emails` (
  `id` int(11) NOT NULL AUTO_INCREMENT,
  `siteuser_person_id` int(11) NOT NULL,
  `directory_email_id` int(11) NOT NULL,
  PRIMARY KEY (`id`),
  UNIQUE KEY `siteuser_person_id` (`siteuser_person_id`,`directory_email_id`),
  KEY `directory_email_id` (`directory_email_id`)
) ENGINE=MyISAM AUTO_INCREMENT=212 DEFAULT CHARSET=utf8;

--
-- Dumping data for table `siteuser_people_directory_emails`
--

INSERT INTO `siteuser_people_directory_emails` VALUES (4,7,7),(5,8,8),(6,9,9),(7,10,10),(8,11,11),(9,12,12),(10,13,13),(11,14,14),(12,15,15),(13,16,16),(14,17,17),(15,18,18),(16,19,19),(17,20,20),(18,21,21),(19,22,22),(20,23,23),(21,24,24),(22,25,25),(23,26,26),(24,27,27),(25,28,28),(26,29,29),(27,30,30),(28,31,31),(29,32,32),(30,33,33),(31,34,34),(32,35,35),(33,36,36),(34,37,37),(35,38,38),(36,39,39),(37,40,40),(38,41,41),(39,42,42),(40,43,43),(41,44,44),(42,45,45),(43,46,46),(44,47,47),(45,48,48),(46,49,49),(47,50,50),(48,51,51),(49,52,52),(50,53,53),(51,54,54),(52,55,55),(53,56,56),(54,57,57),(55,58,58),(56,59,59),(57,60,60),(58,61,61),(59,62,62),(60,63,63),(61,64,64),(62,65,65),(146,149,149),(74,77,77),(75,78,78),(145,148,148),(144,147,147),(82,85,85),(84,87,87),(85,88,88),(86,89,89),(87,90,90),(89,92,92),(90,93,93),(91,94,94),(93,96,96),(106,109,109),(108,111,111),(109,112,112),(110,113,113),(111,114,114),(112,115,115),(119,122,122),(120,123,123),(121,124,124),(122,125,125),(123,126,126),(124,127,127),(143,146,146),(126,129,129),(127,130,130),(138,141,141),(142,145,145),(130,133,133),(147,150,150),(148,151,151),(149,152,152),(209,212,212),(151,154,154),(152,155,155),(153,156,156),(154,157,157),(155,158,158),(156,159,159),(157,160,160),(158,161,161),(159,162,162),(160,163,163),(161,164,164),(162,165,165),(163,166,166),(164,167,167),(165,168,168),(166,169,169),(167,170,170),(168,171,171),(169,172,172),(170,173,173),(171,174,174),(172,175,175),(173,176,176),(174,177,177),(175,178,178),(176,179,179),(177,180,180),(178,181,181),(179,182,182),(180,183,183),(181,184,184),(182,185,185),(183,186,186),(184,187,187),(185,188,188),(186,189,189),(187,190,190),(188,191,191),(189,192,192),(190,193,193),(191,194,194),(192,195,195),(193,196,196),(194,197,197),(195,198,198),(196,199,199),(197,200,200),(198,201,201),(199,202,202),(200,203,203),(201,204,204),(202,205,205),(203,206,206),(204,207,207),(205,208,208),(206,209,209),(207,210,210),(208,211,211),(210,213,213),(211,385,214);

--
-- Table structure for table `siteuser_people_directory_messengers`
--

CREATE TABLE `siteuser_people_directory_messengers` (
  `id` int(11) NOT NULL AUTO_INCREMENT,
  `siteuser_person_id` int(11) NOT NULL,
  `directory_messenger_id` int(11) NOT NULL,
  PRIMARY KEY (`id`),
  UNIQUE KEY `siteuser_person_id` (`siteuser_person_id`,`directory_messenger_id`),
  KEY `directory_messenger_id` (`directory_messenger_id`)
) ENGINE=MyISAM DEFAULT CHARSET=utf8;

--
-- Dumping data for table `siteuser_people_directory_messengers`
--


--
-- Table structure for table `siteuser_people_directory_phones`
--

CREATE TABLE `siteuser_people_directory_phones` (
  `id` int(11) NOT NULL AUTO_INCREMENT,
  `siteuser_person_id` int(11) NOT NULL,
  `directory_phone_id` int(11) NOT NULL,
  PRIMARY KEY (`id`),
  UNIQUE KEY `siteuser_person_id` (`siteuser_person_id`,`directory_phone_id`),
  KEY `directory_phone_id` (`directory_phone_id`)
) ENGINE=MyISAM AUTO_INCREMENT=321 DEFAULT CHARSET=utf8;

--
-- Dumping data for table `siteuser_people_directory_phones`
--

INSERT INTO `siteuser_people_directory_phones` VALUES (86,149,93),(15,77,21),(16,78,22),(85,148,92),(84,147,91),(23,85,29),(25,87,31),(26,88,32),(27,89,33),(28,90,34),(30,92,36),(31,93,37),(32,94,38),(34,96,40),(47,109,53),(49,111,55),(50,113,56),(51,114,57),(52,115,58),(59,122,65),(60,123,66),(61,124,67),(62,125,69),(63,126,70),(64,127,71),(83,146,90),(66,129,73),(67,130,74),(78,141,85),(82,145,89),(70,133,77),(87,150,94),(88,151,95),(89,152,96),(149,212,156),(91,154,98),(92,155,99),(93,156,100),(94,157,101),(95,158,102),(96,159,103),(97,160,104),(98,161,105),(99,162,106),(100,163,107),(101,164,108),(102,165,109),(103,166,110),(104,167,111),(105,168,112),(106,169,113),(107,170,114),(108,171,115),(109,172,116),(110,173,117),(111,174,118),(112,175,119),(113,176,120),(114,177,121),(115,178,122),(116,179,123),(117,180,124),(118,181,125),(119,182,126),(120,183,127),(121,184,128),(122,185,129),(123,186,130),(124,187,131),(125,188,132),(126,189,133),(127,190,134),(128,191,135),(129,192,136),(130,193,137),(131,194,138),(132,195,139),(133,196,140),(134,197,141),(135,198,142),(136,199,143),(137,200,144),(138,201,145),(139,202,146),(140,203,147),(141,204,148),(142,205,149),(143,206,150),(144,207,151),(145,208,152),(146,209,153),(147,210,154),(148,211,155),(155,220,163),(156,221,164),(157,222,165),(158,223,166),(159,224,167),(160,225,168),(161,226,169),(162,227,170),(163,228,171),(164,229,172),(165,230,173),(166,231,174),(167,232,175),(168,233,176),(169,234,177),(170,235,178),(171,236,179),(172,237,180),(173,238,181),(174,239,182),(175,240,183),(176,241,184),(177,242,185),(178,243,186),(179,244,187),(180,245,188),(181,246,189),(182,247,190),(183,248,191),(184,249,192),(185,250,193),(186,251,194),(187,252,195),(188,253,196),(189,254,197),(190,255,198),(191,256,199),(192,257,200),(193,258,201),(194,259,202),(195,260,203),(196,261,204),(197,262,205),(198,263,206),(199,264,207),(200,265,208),(201,266,209),(202,267,210),(203,268,211),(204,269,212),(205,270,213),(206,271,214),(207,272,215),(208,273,216),(209,274,217),(210,275,218),(211,276,219),(212,277,220),(213,278,221),(214,279,222),(215,280,223),(216,281,224),(217,282,225),(218,283,226),(219,284,227),(220,285,228),(221,286,229),(222,287,230),(223,288,231),(224,289,232),(225,290,233),(226,291,234),(227,292,235),(228,293,236),(229,294,237),(230,295,238),(231,296,239),(232,297,240),(233,298,241),(234,299,242),(235,300,243),(236,301,244),(237,302,245),(238,303,246),(239,304,247),(240,305,248),(241,306,249),(242,307,250),(243,308,251),(244,309,252),(245,310,253),(246,311,254),(247,312,255),(248,313,256),(249,314,257),(250,315,258),(251,316,259),(252,317,260),(253,318,261),(254,319,262),(255,320,263),(256,321,264),(257,322,265),(258,323,266),(259,324,267),(260,325,268),(261,326,269),(262,327,270),(263,328,271),(264,329,272),(265,330,273),(266,331,274),(267,332,275),(268,333,276),(269,334,277),(270,335,278),(271,336,279),(272,337,280),(273,338,281),(274,339,282),(275,340,283),(276,341,284),(277,342,285),(278,343,286),(279,344,287),(280,345,288),(281,346,289),(282,347,290),(283,348,291),(284,349,292),(285,350,293),(286,351,294),(287,352,295),(288,353,296),(289,354,297),(290,355,298),(291,356,299),(292,357,300),(293,358,301),(294,359,302),(295,360,303),(296,361,304),(297,362,305),(298,363,306),(299,364,307),(300,365,308),(301,366,309),(302,367,310),(303,368,311),(304,369,312),(305,370,313),(306,371,314),(307,372,315),(308,373,316),(309,374,317),(310,375,318),(311,376,319),(312,377,320),(313,378,321),(314,379,322),(315,380,323),(316,381,324),(317,382,325),(318,383,326),(319,384,327),(320,385,328);

--
-- Table structure for table `siteuser_people_directory_socials`
--

CREATE TABLE `siteuser_people_directory_socials` (
  `id` int(11) NOT NULL AUTO_INCREMENT,
  `siteuser_person_id` int(11) NOT NULL,
  `directory_social_id` int(11) NOT NULL,
  PRIMARY KEY (`id`),
  UNIQUE KEY `siteuser_person_id` (`siteuser_person_id`,`directory_social_id`),
  KEY `directory_social_id` (`directory_social_id`)
) ENGINE=MyISAM DEFAULT CHARSET=utf8;

--
-- Dumping data for table `siteuser_people_directory_socials`
--


--
-- Table structure for table `siteuser_people_directory_websites`
--

CREATE TABLE `siteuser_people_directory_websites` (
  `id` int(11) NOT NULL AUTO_INCREMENT,
  `siteuser_person_id` int(11) NOT NULL,
  `directory_website_id` int(11) NOT NULL,
  PRIMARY KEY (`id`),
  UNIQUE KEY `siteuser_person_id` (`siteuser_person_id`,`directory_website_id`),
  KEY `directory_website_id` (`directory_website_id`)
) ENGINE=MyISAM DEFAULT CHARSET=utf8;

--
-- Dumping data for table `siteuser_people_directory_websites`
--


--
-- Table structure for table `siteuser_properties`
--

CREATE TABLE `siteuser_properties` (
  `id` int(11) NOT NULL AUTO_INCREMENT,
  `site_id` int(11) NOT NULL,
  `property_id` int(11) NOT NULL,
  PRIMARY KEY (`id`),
  UNIQUE KEY `site_id` (`site_id`,`property_id`),
  UNIQUE KEY `property_id` (`property_id`)
) ENGINE=MyISAM AUTO_INCREMENT=5 DEFAULT CHARSET=utf8;

--
-- Dumping data for table `siteuser_properties`
--

INSERT INTO `siteuser_properties` VALUES (1,1,175),(2,1,176),(3,1,177),(4,2,79);

--
-- Table structure for table `siteuser_property_dirs`
--

CREATE TABLE `siteuser_property_dirs` (
  `id` int(11) NOT NULL AUTO_INCREMENT,
  `site_id` int(11) NOT NULL,
  `property_dir_id` int(11) NOT NULL,
  PRIMARY KEY (`id`),
  UNIQUE KEY `site_id` (`site_id`,`property_dir_id`),
  UNIQUE KEY `property_dir_id` (`property_dir_id`)
) ENGINE=MyISAM DEFAULT CHARSET=utf8;

--
-- Dumping data for table `siteuser_property_dirs`
--


--
-- Table structure for table `siteuser_relationship_types`
--

CREATE TABLE `siteuser_relationship_types` (
  `id` int(11) NOT NULL AUTO_INCREMENT,
  `site_id` int(11) NOT NULL,
  `name` varchar(255) NOT NULL,
  `user_id` int(11) NOT NULL DEFAULT '0',
  `deleted` tinyint(1) unsigned NOT NULL DEFAULT '0',
  PRIMARY KEY (`id`),
  KEY `deleted` (`deleted`,`site_id`)
) ENGINE=MyISAM AUTO_INCREMENT=3 DEFAULT CHARSET=utf8;

--
-- Dumping data for table `siteuser_relationship_types`
--

INSERT INTO `siteuser_relationship_types` VALUES (1,1,'Коллеги',0,0),(2,2,'Одноклассники',0,0);

--
-- Table structure for table `siteuser_relationships`
--

CREATE TABLE `siteuser_relationships` (
  `id` int(11) NOT NULL AUTO_INCREMENT,
  `siteuser_id` int(11) NOT NULL DEFAULT '0',
  `recipient_siteuser_id` int(11) NOT NULL DEFAULT '0',
  `siteuser_relationship_type_id` int(11) NOT NULL DEFAULT '0',
  `read` tinyint(1) unsigned NOT NULL DEFAULT '0',
  PRIMARY KEY (`id`),
  UNIQUE KEY `siteuser_id` (`siteuser_id`,`recipient_siteuser_id`)
) ENGINE=MyISAM DEFAULT CHARSET=utf8;

--
-- Dumping data for table `siteuser_relationships`
--


--
-- Table structure for table `siteuser_statuses`
--

CREATE TABLE `siteuser_statuses` (
  `id` int(11) NOT NULL AUTO_INCREMENT,
  `name` varchar(255) NOT NULL,
  `description` mediumtext,
  `color` varchar(7) NOT NULL DEFAULT '',
  `user_id` int(11) NOT NULL DEFAULT '0',
  `deleted` tinyint(1) unsigned NOT NULL DEFAULT '0',
  PRIMARY KEY (`id`),
  KEY `deleted` (`deleted`)
) ENGINE=MyISAM AUTO_INCREMENT=4 DEFAULT CHARSET=utf8;

--
-- Dumping data for table `siteuser_statuses`
--

INSERT INTO `siteuser_statuses` VALUES (1,'Надежный клиент','','#53a93f',19,0),(2,'Нудный клиент','','#2dc3e8',19,0),(3,'Покупает редко, но большими партиями','','#fb6e52',19,0);

--
-- Table structure for table `siteuser_types`
--

CREATE TABLE `siteuser_types` (
  `id` int(11) NOT NULL AUTO_INCREMENT,
  `name` varchar(255) NOT NULL,
  `color` varchar(7) NOT NULL DEFAULT '',
  `user_id` int(11) NOT NULL DEFAULT '0',
  `deleted` tinyint(1) unsigned NOT NULL DEFAULT '0',
  PRIMARY KEY (`id`),
  KEY `deleted` (`deleted`)
) ENGINE=MyISAM AUTO_INCREMENT=3 DEFAULT CHARSET=utf8;

--
-- Dumping data for table `siteuser_types`
--

INSERT INTO `siteuser_types` VALUES (1,'Розница','#a0d468',19,0),(2,'Дилер','#ffce55',19,0);

--
-- Table structure for table `siteuser_users`
--

CREATE TABLE `siteuser_users` (
  `id` int(11) NOT NULL AUTO_INCREMENT,
  `siteuser_id` int(11) NOT NULL,
  `user_id` int(11) NOT NULL,
  PRIMARY KEY (`id`),
  KEY `siteuser_id` (`siteuser_id`),
  KEY `user_id` (`user_id`)
) ENGINE=MyISAM DEFAULT CHARSET=utf8;

--
-- Dumping data for table `siteuser_users`
--


--
-- Table structure for table `siteusers`
--

CREATE TABLE `siteusers` (
  `id` int(11) NOT NULL AUTO_INCREMENT,
  `site_id` int(11) NOT NULL DEFAULT '0',
  `siteuser_type_id` int(11) NOT NULL DEFAULT '0',
  `siteuser_status_id` int(11) NOT NULL DEFAULT '0',
  `crm_source_id` int(11) NOT NULL DEFAULT '0',
  `login` varchar(50) NOT NULL,
  `password` varchar(40) DEFAULT NULL,
  `email` varchar(255) DEFAULT NULL,
  `datetime` datetime DEFAULT NULL,
  `ip` varchar(46) DEFAULT NULL,
  `guid` varchar(100) DEFAULT NULL,
  `active` tinyint(1) unsigned NOT NULL DEFAULT '0',
  `user_id` int(11) NOT NULL DEFAULT '0',
  `last_activity` datetime DEFAULT NULL,
  `deleted` tinyint(1) unsigned NOT NULL DEFAULT '0',
  PRIMARY KEY (`id`),
  KEY `deleted` (`deleted`,`site_id`,`active`),
  KEY `login` (`login`,`password`,`deleted`),
  KEY `email` (`email`(30),`login`(30),`deleted`),
  KEY `guid` (`guid`(30),`deleted`)
) ENGINE=MyISAM AUTO_INCREMENT=415 DEFAULT CHARSET=utf8;

--
-- Dumping data for table `siteusers`
--

INSERT INTO `siteusers` VALUES (7,2,0,0,0,'chern_n@ukr.net','668d8d2b2c52ae43505bb2a21da2722c','chern_n@ukr.net','2018-12-17 23:41:47','31.132.172.99','4629B789-2DBC-CB35-2485-6B99C16CE9AD',1,19,'2019-01-15 20:53:54',0),(8,2,0,0,0,'izh_valya@ukr.net','7714887a560cbbfa0a5d5b4ea9c2a8be','izh_valya@ukr.net','2018-12-17 23:50:05','31.132.172.99','61F9E575-EFE0-EC57-E2AD-89B09DF4E946',1,19,NULL,0),(9,2,0,0,0,'kushnirvv140163@gmail.com','ad09192082550a88d686a063eb32da69','kushnirvv140163@gmail.com','2018-12-17 23:52:15','31.132.172.99','65CF50E3-EAC3-9107-E739-BF2F8C3A80B8',1,19,NULL,0),(10,2,0,0,0,'divan315@gmail.com','c81b0d49e1177b1498742ac65bcd5f94','divan315@gmail.com','2018-12-17 23:54:26','31.132.172.99','37E89B54-8CC3-6868-8DEB-764A29DD2FFC',1,19,'2021-01-13 14:08:25',0),(11,2,0,0,0,'anna.kodi@mail.ru','ef82f5bf0611d174559fb7ee9f6f1de6','anna.kodi@mail.ru','2018-12-17 23:56:05','31.132.172.99','F3E4C09C-D0C3-2B01-3379-A4246C99DE74',1,19,NULL,0),(12,2,0,0,0,'proflinekrasa2011@gmail.com','99985eec511bcb315f62a6df81624bfd','proflinekrasa2011@gmail.com','2018-12-17 23:57:14','31.132.172.99','58809BFE-6D62-45FA-ABE0-F6ED40C0BD5C',1,19,NULL,0),(13,2,0,0,0,'tt@nails.ua','8d1cb173abdf8cb57f1d24104934ef9d','tt@nails.ua','2018-12-17 23:59:27','31.132.172.99','3A9BE74E-33D5-5550-4C8F-DC3E3985F40F',1,19,NULL,0),(14,2,0,0,0,'alina-maleeva00@rambler.ru','a556264e11529a7d15efcd8fa6056bd9','alina-maleeva00@rambler.ru','2018-12-18 00:00:52','31.132.172.99','82B39065-026C-8DEE-7D99-C7697E7F065F',1,19,NULL,0),(15,2,0,0,0,'Gontolyan@ukr.net','ef30d50dc7fa68c5ce1f3f39acb6ee44','Gontolyan@ukr.net','2018-12-18 00:02:07','31.132.172.99','1296014A-E104-14C5-10A7-B9495F85D1ED',1,19,NULL,0),(16,2,0,0,0,'zavsklada.kiev1.nfeya@gmail.com','d3be46400ad6b941a8dcb4ce1c9cb2f0','zavsklada.kiev1.nfeya@gmail.com','2018-12-18 00:04:04','31.132.172.99','F5377EA7-409E-0171-AD2E-2A1327EE72C5',1,19,NULL,0),(17,2,0,0,0,'arapatij@gmail.com','f615318da9012e242511b21bccccb1a0','arapatij@gmail.com','2018-12-18 00:06:01','31.132.172.99','22838BB6-B9F0-B98C-D62E-08E7B88D218A',1,19,NULL,0),(18,2,0,0,0,'inna_1211@ukr.net','eb3bd4ea3fda1b4fbb0718309a14029e','inna_1211@ukr.net','2018-12-18 00:07:12','31.132.172.99','A03A262C-44E5-E309-4BCF-9B8D0C613636',1,19,NULL,0),(19,2,0,0,0,'r.com@ukr.net','7764c7bb4ac9a4ff5a44bd5711532095','r.com@ukr.net','2018-12-18 00:08:15','31.132.172.99','D4B3D809-E289-01F6-3AE6-06B4524720C3',1,19,NULL,0),(20,2,0,0,0,'Etna88@list.ru','25ed187baa03b61c0f6d4a7c4b8cb547','Etna88@list.ru','2018-12-18 00:50:27','31.132.172.99','117554A6-F4B8-DE8E-86E9-BAE5EA50390D',1,19,NULL,0),(21,2,0,0,0,'beautyhand555@gmail.com','13b93818f2eacdacc01fdee443241357','beautyhand555@gmail.com','2018-12-18 00:51:42','31.132.172.99','99680EF5-44D4-0D74-3F8B-1E44EB41EDB3',1,19,NULL,0),(22,2,0,0,0,'Iramaterials@gmail.com','34087a54c03f84adee1ef6869841a276','Iramaterials@gmail.com','2018-12-18 00:53:34','31.132.172.99','80112888-ABE7-0139-BA0B-12C8AEBC86B1',1,19,NULL,0),(23,2,0,0,0,'Solinger.dp@gmail.com','8743ac28a8bc4b5b3ab3d0dd6a067fc1','Solinger.dp@gmail.com','2018-12-18 00:54:41','31.132.172.99','B11FEDDE-694B-C03C-092D-0A28022534F7',1,19,NULL,0),(24,2,0,0,0,'cristal.lviv@gmail.com','90b204840168088c6513f52883196ee4','cristal.lviv@gmail.com','2018-12-18 00:55:51','31.132.172.99','B38C1453-6A20-E333-F649-4A0AD5E16449',1,19,NULL,0),(25,2,0,0,0,'irenakor@ukr.net','eebaee7a25dd9384ca84f6ff5161d80d','irenakor@ukr.net','2018-12-18 00:57:10','31.132.172.99','F17FB95C-3D01-CC7A-B570-D50013BB0AB6',1,19,NULL,0),(26,2,0,0,0,'korzyn@mail.ru','b604afdc3fe17fb10c8020767674e242','korzyn@mail.ru','2018-12-18 00:58:52','31.132.172.99','94CDC7A4-6ADB-EFE0-C85A-82DF118345FE',1,19,NULL,0),(27,2,0,0,0,'alina.rekun91@mail.ru','222fcb1758f082a4e998c7c9a805ab30','alina.rekun91@mail.ru','2018-12-18 01:00:16','31.132.172.99','FA570232-9E85-A06D-77A8-E820756A9A25',1,19,NULL,0),(28,2,0,0,0,'natali_88-88@list.ru','62030d949889f084e2b4ed0af5e116e8','natali_88-88@list.ru','2018-12-18 01:01:48','31.132.172.99','6AE615F5-BDA5-2496-604B-64C5C234B4BC',1,19,NULL,0),(29,2,0,0,0,'ph5inform@gmail.com','64f54f2b3828dc2b0776f87e17813885','ph5inform@gmail.com','2018-12-18 01:02:58','31.132.172.99','4F3DEEE1-C486-3C88-61C8-05B0244A0F68',1,19,NULL,0),(30,2,0,0,0,'nailsml@ukr.net','cb913a08735b6f89db1047f9898f3e36','nailsml@ukr.net','2018-12-18 01:04:37','31.132.172.99','BD6EDC78-C1CF-C801-4436-037947E081FA',1,19,NULL,0),(31,2,0,0,0,'pnkr@ukr.net','b0e9d68008f91cea437d0857f90c2642','pnkr@ukr.net','2018-12-18 01:05:46','31.132.172.99','94618519-8A00-F277-C3F7-DA6631E48A96',1,19,NULL,0),(32,2,0,0,0,'edem.poltava@mail.ru','b45eb20b396525927abfded4ba705374','edem.poltava@mail.ru','2018-12-18 01:06:52','31.132.172.99','',1,19,NULL,0),(33,2,0,0,0,'nailsh2@ukr.net','102f64b8794d41e7e06f967b28186c2c','nailsh2@ukr.net','2018-12-18 01:08:02','31.132.172.99','200C9C05-45C3-4587-8851-CCB5F48A0112',1,19,NULL,0),(34,2,0,0,0,'mangosha84@rambler.ru','00c047edd96af961acb4afdcc3364dd4','mangosha84@rambler.ru','2018-12-18 01:09:00','31.132.172.99','8665F52A-B4B2-34B7-51BA-D306AE0E3BC1',1,19,NULL,0),(35,2,0,0,0,'nogtiua@list.ru','da06296cfecda23cc584e2aa29f0bd5e','nogtiua@list.ru','2018-12-18 01:10:24','31.132.172.99','F4EA39BB-2643-8C29-F5B3-075CF288C5BC',1,19,NULL,0),(36,2,0,0,0,'dm_silva@ukr.net','011364900b4da29013e57134ad4d5d7a','dm_silva@ukr.net','2018-12-18 01:11:54','31.132.172.99','B7752F0D-2A46-8EF8-4FA8-8F4482161434',1,19,NULL,0),(37,2,0,0,0,'edlen27@ukr.net','724da74953b2c3dcdb4413974432e672','edlen27@ukr.net','2018-12-18 01:13:23','31.132.172.99','A806E480-2314-FC55-296E-9F42F10685D4',1,19,NULL,0),(38,2,0,0,0,'nikma65@mail.ru','c323799a43c541fb3ef82ac18ab20ebb','nikma65@mail.ru','2018-12-18 01:15:21','31.132.172.99','4F6994D9-C311-0070-6C01-6B69F950F9F4',1,19,NULL,0),(39,2,0,0,0,'plaza-alstri@ukr.net','46daea99d3568a4bb96e186ca41ecff8','plaza-alstri@ukr.net','2018-12-18 01:16:37','31.132.172.99','6AB39B4E-93AB-F62D-3CF8-C20F77FE4102',1,19,NULL,0),(40,2,0,0,0,'natali251988@i.ua','31428b5c38e9269865a1f08851a8110b','natali251988@i.ua','2018-12-18 01:17:35','31.132.172.99','097A1C10-540A-71C7-76E9-818F93D90720',1,19,NULL,0),(41,2,0,0,0,'tval1@yandex.ua','b02a70a66c5d83801f4ce7c94460b6cc','tval1@yandex.ua','2018-12-18 01:19:03','31.132.172.99','B26168F2-92F9-8C68-DD61-1B6063E4C255',1,19,NULL,0),(42,2,0,0,0,'87malvina87@mail.ru','48f6a9c42bdb81f9bd93cb98da05eb3e','87malvina87@mail.ru','2018-12-18 01:20:15','31.132.172.99','AB5D955D-28EE-A62A-F646-0B189683318C',1,19,NULL,0),(43,2,0,0,0,'gorjatschow.i.v@gmail.com','1679f05d3ede705799794610fadeb467','gorjatschow.i.v@gmail.com','2018-12-18 01:21:09','31.132.172.99','7E9828B9-9A7E-E42B-3A30-6012993DCDC7',1,19,NULL,0),(44,2,0,0,0,'marishpak@gmail.com','53e702bc8760ce9d3a686712d008db09','marishpak@gmail.com','2018-12-18 01:22:41','31.132.172.99','D36ABA3C-A1FF-A154-85BB-7A46FD2B65CF',1,19,NULL,0),(45,2,0,0,0,'ira_grish@ukr.net','e7306fd1ecd71869285cde1b22eea9fa','ira_grish@ukr.net','2018-12-18 01:23:46','31.132.172.99','E8C849EF-0B08-591A-CF47-31A9C1FE1258',1,19,NULL,0),(46,2,0,0,0,'zhukovskaya08@mail.ru','93c4c040c2a26587a1b8b4b64d0ec3f0','zhukovskaya08@mail.ru','2018-12-18 01:25:13','31.132.172.99','ECB4F365-AF70-8B6F-F178-B8AE88AC8AEE',1,19,NULL,0),(47,2,0,0,0,'help7life@gmail.com','825b7d55e928cdf22695b4955b0f5c2b','help7life@gmail.com','2018-12-18 01:27:47','31.132.172.99','8841C710-00DE-1EF6-C192-8885DD7BC17C',1,19,NULL,0),(48,2,0,0,0,'bgn_ter@ukr.net','02039d804669d949a47d62ef91224957','bgn_ter@ukr.net','2018-12-18 01:28:40','31.132.172.99','071F3140-2CAC-6EBC-C03F-8932DA8A9212',1,19,NULL,0),(49,2,0,0,0,'nelliro1@rambler.ru','3663da3b5065ae899fabe0a9d6a31782','nelliro1@rambler.ru','2018-12-18 01:29:36','31.132.172.99','6FFADCE5-7D83-8329-7ECA-0FE827E0ED6F',1,19,NULL,0),(50,2,0,0,0,'Natasharizova@mail.ru','5e5e9e59d3360848f42d33d291acb260','Natasharizova@mail.ru','2018-12-18 01:30:27','31.132.172.99','649C908D-C1ED-C493-9120-10683A91D5E0',1,19,NULL,0),(51,2,0,0,0,'sentrdelux@mail.ru','ed9c346db27be2daa3060ce395d76834','sentrdelux@mail.ru','2018-12-18 01:31:13','31.132.172.99','B5C8ADAA-BADF-8D00-CADC-3673C8F62959',1,19,NULL,0),(52,2,0,0,0,'demenskaya@mail.ru','2dd30d29c46ca02d3348722309d3fe62','demenskaya@mail.ru','2018-12-18 01:32:25','31.132.172.99','280E2CDF-FB76-0BA0-1C62-4AD1006326C9',1,19,NULL,0),(53,2,0,0,0,'katya.gavrilyuk03@ukr.net','f24e0ad866cfdc9cbac458d4fbd0bc17','katya.gavrilyuk03@ukr.net','2018-12-18 01:33:12','31.132.172.99','EEE6C5AB-B821-C5C6-9085-1DAA5BA10C3D',1,19,NULL,0),(54,2,0,0,0,'Lyudmil_dushako@mail.ru','f89578d32c5a31b597fa1b9c6ea0c56d','Lyudmil_dushako@mail.ru','2018-12-18 01:34:31','31.132.172.99','4FD436BE-D0D7-A2EF-B187-555E45FD43E0',1,19,NULL,0),(55,2,0,0,0,'skoropad@gmail.com','5d7cb14dd8f172e8f38666b514fc7a6c','skoropad@gmail.com','2018-12-18 01:35:30','31.132.172.99','B62A0444-472C-9661-7626-AE7B88B6A89C',1,19,NULL,0),(56,2,0,0,0,'nailarts@mail.ru','f1f90f092cec867cec3f593c516dff79','nailarts@mail.ru','2018-12-18 01:36:28','31.132.172.99','9C094E61-FBA2-7578-8CEB-99FAC68E5704',1,19,NULL,0),(57,2,0,0,0,'vicylca@mail.ru','cd126759dc7ebb2a139e156af001a389','vicylca@mail.ru','2018-12-18 01:37:32','31.132.172.99','C0D617C9-B94B-9CC3-6E19-A0816AAD9E96',1,19,NULL,0),(58,2,0,0,0,'boss@nfeya.com','001c39c2972892d6bca2c09f3191c344','boss@nfeya.com','2018-12-18 01:38:30','31.132.172.99','E19D084E-41C6-FB48-1474-E05C0122D314',1,19,NULL,0),(59,2,0,0,0,'viktoriaadamenko7@gmail.com','99af65ce83467e62705aadf65f0af02e','viktoriaadamenko7@gmail.com','2018-12-18 01:39:28','31.132.172.99','1C8169B4-31E6-367B-8D55-58DF0CC3BFA9',1,19,NULL,0),(60,2,0,0,0,'pnv2004@list.ru','cba479c6f947f6a15a1b5a426622fba8','pnv2004@list.ru','2018-12-18 01:40:23','31.132.172.99','87EE0091-9BD1-8A80-8288-D8C9C51E2290',1,19,NULL,0),(61,2,0,0,0,'artglamour_zt@mail.ru','612d848558b3cbd25fa5d2aac2de56c9','artglamour_zt@mail.ru','2018-12-18 01:41:35','31.132.172.99','29C08ADD-8D97-19A8-21C8-0DA5D896C260',1,19,NULL,0),(62,2,0,0,0,'lidushka1983@gmail.com','fc849d715f5b4769aa44262c8818ccd1','lidushka1983@gmail.com','2018-12-18 01:42:41','31.132.172.99','B36B1A43-F86D-BDCD-DE62-D82143D73B88',1,19,NULL,0),(63,2,0,0,0,'alyonchikbogun@gmail.com','34e8a6c38c0595a684065f816ba8c675','alyonchikbogun@gmail.com','2018-12-18 01:43:48','31.132.172.99','94700A5E-C052-837C-D54C-4C2DC6EFE4F3',1,19,NULL,0),(64,2,0,0,0,'aleksey@nails.ua','116dc17fce5dc548d8c12653019e0527','aleksey@nails.ua','2018-12-18 01:44:51','31.132.172.99','32315E05-1C9B-6E37-4354-0877064CC8D4',1,19,NULL,0),(65,2,0,0,0,'shop@nails.ua','02b48b1590e2a63a7f4c3c3a162d07ad','shop@nails.ua','2018-12-18 01:45:54','31.132.172.99','CF3C4212-6926-D320-D44E-59DB1B0A55E6',1,19,NULL,0),(66,2,0,0,0,'evg@nails.ua','a854c0b8c24fc05afaeb40247eec7215','evg@nails.ua','2018-12-18 01:46:53','31.132.172.99','AD330575-AC90-BD5F-84A3-35F67ADCE3F1',1,19,NULL,0),(67,2,0,0,0,'fx3500@gmail.com','76bbec4f88893c08ecd948c60414c7e7','fx3500@gmail.com','2018-12-18 01:48:02','31.132.172.99','ADE0192E-75DE-B8FC-354A-262990DCB043',0,19,NULL,0),(174,2,0,0,0,'super-aristova@ukr.net ','2e2f2c15562d790a94928dc35928edd7','super-aristova@ukr.net ','2021-01-06 09:07:52','127.0.0.1','',1,0,NULL,0),(69,2,0,0,0,'test-diller@nails.ua','6465985b6e10f7aacd8afb0ba7cd4d80','','2019-01-15 20:37:55','81.171.25.206','63E1A8DD-9C55-7586-E5F7-4AB58B91FED6',1,19,'2019-01-21 15:16:42',0),(71,2,0,0,0,'sadwin.supervisor@gmail.com','0d79dc489056f1b6bbf4f46255ad7d2e','sadwin.supervisor@gmail.com','2019-02-05 18:05:56','78.85.48.43','',1,0,'2019-02-10 14:46:05',0),(83,2,0,0,0,'tikhonov.vitaliy.uw@gmail.com','0d183f1782fadda2aa4c7af1a9cb963c','tikhonov.vitaliy.uw@gmail.com','2019-03-11 19:21:28','85.198.140.154','',1,0,'2019-04-05 12:01:16',0),(84,2,0,0,0,'marina.nektowich@gmail.com','cca13cfe6a08304106ab5e15df6ca375','marina.nektowich@gmail.com','2019-03-12 10:47:28','195.24.136.74','',1,0,'2021-05-07 12:58:07',0),(173,2,0,0,0,'nails@ukr.net','cc0052db4d70e7967198c7a5adeb37c4','nails@ukr.net','2021-01-06 08:47:53','127.0.0.1','',1,0,'2021-01-13 16:01:12',0),(171,2,0,0,0,'tatarkooksana77@gmail.com','bdba73b00fd3cf4762cf2b48a6b7f515','tatarkooksana77@gmail.com','2021-01-05 14:08:50','127.0.0.1','',1,0,'2021-01-13 14:04:52',0),(91,2,0,0,0,'kiddokidsanalytics@gmail.com','535a48ccd0b9c1a1ea5c5ded7fc75cad','kiddokidsanalytics@gmail.com','2019-03-14 10:04:24','195.24.136.74','',1,0,'2019-03-19 12:34:21',0),(93,2,0,0,0,'11','60c36c40789946dc7f7225cf9abd0798','11','2019-03-14 18:49:44','89.255.92.244','',1,19,'2019-03-14 19:30:00',0),(94,2,0,0,0,'Аааа','ed09aa23ed7341693be10a4b4e417606','Аааа','2019-03-14 19:52:59','89.255.92.244','',1,0,'2019-03-14 19:53:00',0),(95,2,0,0,0,'111','57807c1152d99fcf904e1baf81657088','111','2019-03-15 15:58:48','176.59.33.48','',1,19,'2019-03-15 15:59:30',0),(96,2,0,0,0,'22','5d1ed9eec47db7fbafefc7323d6d0ac0','22','2019-03-15 16:20:21','176.59.33.48','',1,0,'2019-03-15 16:20:22',0),(98,2,0,0,0,'	tikhonov.vitaliy.uw@gmail.com','97e33b111f71606fecb8cda2bec96fb0','	tikhonov.vitaliy.uw@gmail.com','2019-03-19 19:40:02','85.198.140.154','',1,0,'2019-03-27 18:24:43',0),(99,2,0,0,0,'jlhvgljvh@jhjvh.com','e84251268438f0d13a2f5ad6f99c96fd','jlhvgljvh@jhjvh.com','2019-03-21 21:34:52','77.239.183.73','',1,0,'2019-03-21 21:45:03',0),(100,2,0,0,0,'dniproltm@gmail.com','0c8036baec0cf0785a29ccffb14b5931','dniproltm@gmail.com','2019-03-25 14:01:48','193.200.32.155','',1,0,'2019-03-25 14:25:19',0),(102,2,0,0,0,'baraboom77@gmail.com','c0b2be5e532d8507fc944c901b31a34d','baraboom77@gmail.com','2019-03-30 16:00:08','46.98.35.200','',1,0,'2019-03-30 16:02:51',0),(115,2,0,0,0,'offtop007@gmail.com','453268affaa0a2c3e333dc1652b54154','offtop007@gmail.com','2019-04-03 12:22:51','178.215.160.240','',1,0,'2019-04-03 12:24:23',0),(117,2,0,0,0,'lisalisa2000@mail.ru','102e33d1d44188046a9a96c4e7920c23','lisalisa2000@mail.ru','2019-04-04 14:39:16','81.171.25.206','',1,0,'2019-05-05 11:56:11',0),(118,2,0,0,0,'vernigora5000@mail.ru','102e33d1d44188046a9a96c4e7920c23','vernigora5000@mail.ru','2019-04-04 15:07:03','81.171.25.206','',1,0,'2019-04-04 15:20:46',0),(119,2,0,0,0,'vtkhnv@gmail.com','5920836ca4b1f7bb273480075eded815','vtkhnv@gmail.com','2019-04-05 11:58:40','81.171.25.206','',1,0,'2019-04-12 10:13:08',0),(120,2,0,0,0,'pamososis@red-mail.top','12311d05c9aa67765703984239511212','pamososis@red-mail.top','2019-04-05 15:23:46','195.24.136.74','',1,0,'2019-04-08 10:20:28',0),(121,2,0,0,0,'teddplm@gmail.com','373ef894d202a9c487bf28c6c558e790','teddplm@gmail.com','2019-04-06 00:05:30','93.79.111.223','',1,0,'2019-07-18 15:44:17',0),(130,2,0,0,0,'anastasia_zarova@ukr.net','6172773993916d2a6d2cfb0070b4b72e','anastasia_zarova@ukr.net','2019-11-08 14:09:38','212.90.34.204','',1,0,'2020-02-14 15:52:39',0),(131,2,0,0,0,'chernyak911@mail.ru','d14f23ce297dde88fb351b99df720725','chernyak911@mail.ru','2020-07-06 15:44:11','127.0.0.1','',1,0,NULL,0),(132,2,0,0,0,'animatix4dstudio@gmail.com','7f21900225694541abdcbde0fc7a6c1c','animatix4dstudio@gmail.com','2020-11-17 11:01:41','127.0.0.1','',1,0,NULL,0),(133,2,0,0,0,'','763b4d2e83b22bd23bb3844e2eca9afa','','2020-11-19 00:36:38','127.0.0.1','',1,27,'2020-11-26 14:21:24',1),(134,2,0,0,0,'ganailsua@gmail.com','a86905c0bfb78017f977bb687658a526','ganailsua@gmail.com','2020-11-26 14:28:19','127.0.0.1','',1,27,'2021-04-09 16:02:25',0),(135,2,0,0,0,'','0c7a9e91a5dc698baf3a35186107e963','','2020-11-27 14:39:13','127.0.0.1','',1,27,'2020-11-27 14:49:12',1),(136,2,0,0,0,'','fb5652cd374101dc147062bb82e6acbe','','2020-11-27 14:40:19','127.0.0.1','',1,0,'2020-11-27 14:40:41',1),(137,2,0,0,0,'','36642e31bda8765a495043f925df160f','','2020-11-27 14:55:11','127.0.0.1','',1,0,'2020-11-27 14:55:56',1),(138,2,0,0,0,'ganailsua@gmail.com','96994f2784b14c0a0a720b617d975d19','ganailsua@gmail.com','2020-11-27 15:00:19','127.0.0.1','',1,0,'2020-11-27 15:41:52',0),(139,2,0,0,0,'','857c430a74c77580969c56cee37b24e2','','2020-11-27 15:42:07','127.0.0.1','',1,0,'2020-12-01 12:13:40',1),(140,2,0,0,0,'tempc4@ukr.net','020ac1854f4531eefbe3ec9f4ebef332','tempc4@ukr.net','2020-11-30 15:54:26','127.0.0.1','C24D563E-5482-B99B-A9D7-85D9102CC1DB',0,0,NULL,0),(141,2,0,0,0,'tempc4@ukr.net','85f6a276ab930b66eed1f71711da4468','tempc4@ukr.net','2020-11-30 15:58:06','127.0.0.1','',1,0,'2020-11-30 15:59:51',0),(142,2,0,0,0,'','4bd3d29ffb2627c755609efa51e7bb36','','2020-12-02 14:43:17','127.0.0.1','',1,0,'2020-12-03 15:47:29',1),(172,2,0,0,0,'mariadermenzi0@.gmail.com','b21cc5e47a847209e5fbd6b1a237051a','mariadermenzi0@.gmail.com','2021-01-06 07:54:25','127.0.0.1','',1,0,'2021-01-06 07:54:44',0),(144,2,0,0,0,'','e2804c3808b7993766fc1a4484dddaa0','','2020-12-03 10:16:50','127.0.0.1','',1,22,'2020-12-03 10:18:21',1),(145,2,0,0,0,'','bfa7324c01a570b8a0567a4140730384','','2020-12-03 10:20:42','127.0.0.1','',1,0,'2020-12-03 10:20:56',1),(146,2,0,0,0,'virus-planet-11@yandex.ru','52f14d2415711f02e07a472b8c45ccb8','virus-planet-11@yandex.ru','2020-12-03 10:36:10','127.0.0.1','',1,0,NULL,0),(147,2,0,0,0,'','3e686ed0ed6dd0e0350ebb8de8238989','','2020-12-03 12:59:32','127.0.0.1','',1,27,'2020-12-03 12:59:57',1),(148,2,0,0,0,'','757b5c91507684d27b1d43fd514d49e8','','2020-12-03 13:00:21','127.0.0.1','',1,0,'2020-12-03 13:00:50',1),(149,2,0,0,0,'','458cc2ae49c5ab47277707a04c077ba0','','2020-12-03 15:59:04','127.0.0.1','',1,0,'2020-12-03 15:59:38',1),(150,2,0,0,0,'','f99e287923a3ef12a2123526a1ec87c7','','2020-12-03 15:59:56','127.0.0.1','',1,0,'2020-12-03 16:00:56',1),(151,2,0,0,0,'ganailsua@gmail.com','bc3e0e576b8cfe257d8c8f45514d2b6f','ganailsua@gmail.com','2020-12-03 16:01:53','127.0.0.1','',1,0,'2020-12-03 16:02:21',0),(152,2,0,0,0,'','e22756b94128e3a6c839d1f9f69be195','','2020-12-09 18:00:37','127.0.0.1','',1,22,'2020-12-09 18:02:48',1),(170,2,0,0,0,'ma.rinanektowi.ch@gmail.com','bd193094e5d4314cc8d2eaf9d92199ac','ma.rinanektowi.ch@gmail.com','2021-01-05 13:36:55','127.0.0.1','',1,0,'2021-01-05 13:37:52',0),(165,2,0,0,0,'ivanov@animatix4d.com','f77954fd7b83ba4bef1af88c6aeb86a4','ivanov@animatix4d.com','2020-12-21 14:54:42','127.0.0.1','',1,27,'2020-12-28 10:47:51',0),(166,2,0,0,0,'nailspn@ukr.net','eb8376102a3c1b8aa661730ebc1ddb7b','nailspn@ukr.net','2021-01-05 07:24:29','127.0.0.1','',1,0,'2021-01-05 08:06:58',0),(155,2,0,0,0,'gmbnailsua@gmail.com','cca13cfe6a08304106ab5e15df6ca375','gmbnailsua@gmail.com','2020-12-09 23:25:17','127.0.0.1','',1,27,'2021-02-02 12:47:22',0),(175,2,0,0,0,'alena.asanova67@gmail.com','c30c2123106a3f3d66993fe7f56d29b8','alena.asanova67@gmail.com','2021-01-06 09:14:31','127.0.0.1','',1,0,'2021-01-06 11:39:55',0),(176,2,0,0,0,'alinaizhov@gmail.com','4368ce6d0d50d663cbce1181847dac78','alinaizhov@gmail.com','2021-01-06 10:18:59','127.0.0.1','',1,0,NULL,0),(177,2,0,0,0,'allagricyuk@ukr.net','c7590e8346415247c24133bdd2c263c6','allagricyuk@ukr.net','2021-01-06 10:26:13','127.0.0.1','',1,0,'2021-01-10 13:17:21',0),(178,2,0,0,0,'olga_rij@meta.ua','954e25c12d80291a0c6fd4e5586e88c9','olga_rij@meta.ua','2021-01-06 13:33:28','127.0.0.1','',1,0,NULL,0),(240,2,0,0,0,'latkin.oleh@gmail.com','e633e2ac7a14a4d56384f38df943792b','latkin.oleh@gmail.com','2021-01-26 19:59:46','127.0.0.1','',1,0,'2021-02-01 12:18:06',0),(180,2,0,0,0,'','2317bf09ff1b803fbf8be812faea9559','','2021-01-06 19:15:18','127.0.0.1','',1,20,'2021-01-07 22:36:32',1),(181,2,0,0,0,'m.arina.nekto.wich@gmail.com','cca13cfe6a08304106ab5e15df6ca375','m.arina.nekto.wich@gmail.com','2021-01-06 19:44:11','127.0.0.1','',1,0,'2021-02-01 12:14:18',0),(182,2,0,0,0,'annahristolibska@gmail.com','46ff4fb0f9540f856bdb7a44e4f4bad6','annahristolibska@gmail.com','2021-01-06 22:48:57','127.0.0.1','',1,0,'2021-01-08 16:10:00',0),(183,2,0,0,0,'kutcak23@gmail.com','1785d772e18eefac19a4213b08bd01be','kutcak23@gmail.com','2021-01-07 00:24:55','127.0.0.1','',1,0,'2021-01-07 12:57:03',0),(184,2,0,0,0,'yuliyamariya30@gmail.com','292012c986957fa60f331c7bb5296251','yuliyamariya30@gmail.com','2021-01-07 13:07:20','127.0.0.1','',1,0,'2021-01-11 18:03:05',0),(185,2,0,0,0,'shotmadlenka@gmail.com','406429f8f54929b7969fabeec37f5164','shotmadlenka@gmail.com','2021-01-07 14:34:10','127.0.0.1','',1,0,NULL,0),(186,2,0,0,0,'Vika_Baturina@mail.ru','7cf5b712808e9f2ec41bb2f98defcb8c','Vika_Baturina@mail.ru','2021-01-07 18:32:55','127.0.0.1','',1,0,'2021-01-07 18:36:02',0),(187,2,0,0,0,'olgazinkovkaj4@gmail.com','70b9d463d3aed17177902563bf7199c1','olgazinkovkaj4@gmail.com','2021-01-07 20:42:42','127.0.0.1','',1,0,'2021-01-07 20:43:58',0),(188,2,0,0,0,'Khatouna45@hotmail.com','9ec193eae49f5fe4ceb07110ec7d922a','Khatouna45@hotmail.com','2021-01-07 21:09:33','127.0.0.1','',1,0,NULL,0),(189,2,0,0,0,'avdeenkotanya1912@gmail.com','27d93c7ebc513501775d523387f581c5','avdeenkotanya1912@gmail.com','2021-01-08 00:08:32','127.0.0.1','',1,0,'2021-01-08 00:09:34',0),(190,2,0,0,0,'natasha0905sam@gmail.com','1f612789830b862bf5ce79d7827b45a4','natasha0905sam@gmail.com','2021-01-08 12:15:15','127.0.0.1','',1,0,NULL,0),(191,2,0,0,0,'vladyslava.rasskaz@gmail.com','e1181ff71cf42c7043fb21a8bff3a6eb','vladyslava.rasskaz@gmail.com','2021-01-08 14:29:54','127.0.0.1','',1,0,NULL,0),(192,2,0,0,0,'romchik24031989@gmail.com','1c93a559906f245ef3ba37f2fd562a3c','romchik24031989@gmail.com','2021-01-08 15:54:20','127.0.0.1','',1,0,'2021-01-08 15:54:54',0),(193,2,0,0,0,'elena.anokhina75@gmail.com','ec7624f99e276d48829e3c034ed6523c','elena.anokhina75@gmail.com','2021-01-08 19:40:55','127.0.0.1','',1,0,'2021-01-08 19:41:16',0),(194,2,0,0,0,'allolo@bigmir.net','4f545ea1cc875d5256d7d51719f7e9b3','allolo@bigmir.net','2021-01-08 23:34:55','127.0.0.1','',1,0,NULL,0),(195,2,0,0,0,'Romanyk.dima3@gmail.com','051671269b5d70a81a627dafbc79641b','Romanyk.dima3@gmail.com','2021-01-08 23:41:53','127.0.0.1','',1,0,'2021-01-08 23:43:09',0),(196,2,0,0,0,'lpsusy9@gmail.com','d484eaf9a913562b1022dd1291e3bc81','lpsusy9@gmail.com','2021-01-09 11:37:06','127.0.0.1','',1,0,'2021-01-09 11:37:45',0),(197,2,0,0,0,'marimar95@mail.ru','5e7e9d0c399125746d5991d05a839a19','marimar95@mail.ru','2021-01-09 12:30:00','127.0.0.1','',1,0,'2021-01-10 13:30:24',0),(198,2,0,0,0,'kristi.raj180489@gmail.com','8e410b1efb25099d086e093157108814','kristi.raj180489@gmail.com','2021-01-09 16:13:12','127.0.0.1','',1,0,'2021-01-12 09:19:49',0),(199,2,0,0,0,'galetakatqa@ukr.net','64d791cb82262fe4302ba189a2a15c06','galetakatqa@ukr.net','2021-01-09 17:01:53','127.0.0.1','',1,0,'2021-01-12 11:48:14',0),(200,2,0,0,0,'oksanavlasjuk79@gmail.com','d17ca002115fa8a97c2f3761ab353c62','oksanavlasjuk79@gmail.com','2021-01-09 19:06:17','127.0.0.1','',1,0,'2021-01-12 23:52:48',0),(201,2,0,0,0,'aleksandr.orlenko63@gmail.com','329fea72a66965c7bb06dddd3c6d03ca','aleksandr.orlenko63@gmail.com','2021-01-10 10:25:14','127.0.0.1','',1,0,'2021-01-10 11:41:17',0),(202,2,0,0,0,'panasenkomasha1@gmail.com','190f7aaf70b9709841212173b23b34c4','panasenkomasha1@gmail.com','2021-01-10 12:40:53','127.0.0.1','',1,0,'2021-01-10 12:41:16',0),(203,2,0,0,0,'anyuta.dalinchuk@gmail.com','1a596b93b3c8f39823629548fd9fdcf0','anyuta.dalinchuk@gmail.com','2021-01-10 15:10:53','127.0.0.1','',1,0,'2021-01-10 20:36:05',0),(204,2,0,0,0,'ninamolozhon@gmail.com','12ab6c744338c93f7bdd7b7dd949bacb','ninamolozhon@gmail.com','2021-01-10 15:49:30','127.0.0.1','',1,0,NULL,0),(205,2,0,0,0,'asochenko52@gmail.com','47f6e2735636234f2c88f4dd5db0bc2a','asochenko52@gmail.com','2021-01-10 16:14:33','127.0.0.1','',1,0,'2021-01-10 18:30:22',0),(206,2,0,0,0,'reypashi.tetyana@gmail.com','75bb50cfdd6c21a47c035523753b9c7a','reypashi.tetyana@gmail.com','2021-01-10 18:16:33','127.0.0.1','',1,0,'2021-01-10 18:50:38',0),(207,2,0,0,0,'margorebrova86@gmail.com','746584899ce892cb5e632c779176a47b','margorebrova86@gmail.com','2021-01-10 18:47:24','127.0.0.1','',1,0,NULL,0),(208,2,0,0,0,'stella-azzurro@ukr.net','e8cfd6682318c84f80e5a36e5524f8ba','stella-azzurro@ukr.net','2021-01-10 18:55:32','127.0.0.1','',1,0,NULL,0),(209,2,0,0,0,'annett201601@gmail.com','02ddf43e9fd9106bf9405287dc840755','annett201601@gmail.com','2021-01-10 19:30:21','127.0.0.1','',1,0,'2021-01-10 19:30:34',0),(210,2,0,0,0,'natalinikita@ukr.net','67a9e719c5cf4f82e9a8bbd633a8df6e','natalinikita@ukr.net','2021-01-10 20:16:00','127.0.0.1','',1,0,NULL,0),(211,2,0,0,0,'polina20.2012@gmail.com','81be879a0658db2319bc95d1216244b6','polina20.2012@gmail.com','2021-01-10 20:58:32','127.0.0.1','',1,0,NULL,0),(212,2,0,0,0,'jenya19567@yandex.ua ','ec87d18ab8d410bfd52e1e16ab34d374','jenya19567@yandex.ua ','2021-01-11 00:35:54','127.0.0.1','',1,0,'2021-01-11 00:36:18',0),(213,2,0,0,0,'Ylv3311@gmail.com','2320f9073d26e361a3534e36eaaec93e','Ylv3311@gmail.com','2021-01-11 08:30:34','127.0.0.1','',1,0,'2021-01-11 08:30:40',0),(214,2,0,0,0,'nataliatreskot@gmail.com','47be315e41ea6e6f4d73055150a38c1f','nataliatreskot@gmail.com','2021-01-11 10:48:43','127.0.0.1','',1,0,'2021-01-11 10:49:13',0),(215,2,0,0,0,'Solomiyakryklyva@gmail.com','1f3f9ef22f441ec2903f009f3b6bc9e0','Solomiyakryklyva@gmail.com','2021-01-11 11:13:36','127.0.0.1','',1,0,NULL,0),(216,2,0,0,0,'morozoksana09@gmail.com','743c198347c13d75d752afbff7b72584','morozoksana09@gmail.com','2021-01-11 12:24:19','127.0.0.1','',1,0,'2021-01-11 12:24:26',0),(217,2,0,0,0,'asdrtyyhgvbnm@gmail.com','7c5314f7d6f271fac73faa2106929049','asdrtyyhgvbnm@gmail.com','2021-01-11 17:58:11','127.0.0.1','',1,0,'2021-01-12 09:24:18',0),(218,2,0,0,0,'Bessonova97@ukr.net','e6e7a5bcf279f2fb93000c6d96b8c268','Bessonova97@ukr.net','2021-01-11 18:26:37','127.0.0.1','',1,0,'2021-01-13 19:14:58',0),(219,2,0,0,0,'krasinakks2@ukr.net','9218316a355a5936ee6b29661cc72865','krasinakks2@ukr.net','2021-01-11 20:48:47','127.0.0.1','',1,0,'2021-01-12 20:33:03',0),(220,2,0,0,0,'marhykk04@gmail.com','ffdc67bddf2f76de12dadf214256715a','marhykk04@gmail.com','2021-01-11 21:28:20','127.0.0.1','',1,0,'2021-01-11 21:29:25',0),(221,2,0,0,0,'udina.irina.i@gmail.com','25741ed0a11fc1d72465358604d4b529','udina.irina.i@gmail.com','2021-01-11 23:00:31','127.0.0.1','',1,0,'2021-01-11 23:00:55',0),(222,2,0,0,0,'gotothebeauty@gmail.com','50c0a9e2037f2d869708a6f257237b25','gotothebeauty@gmail.com','2021-01-12 00:44:27','127.0.0.1','',1,0,NULL,0),(223,2,0,0,0,'ksenia.ponurko@gmail.com','3d75d367c3d77e95f0435fb4b413990f','ksenia.ponurko@gmail.com','2021-01-12 06:28:23','127.0.0.1','',1,0,'2021-01-12 06:28:30',0),(224,2,0,0,0,'innamikitenko1985@gmail.com','b3a410b03c675f0fc481dd17b62cb4b6','innamikitenko1985@gmail.com','2021-01-12 09:01:14','127.0.0.1','',1,0,'2021-01-12 09:01:37',0),(225,2,0,0,0,'ira.lazor14@gmail.com','5a9573e18028b6cbb39a5a609609beac','ira.lazor14@gmail.com','2021-01-12 10:23:03','127.0.0.1','',1,0,'2021-01-12 10:24:22',0),(226,2,0,0,0,'olena.gasuyk25@gmail.com','adb05e080f2f5da9fed6a6a9c10b2a73','olena.gasuyk25@gmail.com','2021-01-12 10:24:47','127.0.0.1','5F7EFB3E-CB5A-0D05-6109-CF8F5A34878C',0,0,NULL,0),(227,2,0,0,0,'gladkania84@gmail.com','5119dd54151b1c28c44b1dc21a0b846c','gladkania84@gmail.com','2021-01-12 11:26:11','127.0.0.1','',1,0,'2021-01-12 14:31:01',0),(228,2,0,0,0,'vita.kalabishka@gmail.com','06c7bb2dc9bff09e91959b6da4f02f0b','vita.kalabishka@gmail.com','2021-01-12 14:49:18','127.0.0.1','',1,0,'2021-01-13 14:52:57',0),(229,2,0,0,0,'annaprigarinova@gmail.com','7ac0c22837541592ed5b07f8c2bd0d11','annaprigarinova@gmail.com','2021-01-12 15:20:04','127.0.0.1','',1,0,'2021-01-13 18:59:46',0),(230,2,0,0,0,'Lvika11@ukr.ner','032bb274fdf705a24768b343b6b94862','Lvika11@ukr.ner','2021-01-12 17:50:50','127.0.0.1','',1,0,'2021-01-12 18:26:29',0),(231,2,0,0,0,'Oksana.Sabov@gmail.com','4943588ac9f5faa801c93af0c5bc8f57','Oksana.Sabov@gmail.com','2021-01-12 20:03:09','127.0.0.1','',1,0,'2021-01-12 20:05:09',0),(232,2,0,0,0,'www.kseniyarudik@gmail.com','04f78aa494b5b27a7769a76a56c1f4a9','www.kseniyarudik@gmail.com','2021-01-12 20:27:24','127.0.0.1','',1,0,'2021-01-13 13:00:32',0),(233,2,0,0,0,'inna.ivchuk@gmail.com','b0e78351e8a641e07f51c7a6cdef5269','inna.ivchuk@gmail.com','2021-01-12 21:42:45','127.0.0.1','',1,0,NULL,0),(234,2,0,0,0,'irina.litovschuk8@gmail.com','a972f0b69aff82caff9f0486197576a1','irina.litovschuk8@gmail.com','2021-01-12 23:50:09','127.0.0.1','',1,0,NULL,0),(235,2,0,0,0,'Rln8226@ gmail.com','283f9508a32d429b298cc867444ff875','Rln8226@ gmail.com','2021-01-13 06:29:39','127.0.0.1','',1,0,'2021-01-13 14:27:29',0),(236,2,0,0,0,'irina-alekseenko@ukr.net','dbffac97cf1c7944d377d2cf9385ae33','irina-alekseenko@ukr.net','2021-01-13 11:51:36','127.0.0.1','',1,0,'2021-01-13 11:52:56',0),(237,2,0,0,0,'m.useumreboot@gmail.com','085a236df206759cbb0a54d4b3fe3103','m.useumreboot@gmail.com','2021-01-13 14:09:08','127.0.0.1','',1,0,'2021-01-13 15:40:23',0),(238,2,0,0,0,'sheludushka9696@gmail.com','f1d57c4333135cd2874d431a02d8b732','sheludushka9696@gmail.com','2021-01-13 18:12:57','127.0.0.1','',1,0,NULL,0),(239,2,0,0,0,'kleerik14@gmail.com','e3682c1e00f781f71b24c48e509df7a9','kleerik14@gmail.com','2021-01-13 18:25:06','127.0.0.1','',1,0,NULL,0),(241,2,0,0,0,'newnailsua@gmail.com','cca13cfe6a08304106ab5e15df6ca375','newnailsua@gmail.com','2021-02-02 19:23:44','127.0.0.1','4F91954A-1017-E6AA-40A2-80A2D4EAA73A',1,27,NULL,0),(249,2,0,0,0,'+380678866565','301c576c18757619523d6be50719c534',NULL,'2021-04-07 11:39:42','127.0.0.1','',1,20,'2021-04-07 17:12:24',0),(250,2,0,0,0,'+380975388524','259d862061676a0d0732f742c1731a89',NULL,'2021-04-07 11:39:42','127.0.0.1','',1,20,NULL,0),(251,2,0,0,0,'+380684475915','f52ca9825ab2ef858407a5f42d472918',NULL,'2021-04-07 11:39:42','127.0.0.1','',1,20,NULL,0),(252,2,0,0,0,'+380977383938','c7a6e0d83485c23e262568052afe17f0',NULL,'2021-04-07 11:39:42','127.0.0.1','',1,20,NULL,0),(253,2,0,0,0,'+380988563783','db8c9d15603e49f6636166c54206d1a5',NULL,'2021-04-07 11:39:42','127.0.0.1','',1,20,NULL,0),(254,2,0,0,0,'+380977741182','4f23fa43da9ca5db9a498b4face3180c',NULL,'2021-04-07 11:39:42','127.0.0.1','',1,20,NULL,0),(255,2,0,0,0,'andriatika@mail.ru','97ac7d61d9684ad863a4cd2f6b3584d3','andriatika@mail.ru','2021-04-07 11:39:42','127.0.0.1','',1,20,NULL,0),(256,2,0,0,0,'+380684095149','9ffe663f03e163cc605d7a3d25ee7e4c',NULL,'2021-04-07 11:39:42','127.0.0.1','',1,20,NULL,0),(257,2,0,0,0,'+380674562266','a4142fe9f16b718ab1d1f295f9560caa',NULL,'2021-04-07 11:39:42','127.0.0.1','',1,20,NULL,0),(258,2,0,0,0,'+380675613561','6ad9d5b7f8a9639ed6df38c32b6cb087',NULL,'2021-04-07 11:39:42','127.0.0.1','',1,20,NULL,0),(259,2,0,0,0,'+380675865630','df08b3ac3cd2a56e58077d704ef90a51',NULL,'2021-04-07 11:39:42','127.0.0.1','',1,20,NULL,0),(260,2,0,0,0,'+380950653159','a1cd556a5b1c0485541126016681381b',NULL,'2021-04-07 11:39:42','127.0.0.1','',1,20,NULL,0),(261,2,0,0,0,'+380979695846','055cc29e75b934c4571d7eb6bcf42ec2',NULL,'2021-04-07 11:39:42','127.0.0.1','',1,20,NULL,0),(262,2,0,0,0,'+380676110655','49f6cd3d8615c77b3412c495a3fa5997',NULL,'2021-04-07 11:39:42','127.0.0.1','',1,20,NULL,0),(263,2,0,0,0,'+380669599134','f0896c16ace7c7da6a5d889afaf21ae8',NULL,'2021-04-07 11:39:42','127.0.0.1','',1,20,NULL,0),(264,2,0,0,0,'TaniaM.tatyana@yandex.ua','30699e904d250c5e38550a83fedb2361','TaniaM.tatyana@yandex.ua','2021-04-07 11:39:42','127.0.0.1','',1,20,NULL,0),(265,2,0,0,0,'+380972717878','01c41e40d9acc2789b384eb957099b58',NULL,'2021-04-07 11:39:42','127.0.0.1','',1,20,NULL,0),(266,2,0,0,0,'+380501806874','3ccff1341efb8c7385b3728d672c46fb',NULL,'2021-04-07 11:39:42','127.0.0.1','',1,20,NULL,0),(267,2,0,0,0,'+380938215910','762d6fda36e205cc3fe6e1fdd3cdd3f1',NULL,'2021-04-07 11:39:42','127.0.0.1','',1,20,NULL,0),(268,2,0,0,0,'+380668068853','08a6da8e34aa7a6a1d837141d33729c4',NULL,'2021-04-07 11:39:42','127.0.0.1','',1,20,NULL,0),(269,2,0,0,0,'+380660738209','ab4061d3c064af6885331b748682d915',NULL,'2021-04-07 11:39:42','127.0.0.1','',1,20,NULL,0),(270,2,0,0,0,'+380976344791','db15b35cb5ac1613332e13a50ae7ec45',NULL,'2021-04-07 11:39:42','127.0.0.1','',1,20,NULL,0),(271,2,0,0,0,'+380509426956','95abddd6e5385fa4a9c235c0624f8793',NULL,'2021-04-07 11:39:42','127.0.0.1','',1,20,NULL,0),(272,2,0,0,0,'+380679516520','a2bc7075b680f5250bdcf51578624dfc',NULL,'2021-04-07 11:39:42','127.0.0.1','',1,20,NULL,0),(273,2,0,0,0,'lina.godnencko@gmail.com','ff680cc763bef0bf7b4eca75f7b28044','lina.godnencko@gmail.com','2021-04-07 11:39:42','127.0.0.1','',1,20,NULL,0),(274,2,0,0,0,'+380665356732','8447f0936998d004a873eb83fad30ea1',NULL,'2021-04-07 11:39:42','127.0.0.1','',1,20,NULL,0),(275,2,0,0,0,'+380978834549','321b06f0061e80c84c6ca0546df3ade9',NULL,'2021-04-07 11:39:42','127.0.0.1','',1,20,NULL,0),(276,2,0,0,0,'+380663969528','aa35e41318bb71a42fd4ccf156735d66',NULL,'2021-04-07 11:39:42','127.0.0.1','',1,20,NULL,0),(277,2,0,0,0,'+380632259801','5d36b495f08b6c19873cdba2875e4b4a',NULL,'2021-04-07 11:39:42','127.0.0.1','',1,20,NULL,0),(278,2,0,0,0,'+380965060448','44aa65b4d156274bc1bb6d6af495391c',NULL,'2021-04-07 11:39:42','127.0.0.1','',1,20,NULL,0),(279,2,0,0,0,'+380677072685','8d86dd3e4147f533c662a21793a9c17e',NULL,'2021-04-07 11:39:42','127.0.0.1','',1,20,NULL,0),(280,2,0,0,0,'+380500676356','3be75599eebaa7107d5cead5475f4090',NULL,'2021-04-07 11:39:42','127.0.0.1','',1,20,NULL,0),(281,2,0,0,0,'+380974826084','b35c83856d775171dfcc17a3fb7a609a',NULL,'2021-04-07 11:39:42','127.0.0.1','',1,20,NULL,0),(282,2,0,0,0,'+380665652447','55e45f18db40eb83badc67f731c536d1',NULL,'2021-04-07 11:39:42','127.0.0.1','',1,20,NULL,0),(283,2,0,0,0,'+380673098232','c5ff3597ec60a06b876312ec6a0a9a5f',NULL,'2021-04-07 11:39:42','127.0.0.1','',1,20,NULL,0),(284,2,0,0,0,'+380973368321','d01ecf26466c09646208c1505472eb17',NULL,'2021-04-07 11:39:42','127.0.0.1','',1,20,NULL,0),(285,2,0,0,0,'+380952134200','9b16a3076049ca9a777510da79131423',NULL,'2021-04-07 11:39:42','127.0.0.1','',1,20,NULL,0),(286,2,0,0,0,'+380663445692','72c980fbdc8718dd4aa61ad2d5dab7ba',NULL,'2021-04-07 11:39:42','127.0.0.1','',1,20,NULL,0),(287,2,0,0,0,'+380633043531','938a93581c29769031da41cfb306a244',NULL,'2021-04-07 11:39:42','127.0.0.1','',1,20,NULL,0),(288,2,0,0,0,'+380676145758','0fe6c56ee36f8c38173001a56fefa5f5',NULL,'2021-04-07 11:39:42','127.0.0.1','',1,20,NULL,0),(289,2,0,0,0,'+380675632151','940a437ae4e3c9aa7d36cdde33e6c4e1',NULL,'2021-04-07 11:39:42','127.0.0.1','',1,20,NULL,0),(290,2,0,0,0,'+380677193317','c556ca187005b48b518a9f7205f0fdae',NULL,'2021-04-07 11:39:42','127.0.0.1','',1,20,NULL,0),(291,2,0,0,0,'+380665714722','b9d0bc3b42b4dc57ae4622bdcfe3ac55',NULL,'2021-04-07 11:39:42','127.0.0.1','',1,20,NULL,0),(292,2,0,0,0,'+380676135555','3d9e389b60eab1a050b7f0b409df6ab3',NULL,'2021-04-07 11:39:42','127.0.0.1','',1,20,NULL,0),(293,2,0,0,0,'+380667529753','80c6dd77a8c4f5ec1c7dc6cad41e2889',NULL,'2021-04-07 11:39:42','127.0.0.1','',1,20,NULL,0),(294,2,0,0,0,'+380503418776','be71052ebe1271e2a3bf04eff28c9df4',NULL,'2021-04-07 11:39:42','127.0.0.1','',1,20,NULL,0),(295,2,0,0,0,'+380677787325','71a3ec7e0277a2ad09c7b97e7d8b014c',NULL,'2021-04-07 11:39:42','127.0.0.1','',1,20,NULL,0),(296,2,0,0,0,'+380671048995','d3f7d3720aa886ef5e3536053a0116a1',NULL,'2021-04-07 11:39:42','127.0.0.1','',1,20,NULL,0),(297,2,0,0,0,'+380937373090','6547ad36511b8569e3600895176a2cf6',NULL,'2021-04-07 11:39:42','127.0.0.1','',1,20,NULL,0),(298,2,0,0,0,'+380676313829','0d7c2cbf39e03acdd2da23cae5b5aab4',NULL,'2021-04-07 11:39:42','127.0.0.1','',1,20,NULL,0),(299,2,0,0,0,'+380974400192','b57d84d94c9abfb56f5265a981690c9e',NULL,'2021-04-07 11:39:42','127.0.0.1','',1,20,NULL,0),(300,2,0,0,0,'+380504846317','bf07fefcbfb8c61c545c5af38dd1e276',NULL,'2021-04-07 11:39:42','127.0.0.1','',1,20,NULL,0),(301,2,0,0,0,'+380675621492','cea035df6742285752821e4930c5b86d',NULL,'2021-04-07 11:39:42','127.0.0.1','',1,20,NULL,0),(302,2,0,0,0,'+380509056420','7b2a58a518b380051b373da112a47786',NULL,'2021-04-07 11:39:42','127.0.0.1','',1,20,NULL,0),(303,2,0,0,0,'+380937178631','ff8b830e488b82d826f262824e796247',NULL,'2021-04-07 11:39:42','127.0.0.1','',1,20,NULL,0),(304,2,0,0,0,'+380684446085','86b59b71d2a07cb8c70ae10fd2716eb8',NULL,'2021-04-07 11:39:42','127.0.0.1','',1,20,NULL,0),(305,2,0,0,0,'+380684464731','099eaada71fba3179231dfce3b0b0c97',NULL,'2021-04-07 11:39:42','127.0.0.1','',1,20,NULL,0),(306,2,0,0,0,'+380984302927','2488b3fc0cf41eafdb84b8dfd6af5547',NULL,'2021-04-07 11:39:42','127.0.0.1','',1,20,NULL,0),(307,2,0,0,0,'+380675808601','9b950c55240cd634da52b2d9a0972265',NULL,'2021-04-07 11:39:42','127.0.0.1','',1,20,NULL,0),(308,2,0,0,0,'+380501828566','0f6245aea1475c6457249b620be3863d',NULL,'2021-04-07 11:39:42','127.0.0.1','',1,20,NULL,0),(309,2,0,0,0,'+380675938475','271b4352a9fcdbf0b22b0bb7cdcc9c14',NULL,'2021-04-07 11:39:42','127.0.0.1','',1,20,NULL,0),(310,2,0,0,0,'+380969252454','5d5481132629e135fa3a509d6ec0f4a4',NULL,'2021-04-07 11:39:42','127.0.0.1','',1,20,NULL,0),(311,2,0,0,0,'+380639311550','df7abc1638c0e9f3a223e56257b7da18',NULL,'2021-04-07 11:39:42','127.0.0.1','',1,20,NULL,0),(312,2,0,0,0,'+380677904104','fabab243c012626d77e55056f0f841d1',NULL,'2021-04-07 11:39:42','127.0.0.1','',1,20,NULL,0),(313,2,0,0,0,'+380992861436','e8cafee1b492db668c54b0ab289aade1',NULL,'2021-04-07 11:39:42','127.0.0.1','',1,20,NULL,0),(314,2,0,0,0,'+380631570572','8aaac3978835e96cde14627c1e379913',NULL,'2021-04-07 11:39:42','127.0.0.1','',1,20,NULL,0),(315,2,0,0,0,'w-stas@yandex.ru','b14f16e844e1e7a40453682bec026f3e','w-stas@yandex.ru','2021-04-07 11:39:42','127.0.0.1','',1,20,NULL,0),(316,2,0,0,0,'+380677666991','918e27e4559c8ea9e901f60ea1b2f38a',NULL,'2021-04-07 11:39:42','127.0.0.1','',1,20,NULL,0),(317,2,0,0,0,'+380966030303','86781e4f818c3fa32ac3909c8068a49e',NULL,'2021-04-07 11:39:42','127.0.0.1','',1,20,NULL,0),(318,2,0,0,0,'+380938644827','9c4763c18c5abc046d77f771fdcbf436',NULL,'2021-04-07 11:39:42','127.0.0.1','',1,20,NULL,0),(319,2,0,0,0,'+380978717367','b58c831f9767ee8c74c1726ade93268f',NULL,'2021-04-07 11:39:42','127.0.0.1','',1,20,NULL,0),(320,2,0,0,0,'+380668159149','e8442f29ba103f6114acdffbea0ee96b',NULL,'2021-04-07 11:39:42','127.0.0.1','',1,20,NULL,0),(321,2,0,0,0,'+380999124845','17e5a4b44ce4a2dc20a8cfd81f33708f',NULL,'2021-04-07 11:39:42','127.0.0.1','',1,20,NULL,0),(322,2,0,0,0,'+380966074079','9b3ab5620da14a8de91e014df11c71e6',NULL,'2021-04-07 11:39:42','127.0.0.1','',1,20,NULL,0),(323,2,0,0,0,'+380974478110','3d18fb3495b40210cd7a1a8df6b80b6e',NULL,'2021-04-07 11:39:42','127.0.0.1','',1,20,NULL,0),(324,2,0,0,0,'+380676137571','7878c913a2b2697b753c681b5af84a81',NULL,'2021-04-07 11:39:42','127.0.0.1','',1,20,NULL,0),(325,2,0,0,0,'+380667033592','0ecf2b5b8bdcda76702137e0834cd110',NULL,'2021-04-07 11:39:42','127.0.0.1','',1,20,NULL,0),(326,2,0,0,0,'+380983270142','21579fc0488303bd5a587b7a0ecf23bf',NULL,'2021-04-07 11:39:42','127.0.0.1','',1,20,NULL,0),(327,2,0,0,0,'+380677467631','3b7fab90ba2d882c55e8a03fc3d50a46',NULL,'2021-04-07 11:39:42','127.0.0.1','',1,20,NULL,0),(328,2,0,0,0,'+380956079264','e80286a3f2685dd25b2741b9955da025',NULL,'2021-04-07 11:39:42','127.0.0.1','',1,20,NULL,0),(329,2,0,0,0,'+380930988619','b791a2c1988e5949a9790c70f9fe6cf1',NULL,'2021-04-07 11:39:42','127.0.0.1','',1,20,NULL,0),(330,2,0,0,0,'+380973452919','53bf8b63a189a1700e38fc871d56e8e6',NULL,'2021-04-07 11:39:42','127.0.0.1','',1,20,NULL,0),(331,2,0,0,0,'+380679704551','b8d50d41c5f8fbff906f750394b87be3',NULL,'2021-04-07 11:39:42','127.0.0.1','',1,20,NULL,0),(332,2,0,0,0,'+380633210123','e4f212f03290b04f8934f5493b94137d',NULL,'2021-04-07 11:39:42','127.0.0.1','',1,20,NULL,0),(333,2,0,0,0,'galo4ka.dav@gmail.com','ca97685e5cb3fc7bf35f6877ad615a92','galo4ka.dav@gmail.com','2021-04-07 11:39:42','127.0.0.1','',1,20,NULL,0),(334,2,0,0,0,'+380938594182','d841cd0e84de883932fee46010def85d',NULL,'2021-04-07 11:39:42','127.0.0.1','',1,20,NULL,0),(335,2,0,0,0,'+380950506293','4cd7879bc4d334cb3678e023d0117a1e',NULL,'2021-04-07 11:39:43','127.0.0.1','',1,20,NULL,0),(336,2,0,0,0,'+380677389130','91cb404d925208e1717272328e9f379f',NULL,'2021-04-07 11:39:43','127.0.0.1','',1,20,NULL,0),(337,2,0,0,0,'+380971908081','4322bb85e29ec7a7bd3030d2fe99fbba',NULL,'2021-04-07 11:39:43','127.0.0.1','',1,20,NULL,0),(338,2,0,0,0,'+380671332510','9f46e43c3b51f4762075a7319c8f26de',NULL,'2021-04-07 11:39:43','127.0.0.1','',1,20,NULL,0),(339,2,0,0,0,'Shokira17@mail.ru','cd7ecdbadba988058fb1080507c24b4f','Shokira17@mail.ru','2021-04-07 11:39:43','127.0.0.1','',1,20,NULL,0),(340,2,0,0,0,'+380957737895','592e2860a3f7c62a0e3adf45bce1fcda',NULL,'2021-04-07 11:39:43','127.0.0.1','',1,20,NULL,0),(341,2,0,0,0,'+380664017878','c5fc28d2939cf4915ffe155ffbdb982c',NULL,'2021-04-07 11:39:43','127.0.0.1','',1,20,NULL,0),(342,2,0,0,0,'+380678441832','b329d9c1837ef39a4e48eb6eff87f9a2',NULL,'2021-04-07 11:39:43','127.0.0.1','',1,20,NULL,0),(343,2,0,0,0,'+380967969883','8cabd2335069bf1d5aaa0ff93897b3f9',NULL,'2021-04-07 11:39:43','127.0.0.1','',1,20,NULL,0),(344,2,0,0,0,'+380674925018','314368bed957bf969bf4f827aac05d31',NULL,'2021-04-07 11:39:43','127.0.0.1','',1,20,NULL,0),(345,2,0,0,0,'+380971991728','c2988cf4f52a0cd8e936ebbb3f1e914d',NULL,'2021-04-07 11:39:43','127.0.0.1','',1,20,NULL,0),(346,2,0,0,0,'+380989929389','faf02b2e372686121dc10b3571bd537c',NULL,'2021-04-07 11:39:43','127.0.0.1','',1,20,NULL,0),(347,2,0,0,0,'+380960003201','4413da596dae03f2c6962514dfe1b995',NULL,'2021-04-07 11:39:43','127.0.0.1','',1,20,NULL,0),(348,2,0,0,0,'+380669059415','1d01263353d8ec78769a180eb0590008',NULL,'2021-04-07 11:39:43','127.0.0.1','',1,20,NULL,0),(349,2,0,0,0,'+380674165455','cc8b0eda359f85ca64e24fdc17f8801d',NULL,'2021-04-07 11:39:43','127.0.0.1','',1,20,NULL,0),(350,2,0,0,0,'+380968204622','6a5e7ab168bb8388f0dd71635171a021',NULL,'2021-04-07 11:39:43','127.0.0.1','',1,20,NULL,0),(351,2,0,0,0,'+380637216006','048d9ad78e1f86fc09ea8e5e5c89a8a7',NULL,'2021-04-07 11:39:43','127.0.0.1','',1,20,NULL,0),(352,2,0,0,0,'+380677191194','087cef72f469326b06aef8dc4e2ba8ee',NULL,'2021-04-07 11:39:43','127.0.0.1','',1,20,'2021-04-10 15:15:37',0),(353,2,0,0,0,'+380954908479','d19efaa66ab559bbe1cd4d6afa598eff',NULL,'2021-04-07 11:39:43','127.0.0.1','',1,20,NULL,0),(354,2,0,0,0,'+380977215510','2abe074d5bc8d01c09cdd693e8d0bd69',NULL,'2021-04-07 11:39:43','127.0.0.1','',1,20,NULL,0),(355,2,0,0,0,'+380675622242','c0ed349953aa280cfbf16b5f58c333a6',NULL,'2021-04-07 11:39:43','127.0.0.1','',1,20,NULL,0),(356,2,0,0,0,'+380965947695','21d9f46d3f00f952915d406a2867ec60',NULL,'2021-04-07 11:39:43','127.0.0.1','',1,20,NULL,0),(357,2,0,0,0,'+380987752222','b0a95d5cbb9625c97f2e5b055f246d3e',NULL,'2021-04-07 11:39:43','127.0.0.1','',1,20,NULL,0),(358,2,0,0,0,'+380972942940','c0a86b7df80c029038216d577226f0c5',NULL,'2021-04-07 11:39:43','127.0.0.1','',1,20,NULL,0),(359,2,0,0,0,'+380982409849','fbe137a88aba35c9f9f21ab8824e834c',NULL,'2021-04-07 11:39:43','127.0.0.1','',1,20,NULL,0),(360,2,0,0,0,'+380660136353','0a235fc49572c6a6cefcc48ceb7a7f64',NULL,'2021-04-07 11:39:43','127.0.0.1','',1,20,NULL,0),(361,2,0,0,0,'+380509494907','2b309c49e841588121623fa96e186487',NULL,'2021-04-07 11:39:43','127.0.0.1','',1,20,NULL,0),(362,2,0,0,0,'+380677720553','3205095a33da01f9162bd065186e20f1',NULL,'2021-04-07 11:39:43','127.0.0.1','',1,20,NULL,0),(363,2,0,0,0,'+380677397843','d2de2a954f1db7ae39d800b728d0bc77',NULL,'2021-04-07 11:39:43','127.0.0.1','',1,20,NULL,0),(364,2,0,0,0,'+380633556614','091e49931c7c247c50b03bf449dceca9',NULL,'2021-04-07 11:39:43','127.0.0.1','',1,20,NULL,0),(365,2,0,0,0,'+380986559642','564f9569eb698d643e344b008e9937a2',NULL,'2021-04-07 11:39:43','127.0.0.1','',1,20,NULL,0),(366,2,0,0,0,'+380672701578','d52dab8e54b743bcc4c3003fc8bf529b',NULL,'2021-04-07 11:39:43','127.0.0.1','',1,20,NULL,0),(367,2,0,0,0,'+380997771904','10bdd05fd379929fa51b40c3b3ef0691',NULL,'2021-04-07 11:39:43','127.0.0.1','',1,20,NULL,0),(368,2,0,0,0,'+380967903086','056d2d494e96e69f08e87b0854238ad7',NULL,'2021-04-07 11:39:43','127.0.0.1','',1,20,NULL,0),(369,2,0,0,0,'+380979493454','bf563938f2f8ef2368d2009e91e2b005',NULL,'2021-04-07 11:39:43','127.0.0.1','',1,20,NULL,0),(370,2,0,0,0,'+380979013475','99598f488eff42cf078d832ccf4404bb',NULL,'2021-04-07 11:39:43','127.0.0.1','',1,20,NULL,0),(371,2,0,0,0,'+380677949558','11f0997e0f40ee443f8da49d68e84882',NULL,'2021-04-07 11:39:43','127.0.0.1','',1,20,NULL,0),(372,2,0,0,0,'+380997696144','ca73988dccbe86dd57564a87668a44b2',NULL,'2021-04-07 11:39:43','127.0.0.1','',1,20,NULL,0),(373,2,0,0,0,'+380679551841','db14645f604ec9173378a652f9eb4598',NULL,'2021-04-07 11:39:43','127.0.0.1','',1,20,NULL,0),(374,2,0,0,0,'+380963385867','ccfffb05fab1c4f4e602892ec51ed0c8',NULL,'2021-04-07 11:39:43','127.0.0.1','',1,20,NULL,0),(375,2,0,0,0,'+380666718872','89c8e95c825bc80406748526e2aaf34f',NULL,'2021-04-07 11:39:43','127.0.0.1','',1,20,NULL,0),(376,2,0,0,0,'irynagorkovska@yahoo.fr','5b4ac7a638c7964e4d61678db07abbf7','irynagorkovska@yahoo.fr','2021-04-07 11:39:43','127.0.0.1','',1,20,NULL,0),(377,2,0,0,0,'+380966906148','d7a9aaa5affd83c3de771c955494160a',NULL,'2021-04-07 11:39:43','127.0.0.1','',1,20,NULL,0),(378,2,0,0,0,'+380679330063','a893f2245cf00b24be8b3aa4e6b932c2',NULL,'2021-04-07 11:39:43','127.0.0.1','',1,20,NULL,0),(379,2,0,0,0,'+380505507829','3ef389fb5a82aad7817ad4534af82b02',NULL,'2021-04-07 11:39:43','127.0.0.1','',1,20,NULL,0),(380,2,0,0,0,'+380976977483','d7d3c9fc9a8b1bec5f56f5d7ce600c3d',NULL,'2021-04-07 11:39:43','127.0.0.1','',1,20,NULL,0),(381,2,0,0,0,'+380675652186','b715cf251996d0e730791c195d2f1af6',NULL,'2021-04-07 11:39:43','127.0.0.1','',1,20,NULL,0),(382,2,0,0,0,'+380661600932','3efffcdaf23962b771d4bff7c2877fb3',NULL,'2021-04-07 11:39:43','127.0.0.1','',1,20,NULL,0),(383,2,0,0,0,'+380982660556','1b685403d15b82b3cf1a17150c0be831',NULL,'2021-04-07 11:39:43','127.0.0.1','',1,20,NULL,0),(384,2,0,0,0,'+380972691483','1ba02913232bd0c9646d99e368878d7f',NULL,'2021-04-07 11:39:43','127.0.0.1','',1,20,NULL,0),(385,2,0,0,0,'+380938207884','bfca234c9bfe1e4a74ea30d5ad68ebcc',NULL,'2021-04-07 11:39:43','127.0.0.1','',1,20,NULL,0),(386,2,0,0,0,'+380973950197','0d8cad6cf9bd97772570eef9fed519ce',NULL,'2021-04-07 11:39:43','127.0.0.1','',1,20,NULL,0),(387,2,0,0,0,'+380677196352','4a5d4efb700cca621b3e344ce713cd9a',NULL,'2021-04-07 11:39:43','127.0.0.1','',1,20,NULL,0),(388,2,0,0,0,'m_zubova77@mail.ru','360302100b8efe3529706bd40234d9d6','m_zubova77@mail.ru','2021-04-07 11:39:43','127.0.0.1','',1,20,NULL,0),(389,2,0,0,0,'+380664677032','dbed4085441bf58f3c1ed5e9882b5ae9',NULL,'2021-04-07 11:39:43','127.0.0.1','',1,20,NULL,0),(390,2,0,0,0,'+380661316019','3afa43691a4cab40687c47a40fe8b409',NULL,'2021-04-07 11:39:43','127.0.0.1','',1,20,NULL,0),(391,2,0,0,0,'+380665278458','0482c3706ba02185ad5589218383b0b8',NULL,'2021-04-07 11:39:43','127.0.0.1','',1,20,NULL,0),(392,2,0,0,0,'+380939951388','60f14a2abdc3936d433297c2e1c86e7a',NULL,'2021-04-07 11:39:43','127.0.0.1','',1,20,NULL,0),(393,2,0,0,0,'+380962862686','ff200453de2b745a7963b5c98fb68e73',NULL,'2021-04-07 11:39:43','127.0.0.1','',1,20,NULL,0),(394,2,0,0,0,'+380674444039','89769377ee13ac56655a6f4df8acf37c',NULL,'2021-04-07 11:39:43','127.0.0.1','',1,20,NULL,0),(395,2,0,0,0,'+380937192043','a436995011ddff97138163db385a4fbb',NULL,'2021-04-07 11:39:43','127.0.0.1','',1,20,NULL,0),(396,2,0,0,0,'+380669451800','32a9973a880c52d0f66545382b23839e',NULL,'2021-04-07 11:39:43','127.0.0.1','',1,20,NULL,0),(397,2,0,0,0,'+380979082074','ef6bbb05191a0717e41ac174296bb2eb',NULL,'2021-04-07 11:39:43','127.0.0.1','',1,20,NULL,0),(398,2,0,0,0,'+380671857773','ad3875c3763582b1c1fd7a41ac7351a7',NULL,'2021-04-07 11:39:43','127.0.0.1','',1,20,NULL,0),(399,2,0,0,0,'+380985460306','63d9c7740e5795e895089b5fa0dd88f3',NULL,'2021-04-07 11:39:43','127.0.0.1','',1,20,NULL,0),(400,2,0,0,0,'+380997338211','52cbda0ae08162a77537a8c39e3b814d',NULL,'2021-04-07 11:39:43','127.0.0.1','',1,20,NULL,0),(401,2,0,0,0,'+380972690759','948642341cb66c80592a0471641509bf',NULL,'2021-04-07 11:39:43','127.0.0.1','',1,20,NULL,0),(402,2,0,0,0,'+380965533868','7d31543895ac7647ad51dc966c6426f0',NULL,'2021-04-07 11:39:43','127.0.0.1','',1,20,NULL,0),(403,2,0,0,0,'+380976772511','d4579a5d5dc6a5713f6b5873be87bc4a',NULL,'2021-04-07 11:39:43','127.0.0.1','',1,20,NULL,0),(404,2,0,0,0,'+380950663317','99fdb392dbc964d05f01ef08fcbc395b',NULL,'2021-04-07 11:39:43','127.0.0.1','',1,20,NULL,0),(405,2,0,0,0,'+380665616754','05147e5d5d3020b6f65f2ffd350ee415',NULL,'2021-04-07 11:39:43','127.0.0.1','',1,20,NULL,0),(406,2,0,0,0,'+380954792656','4010c5820de67e1825b509922fe9162a',NULL,'2021-04-07 11:39:43','127.0.0.1','',1,20,NULL,0),(407,2,0,0,0,'+380935760730','66fc3e234f28c238b7c388e1aff5b107',NULL,'2021-04-07 11:39:43','127.0.0.1','',1,20,NULL,0),(408,2,0,0,0,'+380999633169','029cf092d5800038d25e38e668773d45','','2021-04-07 11:39:43','127.0.0.1','',1,20,NULL,0),(409,2,0,0,0,'+380935287696','af02b0a472e34dfab69deb3255b7587e','','2021-04-07 11:39:43','127.0.0.1','',1,20,NULL,0),(410,2,0,0,0,'d0500500511@gmail.com','db8418f013109535a0165a40ba403ec3','d0500500511@gmail.com','2021-04-07 11:39:43','127.0.0.1','',1,20,NULL,0),(411,2,0,0,0,'+380993773438','fd9423d9fc9e77ec3ff59a4ab87872cc','','2021-04-07 11:39:43','127.0.0.1','',1,20,NULL,0),(412,2,0,0,0,'+380675992774','8249d24bdfa346aae450467210378846','','2021-04-07 11:39:43','127.0.0.1','',1,20,NULL,0),(413,2,0,0,0,'+380505903770','fa4277408322d7594039c700889d27dc','','2021-04-07 11:39:43','127.0.0.1','',1,20,NULL,0),(414,2,0,0,0,'Katelina1986@mail.ru','4de3b5342bb048a98d3c185519c28b9d','Katelina1986@mail.ru','2023-05-07 19:00:18','127.0.0.1','',1,0,'2023-05-16 11:13:45',0);

--
-- Table structure for table `sources`
--

CREATE TABLE `sources` (
  `id` int(11) unsigned NOT NULL AUTO_INCREMENT,
  `type` smallint(6) unsigned NOT NULL DEFAULT '0',
  `service` varchar(100) DEFAULT NULL,
  `campaign` varchar(100) DEFAULT NULL,
  `ad` varchar(100) DEFAULT NULL,
  `source` varchar(100) DEFAULT NULL,
  `medium` varchar(20) DEFAULT NULL,
  `content` varchar(100) DEFAULT NULL,
  `term` varchar(100) DEFAULT NULL,
  PRIMARY KEY (`id`)
) ENGINE=MyISAM DEFAULT CHARSET=utf8;

--
-- Dumping data for table `sources`
--


--
-- Table structure for table `structure_menus`
--

CREATE TABLE `structure_menus` (
  `id` int(11) unsigned NOT NULL AUTO_INCREMENT,
  `site_id` int(11) NOT NULL DEFAULT '0',
  `name` varchar(255) NOT NULL,
  `color` varchar(7) NOT NULL DEFAULT '',
  `user_id` int(11) NOT NULL DEFAULT '0',
  `sorting` smallint(6) NOT NULL DEFAULT '0',
  `deleted` tinyint(1) unsigned NOT NULL DEFAULT '0',
  PRIMARY KEY (`id`),
  KEY `deleted` (`deleted`,`site_id`)
) ENGINE=MyISAM AUTO_INCREMENT=9 DEFAULT CHARSET=utf8;

--
-- Dumping data for table `structure_menus`
--

INSERT INTO `structure_menus` VALUES (8,2,'Меню городов обучения','#b726d1',19,0,0),(7,2,'Основное меню обучения','#b726d1',19,0,0),(5,2,'Верхнее меню','#b726d1',19,0,0),(6,2,'Список магазинов','#b726d1',19,0,0);

--
-- Table structure for table `structure_properties`
--

CREATE TABLE `structure_properties` (
  `id` int(11) NOT NULL AUTO_INCREMENT,
  `site_id` int(11) NOT NULL,
  `property_id` int(11) NOT NULL,
  PRIMARY KEY (`id`),
  UNIQUE KEY `site_id` (`site_id`,`property_id`),
  UNIQUE KEY `property_id` (`property_id`)
) ENGINE=MyISAM DEFAULT CHARSET=utf8;

--
-- Dumping data for table `structure_properties`
--


--
-- Table structure for table `structure_property_dirs`
--

CREATE TABLE `structure_property_dirs` (
  `id` int(11) NOT NULL AUTO_INCREMENT,
  `site_id` int(11) NOT NULL,
  `property_dir_id` int(11) NOT NULL,
  PRIMARY KEY (`id`),
  UNIQUE KEY `site_id` (`site_id`,`property_dir_id`),
  UNIQUE KEY `property_dir_id` (`property_dir_id`)
) ENGINE=MyISAM DEFAULT CHARSET=utf8;

--
-- Dumping data for table `structure_property_dirs`
--


--
-- Table structure for table `structures`
--

CREATE TABLE `structures` (
  `id` int(11) NOT NULL AUTO_INCREMENT,
  `structure_menu_id` int(11) NOT NULL DEFAULT '0',
  `template_id` int(11) NOT NULL DEFAULT '0',
  `data_template_id` int(11) NOT NULL DEFAULT '0',
  `site_id` int(11) NOT NULL DEFAULT '0',
  `document_id` int(11) DEFAULT NULL,
  `lib_id` int(11) NOT NULL DEFAULT '0',
  `parent_id` int(11) DEFAULT NULL,
  `options` text,
  `name` varchar(255) NOT NULL,
  `seo_title` mediumtext,
  `seo_description` mediumtext,
  `seo_keywords` mediumtext,
  `show` tinyint(1) unsigned NOT NULL DEFAULT '1',
  `url` varchar(255) DEFAULT NULL,
  `sorting` smallint(6) DEFAULT NULL,
  `path` varchar(255) CHARACTER SET utf8 COLLATE utf8_bin DEFAULT NULL,
  `type` tinyint(4) NOT NULL DEFAULT '0',
  `siteuser_group_id` int(11) NOT NULL DEFAULT '-1',
  `https` tinyint(1) unsigned NOT NULL,
  `active` tinyint(1) unsigned NOT NULL DEFAULT '0',
  `indexing` tinyint(1) unsigned NOT NULL DEFAULT '0',
  `changefreq` tinyint(4) NOT NULL DEFAULT '0',
  `priority` float NOT NULL DEFAULT '0',
  `user_id` int(11) NOT NULL DEFAULT '0',
  `deleted` tinyint(1) unsigned NOT NULL DEFAULT '0',
  PRIMARY KEY (`id`),
  KEY `site_id` (`site_id`,`deleted`,`active`,`structure_menu_id`),
  KEY `deleted` (`deleted`,`parent_id`,`site_id`,`path`(30),`active`)
) ENGINE=MyISAM AUTO_INCREMENT=512 DEFAULT CHARSET=utf8;

--
-- Dumping data for table `structures`
--

INSERT INTO `structures` VALUES (488,7,22,0,2,66,0,462,NULL,'Задать вопрос','','','',1,'',3,'voprosy-spetsialistam',0,0,1,1,1,2,0.5,19,0),(489,7,22,0,2,0,18,462,'{\"formId\":\"4\",\"mailType\":\"0\",\"emailFieldName\":\"email\",\"notificationMailXsl\":\"\\u041f\\u0438\\u0441\\u044c\\u043c\\u043e\\u041a\\u0443\\u0440\\u0430\\u0442\\u043e\\u0440\\u0443\\u0424\\u043e\\u0440\\u043c\\u044b\\u041a\\u043e\\u043d\\u0442\\u0430\\u043a\\u0442\\u044b\",\"formXsl\":\"\\u041e\\u0442\\u043e\\u0431\\u0440\\u0430\\u0437\\u0438\\u0442\\u044c\\u0424\\u043e\\u0440\\u043c\\u0443\\u041a\\u043e\\u043d\\u0442\\u0430\\u043a\\u0442\\u044b\"}','Написать нам','','','',1,'',4,'napisat-nam',2,0,1,1,1,2,0.5,19,0),(490,5,18,0,2,67,0,0,NULL,'Доставка и оплата','','','',1,'',7,'pay',0,0,1,1,1,2,0.5,19,0),(491,5,18,0,2,68,0,0,NULL,'Оптовые поставки','','','',1,'',8,'opt',0,0,1,1,1,2,0.5,19,0),(492,5,18,0,2,0,47,0,'{\"formId\":\"4\",\"mailType\":\"0\",\"emailFieldName\":\"email\",\"notificationMailXsl\":\"\\u041f\\u0438\\u0441\\u044c\\u043c\\u043e\\u041a\\u0443\\u0440\\u0430\\u0442\\u043e\\u0440\\u0443\\u0424\\u043e\\u0440\\u043c\\u044b\\u041a\\u043e\\u043d\\u0442\\u0430\\u043a\\u0442\\u044b\",\"formXsl\":\"\\u041e\\u0442\\u043e\\u0431\\u0440\\u0430\\u0437\\u0438\\u0442\\u044c\\u0424\\u043e\\u0440\\u043c\\u0443\\u041a\\u043e\\u043d\\u0442\\u0430\\u043a\\u0442\\u044b\"}','Контакты','','','',1,'',9,'feedback',2,0,1,1,1,2,0.5,19,0),(494,8,18,0,2,0,45,0,'{\"shopId\":\"3\",\"deliveryXsl\":\"\\u041c\\u0430\\u0433\\u0430\\u0437\\u0438\\u043d\\u0414\\u043e\\u0441\\u0442\\u0430\\u0432\\u043a\\u0438\",\"deliveryAddressXsl\":\"\\u041c\\u0430\\u0433\\u0430\\u0437\\u0438\\u043d\\u0410\\u0434\\u0440\\u0435\\u0441\\u0414\\u043e\\u0441\\u0442\\u0430\\u0432\\u043a\\u0438\",\"paymentSystemXsl\":\"\\u041c\\u0430\\u0433\\u0430\\u0437\\u0438\\u043d\\u041f\\u043b\\u0430\\u0442\\u0435\\u0436\\u043d\\u0430\\u044f\\u0421\\u0438\\u0441\\u0442\\u0435\\u043c\\u0430\",\"orderXsl\":\"\\u041e\\u0444\\u043e\\u0440\\u043c\\u043b\\u0435\\u043d\\u0438\\u0435\\u0417\\u0430\\u043a\\u0430\\u0437\\u0430\",\"cartXsl\":\"\\u041c\\u0430\\u0433\\u0430\\u0437\\u0438\\u043d\\u041a\\u043e\\u0440\\u0437\\u0438\\u043d\\u0430\",\"littleCartXsl\":\"\\u041c\\u0430\\u0433\\u0430\\u0437\\u0438\\u043d\\u041a\\u043e\\u0440\\u0437\\u0438\\u043d\\u0430\\u041a\\u0440\\u0430\\u0442\\u043a\\u0430\\u044f\\u041d\",\"~~xsl_quick_registration\":\"\\u041c\\u0430\\u0433\\u0430\\u0437\\u0438\\u043d\\u0411\\u044b\\u0441\\u0442\\u0440\\u0430\\u044f\\u0420\\u0435\\u0433\\u0438\\u0441\\u0442\\u0440\\u0430\\u0446\\u0438\\u044f\",\"~~xsl_registaration_letter\":\"\\u041f\\u0438\\u0441\\u044c\\u043c\\u043e\\u041f\\u043e\\u0434\\u0442\\u0432\\u0435\\u0440\\u0436\\u0434\\u0435\\u043d\\u0438\\u0435\\u0420\\u0435\\u0433\\u0438\\u0441\\u0442\\u0440\\u0430\\u0446\\u0438\\u0438\",\"userAuthorizationXsl\":\"\\u041b\\u0438\\u0447\\u043d\\u044b\\u0439\\u041a\\u0430\\u0431\\u0438\\u043d\\u0435\\u0442\\u041f\\u043e\\u043b\\u044c\\u0437\\u043e\\u0432\\u0430\\u0442\\u0435\\u043b\\u044f\",\"userRegistrationXsl\":\"\\u0420\\u0435\\u0433\\u0438\\u0441\\u0442\\u0440\\u0430\\u0446\\u0438\\u044f\\u041f\\u043e\\u043b\\u044c\\u0437\\u043e\\u0432\\u0430\\u0442\\u0435\\u043b\\u044f\"}','Корзина','','','',0,'',0,'cart',2,0,1,1,1,2,0.5,19,0),(495,8,18,0,2,70,0,0,NULL,'Ошибка 404','','','',0,'',0,'404',0,0,1,1,1,2,0.5,19,0),(496,8,18,0,2,0,5,0,'{\"xsl\":\"\\u041a\\u0430\\u0440\\u0442\\u0430\\u0421\\u0430\\u0439\\u0442\\u0430\",\"showInformationsystemGroups\":false,\"showInformationsystemItems\":false,\"showShopGroups\":false,\"showShopItems\":false,\"structureParentId\":\"0\"}','Карта сайта','','','',1,'',0,'map',2,0,1,1,1,2,0.5,19,0),(497,8,18,0,2,0,3,0,'{\"itemsOnPage\":\"10\",\"maxlen\":\"200\",\"searchOnCurrentSite\":false,\"xsl\":\"\\u041f\\u043e\\u0438\\u0441\\u043a\"}','Поиск','','','',0,'',0,'search',2,0,1,1,1,2,0.5,19,0),(498,6,18,0,2,0,36,0,'{\"shopId\":\"3\"}','Обмен с 1С','','','',1,'',0,'1c',2,0,1,1,0,2,0.5,19,0),(487,7,22,0,2,0,1,462,'{\"informationsystemId\":\"20\",\"itemsOnPage\":\"12\",\"page\":\"\\u0441\\u0442\\u0440\\u0430\\u043d\\u0438\\u0446\\u0430\",\"separator\":\" -\",\"showComments\":false,\"showAddComment\":\"0\",\"addedCommentActive\":false,\"commentMailNoticeType\":\"0\",\"informationsystemXsl\":\"\\u0421\\u043f\\u0438\\u0441\\u043e\\u043a\\u041a\\u0430\\u0440\\u0442\\u0438\\u043d\\u043e\\u043a\\u0413\\u0430\\u043b\\u0435\\u0440\\u0435\\u044f\\u041e\\u0431\\u0443\\u0447\\u0435\\u043d\\u0438\\u0435\",\"informationsystemItemXsl\":\"\\u041e\\u0442\\u043e\\u0431\\u0440\\u0430\\u0436\\u0435\\u043d\\u0438\\u0435\\u041f\\u043e\\u0434\\u0440\\u043e\\u0431\\u043d\\u043e\\u0439\\u0418\\u043d\\u0444\\u043e\\u0440\\u043c\\u0430\\u0446\\u0438\\u0438\\u041e\\u0424\\u043e\\u0442\\u043e\\u0433\\u0440\\u0430\\u0444\\u0438\\u0438\",\"addCommentAdminMailXsl\":\"\\u041e\\u0442\\u043f\\u0440\\u0430\\u0432\\u043a\\u0430\\u041f\\u0438\\u0441\\u044c\\u043c\\u0430\\u0410\\u0434\\u043c\\u0438\\u043d\\u0438\\u0441\\u0442\\u0440\\u0430\\u0442\\u043e\\u0440\\u0443\\u0414\\u043e\\u0431\\u0430\\u0432\\u043b\\u0435\\u043d\\u0438\\u0435\\u041a\\u043e\\u043c\\u043c\\u0435\\u043d\\u0442\\u0430\\u0440\\u0438\\u044f\",\"addCommentNoticeXsl\":\"\\u0423\\u0432\\u0435\\u0434\\u043e\\u043c\\u043b\\u0435\\u043d\\u0438\\u0435\\u0414\\u043e\\u0431\\u0430\\u0432\\u043b\\u0435\\u043d\\u0438\\u0435\\u041a\\u043e\\u043c\\u043c\\u0435\\u043d\\u0442\\u0430\\u0440\\u0438\\u044f\"}','Галерея работ','','','',1,'',2,'gallery',2,0,1,1,1,2,0.5,19,0),(486,7,22,0,2,0,1,462,'{\"informationsystemId\":\"19\",\"itemsOnPage\":\"12\",\"page\":\"\\u0441\\u0442\\u0440\\u0430\\u043d\\u0438\\u0446\\u0430\",\"separator\":\" -\",\"showComments\":false,\"showAddComment\":\"0\",\"addedCommentActive\":false,\"commentMailNoticeType\":\"0\",\"informationsystemXsl\":\"\\u0421\\u043f\\u0438\\u0441\\u043e\\u043a\\u042d\\u043b\\u0435\\u043c\\u0435\\u043d\\u0442\\u043e\\u0432\\u0418\\u043d\\u0444\\u043e\\u0441\\u0438\\u0441\\u0442\\u0435\\u043c\\u044b\\u041d\\u043e\\u0432\\u043e\\u0441\\u0442\\u0438\",\"informationsystemItemXsl\":\"\\u0412\\u044b\\u0432\\u043e\\u0434\\u0415\\u0434\\u0438\\u043d\\u0438\\u0446\\u044b\\u0418\\u043d\\u0444\\u043e\\u0440\\u043c\\u0430\\u0446\\u0438\\u043e\\u043d\\u043d\\u043e\\u0439\\u0421\\u0438\\u0441\\u0442\\u0435\\u043c\\u044b\\u041d\\u043e\\u0432\\u043e\\u0441\\u0442\\u0438\",\"addCommentAdminMailXsl\":\"\\u041e\\u0442\\u043f\\u0440\\u0430\\u0432\\u043a\\u0430\\u041f\\u0438\\u0441\\u044c\\u043c\\u0430\\u0410\\u0434\\u043c\\u0438\\u043d\\u0438\\u0441\\u0442\\u0440\\u0430\\u0442\\u043e\\u0440\\u0443\\u0414\\u043e\\u0431\\u0430\\u0432\\u043b\\u0435\\u043d\\u0438\\u0435\\u041a\\u043e\\u043c\\u043c\\u0435\\u043d\\u0442\\u0430\\u0440\\u0438\\u044f\",\"addCommentNoticeXsl\":\"\\u0423\\u0432\\u0435\\u0434\\u043e\\u043c\\u043b\\u0435\\u043d\\u0438\\u0435\\u0414\\u043e\\u0431\\u0430\\u0432\\u043b\\u0435\\u043d\\u0438\\u0435\\u041a\\u043e\\u043c\\u043c\\u0435\\u043d\\u0442\\u0430\\u0440\\u0438\\u044f\"}','Мастер-классы','','','',1,'',1,'virtualnyjj-master-klass',2,0,1,1,1,2,0.5,19,0),(510,8,17,0,2,0,29,0,'{\"xsl\":\"GoogleSiteMap\",\"showInformationsystemGroups\":true,\"showInformationsystemItems\":true,\"showShopGroups\":true,\"showShopItems\":true,\"showModifications\":false,\"createIndex\":false}','Google SiteMap','','','',0,'',0,'sitemap',2,0,1,1,1,2,0.5,20,0),(471,8,22,0,2,56,0,468,NULL,'Контакты','','','',1,'',0,'kontakty',0,0,1,1,1,2,0.5,19,0),(472,8,22,0,2,57,0,462,NULL,'Киев','','','',1,'',1,'kiev',0,0,1,1,1,2,0.5,19,0),(473,8,22,0,2,57,0,472,NULL,'Контакты','','','',1,'',0,'kontakty',0,0,1,1,1,2,0.5,19,0),(474,8,22,0,2,58,0,472,NULL,'Программа школы','','','',1,'',0,'programm_school',0,0,1,1,1,2,0.5,19,0),(475,8,22,0,2,59,0,462,NULL,'Николаев','','','',1,'',4,'nikolaev',0,0,1,1,1,2,0.5,19,0),(476,8,22,0,2,59,0,475,NULL,'Программа школы','','','',1,'',0,'programm_school',0,0,1,1,1,2,0.5,19,0),(477,8,22,0,2,60,0,475,NULL,'Контакты','','','',1,'',0,'kontakty',0,0,1,1,1,2,0.5,19,0),(469,8,17,0,2,0,0,468,NULL,'Программа школы','','','',1,'/school/zaporozhe/',0,'zaporozhe-m',3,0,1,1,1,2,0.5,19,0),(463,8,22,0,2,51,0,462,NULL,'Днепр','','','',1,'',2,'dnepropetrovsk',0,0,1,1,1,2,0.5,19,0),(504,8,17,0,2,0,0,0,NULL,'Тест СМС','','','',1,'',0,'test-sms',1,0,1,0,1,2,0.5,19,0),(505,8,18,0,2,0,45,0,'{\"shopId\":\"3\",\"deliveryXsl\":\"\\u041c\\u0430\\u0433\\u0430\\u0437\\u0438\\u043d\\u0414\\u043e\\u0441\\u0442\\u0430\\u0432\\u043a\\u0438\",\"deliveryAddressXsl\":\"\\u041c\\u0430\\u0433\\u0430\\u0437\\u0438\\u043d\\u0410\\u0434\\u0440\\u0435\\u0441\\u0414\\u043e\\u0441\\u0442\\u0430\\u0432\\u043a\\u0438\",\"paymentSystemXsl\":\"\\u041c\\u0430\\u0433\\u0430\\u0437\\u0438\\u043d\\u041f\\u043b\\u0430\\u0442\\u0435\\u0436\\u043d\\u0430\\u044f\\u0421\\u0438\\u0441\\u0442\\u0435\\u043c\\u0430\",\"orderXsl\":\"\\u041e\\u0444\\u043e\\u0440\\u043c\\u043b\\u0435\\u043d\\u0438\\u0435\\u0417\\u0430\\u043a\\u0430\\u0437\\u0430\",\"cartXsl\":\"\\u041c\\u0430\\u0433\\u0430\\u0437\\u0438\\u043d\\u041a\\u043e\\u0440\\u0437\\u0438\\u043d\\u0430\",\"littleCartXsl\":\"\\u041c\\u0430\\u0433\\u0430\\u0437\\u0438\\u043d\\u041a\\u043e\\u0440\\u0437\\u0438\\u043d\\u0430\\u041a\\u0440\\u0430\\u0442\\u043a\\u0430\\u044f\\u041d\",\"~~xsl_quick_registration\":\"\\u041c\\u0430\\u0433\\u0430\\u0437\\u0438\\u043d\\u0411\\u044b\\u0441\\u0442\\u0440\\u0430\\u044f\\u0420\\u0435\\u0433\\u0438\\u0441\\u0442\\u0440\\u0430\\u0446\\u0438\\u044f\",\"~~xsl_registaration_letter\":\"\\u041f\\u0438\\u0441\\u044c\\u043c\\u043e\\u041f\\u043e\\u0434\\u0442\\u0432\\u0435\\u0440\\u0436\\u0434\\u0435\\u043d\\u0438\\u0435\\u0420\\u0435\\u0433\\u0438\\u0441\\u0442\\u0440\\u0430\\u0446\\u0438\\u0438\",\"userAuthorizationXsl\":\"\\u041b\\u0438\\u0447\\u043d\\u044b\\u0439\\u041a\\u0430\\u0431\\u0438\\u043d\\u0435\\u0442\\u041f\\u043e\\u043b\\u044c\\u0437\\u043e\\u0432\\u0430\\u0442\\u0435\\u043b\\u044f\",\"userRegistrationXsl\":\"\\u0420\\u0435\\u0433\\u0438\\u0441\\u0442\\u0440\\u0430\\u0446\\u0438\\u044f\\u041f\\u043e\\u043b\\u044c\\u0437\\u043e\\u0432\\u0430\\u0442\\u0435\\u043b\\u044f\"}','Корзина - Чекаут','','','',0,'',0,'checkout',2,0,1,1,1,2,0.5,19,0),(465,8,17,0,2,0,0,463,NULL,'Программа школы','','','',1,'/school/dnepropetrovsk/',0,'dnepropetrovsk-programm',3,0,1,1,1,2,0.5,19,0),(467,8,22,0,2,53,0,463,NULL,'Контакты','','','',1,'',0,'kontakty',0,0,1,1,1,2,0.5,19,0),(468,8,22,0,2,54,0,462,NULL,'Запорожье','','','',1,'',3,'zaporozhe',0,0,1,1,1,2,0.5,19,0),(420,5,18,0,2,12,44,0,'{\"shopId\":\"3\",\"shopXsl\":\"\\u041c\\u0430\\u0433\\u0430\\u0437\\u0438\\u043d\\u041a\\u0430\\u0442\\u0430\\u043b\\u043e\\u0433\\u0422\\u043e\\u0432\\u0430\\u0440\\u043e\\u0432\\u041d\",\"shopItemXsl\":\"\\u041c\\u0430\\u0433\\u0430\\u0437\\u0438\\u043d\\u0422\\u043e\\u0432\\u0430\\u0440\\u041d\",\"addCommentAdminMailXsl\":\"\\u041f\\u0438\\u0441\\u044c\\u043c\\u043e\\u0410\\u0434\\u043c\\u0438\\u043d\\u0438\\u0441\\u0442\\u0440\\u0430\\u0442\\u043e\\u0440\\u0443\\u041e\\u0414\\u043e\\u0431\\u0430\\u0432\\u043b\\u0435\\u043d\\u0438\\u0438\\u041a\\u043e\\u043c\\u043c\\u0435\\u043d\\u0442\\u0430\\u0440\\u0438\\u044f\\u0412\\u0424\\u043e\\u0440\\u043c\\u0430\\u0442\\u0435HTML\",\"commentMailNoticeType\":\"0\",\"orderAdminNotificationXsl\":\"\\u041f\\u0438\\u0441\\u044c\\u043c\\u043e\\u0410\\u0434\\u043c\\u0438\\u043d\\u0438\\u0441\\u0442\\u0440\\u0430\\u0442\\u043e\\u0440\\u0443\",\"addCommentNoticeXsl\":\"\\u0423\\u0432\\u0435\\u0434\\u043e\\u043c\\u043b\\u0435\\u043d\\u0438\\u0435\\u0414\\u043e\\u0431\\u0430\\u0432\\u043b\\u0435\\u043d\\u0438\\u0435\\u041a\\u043e\\u043c\\u043c\\u0435\\u043d\\u0442\\u0430\\u0440\\u0438\\u044f\",\"orderUserNotificationXsl\":\"\\u041f\\u0438\\u0441\\u044c\\u043c\\u043e\\u041f\\u043e\\u043b\\u044c\\u0437\\u043e\\u0432\\u0430\\u0442\\u0435\\u043b\\u044e\"}','Главная','BLAZE NAILS гели гель-лаки акрилы пудры мономеры','Интернет магазин Blaze Nails. Материалы для наращивания гелем и акрилом  Ногтевой Сервис','Blaze Nails, Материалы для наращивания ногтей, Интернет магазин, гель, акрил, Blaze, уф-лампы, Nail Tek, гель-лаки ',1,'',1,'/',2,0,1,1,1,2,0.5,19,0),(462,5,22,0,2,50,0,0,NULL,'Обучение','','','',1,'',6,'school',0,0,1,1,1,2,0.5,19,0),(423,5,18,0,2,0,1,0,'{\"informationsystemId\":\"17\",\"itemsOnPage\":\"12\",\"page\":\"\\u0441\\u0442\\u0440\\u0430\\u043d\\u0438\\u0446\\u0430\",\"separator\":\" |\",\"showComments\":false,\"showAddComment\":\"0\",\"addedCommentActive\":false,\"commentMailNoticeType\":\"0\",\"informationsystemXsl\":\"\\u0421\\u043f\\u0438\\u0441\\u043e\\u043a\\u042d\\u043b\\u0435\\u043c\\u0435\\u043d\\u0442\\u043e\\u0432\\u0418\\u043d\\u0444\\u043e\\u0441\\u0438\\u0441\\u0442\\u0435\\u043c\\u044b\\u041d\\u043e\\u0432\\u043e\\u0441\\u0442\\u0438\",\"informationsystemItemXsl\":\"\\u0412\\u044b\\u0432\\u043e\\u0434\\u0415\\u0434\\u0438\\u043d\\u0438\\u0446\\u044b\\u0418\\u043d\\u0444\\u043e\\u0440\\u043c\\u0430\\u0446\\u0438\\u043e\\u043d\\u043d\\u043e\\u0439\\u0421\\u0438\\u0441\\u0442\\u0435\\u043c\\u044b\\u041d\\u043e\\u0432\\u043e\\u0441\\u0442\\u0438\",\"addCommentAdminMailXsl\":\"\\u041e\\u0442\\u043f\\u0440\\u0430\\u0432\\u043a\\u0430\\u041f\\u0438\\u0441\\u044c\\u043c\\u0430\\u0410\\u0434\\u043c\\u0438\\u043d\\u0438\\u0441\\u0442\\u0440\\u0430\\u0442\\u043e\\u0440\\u0443\\u0414\\u043e\\u0431\\u0430\\u0432\\u043b\\u0435\\u043d\\u0438\\u0435\\u041a\\u043e\\u043c\\u043c\\u0435\\u043d\\u0442\\u0430\\u0440\\u0438\\u044f\",\"addCommentNoticeXsl\":\"\\u0423\\u0432\\u0435\\u0434\\u043e\\u043c\\u043b\\u0435\\u043d\\u0438\\u0435\\u0414\\u043e\\u0431\\u0430\\u0432\\u043b\\u0435\\u043d\\u0438\\u0435\\u041a\\u043e\\u043c\\u043c\\u0435\\u043d\\u0442\\u0430\\u0440\\u0438\\u044f\"}','Новости и акции','Новости и акции','Свежие новости и акции Ногтевой Сервис','новости, акции',1,'',3,'news',2,0,1,1,1,2,0.5,19,0),(424,5,18,0,2,0,1,0,'{\"informationsystemId\":\"18\",\"itemsOnPage\":\"50\",\"page\":\"\\u0441\\u0442\\u0440\\u0430\\u043d\\u0438\\u0446\\u0430\",\"separator\":\" -\",\"showComments\":false,\"showAddComment\":\"0\",\"addedCommentActive\":false,\"commentMailNoticeType\":\"0\",\"informationsystemXsl\":\"\\u0421\\u043f\\u0438\\u0441\\u043e\\u043a\\u042d\\u043b\\u0435\\u043c\\u0435\\u043d\\u0442\\u043e\\u0432\\u0418\\u043d\\u0444\\u043e\\u0441\\u0438\\u0441\\u0442\\u0435\\u043c\\u044b\\u0421\\u0442\\u0430\\u0442\\u044c\\u0438\",\"informationsystemItemXsl\":\"\\u0412\\u044b\\u0432\\u043e\\u0434\\u0415\\u0434\\u0438\\u043d\\u0438\\u0446\\u044b\\u0418\\u043d\\u0444\\u043e\\u0440\\u043c\\u0430\\u0446\\u0438\\u043e\\u043d\\u043d\\u043e\\u0439\\u0421\\u0438\\u0441\\u0442\\u0435\\u043c\\u044b\\u0421\\u0442\\u0430\\u0442\\u044c\\u0438\",\"addCommentAdminMailXsl\":\"\\u041e\\u0442\\u043f\\u0440\\u0430\\u0432\\u043a\\u0430\\u041f\\u0438\\u0441\\u044c\\u043c\\u0430\\u0410\\u0434\\u043c\\u0438\\u043d\\u0438\\u0441\\u0442\\u0440\\u0430\\u0442\\u043e\\u0440\\u0443\\u0414\\u043e\\u0431\\u0430\\u0432\\u043b\\u0435\\u043d\\u0438\\u0435\\u041a\\u043e\\u043c\\u043c\\u0435\\u043d\\u0442\\u0430\\u0440\\u0438\\u044f\",\"addCommentNoticeXsl\":\"\\u0423\\u0432\\u0435\\u0434\\u043e\\u043c\\u043b\\u0435\\u043d\\u0438\\u0435\\u0414\\u043e\\u0431\\u0430\\u0432\\u043b\\u0435\\u043d\\u0438\\u0435\\u041a\\u043e\\u043c\\u043c\\u0435\\u043d\\u0442\\u0430\\u0440\\u0438\\u044f\"}','Статьи','Статьи о ногтях и материалах для наращивания ногтей','Практические статьи о наращивании для мастеров ногтевого сервиса.','статьи о ногтях, статьи о наращивании, статьи для мастеров',1,'',5,'article',2,0,1,1,1,2,0.5,19,0),(425,5,18,0,2,14,0,0,NULL,'О компании','','','',1,'',2,'about',0,0,1,1,1,2,0.5,19,0),(426,5,20,0,2,15,0,0,NULL,'Магазины','','','',1,'',4,'shops',0,0,1,1,1,2,0.5,19,0),(427,6,18,0,2,16,0,426,NULL,'Артемовск','','','материалы для наращивания ногтей Артемовск, наращивание ногтей Артемовск, купить материалы для наращивания ногтей Артемовск, мономеры Артемовск, гели Артемовск, материалы для салонов красоты Артемовск',1,'',0,'artemovsk',0,0,1,1,1,2,0.5,19,0),(428,6,18,0,2,17,0,426,NULL,'Винница','Ногтевой Сервис Винница','','материалы для наращивания ногтей Винница, наращивание ногтей Винница, купить материалы для наращивания ногтей Винница, мономеры Винница, гели Винница,материалы для салонов красоты Винница',1,'',0,'vinnica',0,0,1,1,1,2,0.5,19,0),(429,6,18,0,2,0,0,426,NULL,'Горловка','','','материалы для наращивания ногтей Горловка, наращивание ногтей Горловка, купить материалы для наращивания ногтей Горловка, мономеры Горловка, гели Горловка, материалы для салонов красоты Горловка',1,'',0,'gorlovka',1,0,1,1,1,2,0.5,19,0),(430,6,18,0,2,19,0,426,NULL,'Днепродзержинск','','','материалы для наращивания ногтей Днепродзержинск, наращивание ногтей Днепродзержинск, купить материалы для наращивания ногтей Днепродзержинск, мономеры Днепродзержинск, гели Днепродзержинск',1,'',0,'dneprodzerzhinsk',0,0,1,1,1,2,0.5,19,0),(431,6,18,0,2,18,0,426,NULL,'Днепропетровск','','','материалы для наращивания ногтей Днепропетровск, наращивание ногтей Днепропетровск, купить материалы для наращивания ногтей Днепропетровск, мономеры Днепропетровск, гели Днепропетровск, материалы для салонов красоты Днепропетровск',1,'',0,'dnepropetrovsk',0,0,1,1,1,2,0.5,19,0),(432,6,18,0,2,0,0,426,NULL,'Донецк','','','материалы для наращивания ногтей Донецк, наращивание ногтей Донецк, купить материалы для наращивания ногтей Донецк, мономеры Донецк, гели Донецк, материалы для салонов красоты Донецк',1,'',0,'donetsk',1,0,1,1,1,2,0.5,19,0),(433,6,20,0,2,20,0,426,NULL,'Житомир','Ногтевой Сервис Житомир','','материалы для наращивания ногтей Житомир, наращивание ногтей Житомир, купить материалы для наращивания ногтей Житомир, мономеры Житомир, гели Житомир, материалы для салонов красоты Житомир',1,'',0,'zhytomyr',0,0,1,1,1,2,0.5,19,0),(434,6,18,0,2,21,0,426,NULL,'Запорожье','','','материалы для наращивания ногтей Запорожье, наращивание ногтей Запорожье, купить материалы для наращивания ногтей Запорожье, мономеры Запорожье, гели Запорожье, материалы для салонов красоты Запорожье',1,'',0,'zaporojye',0,0,1,1,1,2,0.5,19,0),(435,6,18,0,2,22,0,426,NULL,'Ивано-Франковск','','','',1,'',0,'ivano-frankovsk',0,0,1,1,1,2,0.5,19,0),(436,6,18,0,2,23,0,426,NULL,'Киев','','','материалы для наращивания ногтей Киев, наращивание ногтей Киев, купить материалы для наращивания ногтей Киева, мономеры Киев, гели Киев, материалы для салонов красоты Киев',1,'',0,'kiev',0,0,1,1,1,2,0.5,19,0),(437,6,18,0,2,24,0,426,NULL,'Кировоград','Ногтевой Сервис Кировоград','','материалы для наращивания ногтей Кировоград, наращивание ногтей Кировоград, купить материалы для наращивания ногтей Кировоград,  гели Кировоград, материалы для салонов красоты Кировоград',1,'',0,'kirovograd',0,0,1,1,1,2,0.5,19,0),(438,6,18,0,2,25,0,426,NULL,'Константиновка','','','',1,'',0,'konstantinovka',0,0,1,1,1,2,0.5,19,0),(439,6,18,0,2,26,0,426,NULL,'Краматорск','','','',1,'',0,'kramatorsk',0,0,1,1,1,2,0.5,19,0),(440,6,18,0,2,27,0,426,NULL,'Кременчуг','','','материалы для наращивания ногтей Кременчуг, наращивание ногтей Кременчуг, купить материалы для наращивания ногтей Кременчуг, мономеры Кременчуг, гели Кременчуг, материалы для салонов красоты Кременчуг',1,'',0,'kremenchug',0,0,1,1,1,2,0.5,19,0),(441,6,18,0,2,28,0,426,NULL,'Кривой Рог','','','материалы для наращивания ногтей Кривой Рог, наращивание ногтей Кривой Рог, купить материалы для наращивания ногтей Кривой Рог, мономеры Кривой Рог, гели Кривой Рог, материалы для салонов красоты Кривой Рог',1,'',0,'krivoi_rog',0,0,1,1,1,2,0.5,19,0),(442,6,18,0,2,30,0,426,NULL,'Львов','Ногтевой Сервис Blaze Nails Львов','','материалы для наращивания ногтей Львов, гель-лаки Львов, наращивание ногтей Львов, купить материалы для наращивания ногтей Львов, мономеры Львов, гели Львов, материалы для салонов красоты Львов',1,'',0,'lvov',0,0,1,1,1,2,0.5,19,0),(443,6,18,0,2,31,0,426,NULL,'Мариуполь','','','материалы для наращивания ногтей Мариуполь, наращивание ногтей Мариуполь, купить материалы для наращивания ногтей Мариуполь, мономеры Мариуполь, гели Мариуполь, материалы для салонов красоты Мариуполь',1,'',0,'mariupol',0,0,1,1,1,2,0.5,19,0),(444,6,18,0,2,32,0,426,NULL,'Николаев','','','материалы для наращивания ногтей Николаев, гель-лаки Николаев',1,'',0,'nikolaev',0,0,1,1,1,2,0.5,19,0),(445,6,18,0,2,33,0,426,NULL,'Никополь','','','материалы для наращивания ногтей Никополь, наращивание ногтей Никополь, купить материалы для наращивания ногтей Никополь, мономеры Никополь, гели Никополь, материалы для салонов красоты Никополь',1,'',0,'nikopol',0,0,1,1,1,2,0.5,19,0),(446,6,18,0,2,34,0,426,NULL,'Новомосковск','','','материалы для наращивания ногтей Новомосковск, наращивание ногтей Новомосковск, купить материалы для наращивания ногтей Новомосковск, мономеры Новомосковск, гели Новомосковск, материалы для салонов красоты Новомосковск',1,'',0,'novomoskovsk',0,0,1,1,1,2,0.5,19,0),(447,6,18,0,2,35,0,426,NULL,'Одесса','','','материалы для наращивания ногтей Одесса, наращивание ногтей Одесса, купить материалы для наращивания ногтей Одесса, мономеры Одесса, гели Одесса, материалы для салонов красоты Одесса',1,'',0,'odessa',0,0,1,1,1,2,0.5,19,0),(448,6,18,0,2,36,0,426,NULL,'Павлоград','','','материалы для наращивания ногтей Павлоград, наращивание ногтей Павлоград, купить материалы для наращивания ногтей Павлоград, мономеры Павлоград, гели Павлоград, материалы для салонов красоты Павлоград',1,'',0,'pavlograd',0,0,1,1,1,2,0.5,19,0),(449,6,18,0,2,37,0,426,NULL,'Полтава','','','материалы для наращивания ногтей Полтава, наращивание ногтей Полтава, купить материалы для наращивания ногтей Полтава, мономеры Полтава, гели Полтава, материалы для салонов красоты Полтава',1,'',0,'poltava',0,0,1,1,1,2,0.5,19,0),(450,6,18,0,2,39,0,426,NULL,'Ровненская область','Ногтевой Сервис Ровненская область','','материалы для наращивания ногтей Ровненская область, наращивание ногтей Ровненская область, купить материалы для наращивания ногтей Ровненская область, мономеры Ровненская область, гели Ровненская область, материалы для салонов красоты Ровненская область',1,'',0,'rovnoobl',0,0,1,1,1,2,0.5,19,0),(451,6,18,0,2,38,0,426,NULL,'Ровно','Ногтевой Сервис Ровно','','гель-лаки Ровно, Blaze Ровно, материалы для наращивания ногтей Ровно, наращивание ногтей Ровно, купить материалы для наращивания ногтей Ровно, мономеры Ровно, гели Ровно, материалы для салонов красоты Ровно',1,'',0,'rovno',0,0,1,1,1,2,0.5,19,0),(452,6,18,0,2,40,0,426,NULL,'Славянск','','','материалы для наращивания ногтей Славянск, наращивание ногтей Славянск, купить материалы для наращивания ногтей Славянск, мономеры Славянск, гели Славянск, материалы для салонов красоты Славянск',1,'',0,'slavyansk',0,0,1,1,1,2,0.5,19,0),(453,6,18,0,2,41,0,426,NULL,'Сумы','Ногтевой Сервис Сумы','','материалы для наращивания ногтей Сумы, наращивание ногтей Сумы, купить материалы для наращивания ногтей Сумы, мономеры Сумы, гели Сумы, материалы для салонов красоты Сумы',1,'',0,'sumy',0,0,1,1,1,2,0.5,19,0),(454,6,18,0,2,42,0,426,NULL,'Тернополь','','','',1,'',0,'ternopol',0,0,1,1,1,2,0.5,19,0),(455,6,18,0,2,43,0,426,NULL,'Умань','','','',1,'',0,'uman',0,0,1,1,1,2,0.5,19,0),(456,6,18,0,2,44,0,426,NULL,'Харьков','','','материалы для наращивания ногтей Харьков, наращивание ногтей Харьков, купить материалы для наращивания ногтей Харьков, мономеры Харьков, гели Харьков, материалы для салонов красоты Харьков',1,'',0,'kharkov',0,0,1,1,1,2,0.5,19,0),(457,6,18,0,2,45,0,426,NULL,'Херсон','','Материалы для наращивания ногтей, гель-лаки Blaze Nails купить','материалы для наращивания ногтей Херсон, наращивание ногтей Херсон, купить материалы для наращивания ногтей Херсон, мономеры Херсон, гели Херсон, материалы для салонов красоты Херсон',1,'',0,'kherson',0,0,1,1,1,2,0.5,19,0),(458,6,18,0,2,46,0,426,NULL,'Хмельницкий','','Купить материалы для ногтей, гель-лаки, гели Ногтевой Сервис Хмельницкий','материалы для наращивания ногтей Хмельницкий, наращивание ногтей Хмельницкий, купить материалы для наращивания ногтей Хмельницкий, мономеры Хмельницкий, гели Хмельницкий, материалы для салонов красоты Хмельницкий',1,'',0,'khmelnitsky',0,0,1,1,1,2,0.5,19,0),(459,6,18,0,2,47,0,426,NULL,'Черкассы','Ногтевой Сервис Черкассы','','материалы для наращивания ногтей Черкассы, наращивание ногтей Черкассы, купить материалы для наращивания ногтей Черкассы, мономеры Черкассы, гели Черкассы, материалы для салонов красоты Черкассы',1,'',0,'cherkassy',0,0,1,1,1,2,0.5,19,0),(460,6,18,0,2,48,0,426,NULL,'Чернигов','Ногтевой Сервис Чернигов','','материалы для наращивания ногтей Чернигов, наращивание ногтей Чернигов, купить материалы для наращивания ногтей Чернигов, мономеры Чернигов, гели Чернигов, материалы для салонов красоты Чернигов',1,'',0,'chernigov',0,0,1,1,1,2,0.5,19,0),(461,6,18,0,2,49,0,426,NULL,'Черновцы','','','',1,'',0,'chernovci',0,0,1,1,1,2,0.5,19,0),(499,8,18,0,2,0,23,0,'{\"userAuthorizationXsl\":\"\\u041b\\u0438\\u0447\\u043d\\u044b\\u0439\\u041a\\u0430\\u0431\\u0438\\u043d\\u0435\\u0442\\u041f\\u043e\\u043b\\u044c\\u0437\\u043e\\u0432\\u0430\\u0442\\u0435\\u043b\\u044f\"}','Личный кабинет','','','',0,'',0,'users',2,0,1,1,1,2,0.5,19,0),(500,8,18,0,2,0,24,499,'{\"xslRestorePasswordMailXsl\":\"\\u041f\\u0438\\u0441\\u044c\\u043c\\u043e\\u041f\\u043e\\u0434\\u0442\\u0432\\u0435\\u0440\\u0436\\u0434\\u0435\\u043d\\u0438\\u0435\\u0420\\u0435\\u0433\\u0438\\u0441\\u0442\\u0440\\u0430\\u0446\\u0438\\u0438\",\"userRegistrationXsl\":\"\\u0420\\u0435\\u0433\\u0438\\u0441\\u0442\\u0440\\u0430\\u0446\\u0438\\u044f\\u041f\\u043e\\u043b\\u044c\\u0437\\u043e\\u0432\\u0430\\u0442\\u0435\\u043b\\u044f [NAILS]\"}','Регистрация','','','',0,'',0,'registration',2,0,1,1,1,2,0.5,19,0),(501,8,18,0,2,0,26,499,'{\"xslRestorePasswordMailXsl\":\"\\u041f\\u0438\\u0441\\u044c\\u043c\\u043e\\u0412\\u043e\\u0441\\u0441\\u0442\\u0430\\u043d\\u043e\\u0432\\u043b\\u0435\\u043d\\u0438\\u0435\\u041f\\u0430\\u0440\\u043e\\u043b\\u044f\"}','Восстановление пароля','','','',0,'',0,'restore_password',2,0,1,1,1,2,0.5,19,0),(502,8,18,0,2,0,25,499,'{\"orderXsl\":\"\\u0421\\u043f\\u0438\\u0441\\u043e\\u043a\\u0417\\u0430\\u043a\\u0430\\u0437\\u043e\\u0432\",\"shopId\":\"3\"}','Мои заказы','','','',0,'',0,'order',2,0,1,1,1,2,0.5,19,0),(503,8,18,0,2,0,30,499,'{\"siteuserAccountsXsl\":\"\\u0421\\u043f\\u0438\\u0441\\u043e\\u043a\\u041b\\u0438\\u0446\\u0435\\u0432\\u044b\\u0445\\u0421\\u0447\\u0435\\u0442\\u043e\\u0432\",\"siteuserAccountTransactionsXsl\":\"\\u0414\\u0432\\u0438\\u0436\\u0435\\u043d\\u0438\\u044f\\u041f\\u043e\\u041b\\u0438\\u0446\\u0435\\u0432\\u043e\\u043c\\u0443\\u0421\\u0447\\u0435\\u0442\\u0443\"}','Лицевой счет','','','',1,'',0,'account',2,0,1,1,1,2,0.5,19,0),(506,8,18,0,2,0,45,0,'{\"shopId\":\"3\",\"deliveryXsl\":\"\\u041c\\u0430\\u0433\\u0430\\u0437\\u0438\\u043d\\u0414\\u043e\\u0441\\u0442\\u0430\\u0432\\u043a\\u0438\",\"deliveryAddressXsl\":\"\\u041c\\u0430\\u0433\\u0430\\u0437\\u0438\\u043d\\u0410\\u0434\\u0440\\u0435\\u0441\\u0414\\u043e\\u0441\\u0442\\u0430\\u0432\\u043a\\u0438\",\"paymentSystemXsl\":\"\\u041c\\u0430\\u0433\\u0430\\u0437\\u0438\\u043d\\u041f\\u043b\\u0430\\u0442\\u0435\\u0436\\u043d\\u0430\\u044f\\u0421\\u0438\\u0441\\u0442\\u0435\\u043c\\u0430\",\"orderXsl\":\"\\u041e\\u0444\\u043e\\u0440\\u043c\\u043b\\u0435\\u043d\\u0438\\u0435\\u0417\\u0430\\u043a\\u0430\\u0437\\u0430\",\"cartXsl\":\"\\u041c\\u0430\\u0433\\u0430\\u0437\\u0438\\u043d\\u041a\\u043e\\u0440\\u0437\\u0438\\u043d\\u0430\",\"littleCartXsl\":\"\\u041c\\u0430\\u0433\\u0430\\u0437\\u0438\\u043d\\u041a\\u043e\\u0440\\u0437\\u0438\\u043d\\u0430\\u041a\\u0440\\u0430\\u0442\\u043a\\u0430\\u044f\\u041d\",\"~~xsl_quick_registration\":\"\\u041c\\u0430\\u0433\\u0430\\u0437\\u0438\\u043d\\u0411\\u044b\\u0441\\u0442\\u0440\\u0430\\u044f\\u0420\\u0435\\u0433\\u0438\\u0441\\u0442\\u0440\\u0430\\u0446\\u0438\\u044f\",\"~~xsl_registaration_letter\":\"\\u041f\\u0438\\u0441\\u044c\\u043c\\u043e\\u041f\\u043e\\u0434\\u0442\\u0432\\u0435\\u0440\\u0436\\u0434\\u0435\\u043d\\u0438\\u0435\\u0420\\u0435\\u0433\\u0438\\u0441\\u0442\\u0440\\u0430\\u0446\\u0438\\u0438\",\"userAuthorizationXsl\":\"\\u041b\\u0438\\u0447\\u043d\\u044b\\u0439\\u041a\\u0430\\u0431\\u0438\\u043d\\u0435\\u0442\\u041f\\u043e\\u043b\\u044c\\u0437\\u043e\\u0432\\u0430\\u0442\\u0435\\u043b\\u044f\",\"userRegistrationXsl\":\"\\u0420\\u0435\\u0433\\u0438\\u0441\\u0442\\u0440\\u0430\\u0446\\u0438\\u044f\\u041f\\u043e\\u043b\\u044c\\u0437\\u043e\\u0432\\u0430\\u0442\\u0435\\u043b\\u044f\"}','Корзина - Спасибо за покупку','','','',0,'',0,'thank-you',2,0,1,1,1,2,0.5,19,0),(511,8,17,0,2,0,0,0,NULL,'Тест','','','',0,'',0,'test',1,0,0,1,1,2,0.5,20,0);

--
-- Table structure for table `tag_dirs`
--

CREATE TABLE `tag_dirs` (
  `id` int(11) NOT NULL AUTO_INCREMENT,
  `parent_id` int(11) NOT NULL DEFAULT '0',
  `name` varchar(255) NOT NULL,
  `description` mediumtext,
  `sorting` smallint(6) NOT NULL DEFAULT '0',
  `user_id` int(11) NOT NULL DEFAULT '0',
  `deleted` tinyint(1) unsigned NOT NULL DEFAULT '0',
  PRIMARY KEY (`id`),
  KEY `parent_id` (`parent_id`),
  KEY `deleted` (`deleted`,`parent_id`)
) ENGINE=MyISAM DEFAULT CHARSET=utf8;

--
-- Dumping data for table `tag_dirs`
--


--
-- Table structure for table `tag_informationsystem_items`
--

CREATE TABLE `tag_informationsystem_items` (
  `id` int(11) NOT NULL AUTO_INCREMENT,
  `tag_id` int(11) NOT NULL,
  `informationsystem_item_id` int(11) NOT NULL,
  `site_id` int(11) NOT NULL,
  PRIMARY KEY (`id`),
  KEY `informationsystem_item_id` (`informationsystem_item_id`),
  KEY `tag_id` (`tag_id`,`site_id`)
) ENGINE=MyISAM AUTO_INCREMENT=735 DEFAULT CHARSET=utf8;

--
-- Dumping data for table `tag_informationsystem_items`
--

INSERT INTO `tag_informationsystem_items` VALUES (439,103,441,2),(438,107,441,2),(437,110,441,2),(433,107,440,2),(432,103,440,2),(421,103,438,2),(413,103,437,2),(412,107,437,2),(409,107,436,2),(408,103,436,2),(401,107,170,2),(400,103,170,2),(395,103,169,2),(394,107,169,2),(420,105,438,2),(419,107,438,2),(418,102,438,2),(471,106,452,2),(470,107,452,2),(473,107,453,2),(477,107,454,2),(467,107,451,2),(126,107,444,2),(451,103,443,2),(450,107,443,2),(399,109,170,2),(425,103,439,2),(424,107,439,2),(447,107,442,2),(446,103,442,2),(455,103,448,2),(454,107,448,2),(129,107,447,2),(128,107,446,2),(127,107,445,2),(465,109,450,2),(464,107,450,2),(463,103,450,2),(459,103,449,2),(458,107,449,2),(150,103,461,2),(485,107,457,2),(483,107,456,2),(481,103,455,2),(480,107,455,2),(149,103,460,2),(491,107,459,2),(489,107,458,2),(497,107,465,2),(493,107,464,2),(151,103,462,2),(476,103,454,2),(66,103,161,2),(67,102,162,2),(68,103,162,2),(69,104,162,2),(70,105,162,2),(71,106,163,2),(72,102,163,2),(73,103,163,2),(74,104,163,2),(75,103,164,2),(76,107,164,2),(77,108,164,2),(393,109,169,2),(496,103,465,2),(501,107,466,2),(505,107,467,2),(504,103,467,2),(158,107,468,2),(159,107,469,2),(509,107,470,2),(508,106,470,2),(511,107,471,2),(163,107,472,2),(513,107,473,2),(515,107,474,2),(166,102,476,2),(167,107,476,2),(517,107,477,2),(519,107,478,2),(523,107,479,2),(522,106,479,2),(172,107,480,2),(527,107,481,2),(529,107,482,2),(533,107,483,2),(532,106,483,2),(535,107,484,2),(178,107,485,2),(537,107,486,2),(539,107,487,2),(543,107,488,2),(547,107,489,2),(549,107,490,2),(551,107,491,2),(553,107,492,2),(557,107,493,2),(556,106,493,2),(559,107,494,2),(563,107,495,2),(562,106,495,2),(565,107,496,2),(569,107,497,2),(568,106,497,2),(571,107,498,2),(573,107,499,2),(579,107,500,2),(581,107,501,2),(585,107,502,2),(587,107,503,2),(589,107,504,2),(591,107,505,2),(593,107,506,2),(595,107,507,2),(599,107,508,2),(598,103,508,2),(601,107,509,2),(605,107,510,2),(607,107,511,2),(609,107,512,2),(611,107,513,2),(615,107,514,2),(614,102,514,2),(619,107,515,2),(618,102,515,2),(623,107,516,2),(622,102,516,2),(627,107,517,2),(629,107,518,2),(631,107,519,2),(643,102,520,2),(642,107,520,2),(639,107,521,2),(638,102,521,2),(224,103,522,2),(225,103,523,2),(226,105,523,2),(227,109,523,2),(228,103,524,2),(229,105,524,2),(230,109,524,2),(231,102,526,2),(232,103,526,2),(233,107,526,2),(234,110,526,2),(235,103,527,2),(236,105,527,2),(237,109,527,2),(238,110,527,2),(239,111,527,2),(240,103,529,2),(241,105,529,2),(242,110,529,2),(243,111,529,2),(251,104,531,2),(250,103,531,2),(246,103,532,2),(247,109,532,2),(249,107,534,2),(252,107,535,2),(253,108,535,2),(254,112,535,2),(255,107,536,2),(256,103,537,2),(257,114,537,2),(258,102,538,2),(259,103,538,2),(260,104,538,2),(261,105,538,2),(262,109,538,2),(263,111,538,2),(264,114,538,2),(265,103,540,2),(266,105,540,2),(267,103,541,2),(268,105,541,2),(269,102,542,2),(270,107,542,2),(271,102,543,2),(272,107,543,2),(273,102,545,2),(274,103,545,2),(275,109,545,2),(276,111,545,2),(277,102,546,2),(278,103,547,2),(279,105,547,2),(280,107,547,2),(281,109,547,2),(282,111,547,2),(283,103,548,2),(284,107,548,2),(285,109,548,2),(734,107,647,2),(731,103,638,2),(730,107,638,2),(729,108,638,2),(728,147,638,2),(723,103,639,2),(722,107,639,2),(721,108,639,2),(720,147,639,2),(732,112,640,2),(696,103,641,2),(697,135,641,2),(698,136,641,2),(699,132,641,2),(707,103,642,2),(706,110,642,2),(705,132,642,2),(704,102,642,2),(708,103,643,2),(709,132,643,2),(710,109,645,2),(711,103,645,2),(712,107,645,2),(713,133,645,2),(714,123,645,2),(715,127,645,2),(727,107,646,2);

--
-- Table structure for table `tag_shop_items`
--

CREATE TABLE `tag_shop_items` (
  `id` int(11) NOT NULL AUTO_INCREMENT,
  `tag_id` int(11) NOT NULL,
  `shop_item_id` int(11) NOT NULL,
  `site_id` int(11) NOT NULL,
  PRIMARY KEY (`id`),
  KEY `shop_item_id` (`shop_item_id`),
  KEY `tag_id` (`tag_id`,`site_id`)
) ENGINE=MyISAM AUTO_INCREMENT=35939 DEFAULT CHARSET=utf8;

--
-- Dumping data for table `tag_shop_items`
--

INSERT INTO `tag_shop_items` VALUES (32889,108,39393,2),(33607,116,40361,2),(35454,103,42142,2),(35453,103,42141,2),(31990,119,38106,2),(31989,118,38105,2),(31993,118,38107,2),(31992,119,38107,2),(31991,118,38106,2),(35017,118,41653,2),(35707,132,42523,2),(35390,103,42083,2),(35388,129,42081,2),(35392,103,42085,2),(35391,132,42084,2),(35394,103,42087,2),(35393,132,42086,2),(35396,103,42088,2),(35395,109,42088,2),(35398,123,42091,2),(35016,118,41652,2),(33162,108,39602,2),(35397,132,42089,2),(35400,103,42097,2),(35399,103,42092,2),(35402,103,42099,2),(35401,103,42098,2),(33198,115,39754,2),(33197,115,39753,2),(33200,115,39756,2),(35452,109,42141,2),(34908,118,41400,2),(33353,118,39944,2),(32021,118,38123,2),(32019,118,38121,2),(34493,109,40974,2),(33335,124,39920,2),(33337,124,39921,2),(34495,109,40975,2),(34906,118,41398,2),(35481,103,42155,2),(35445,109,42137,2),(35478,103,42154,2),(35477,103,42153,2),(35475,109,42152,2),(35476,109,42153,2),(35474,103,42152,2),(35473,103,42151,2),(35472,109,42151,2),(35471,109,42150,2),(35469,103,42149,2),(35470,103,42150,2),(35468,109,42149,2),(35467,103,42148,2),(33776,113,40531,2),(33778,113,40532,2),(32020,118,38122,2),(35787,103,42563,2),(31811,118,37985,2),(31810,118,37984,2),(31998,119,38110,2),(34044,102,40684,2),(31997,118,38109,2),(32001,118,38111,2),(31763,112,37937,2),(32845,120,39245,2),(32844,120,39244,2),(31755,112,37929,2),(31754,112,37928,2),(35460,109,42145,2),(35459,109,42144,2),(35458,103,42144,2),(35457,103,42143,2),(32187,118,38289,2),(32857,108,39377,2),(34627,130,41042,2),(31835,118,38009,2),(35554,109,42320,2),(32002,119,38112,2),(32984,124,39467,2),(32986,124,39468,2),(34093,104,40755,2),(34094,126,40756,2),(32227,118,38324,2),(32983,125,39466,2),(32404,118,38501,2),(32405,118,38502,2),(35045,118,41679,2),(35887,132,42605,2),(34255,105,40859,2),(33788,113,40537,2),(31643,115,37644,2),(31912,119,38067,2),(33451,113,40036,2),(34352,109,40906,2),(34351,105,40905,2),(34350,109,40905,2),(34349,105,40904,2),(32539,115,38978,2),(35297,103,41991,2),(35294,109,41990,2),(35296,109,41991,2),(35293,103,41989,2),(35295,103,41990,2),(35291,103,41988,2),(35290,109,41988,2),(35300,109,41993,2),(35292,109,41989,2),(32895,108,39398,2),(31603,115,37603,2),(31601,115,37601,2),(35299,103,41992,2),(35298,109,41992,2),(33383,109,39960,2),(33381,105,39959,2),(33382,109,39959,2),(32481,118,38577,2),(32479,118,38576,2),(34712,109,41136,2),(33854,102,40590,2),(34916,118,41408,2),(34914,118,41406,2),(34476,105,40966,2),(34876,118,41368,2),(34875,118,41367,2),(34324,105,40892,2),(34474,105,40965,2),(33469,109,40129,2),(33467,111,40129,2),(31947,118,38084,2),(31946,119,38084,2),(33130,125,39583,2),(33129,108,39579,2),(33128,103,39572,2),(33127,108,39562,2),(33126,125,39561,2),(33125,125,39560,2),(33124,125,39559,2),(33123,125,39558,2),(33132,125,39585,2),(33122,125,39557,2),(35303,103,41994,2),(34711,103,41136,2),(34710,109,41135,2),(34475,109,40965,2),(34472,105,40964,2),(34473,109,40964,2),(35550,132,42318,2),(35549,103,42318,2),(35548,109,42318,2),(35547,132,42317,2),(34913,118,41405,2),(35658,109,42507,2),(35655,132,42506,2),(35656,109,42506,2),(35657,103,42506,2),(35651,132,42505,2),(35660,103,42507,2),(35659,132,42507,2),(35648,103,42434,2),(33481,129,40161,2),(33301,102,39896,2),(33295,115,39889,2),(33297,115,39891,2),(33296,115,39890,2),(33299,102,39895,2),(34830,118,41322,2),(34709,103,41135,2),(35732,103,42544,2),(32327,118,38424,2),(34856,118,41348,2),(34385,105,40921,2),(33298,115,39892,2),(33303,102,39897,2),(32170,118,38272,2),(32171,118,38273,2),(35356,103,42056,2),(33300,103,39895,2),(33194,115,39750,2),(33192,115,39748,2),(33191,115,39747,2),(34708,109,41134,2),(33465,107,40119,2),(34706,109,41133,2),(33463,107,40117,2),(33464,107,40118,2),(33461,118,40115,2),(33462,107,40116,2),(33459,127,40093,2),(33460,118,40114,2),(32419,118,38516,2),(32417,118,38514,2),(35355,109,42056,2),(33968,102,40646,2),(31751,112,37925,2),(32467,118,38564,2),(34855,118,41347,2),(33007,125,39478,2),(32887,108,39392,2),(34829,118,41321,2),(34257,105,40860,2),(34256,109,40860,2),(33457,103,40068,2),(33707,118,40470,2),(33011,125,39480,2),(33010,124,39480,2),(33009,125,39479,2),(33008,124,39479,2),(32849,106,39249,2),(32847,120,39247,2),(32846,120,39246,2),(32125,118,38227,2),(32124,118,38226,2),(34733,106,39206,2),(32806,102,39196,2),(33772,113,40529,2),(32123,118,38225,2),(33771,121,40529,2),(33770,113,40528,2),(33769,121,40528,2),(33764,113,40525,2),(33786,113,40536,2),(34040,102,40682,2),(34039,103,40681,2),(34038,102,40681,2),(34560,105,41008,2),(34037,103,40680,2),(34035,103,40679,2),(33458,111,40068,2),(34591,109,41023,2),(33456,127,40068,2),(34589,105,41022,2),(34590,105,41023,2),(31772,117,37946,2),(31771,117,37945,2),(34592,109,41024,2),(34593,105,41024,2),(31776,118,37950,2),(31775,118,37949,2),(31774,118,37948,2),(31773,118,37947,2),(31612,115,37613,2),(33219,115,39785,2),(33105,125,39540,2),(33325,102,39915,2),(33323,117,39909,2),(33327,124,39916,2),(33321,123,39907,2),(33324,114,39913,2),(33319,102,39906,2),(34042,102,39908,2),(33317,102,39904,2),(33320,102,39907,2),(33345,124,39924,2),(33318,102,39905,2),(33341,124,39923,2),(33316,103,39903,2),(33536,124,39922,2),(32972,124,39461,2),(31938,119,38080,2),(33342,108,39923,2),(33336,108,39920,2),(33535,103,39922,2),(32017,118,38119,2),(33338,108,39921,2),(32664,102,39124,2),(34550,105,41003,2),(34552,105,41004,2),(34551,109,41003,2),(34554,105,41005,2),(34553,109,41004,2),(34556,105,41006,2),(34555,109,41005,2),(34558,105,41007,2),(32665,103,39124,2),(35739,103,42547,2),(32903,108,39406,2),(32905,108,39408,2),(33217,115,39782,2),(34129,115,40770,2),(34127,108,40768,2),(34128,115,40769,2),(34125,104,40766,2),(34126,108,40767,2),(34123,104,40765,2),(35738,103,42546,2),(34756,113,41182,2),(35652,135,42505,2),(35728,103,42543,2),(34124,108,40766,2),(34121,126,40765,2),(34765,113,41191,2),(32663,103,39123,2),(32904,108,39407,2),(33646,118,40409,2),(32902,108,39405,2),(35746,109,42549,2),(34287,105,40875,2),(34288,109,40876,2),(32093,118,38195,2),(34180,106,40816,2),(34382,109,40920,2),(34386,109,40922,2),(31597,115,37597,2),(34181,102,40817,2),(35713,132,42525,2),(35712,109,42525,2),(35705,132,42522,2),(35704,103,42522,2),(32507,118,38592,2),(34014,102,40669,2),(34557,109,41006,2),(34559,109,41007,2),(34015,103,40669,2),(34016,102,40670,2),(34013,103,40668,2),(34001,106,40662,2),(34012,102,40668,2),(33734,118,40497,2),(34002,102,40663,2),(32311,118,38408,2),(33516,124,40226,2),(32310,118,38407,2),(32312,118,38409,2),(34771,113,41197,2),(32314,118,38411,2),(34770,113,41196,2),(34769,113,41195,2),(34768,113,41194,2),(34767,113,41193,2),(32362,118,38459,2),(32363,118,38460,2),(32348,118,38445,2),(32361,118,38458,2),(32344,118,38441,2),(32346,118,38443,2),(35678,103,42513,2),(32347,118,38444,2),(35679,109,42514,2),(32345,118,38442,2),(35675,103,42512,2),(35680,103,42514,2),(35672,109,42511,2),(35676,109,42513,2),(35673,132,42512,2),(35677,132,42513,2),(35683,132,42515,2),(35674,109,42512,2),(35687,132,42516,2),(35684,103,42515,2),(35691,109,42518,2),(35688,109,42517,2),(33561,129,40274,2),(35692,103,42518,2),(35689,132,42517,2),(35686,103,42516,2),(33737,118,40500,2),(32015,118,38118,2),(33043,125,39496,2),(31743,112,37917,2),(33041,125,39495,2),(33042,124,39496,2),(33039,125,39494,2),(33040,124,39495,2),(33037,125,39493,2),(33038,124,39494,2),(32255,118,38352,2),(32254,118,38351,2),(34387,105,40922,2),(31978,119,38100,2),(31977,118,38099,2),(31975,118,38098,2),(31976,119,38099,2),(34584,105,41020,2),(34583,109,41019,2),(34582,105,41019,2),(32016,119,38119,2),(32013,118,38117,2),(32980,124,39465,2),(35745,103,42549,2),(31970,119,38096,2),(32875,108,39386,2),(32369,118,38466,2),(32874,124,39386,2),(32877,108,39387,2),(34209,124,40835,2),(31954,119,38088,2),(35685,109,42516,2),(35785,109,42562,2),(33351,112,39930,2),(33371,105,39954,2),(35784,132,42562,2),(32336,118,38433,2),(33725,118,40488,2),(33724,118,40487,2),(33723,118,40486,2),(32796,123,39189,2),(32795,102,39189,2),(32793,103,39174,2),(32931,108,39430,2),(32711,102,39147,2),(33373,105,39955,2),(32580,115,39021,2),(35518,103,42176,2),(32014,119,38118,2),(32011,118,38116,2),(32521,113,38601,2),(34964,118,41456,2),(35324,109,42040,2),(32893,108,39396,2),(33372,109,39954,2),(35273,124,41979,2),(34628,130,41043,2),(34629,130,41044,2),(33994,102,40659,2),(33995,106,40659,2),(35428,103,42129,2),(32253,118,38350,2),(34214,103,40838,2),(34215,102,40838,2),(34330,109,40895,2),(34329,105,40894,2),(34328,109,40894,2),(34327,105,40893,2),(34326,109,40893,2),(34325,109,40892,2),(32954,124,39452,2),(32953,125,39451,2),(33794,113,40540,2),(35361,103,42059,2),(35327,109,42042,2),(35330,103,42043,2),(35329,109,42043,2),(33026,124,39488,2),(33083,125,39518,2),(34338,105,40899,2),(35487,109,42158,2),(34216,102,40839,2),(35484,109,42157,2),(35483,109,42156,2),(35482,103,42156,2),(35348,103,42052,2),(33992,102,40658,2),(33993,106,40658,2),(33990,102,40657,2),(33991,106,40657,2),(33988,102,40656,2),(33989,106,40656,2),(33986,102,40655,2),(33987,106,40655,2),(33984,102,40654,2),(33985,106,40654,2),(33982,102,40653,2),(33983,106,40653,2),(33980,102,40652,2),(33981,106,40652,2),(35747,132,42549,2),(31926,119,38074,2),(35315,103,42000,2),(34842,118,41334,2),(34840,118,41332,2),(34839,118,41331,2),(34838,118,41330,2),(34837,118,41329,2),(33978,102,40651,2),(33979,106,40651,2),(34530,105,40993,2),(33344,108,39512,2),(33075,125,39511,2),(33070,124,39509,2),(33068,124,39508,2),(34531,109,40993,2),(35367,103,42062,2),(35369,109,42063,2),(35365,109,42061,2),(35366,103,42061,2),(35363,109,42060,2),(34279,105,40871,2),(34724,103,41143,2),(35763,103,42555,2),(31974,119,38098,2),(32435,118,38532,2),(35466,109,42148,2),(33722,118,40485,2),(31752,112,37926,2),(35881,132,42602,2),(32232,118,38329,2),(35783,132,42561,2),(35761,109,42554,2),(32263,118,38360,2),(34786,118,41278,2),(35762,103,42554,2),(33361,109,39949,2),(34785,118,41277,2),(33359,109,39948,2),(33363,109,39950,2),(33355,109,39946,2),(33360,105,39948,2),(33400,103,39972,2),(33358,105,39947,2),(35781,103,42561,2),(33354,118,39945,2),(35779,109,42560,2),(33396,132,39971,2),(35777,132,42559,2),(35778,132,42560,2),(35775,103,42559,2),(35776,109,42559,2),(33680,118,40443,2),(35774,103,42558,2),(34199,108,40827,2),(33035,125,39492,2),(31927,118,38074,2),(32126,118,38228,2),(33121,125,39556,2),(33033,125,39491,2),(31939,118,38080,2),(33146,108,39593,2),(34131,115,40772,2),(34132,115,40773,2),(33914,102,40619,2),(33916,102,40620,2),(33912,102,40618,2),(33913,106,40618,2),(34276,109,40870,2),(34242,109,40853,2),(34370,109,40915,2),(34371,105,40915,2),(34809,118,41301,2),(32033,118,38135,2),(32035,118,38137,2),(32032,118,38134,2),(32509,118,38594,2),(32034,118,38136,2),(32520,121,38601,2),(32515,113,38598,2),(32029,118,38131,2),(32031,118,38133,2),(34046,106,39248,2),(31852,118,38026,2),(35404,103,42102,2),(32824,120,39226,2),(33942,102,40633,2),(35063,118,41690,2),(33940,102,40632,2),(33941,106,40632,2),(33938,102,40631,2),(31594,115,37594,2),(33936,102,40630,2),(33939,106,40631,2),(33934,102,40629,2),(33937,106,40630,2),(31610,115,37610,2),(34274,109,40869,2),(33817,115,40560,2),(33818,115,40561,2),(32406,118,38503,2),(35934,145,42164,2),(32249,118,38346,2),(35414,103,42119,2),(32252,118,38349,2),(33435,103,40020,2),(32247,118,38344,2),(32246,118,38343,2),(35412,103,42116,2),(35411,103,42113,2),(34397,105,40927,2),(34394,109,40926,2),(32394,118,38491,2),(32393,118,38490,2),(32407,118,38504,2),(32377,118,38474,2),(32376,118,38473,2),(35572,109,42326,2),(34522,109,40989,2),(34523,105,40989,2),(35883,132,42603,2),(32431,118,38528,2),(34099,104,40757,2),(34100,126,40758,2),(32283,118,38380,2),(35540,103,42315,2),(35563,109,42323,2),(35562,132,42322,2),(33815,115,40558,2),(33816,115,40559,2),(33813,115,40556,2),(33814,115,40557,2),(33811,115,40554,2),(33812,115,40555,2),(32012,119,38117,2),(32009,118,38115,2),(32010,119,38116,2),(32007,118,38114,2),(33331,124,39918,2),(33330,125,39917,2),(33347,112,39925,2),(33346,108,39924,2),(33085,125,39520,2),(32835,120,39235,2),(34834,118,41326,2),(34833,118,41325,2),(31910,119,38066,2),(32834,120,39234,2),(35933,133,42164,2),(35502,103,42165,2),(31851,118,38025,2),(35497,135,42162,2),(32823,102,39226,2),(32243,118,38340,2),(33018,124,39484,2),(35410,103,42112,2),(32193,118,38295,2),(35561,103,42322,2),(35496,143,42162,2),(35495,132,42162,2),(35493,103,42161,2),(35492,109,42161,2),(35087,105,41721,2),(35086,103,41720,2),(32132,118,38234,2),(32130,118,38232,2),(32134,118,38236,2),(32133,118,38235,2),(35662,103,42508,2),(34273,105,40868,2),(35932,144,42164,2),(33455,118,40065,2),(31678,114,37852,2),(31662,116,37814,2),(31661,116,37813,2),(34780,118,41272,2),(35427,103,42128,2),(31598,115,37598,2),(35426,109,42128,2),(35425,133,42127,2),(31749,112,37923,2),(35710,103,42524,2),(34300,134,40881,2),(34301,105,40881,2),(34302,132,40882,2),(34297,105,40880,2),(34298,132,40881,2),(34299,133,40881,2),(34294,109,40879,2),(34295,105,40879,2),(34296,109,40880,2),(31682,114,37856,2),(34292,109,40878,2),(34293,105,40878,2),(31669,114,37839,2),(31668,114,37838,2),(31667,114,37837,2),(31666,114,37836,2),(31665,114,37835,2),(31664,114,37834,2),(31663,114,37833,2),(31660,116,37812,2),(31659,116,37809,2),(31658,115,37808,2),(32873,108,39385,2),(33785,121,40536,2),(32871,108,39384,2),(32870,124,39384,2),(31642,115,37643,2),(32872,124,39385,2),(31640,115,37641,2),(31641,115,37642,2),(34095,108,40756,2),(35424,141,42127,2),(33958,106,40641,2),(33957,106,40640,2),(33956,102,40640,2),(33955,106,40639,2),(33954,102,40639,2),(33953,106,40638,2),(33918,102,40621,2),(33920,102,40622,2),(32075,118,38177,2),(34807,118,41299,2),(32985,125,39467,2),(32988,124,39469,2),(35889,132,42606,2),(35886,103,42605,2),(32231,118,38328,2),(35888,103,42606,2),(32230,118,38327,2),(32229,118,38326,2),(31596,115,37596,2),(33635,112,40398,2),(33634,114,40397,2),(33633,114,40396,2),(31639,115,37640,2),(31638,115,37639,2),(31637,115,37638,2),(33632,114,40395,2),(34234,108,40848,2),(34230,108,40846,2),(32228,118,38325,2),(34231,124,40846,2),(34232,124,40847,2),(34233,108,40847,2),(32334,118,38431,2),(32335,118,38432,2),(31635,115,37636,2),(31636,115,37637,2),(35749,109,42550,2),(32885,108,39391,2),(32136,118,38238,2),(35750,103,42550,2),(31633,115,37634,2),(31634,115,37635,2),(33573,128,40284,2),(31632,115,37633,2),(33571,128,40282,2),(33570,113,40281,2),(31825,118,37999,2),(34189,102,40822,2),(34509,109,40982,2),(31964,119,38093,2),(33683,118,40446,2),(33682,118,40445,2),(31962,119,38092,2),(33932,102,40628,2),(35885,132,42604,2),(31963,118,38092,2),(32558,115,38997,2),(32891,108,39394,2),(34186,120,40820,2),(34187,102,40821,2),(34183,125,40818,2),(31891,118,38056,2),(31890,119,38056,2),(31889,118,38055,2),(31888,119,38055,2),(34455,109,40955,2),(35734,109,42545,2),(34254,109,40859,2),(35928,107,41879,2),(35271,124,41978,2),(34958,118,41450,2),(34960,118,41452,2),(34962,118,41454,2),(34956,118,41448,2),(34957,118,41449,2),(34954,118,41446,2),(34955,118,41447,2),(32747,102,39159,2),(32746,109,39158,2),(33935,106,40629,2),(33101,125,39536,2),(33930,102,40627,2),(33933,106,40628,2),(33928,102,40626,2),(33931,106,40627,2),(34844,118,41336,2),(32198,118,38300,2),(34843,118,41335,2),(32518,121,38600,2),(32516,121,38599,2),(32495,120,38583,2),(32496,118,38584,2),(32257,118,38354,2),(31902,119,38062,2),(35526,114,42180,2),(34153,115,40794,2),(34156,115,40797,2),(34157,115,40798,2),(34158,115,40799,2),(34159,115,40800,2),(34160,115,40801,2),(33016,124,39483,2),(33017,125,39483,2),(33015,125,39482,2),(33898,102,40611,2),(33896,102,40610,2),(32745,103,39158,2),(32744,102,39158,2),(32743,109,39157,2),(34520,105,40988,2),(32670,102,39127,2),(34184,125,40819,2),(33136,108,39588,2),(32930,108,39429,2),(34185,102,40820,2),(34182,106,40817,2),(35416,103,42123,2),(32248,118,38345,2),(35413,103,42117,2),(32742,103,39157,2),(32741,102,39157,2),(32740,109,39156,2),(31827,118,38001,2),(34043,102,40683,2),(31824,118,37998,2),(33830,115,40573,2),(33829,115,40572,2),(31940,119,38081,2),(34073,124,40738,2),(34828,118,41320,2),(32976,124,39463,2),(35048,131,41681,2),(33631,114,40394,2),(33630,114,40393,2),(34564,105,41010,2),(35047,118,41680,2),(34566,105,41011,2),(35143,103,41739,2),(35142,109,41739,2),(35159,105,41745,2),(35158,103,41744,2),(35157,109,41744,2),(35156,105,41744,2),(35155,103,41743,2),(35154,109,41743,2),(35153,105,41743,2),(35051,131,41683,2),(32217,118,38314,2),(32214,118,38311,2),(32213,118,38310,2),(35842,103,42581,2),(32212,118,38309,2),(33006,124,39478,2),(33242,115,39811,2),(35814,109,42572,2),(32368,118,38465,2),(32367,118,38464,2),(35664,103,42509,2),(34841,118,41333,2),(34373,105,40916,2),(34372,109,40916,2),(32570,115,39009,2),(34762,113,41188,2),(31916,119,38069,2),(34322,105,40891,2),(34321,109,40890,2),(33595,115,40349,2),(33594,115,40348,2),(33593,115,40347,2),(34259,105,40861,2),(34258,109,40861,2),(34261,105,40862,2),(34260,109,40862,2),(34263,105,40863,2),(34262,109,40863,2),(33592,115,40346,2),(33551,109,40255,2),(33552,103,40256,2),(32392,118,38489,2),(32076,118,38178,2),(31750,112,37924,2),(33224,115,39790,2),(35013,118,41649,2),(34888,118,41380,2),(34457,109,40956,2),(34886,118,41378,2),(32262,118,38359,2),(35510,114,42172,2),(35509,103,42172,2),(32265,118,38362,2),(32267,118,38364,2),(32264,118,38361,2),(34101,108,40758,2),(31928,119,38075,2),(31929,118,38075,2),(34103,126,40759,2),(33679,118,40442,2),(33681,118,40444,2),(33678,118,40441,2),(35456,109,42143,2),(35455,109,42142,2),(31677,114,37851,2),(33450,103,40035,2),(33453,103,40040,2),(35897,132,42610,2),(32062,118,38164,2),(33145,104,39592,2),(35568,132,42324,2),(35567,103,42324,2),(35566,109,42324,2),(35560,109,42322,2),(35559,132,42321,2),(34982,118,41474,2),(34613,109,41034,2),(35580,132,42328,2),(35579,103,42328,2),(35578,109,42328,2),(35542,109,42316,2),(35577,132,42327,2),(34096,104,40756,2),(32285,118,38382,2),(32883,108,39390,2),(32884,124,39391,2),(34730,103,41146,2),(34734,103,39206,2),(34374,105,40917,2),(34375,134,40917,2),(32970,124,39460,2),(32969,125,39459,2),(34774,113,41200,2),(34773,113,41199,2),(34772,113,41198,2),(34361,105,40910,2),(34360,109,40910,2),(34587,109,41021,2),(34563,109,41009,2),(34562,105,41009,2),(34337,105,40898,2),(35541,132,42315,2),(35539,109,42315,2),(32284,118,38381,2),(34359,105,40909,2),(34358,109,40909,2),(35666,132,42509,2),(35737,109,42546,2),(35584,109,42330,2),(31900,119,38061,2),(31901,118,38061,2),(31911,118,38066,2),(31908,119,38065,2),(31906,119,38064,2),(31904,119,38063,2),(31905,118,38063,2),(31903,118,38062,2),(35522,109,42179,2),(32563,115,39002,2),(35521,132,42178,2),(32273,118,38370,2),(32272,118,38369,2),(35524,106,42179,2),(34097,126,40757,2),(32799,102,39191,2),(31924,119,38073,2),(34034,102,40679,2),(32321,118,38418,2),(32648,102,39075,2),(32564,115,39003,2),(35523,103,42179,2),(32323,118,38420,2),(32322,118,38419,2),(31800,118,37974,2),(33644,118,40407,2),(33652,118,40415,2),(32433,118,38530,2),(34197,108,40826,2),(34200,124,40828,2),(32279,118,38376,2),(35530,109,42183,2),(34195,108,40825,2),(34198,124,40827,2),(34193,103,40824,2),(34196,124,40826,2),(32219,118,38316,2),(32192,118,38294,2),(32220,118,38317,2),(32218,118,38315,2),(33413,110,39993,2),(35812,103,42571,2),(33415,110,39995,2),(33414,110,39994,2),(34625,105,41040,2),(34624,109,41040,2),(32185,118,38287,2),(32989,125,39469,2),(34023,103,40673,2),(34021,103,40672,2),(35773,109,42558,2),(34738,109,39207,2),(35377,103,42067,2),(35379,123,42069,2),(35382,128,42075,2),(35380,123,42070,2),(35384,129,42077,2),(35383,129,42076,2),(35371,109,42064,2),(33882,102,40603,2),(35368,109,42062,2),(35442,109,42136,2),(35123,105,41733,2),(35127,109,41734,2),(35121,109,41732,2),(35120,105,41732,2),(35141,105,41739,2),(32833,120,39233,2),(33677,118,40440,2),(33676,118,40439,2),(35101,103,41725,2),(35103,109,41726,2),(32734,109,39154,2),(33566,113,40277,2),(35665,109,42509,2),(32650,102,39076,2),(32649,106,39075,2),(33774,113,40530,2),(33775,121,40531,2),(35438,109,42134,2),(33773,121,40530,2),(34599,109,41027,2),(34600,109,41028,2),(33357,109,39947,2),(33395,107,39970,2),(33352,103,39940,2),(34484,105,40970,2),(34482,105,40969,2),(34483,109,40969,2),(34480,105,40968,2),(34481,109,40968,2),(34478,105,40967,2),(34105,104,40759,2),(31930,119,38076,2),(33164,108,39604,2),(31895,118,38058,2),(31897,118,38059,2),(31896,119,38059,2),(34779,120,41271,2),(34783,118,41275,2),(34444,109,40950,2),(34445,105,40950,2),(35249,124,41864,2),(35247,124,41862,2),(35257,124,41869,2),(35255,103,41868,2),(35251,124,41865,2),(35248,124,41863,2),(35253,124,41866,2),(35250,103,41865,2),(32488,118,38580,2),(32485,120,38578,2),(32489,120,38580,2),(32490,118,38581,2),(33485,129,40163,2),(33483,129,40162,2),(33489,127,40170,2),(33487,127,40168,2),(33377,105,39957,2),(33376,109,39956,2),(34446,105,40951,2),(34447,109,40951,2),(31606,115,37606,2),(34990,118,41482,2),(33613,114,40368,2),(33611,116,40365,2),(31608,115,37608,2),(31609,115,37609,2),(31605,115,37605,2),(31607,115,37607,2),(33612,114,40367,2),(33615,114,40370,2),(33617,114,40372,2),(33614,114,40369,2),(33619,114,40374,2),(33616,114,40371,2),(33621,114,40376,2),(33623,114,40378,2),(33618,114,40373,2),(33620,114,40375,2),(34448,109,40952,2),(34450,105,40953,2),(34449,105,40952,2),(31984,119,38103,2),(34451,109,40953,2),(31987,118,38104,2),(34568,105,41012,2),(33622,114,40377,2),(31983,118,38102,2),(35565,132,42323,2),(35564,103,42323,2),(34226,124,40844,2),(34225,108,40843,2),(34228,124,40845,2),(34227,108,40844,2),(32654,102,39078,2),(32653,106,39077,2),(32326,118,38423,2),(35057,131,41686,2),(33093,125,39528,2),(33095,125,39530,2),(33094,125,39529,2),(33625,114,40388,2),(34570,105,41013,2),(32005,118,38113,2),(34569,109,41012,2),(35408,103,42106,2),(35406,103,42104,2),(35066,118,41694,2),(35065,118,41693,2),(35314,109,42000,2),(35318,103,42004,2),(35317,103,42001,2),(32584,115,39025,2),(34130,115,40771,2),(33057,125,39502,2),(34217,103,40839,2),(34391,105,40924,2),(35938,103,42613,2),(32339,118,38436,2),(32340,118,38437,2),(32341,118,38438,2),(32342,118,38439,2),(32343,118,38440,2),(35436,109,42133,2),(35435,103,42132,2),(31614,115,37615,2),(31616,115,37617,2),(31615,115,37616,2),(31618,115,37619,2),(31617,115,37618,2),(31620,115,37621,2),(33698,118,40461,2),(33697,118,40460,2),(33719,118,40482,2),(33718,118,40481,2),(34336,109,40898,2),(34335,109,40897,2),(33013,125,39481,2),(33012,124,39481,2),(33792,113,40539,2),(33791,121,40539,2),(34218,103,40840,2),(32397,118,38494,2),(35490,103,42160,2),(35491,109,42160,2),(35494,142,42162,2),(35489,103,42159,2),(31840,118,38014,2),(34219,102,40840,2),(35084,105,41720,2),(35083,103,41719,2),(34443,109,40949,2),(32882,124,39390,2),(32725,109,39151,2),(33539,109,40249,2),(32733,103,39154,2),(33740,118,40503,2),(32731,109,39153,2),(32732,102,39154,2),(33606,116,40360,2),(35140,103,41738,2),(33609,116,40363,2),(33610,116,40364,2),(32901,108,39404,2),(33215,115,39779,2),(34952,118,41444,2),(32837,120,39237,2),(34953,118,41445,2),(32054,118,38156,2),(32053,118,38155,2),(32052,118,38154,2),(35227,127,41818,2),(35225,111,41818,2),(35921,107,41873,2),(35923,107,41875,2),(35922,107,41872,2),(35215,124,41813,2),(35924,107,41874,2),(35213,129,41812,2),(35214,124,41812,2),(35199,103,41794,2),(35198,103,41793,2),(34346,109,40903,2),(33608,116,40362,2),(34345,105,40902,2),(34348,109,40904,2),(34343,105,40901,2),(34759,113,41185,2),(34846,118,41338,2),(35195,113,41779,2),(35197,103,41792,2),(35161,103,41745,2),(34596,109,41026,2),(34597,105,41026,2),(34499,109,40977,2),(34497,109,40976,2),(31995,118,38108,2),(31994,119,38108,2),(34500,105,40978,2),(31996,119,38109,2),(34235,124,40848,2),(35884,103,42604,2),(32565,115,39004,2),(32566,115,39005,2),(31966,119,38094,2),(32567,115,39006,2),(32810,102,39209,2),(31965,118,38093,2),(34739,106,39208,2),(31967,118,38094,2),(33293,115,39887,2),(33479,119,40159,2),(33291,115,39885,2),(33294,115,39888,2),(33288,115,39879,2),(34826,118,41318,2),(33292,115,39886,2),(33315,102,39903,2),(34342,109,40901,2),(32204,118,38305,2),(34736,106,39207,2),(32568,115,39007,2),(34344,109,40902,2),(33117,125,39552,2),(33058,124,39503,2),(34341,105,40900,2),(33116,125,39551,2),(33120,125,39555,2),(33119,125,39554,2),(33142,108,39591,2),(33144,108,39592,2),(33115,125,39550,2),(35346,103,42051,2),(35345,109,42051,2),(33143,104,39591,2),(33890,102,40607,2),(33888,102,40606,2),(34836,118,41328,2),(33886,102,40605,2),(33889,106,40606,2),(33887,106,40605,2),(33343,124,39512,2),(33073,125,39510,2),(33884,102,40604,2),(35811,109,42571,2),(35809,109,42570,2),(32203,106,38305,2),(34510,105,40983,2),(32205,106,38306,2),(33370,105,39953,2),(32569,115,39008,2),(34512,105,40984,2),(34511,109,40983,2),(34514,105,40985,2),(32309,118,38406,2),(34992,132,41487,2),(35347,109,42052,2),(32307,118,38404,2),(32306,118,38403,2),(32308,118,38405,2),(34991,105,41487,2),(35931,132,42164,2),(34994,134,41487,2),(32082,118,38184,2),(32080,118,38182,2),(32083,118,38185,2),(32078,118,38180,2),(32081,118,38183,2),(32079,118,38181,2),(33910,102,40617,2),(33908,102,40616,2),(32077,118,38179,2),(33906,102,40615,2),(33909,106,40616,2),(33907,106,40615,2),(33904,102,40614,2),(33902,102,40613,2),(33905,106,40614,2),(35306,109,41996,2),(35309,103,41997,2),(35807,103,42569,2),(35805,132,42569,2),(34267,105,40865,2),(34268,109,40866,2),(35804,132,42568,2),(35803,109,42568,2),(33104,125,39539,2),(33106,125,39541,2),(35808,103,42570,2),(35806,109,42569,2),(34442,105,40949,2),(34441,105,40948,2),(34395,105,40926,2),(34396,109,40927,2),(34850,118,41342,2),(34936,118,41428,2),(34392,109,40925,2),(34393,105,40925,2),(34283,105,40873,2),(34281,105,40872,2),(34285,105,40874,2),(34284,109,40874,2),(34849,118,41341,2),(34934,118,41426,2),(34852,118,41344,2),(34851,118,41343,2),(34436,105,40946,2),(34435,109,40945,2),(34434,105,40945,2),(34433,105,40944,2),(34432,109,40944,2),(34431,109,40943,2),(32239,118,38336,2),(32238,118,38335,2),(34933,118,41425,2),(34938,118,41430,2),(35029,118,41666,2),(35025,118,41661,2),(35027,118,41663,2),(35023,118,41659,2),(35022,118,41658,2),(35024,118,41660,2),(35019,118,41655,2),(35018,118,41654,2),(34440,109,40948,2),(34439,109,40947,2),(35312,109,41999,2),(35360,103,42058,2),(33538,103,40249,2),(35810,132,42570,2),(33922,102,40623,2),(33156,108,39598,2),(35358,109,42057,2),(33924,102,40624,2),(34265,105,40864,2),(34264,109,40864,2),(33638,117,40401,2),(33637,117,40400,2),(32854,140,39276,2),(33636,112,40399,2),(32175,118,38277,2),(32853,106,39264,2),(32886,124,39392,2),(33650,118,40413,2),(34452,105,40954,2),(31613,115,37614,2),(32023,118,38125,2),(32025,118,38127,2),(32024,118,38126,2),(35741,132,42547,2),(35742,132,42548,2),(35743,109,42548,2),(35744,103,42548,2),(35661,109,42508,2),(34133,115,40774,2),(35765,132,42555,2),(35308,109,41997,2),(35311,103,41998,2),(35313,103,41999,2),(35310,109,41998,2),(33407,110,39987,2),(33406,110,39986,2),(33409,110,39989,2),(33408,110,39988,2),(33411,110,39991,2),(33410,110,39990,2),(35767,109,42556,2),(33412,110,39992,2),(35769,103,42557,2),(35768,103,42556,2),(31893,118,38057,2),(31892,119,38057,2),(34282,109,40873,2),(33196,115,39752,2),(35015,118,41651,2),(34605,109,41030,2),(35649,103,42435,2),(34864,118,41356,2),(35650,103,42436,2),(34866,118,41358,2),(35791,109,42564,2),(35789,132,42563,2),(35793,132,42565,2),(32380,118,38477,2),(35790,103,42564,2),(35788,109,42563,2),(33591,115,40345,2),(33589,115,40343,2),(32379,118,38476,2),(33587,115,40341,2),(33590,115,40344,2),(33588,115,40342,2),(34632,130,41047,2),(34631,130,41046,2),(33586,115,40340,2),(33521,103,40230,2),(33313,102,39902,2),(33311,102,39901,2),(33520,124,40229,2),(33309,102,39900,2),(33312,103,39901,2),(33307,102,39899,2),(34827,118,41319,2),(32409,118,38506,2),(33900,102,40612,2),(33903,106,40613,2),(33901,106,40612,2),(33074,124,39511,2),(33072,124,39510,2),(33899,106,40611,2),(31920,119,38071,2),(34081,103,40744,2),(33019,125,39484,2),(34079,124,40741,2),(34080,125,40741,2),(31921,118,38071,2),(33477,119,40157,2),(34077,124,40740,2),(34078,125,40740,2),(33471,127,40129,2),(33475,119,40155,2),(33474,103,40154,2),(33762,118,40524,2),(33470,103,40129,2),(31742,112,37916,2),(34986,118,41478,2),(34988,118,41480,2),(31948,119,38085,2),(33447,103,40032,2),(34984,118,41476,2),(34985,118,41477,2),(33445,103,40030,2),(34865,118,41357,2),(32413,118,38510,2),(33444,103,40029,2),(34983,118,41475,2),(34174,106,40813,2),(33264,115,39839,2),(32753,102,39161,2),(34171,102,40812,2),(34175,106,40814,2),(34221,103,40841,2),(34172,106,40812,2),(34173,102,40813,2),(34168,115,40809,2),(34169,115,40810,2),(34165,115,40806,2),(34170,117,40811,2),(34166,115,40807,2),(34167,115,40808,2),(34162,115,40803,2),(34163,115,40804,2),(34161,115,40802,2),(34164,115,40805,2),(33537,132,40244,2),(33533,129,40242,2),(33530,124,40240,2),(34332,105,40896,2),(34041,103,40682,2),(34789,118,41281,2),(33081,125,39516,2),(34464,105,40960,2),(34463,105,40959,2),(34970,118,41462,2),(34968,118,41460,2),(33025,125,39487,2),(35514,109,42175,2),(35513,103,42174,2),(32269,118,38366,2),(32268,118,38365,2),(32527,113,38604,2),(32524,121,38603,2),(35516,106,42175,2),(35515,103,42175,2),(32526,121,38604,2),(32530,121,38606,2),(32525,113,38603,2),(32533,115,38972,2),(32529,113,38605,2),(32528,121,38605,2),(34574,105,41015,2),(35323,103,42040,2),(32534,115,38973,2),(33692,118,40455,2),(32275,118,38372,2),(34732,103,41155,2),(33972,102,40648,2),(32168,118,38270,2),(31952,119,38087,2),(31951,118,38086,2),(33333,124,39919,2),(33334,125,39919,2),(32956,124,39453,2),(32955,125,39452,2),(31863,118,38037,2),(31862,118,38036,2),(31676,114,37846,2),(31675,114,37845,2),(31674,114,37844,2),(32750,102,39160,2),(32749,109,39159,2),(34334,105,40897,2),(34333,109,40896,2),(32850,106,39250,2),(32241,118,38338,2),(35357,103,42057,2),(32378,118,38475,2),(33701,118,40464,2),(33717,118,40480,2),(34421,105,40889,2),(34420,109,40889,2),(34320,105,40890,2),(34315,105,40887,2),(34316,109,40888,2),(32061,118,38163,2),(32060,118,38162,2),(35576,103,42327,2),(34588,109,41022,2),(35853,109,42585,2),(35857,103,42586,2),(32364,118,38461,2),(35575,109,42327,2),(35520,114,42177,2),(35519,106,42176,2),(35695,132,42519,2),(35854,103,42585,2),(35693,132,42518,2),(35694,109,42519,2),(35852,109,42584,2),(35851,103,42584,2),(35849,132,42583,2),(35696,103,42519,2),(35850,132,42584,2),(35848,103,42583,2),(35697,109,42520,2),(35698,103,42520,2),(35701,132,42521,2),(35843,132,42581,2),(35699,132,42520,2),(35700,109,42521,2),(35813,132,42571,2),(34803,118,41295,2),(32822,120,39225,2),(35702,103,42521,2),(33270,115,39848,2),(33269,115,39844,2),(32842,120,39242,2),(32841,120,39241,2),(33273,115,39857,2),(33777,121,40532,2),(32919,108,39422,2),(33272,115,39855,2),(32921,125,39423,2),(32917,108,39420,2),(32383,118,38480,2),(32918,108,39421,2),(32385,118,38482,2),(34948,118,41440,2),(32387,118,38484,2),(32386,118,38483,2),(34946,118,41438,2),(34945,118,41437,2),(33780,113,40533,2),(34947,118,41439,2),(33629,114,40392,2),(32840,120,39240,2),(31950,119,38086,2),(34802,118,41294,2),(33152,108,39596,2),(33150,108,39595,2),(33149,104,39594,2),(33230,115,39796,2),(33229,115,39795,2),(35463,109,42146,2),(35465,103,42147,2),(33768,113,40527,2),(33767,121,40527,2),(33228,115,39794,2),(33766,113,40526,2),(33752,118,40515,2),(35855,132,42585,2),(33784,113,40535,2),(33783,121,40535,2),(33782,113,40534,2),(33781,121,40534,2),(34020,102,40672,2),(31748,112,37922,2),(34539,109,40997,2),(34540,105,40998,2),(34537,109,40996,2),(34538,105,40997,2),(34535,109,40995,2),(34536,105,40996,2),(34533,109,40994,2),(34534,105,40995,2),(34011,103,40667,2),(34532,105,40994,2),(34009,103,40666,2),(34010,102,40667,2),(34007,103,40665,2),(34008,102,40666,2),(33226,115,39792,2),(33227,115,39793,2),(34019,103,40671,2),(33225,115,39791,2),(34017,103,40670,2),(34018,102,40671,2),(34005,103,40664,2),(34006,102,40665,2),(34003,106,40663,2),(34004,102,40664,2),(34461,109,40958,2),(33756,118,40519,2),(34755,113,41181,2),(34462,109,40959,2),(35733,103,42545,2),(35340,109,42048,2),(35339,103,42048,2),(35089,103,41721,2),(35088,109,41721,2),(35091,109,41722,2),(35090,105,41722,2),(35093,105,41723,2),(35092,103,41722,2),(35095,103,41723,2),(35094,109,41723,2),(35097,109,41724,2),(35096,105,41724,2),(35099,105,41725,2),(35098,103,41724,2),(33284,115,39873,2),(35370,103,42063,2),(32008,119,38115,2),(32004,119,38113,2),(33603,116,40357,2),(33605,116,40359,2),(33604,116,40358,2),(32221,118,38318,2),(34347,105,40903,2),(34513,109,40984,2),(34516,105,40986,2),(33082,125,39517,2),(34515,109,40985,2),(34357,105,40908,2),(33060,124,39504,2),(33061,125,39504,2),(33062,124,39505,2),(31873,118,38047,2),(33739,118,40502,2),(35021,118,41657,2),(35020,118,41656,2),(35028,118,41665,2),(35026,118,41662,2),(34937,118,41429,2),(34942,118,41434,2),(34940,118,41432,2),(34944,118,41436,2),(34854,118,41346,2),(34853,118,41345,2),(32281,118,38378,2),(34754,113,41180,2),(34470,109,40963,2),(34471,105,40963,2),(32477,118,38574,2),(32480,102,38577,2),(35536,109,42314,2),(35538,132,42314,2),(35534,103,42184,2),(32280,118,38377,2),(32366,118,38463,2),(35533,114,42183,2),(33204,115,39765,2),(33202,115,39762,2),(35873,132,42598,2),(35872,103,42598,2),(33547,109,40253,2),(33066,124,39507,2),(33546,103,40253,2),(33064,124,39506,2),(35196,103,41791,2),(33532,124,40241,2),(35031,118,41668,2),(34266,109,40865,2),(35160,109,41745,2),(34862,118,41354,2),(32535,115,38974,2),(33449,103,40034,2),(32531,113,38606,2),(35194,113,41778,2),(35205,103,41800,2),(35203,103,41798,2),(33065,125,39506,2),(32660,102,39122,2),(32475,118,38572,2),(32478,118,38575,2),(32532,113,38607,2),(34576,105,41016,2),(34575,109,41015,2),(33448,103,40033,2),(32473,118,38570,2),(32471,118,38568,2),(32469,118,38566,2),(32472,118,38569,2),(32470,118,38567,2),(32465,118,38562,2),(32716,109,39148,2),(32717,102,39149,2),(32714,102,39148,2),(34579,109,41017,2),(33063,125,39505,2),(35558,103,42321,2),(33289,115,39880,2),(35241,124,41856,2),(34727,109,41144,2),(34782,118,41274,2),(34729,109,41145,2),(35239,103,41854,2),(35557,109,42321,2),(31679,114,37853,2),(32915,108,39418,2),(32911,108,39414,2),(32914,108,39417,2),(32909,108,39412,2),(32910,108,39413,2),(33387,111,39962,2),(33389,111,39963,2),(32907,108,39410,2),(32908,108,39411,2),(35113,105,41729,2),(35801,103,42567,2),(32906,108,39409,2),(35111,109,41729,2),(35112,103,41729,2),(35109,109,41728,2),(32408,118,38505,2),(33220,115,39786,2),(35044,131,41679,2),(32537,115,38976,2),(33787,121,40537,2),(32536,115,38975,2),(33379,105,39958,2),(33597,115,40351,2),(35441,109,42135,2),(32003,118,38112,2),(35302,109,41994,2),(35301,103,41993,2),(32434,118,38531,2),(35305,103,41995,2),(33277,115,39862,2),(33572,128,40283,2),(33579,128,40333,2),(33581,115,40335,2),(35711,132,42524,2),(33578,128,40332,2),(32892,108,39395,2),(31604,115,37604,2),(31602,115,37602,2),(31599,115,37599,2),(31600,115,37600,2),(35868,103,42596,2),(35867,128,42595,2),(32543,115,38982,2),(35866,128,42594,2),(32541,115,38980,2),(32542,115,38981,2),(32540,115,38979,2),(32538,115,38977,2),(35272,103,41979,2),(35275,103,41980,2),(35359,109,42058,2),(34813,118,41305,2),(34033,103,40678,2),(34032,102,40678,2),(34031,103,40677,2),(34030,102,40677,2),(34029,103,40676,2),(34764,113,41190,2),(34210,108,40836,2),(32576,115,39017,2),(35682,109,42515,2),(32412,118,38509,2),(33403,124,39982,2),(33433,103,40018,2),(33437,103,40022,2),(33432,103,40017,2),(32122,118,38224,2),(33434,103,40019,2),(33427,103,40004,2),(33431,103,40016,2),(32064,118,38166,2),(33428,128,40006,2),(32063,118,38165,2),(35006,113,41642,2),(33240,115,39809,2),(35004,103,41638,2),(33241,115,39810,2),(35005,104,41639,2),(35002,105,41638,2),(35003,109,41638,2),(35000,105,41488,2),(35632,103,42375,2),(34998,135,41488,2),(34999,132,41488,2),(34996,138,41488,2),(34997,136,41488,2),(34993,133,41487,2),(34995,137,41487,2),(34630,130,41045,2),(35085,109,41720,2),(34398,109,40928,2),(32176,118,38278,2),(32432,118,38529,2),(32301,118,38398,2),(33151,104,39595,2),(33148,108,39594,2),(34141,115,40782,2),(34243,105,40853,2),(34238,105,40851,2),(34239,109,40851,2),(34240,109,40852,2),(34241,105,40852,2),(34151,115,40792,2),(34152,115,40793,2),(32792,102,39174,2),(32709,103,39146,2),(32710,109,39146,2),(32707,103,39145,2),(32708,102,39146,2),(32705,103,39144,2),(32706,102,39145,2),(32703,103,39143,2),(32704,102,39144,2),(32701,103,39142,2),(32702,102,39143,2),(32699,103,39141,2),(32700,102,39142,2),(32697,103,39140,2),(32698,102,39141,2),(32128,118,38230,2),(32131,118,38233,2),(32196,118,38298,2),(32129,118,38231,2),(32195,118,38297,2),(32127,118,38229,2),(33118,125,39553,2),(32206,118,38306,2),(32696,102,39140,2),(32933,108,39432,2),(32935,108,39434,2),(33100,125,39535,2),(34134,115,40775,2),(33911,106,40617,2),(33168,115,39721,2),(33147,104,39593,2),(33166,115,39718,2),(33167,115,39719,2),(34139,115,40780,2),(31942,119,38082,2),(34832,118,41324,2),(34140,115,40781,2),(33674,118,40437,2),(32504,118,38589,2),(32999,125,39474,2),(31808,118,37982,2),(31807,118,37981,2),(31806,118,37980,2),(31805,118,37979,2),(31804,118,37978,2),(31803,118,37977,2),(34122,108,40765,2),(34119,108,40764,2),(34142,115,40783,2),(31943,118,38082,2),(31914,119,38068,2),(31915,118,38068,2),(31757,112,37931,2),(33562,124,40274,2),(31686,112,37860,2),(31685,112,37859,2),(31684,112,37858,2),(35042,131,41678,2),(35046,131,41680,2),(35041,118,41677,2),(35043,118,41678,2),(35039,118,41676,2),(35038,131,41676,2),(35036,118,41673,2),(35040,131,41677,2),(35035,118,41672,2),(35037,118,41675,2),(34275,105,40869,2),(35034,118,41671,2),(34270,109,40867,2),(34272,109,40868,2),(34269,105,40866,2),(33897,106,40610,2),(33894,102,40609,2),(33895,106,40609,2),(33892,106,40608,2),(35321,109,42039,2),(35320,103,42014,2),(33154,108,39597,2),(33051,125,39499,2),(31611,115,37612,2),(33049,125,39498,2),(33050,124,39499,2),(33047,124,39498,2),(33048,103,39498,2),(33045,103,39497,2),(33046,125,39497,2),(33044,124,39497,2),(34467,109,40961,2),(31850,118,38024,2),(34468,105,40962,2),(33713,118,40476,2),(33733,118,40496,2),(33712,118,40475,2),(34492,105,40974,2),(31671,114,37841,2),(31670,114,37840,2),(33998,102,40661,2),(33997,106,40660,2),(33996,102,40660,2),(32577,115,39018,2),(32581,115,39022,2),(32578,115,39019,2),(32579,115,39020,2),(34291,105,40877,2),(33716,118,40479,2),(34289,105,40876,2),(32210,118,38308,2),(32211,106,38309,2),(34290,109,40877,2),(34120,104,40764,2),(35937,135,42613,2),(34376,133,40917,2),(32150,118,38252,2),(32151,118,38253,2),(32148,118,38250,2),(32149,118,38251,2),(32146,118,38248,2),(32147,118,38249,2),(33231,115,39799,2),(33114,125,39549,2),(32144,118,38246,2),(32145,118,38247,2),(32142,118,38244,2),(32143,118,38245,2),(34598,105,41027,2),(32790,103,39173,2),(32998,124,39474,2),(33243,115,39812,2),(32876,124,39387,2),(32788,109,39172,2),(32789,102,39173,2),(34286,109,40875,2),(32156,118,38258,2),(32157,118,38259,2),(31823,118,37997,2),(32154,118,38256,2),(32508,118,38593,2),(31821,118,37995,2),(32512,113,38596,2),(32494,118,38583,2),(35152,103,41742,2),(32415,118,38512,2),(32913,108,39416,2),(32018,118,38120,2),(35709,109,42524,2),(35151,109,41742,2),(35150,105,41742,2),(31866,118,38040,2),(31760,112,37934,2),(31759,112,37933,2),(33563,129,40275,2),(31756,112,37930,2),(34271,105,40867,2),(33832,115,40575,2),(32583,115,39024,2),(32671,103,39127,2),(32668,102,39126,2),(32669,103,39126,2),(32666,102,39125,2),(32667,103,39125,2),(31649,115,37799,2),(35011,118,41647,2),(33005,125,39477,2),(32030,118,38132,2),(32916,108,39419,2),(32920,124,39423,2),(32923,124,39424,2),(32839,120,39239,2),(32978,124,39464,2),(32977,125,39463,2),(33205,115,39766,2),(31880,119,38051,2),(31932,119,38077,2),(31837,118,38011,2),(32274,118,38371,2),(33158,108,39599,2),(33135,126,39588,2),(33893,102,40608,2),(31844,118,38018,2),(31843,118,38017,2),(31846,118,38020,2),(33559,109,40270,2),(35593,109,42333,2),(35592,132,42332,2),(33944,102,40634,2),(33943,106,40633,2),(35405,103,42103,2),(35864,128,42592,2),(35863,128,42591,2),(32381,118,38478,2),(32557,115,38996,2),(33878,102,40601,2),(33880,102,40602,2),(33876,102,40600,2),(33877,106,40600,2),(33874,102,40599,2),(33875,106,40599,2),(33891,106,40607,2),(31845,118,38019,2),(34890,118,41382,2),(31886,119,38054,2),(31882,119,38052,2),(31681,114,37855,2),(35110,103,41728,2),(35107,103,41727,2),(35108,105,41728,2),(35105,105,41727,2),(35106,109,41727,2),(35102,105,41726,2),(35104,103,41726,2),(33385,130,39961,2),(33386,103,39962,2),(34912,118,41404,2),(32486,118,38579,2),(32483,102,38578,2),(32487,120,38579,2),(32484,118,38578,2),(32482,120,38577,2),(32476,118,38573,2),(33380,109,39958,2),(33378,109,39957,2),(34905,118,41397,2),(34904,118,41396,2),(34903,118,41395,2),(34902,118,41394,2),(34901,118,41393,2),(34900,118,41392,2),(34899,118,41391,2),(34898,118,41390,2),(34897,118,41389,2),(34896,118,41388,2),(34895,118,41387,2),(34894,118,41386,2),(34893,118,41385,2),(34892,118,41384,2),(34891,118,41383,2),(34889,118,41381,2),(33824,115,40567,2),(33826,115,40569,2),(33822,115,40565,2),(33823,115,40566,2),(33820,115,40563,2),(33821,115,40564,2),(34236,124,40849,2),(33643,118,40406,2),(33214,115,39778,2),(35288,109,41987,2),(35409,103,42107,2),(35373,103,42065,2),(35375,109,42066,2),(35376,103,42066,2),(35378,103,42068,2),(34731,109,41146,2),(35583,132,42329,2),(35582,103,42329,2),(35815,103,42572,2),(34518,105,40987,2),(34519,109,40987,2),(31898,119,38060,2),(32365,118,38462,2),(35372,103,42064,2),(35374,109,42065,2),(35535,106,42184,2),(35488,109,42159,2),(35486,103,42158,2),(33738,118,40501,2),(35115,109,41730,2),(35100,109,41725,2),(35119,103,41731,2),(35114,105,41730,2),(35117,105,41731,2),(35118,109,41731,2),(35137,109,41737,2),(35116,103,41730,2),(35135,103,41737,2),(35136,105,41737,2),(35344,103,42050,2),(34915,118,41407,2),(35342,103,42049,2),(35343,109,42050,2),(35840,109,42580,2),(35341,109,42049,2),(35448,103,42139,2),(35752,109,42551,2),(35447,103,42138,2),(35754,132,42552,2),(35753,132,42551,2),(32879,108,39388,2),(32878,124,39388,2),(35571,132,42325,2),(34567,109,41011,2),(35570,103,42325,2),(35569,109,42325,2),(34220,102,40841,2),(34201,108,40828,2),(34202,112,40830,2),(33975,106,40649,2),(33973,106,40648,2),(33976,102,40650,2),(33974,102,40649,2),(34617,105,41036,2),(34616,109,41036,2),(34619,109,41037,2),(34618,105,41037,2),(32337,118,38434,2),(34229,108,40845,2),(35126,105,41734,2),(35129,105,41735,2),(35128,103,41734,2),(35131,103,41735,2),(35133,109,41736,2),(35132,105,41736,2),(35718,109,42527,2),(35896,103,42610,2),(35703,109,42522,2),(35719,132,42527,2),(34607,105,41031,2),(34606,109,41031,2),(34609,109,41032,2),(34608,105,41032,2),(34611,105,41033,2),(34610,109,41033,2),(34612,105,41034,2),(33923,106,40623,2),(33926,102,40625,2),(34920,118,41412,2),(34918,118,41410,2),(32091,118,38193,2),(33405,124,39984,2),(35287,103,41986,2),(35286,109,41986,2),(35537,103,42314,2),(32282,118,38379,2),(33092,125,39527,2),(35546,103,42317,2),(35545,109,42317,2),(35836,103,42579,2),(35835,109,42579,2),(32197,118,38299,2),(35837,132,42579,2),(35644,113,42430,2),(35643,113,42429,2),(35646,113,42432,2),(35645,113,42431,2),(32354,118,38451,2),(35647,103,42433,2),(32356,118,38453,2),(32353,118,38450,2),(32357,118,38454,2),(32355,118,38452,2),(32359,118,38456,2),(32358,118,38455,2),(33014,124,39482,2),(35591,103,42332,2),(33110,125,39545,2),(33109,125,39544,2),(33188,115,39744,2),(33187,115,39743,2),(33190,115,39746,2),(33189,115,39745,2),(32851,106,39251,2),(32360,118,38457,2),(32140,118,38242,2),(31813,118,37987,2),(31680,114,37854,2),(34323,109,40891,2),(31838,118,38012,2),(34085,125,40751,2),(31922,119,38072,2),(31923,118,38072,2),(34087,125,40753,2),(34082,118,40748,2),(34083,125,40749,2),(34084,125,40750,2),(34086,125,40752,2),(33560,127,40271,2),(35690,103,42517,2),(31758,112,37932,2),(35050,118,41682,2),(35049,131,41682,2),(35054,118,41684,2),(35053,131,41684,2),(35052,118,41683,2),(35056,118,41685,2),(34726,103,41144,2),(34728,103,41145,2),(34340,109,40900,2),(34339,109,40899,2),(35289,103,41987,2),(32245,118,38342,2),(35407,103,42105,2),(33112,125,39547,2),(33111,125,39546,2),(35338,103,42047,2),(35337,109,42047,2),(32189,118,38291,2),(32194,118,38296,2),(32240,118,38337,2),(35654,103,42505,2),(34595,109,41025,2),(32188,118,38290,2),(33583,115,40337,2),(34594,105,41025,2),(33165,115,39717,2),(34885,118,41377,2),(35304,109,41995,2),(34884,118,41376,2),(34883,118,41375,2),(34882,118,41374,2),(34881,118,41373,2),(34880,118,41372,2),(34879,118,41371,2),(34878,118,41370,2),(35485,103,42157,2),(35364,103,42060,2),(33513,124,40223,2),(32006,119,38114,2),(35838,132,42580,2),(35362,109,42059,2),(35841,109,42581,2),(35816,132,42572,2),(35802,103,42568,2),(33276,115,39860,2),(32652,102,39077,2),(33275,115,39859,2),(31953,118,38087,2),(32585,115,39027,2),(35800,109,42567,2),(35181,113,41765,2),(35180,113,41756,2),(35179,113,41755,2),(35178,103,41752,2),(35177,120,41751,2),(35176,103,41751,2),(35175,120,41750,2),(35174,103,41750,2),(35173,103,41749,2),(35172,109,41749,2),(35171,105,41749,2),(35170,103,41748,2),(35169,109,41748,2),(35168,105,41748,2),(35167,103,41747,2),(35166,109,41747,2),(35165,105,41747,2),(34848,118,41340,2),(35163,109,41746,2),(35204,103,41799,2),(35202,103,41797,2),(35209,126,41806,2),(35207,124,41804,2),(35211,129,41811,2),(35206,103,41803,2),(35210,126,41807,2),(35208,126,41805,2),(35162,105,41746,2),(34877,118,41369,2),(34488,105,40972,2),(31831,118,38005,2),(32244,118,38341,2),(33689,118,40452,2),(33883,106,40603,2),(33885,106,40604,2),(31907,118,38064,2),(34763,113,41189,2),(33964,102,40644,2),(32987,125,39468,2),(32325,118,38422,2),(31830,118,38004,2),(32715,103,39148,2),(32712,103,39147,2),(32713,109,39147,2),(32723,102,39151,2),(32724,103,39151,2),(35243,124,41858,2),(35240,124,41855,2),(35256,124,41868,2),(35556,132,42320,2),(34943,118,41435,2),(34941,118,41433,2),(32162,118,38264,2),(32158,118,38260,2),(32159,118,38261,2),(32160,118,38262,2),(32161,118,38263,2),(34177,106,40815,2),(35667,103,42510,2),(34825,118,41317,2),(34176,102,40814,2),(34822,118,41314,2),(34821,118,41313,2),(34824,118,41316,2),(34823,118,41315,2),(32971,125,39460,2),(32974,124,39462,2),(32973,125,39461,2),(32975,125,39462,2),(32163,118,38265,2),(33329,124,39917,2),(35799,132,42567,2),(35798,132,42566,2),(35797,109,42566,2),(35590,109,42332,2),(32899,108,39402,2),(32898,108,39401,2),(31848,118,38022,2),(31847,118,38021,2),(32164,118,38266,2),(32165,118,38267,2),(34861,118,41353,2),(34863,118,41355,2),(33310,103,39900,2),(33305,102,39898,2),(33308,103,39899,2),(33302,103,39896,2),(33306,103,39898,2),(33304,103,39897,2),(32459,118,38556,2),(32458,118,38555,2),(33534,124,40242,2),(33529,129,40240,2),(35796,103,42566,2),(34479,109,40967,2),(34477,109,40966,2),(34572,105,41014,2),(34571,109,41013,2),(32460,118,38557,2),(32946,108,39445,2),(31812,118,37986,2),(31815,118,37989,2),(32948,108,39447,2),(32947,108,39446,2),(32950,108,39449,2),(32949,108,39448,2),(32952,124,39451,2),(32951,108,39450,2),(32447,118,38544,2),(32448,118,38545,2),(32449,118,38546,2),(32450,118,38547,2),(32451,118,38548,2),(35588,103,42331,2),(35587,109,42331,2),(35586,132,42330,2),(35585,103,42330,2),(33262,115,39835,2),(33263,115,39836,2),(33254,115,39824,2),(33441,103,40026,2),(33439,103,40024,2),(33446,103,40031,2),(34633,130,41048,2),(32328,118,38425,2),(34634,130,41049,2),(34117,104,40763,2),(34118,126,40764,2),(33438,103,40023,2),(33443,103,40028,2),(33442,103,40027,2),(34490,105,40973,2),(34581,109,41018,2),(34491,109,40973,2),(33079,125,39514,2),(31931,118,38076,2),(34107,108,40760,2),(34383,105,40920,2),(34384,109,40921,2),(35326,103,42041,2),(35328,103,42042,2),(35333,109,42045,2),(34331,105,40895,2),(31645,102,37783,2),(33819,115,40562,2),(32688,102,39136,2),(34137,115,40778,2),(34521,109,40988,2),(34138,115,40779,2),(32838,120,39238,2),(32174,118,38276,2),(35434,109,42132,2),(31673,114,37843,2),(31672,114,37842,2),(35432,103,42131,2),(35846,109,42582,2),(35844,132,42582,2),(35845,103,42582,2),(35847,109,42583,2),(35433,109,42131,2),(35430,109,42130,2),(33356,105,39946,2),(31644,102,37782,2),(34135,115,40776,2),(35839,103,42580,2),(35480,109,42155,2),(33599,115,40353,2),(33598,115,40352,2),(33596,115,40350,2),(34102,104,40758,2),(34136,115,40777,2),(31762,112,37936,2),(31761,112,37935,2),(31936,119,38079,2),(31941,118,38081,2),(35246,124,41861,2),(35245,124,41860,2),(35244,124,41859,2),(35242,124,41857,2),(35134,103,41736,2),(35125,103,41733,2),(35122,103,41732,2),(35130,109,41735,2),(35451,103,42140,2),(35450,109,42140,2),(32881,108,39389,2),(34278,109,40871,2),(34489,109,40972,2),(34486,105,40971,2),(34487,109,40971,2),(34485,109,40970,2),(33511,124,40185,2),(35717,132,42526,2),(33531,129,40241,2),(33527,129,40239,2),(33528,124,40239,2),(33524,107,40232,2),(33526,116,40238,2),(33523,107,40231,2),(34565,109,41010,2),(33763,121,40525,2),(33971,106,40647,2),(32461,118,38558,2),(34573,109,41014,2),(33963,106,40643,2),(33966,102,40645,2),(33967,106,40645,2),(33965,106,40644,2),(34000,102,40662,2),(35764,109,42555,2),(33731,118,40494,2),(31794,118,37968,2),(35030,118,41667,2),(33549,109,40254,2),(35920,107,41871,2),(34935,118,41427,2),(34939,118,41431,2),(34815,118,41307,2),(34811,118,41303,2),(33195,115,39751,2),(33193,115,39749,2),(35033,118,41670,2),(35032,118,41669,2),(32468,118,38565,2),(33384,105,39960,2),(31986,119,38104,2),(31985,118,38103,2),(33140,108,39590,2),(33071,125,39509,2),(33069,125,39508,2),(33024,124,39487,2),(33235,115,39804,2),(33022,124,39486,2),(33023,125,39486,2),(33234,115,39803,2),(33020,124,39485,2),(33084,125,39519,2),(33087,125,39522,2),(33086,125,39521,2),(33089,125,39524,2),(33088,125,39523,2),(33091,125,39526,2),(33090,125,39525,2),(32556,115,38995,2),(32027,118,38129,2),(32026,118,38128,2),(32028,118,38130,2),(34810,118,41302,2),(35544,132,42316,2),(35543,103,42316,2),(34795,118,41287,2),(34794,118,41286,2),(34798,118,41290,2),(34797,118,41289,2),(34801,118,41293,2),(34796,118,41288,2),(34800,118,41292,2),(34799,118,41291,2),(34621,105,41038,2),(34620,109,41038,2),(34623,109,41039,2),(34622,105,41039,2),(34615,109,41035,2),(34614,105,41035,2),(35164,103,41746,2),(34847,118,41339,2),(34845,118,41337,2),(35185,113,41769,2),(35183,113,41767,2),(35182,113,41766,2),(35187,113,41771,2),(35186,113,41770,2),(35184,113,41768,2),(35238,124,41854,2),(35237,124,41853,2),(35236,103,41853,2),(32388,118,38485,2),(32389,118,38486,2),(35235,103,41852,2),(32718,103,39149,2),(32719,109,39149,2),(32720,102,39150,2),(33728,118,40491,2),(31913,118,38067,2),(34379,105,40918,2),(34380,109,40919,2),(31960,119,38091,2),(31727,112,37901,2),(31726,112,37900,2),(32888,124,39393,2),(34549,109,41002,2),(32993,125,39471,2),(32995,125,39472,2),(32991,125,39470,2),(32992,124,39471,2),(32990,124,39470,2),(32994,124,39472,2),(32997,125,39473,2),(32996,124,39473,2),(33585,115,40339,2),(33584,115,40338,2),(33141,104,39590,2),(35279,103,41982,2),(34222,108,40842,2),(34978,118,41470,2),(34980,118,41472,2),(34981,118,41473,2),(34456,105,40956,2),(35281,103,41983,2),(35060,118,41687,2),(35059,131,41687,2),(35270,103,41978,2),(35280,109,41983,2),(35145,109,41740,2),(35144,105,41740,2),(35147,105,41741,2),(35146,103,41740,2),(35875,132,42599,2),(35874,103,42599,2),(35877,132,42600,2),(35876,103,42600,2),(31957,118,38089,2),(31956,119,38089,2),(31959,118,38090,2),(31958,119,38090,2),(32057,118,38159,2),(32056,118,38158,2),(32059,118,38161,2),(32058,118,38160,2),(32802,102,39193,2),(32801,102,39192,2),(32800,123,39191,2),(31872,118,38046,2),(32798,123,39190,2),(32797,102,39190,2),(34974,118,41466,2),(35274,124,41980,2),(35277,124,41981,2),(35278,109,41982,2),(35464,109,42147,2),(32349,118,38446,2),(32350,118,38447,2),(32351,118,38448,2),(32352,118,38449,2),(31728,112,37902,2),(34976,118,41468,2),(34979,118,41471,2),(34975,118,41467,2),(34977,118,41469,2),(31729,112,37903,2),(31730,112,37904,2),(31725,112,37899,2),(35766,132,42556,2),(34223,124,40842,2),(32452,118,38549,2),(34250,109,40857,2),(32454,118,38551,2),(32453,118,38550,2),(34244,109,40854,2),(32514,113,38597,2),(32141,118,38243,2),(33686,118,40449,2),(35124,109,41733,2),(32695,103,39139,2),(35479,109,42154,2),(34987,118,41479,2),(34989,118,41481,2),(31733,112,37907,2),(32929,108,39428,2),(35529,103,42182,2),(35386,129,42079,2),(34203,112,40832,2),(34194,124,40825,2),(33977,106,40650,2),(34204,113,40833,2),(34453,109,40954,2),(35858,109,42586,2),(31770,117,37944,2),(35517,114,42175,2),(35856,132,42586,2),(33685,118,40448,2),(35731,109,42544,2),(35730,132,42544,2),(35729,109,42543,2),(35795,103,42565,2),(35794,109,42565,2),(32897,108,39400,2),(32896,108,39399,2),(34547,109,41001,2),(34548,105,41002,2),(34545,109,41000,2),(32816,120,39222,2),(32831,120,39231,2),(32830,120,39230,2),(32829,120,39229,2),(32828,120,39228,2),(32827,102,39228,2),(32826,120,39227,2),(32819,102,39224,2),(32818,120,39223,2),(32817,102,39223,2),(32821,102,39225,2),(35879,132,42601,2),(35878,103,42601,2),(32498,118,38585,2),(35880,103,42602,2),(32497,120,38584,2),(32499,120,38585,2),(35234,124,41852,2),(35233,124,41851,2),(35232,103,41851,2),(35231,120,41847,2),(35229,103,41828,2),(35230,128,41847,2),(32278,118,38375,2),(35389,103,42082,2),(33925,106,40624,2),(33929,106,40626,2),(31822,118,37996,2),(31839,118,38013,2),(31814,118,37988,2),(31817,118,37991,2),(31816,118,37990,2),(31819,118,37993,2),(31818,118,37992,2),(31820,118,37994,2),(32559,115,38998,2),(32560,115,38999,2),(32271,118,38368,2),(32270,118,38367,2),(31829,118,38003,2),(31828,118,38002,2),(31826,118,38000,2),(31842,118,38016,2),(34108,104,40760,2),(34109,126,40761,2),(33216,115,39780,2),(32022,118,38124,2),(33391,134,39964,2),(33388,103,39963,2),(33393,105,39968,2),(33392,105,39967,2),(33390,132,39964,2),(32912,108,39415,2),(34113,108,40762,2),(34115,126,40763,2),(31934,119,38078,2),(31935,118,38078,2),(34237,108,40849,2),(34114,104,40762,2),(34116,108,40763,2),(31937,118,38079,2),(35260,124,41870,2),(35259,103,41870,2),(35258,103,41869,2),(35555,103,42320,2),(34211,124,40836,2),(34212,102,40837,2),(34788,118,41280,2),(34747,113,41173,2),(34746,113,41172,2),(34744,113,41170,2),(34741,109,39208,2),(34745,113,41171,2),(32074,118,38176,2),(34740,103,39208,2),(34700,109,41130,2),(34699,103,41130,2),(34698,109,41129,2),(34697,103,41129,2),(34696,109,41128,2),(34787,118,41279,2),(35217,129,41814,2),(35216,129,41813,2),(34932,118,41424,2),(34930,118,41422,2),(34928,118,41420,2),(34929,118,41421,2),(34927,118,41419,2),(34926,118,41418,2),(34925,118,41417,2),(34924,118,41416,2),(34922,118,41414,2),(34923,118,41415,2),(33750,118,40513,2),(34921,118,41413,2),(35228,103,41825,2),(35226,103,41818,2),(35223,103,41817,2),(35224,127,41817,2),(35222,111,41817,2),(35221,126,41816,2),(35220,129,41815,2),(35219,124,41815,2),(34931,118,41423,2),(33736,118,40499,2),(33727,118,40490,2),(33726,118,40489,2),(33760,118,40523,2),(33735,118,40498,2),(33761,120,40523,2),(33759,118,40522,2),(34458,109,40957,2),(32562,115,39001,2),(32561,115,39000,2),(34517,109,40986,2),(32925,108,39425,2),(32927,108,39426,2),(32924,124,39425,2),(32922,108,39424,2),(33097,125,39532,2),(34705,103,41133,2),(34704,109,41132,2),(34703,103,41132,2),(34702,109,41131,2),(34701,103,41131,2),(35894,103,42609,2),(32233,118,38330,2),(35892,103,42608,2),(35893,132,42608,2),(35890,103,42607,2),(35891,132,42607,2),(34737,103,39207,2),(34735,109,39206,2),(34388,109,40923,2),(35653,136,42505,2),(34389,105,40923,2),(35663,132,42508,2),(34919,118,41411,2),(34390,109,40924,2),(32179,118,38281,2),(32178,118,38280,2),(32177,118,38279,2),(32209,106,38308,2),(32208,118,38307,2),(32926,124,39426,2),(34469,109,40962,2),(33751,118,40514,2),(35771,132,42557,2),(33749,118,40512,2),(35895,132,42609,2),(35770,109,42557,2),(32236,118,38333,2),(35786,103,42562,2),(32235,118,38332,2),(32234,118,38331,2),(34091,126,40755,2),(34088,126,40754,2),(34089,108,40754,2),(34090,104,40754,2),(34092,108,40755,2),(35532,106,42183,2),(35462,103,42146,2),(32180,118,38282,2),(34110,108,40761,2),(34111,104,40761,2),(34112,126,40762,2),(31933,118,38077,2),(31841,118,38015,2),(32692,102,39138,2),(32693,103,39138,2),(32694,102,39139,2),(32689,103,39136,2),(32690,102,39137,2),(32691,103,39137,2),(32324,118,38421,2),(34377,132,40917,2),(34381,105,40919,2),(33828,115,40571,2),(32137,118,38239,2),(33825,115,40568,2),(33827,115,40570,2),(35385,129,42078,2),(35387,129,42080,2),(32820,120,39224,2),(35669,109,42510,2),(35681,132,42514,2),(35671,103,42511,2),(35670,132,42511,2),(33688,118,40451,2),(35668,132,42510,2),(35461,103,42145,2),(32554,115,38993,2),(33627,114,40390,2),(33628,114,40391,2),(34501,109,40978,2),(34502,105,40979,2),(34503,109,40979,2),(35332,109,42044,2),(35331,103,42044,2),(34504,105,40980,2),(34505,109,40980,2),(34506,105,40981,2),(34507,109,40981,2),(34508,105,40982,2),(35721,109,42528,2),(34106,126,40760,2),(34104,108,40759,2),(32183,118,38285,2),(34743,109,40003,2),(31849,118,38023,2),(35191,113,41775,2),(35190,113,41774,2),(35189,113,41773,2),(35188,113,41772,2),(35193,113,41777,2),(35192,113,41776,2),(35254,124,41867,2),(35252,103,41866,2),(34496,105,40976,2),(34494,105,40975,2),(32511,121,38596,2),(32517,113,38599,2),(32513,121,38597,2),(35720,103,42527,2),(35723,132,42528,2),(33031,125,39490,2),(32305,118,38402,2),(34626,130,41041,2),(32223,118,38320,2),(33108,125,39543,2),(32222,118,38319,2),(31683,112,37857,2),(34355,105,40907,2),(34354,109,40907,2),(34353,105,40906,2),(32138,118,38240,2),(32139,118,38241,2),(33569,113,40280,2),(33568,113,40279,2),(33567,113,40278,2),(33565,124,40276,2),(33564,124,40275,2),(33512,124,40222,2),(35722,103,42528,2),(35725,109,42542,2),(34766,113,41192,2),(31792,118,37966,2),(31791,118,37965,2),(31796,118,37970,2),(31795,118,37969,2),(34277,105,40870,2),(34858,118,41350,2),(34860,118,41352,2),(35449,109,42139,2),(32651,106,39076,2),(32880,124,39389,2),(35431,103,42130,2),(35429,109,42129,2),(31836,118,38010,2),(32686,102,39135,2),(32659,106,39080,2),(31864,118,38038,2),(31833,118,38007,2),(31832,118,38006,2),(31834,118,38008,2),(35218,124,41814,2),(35589,132,42331,2),(32928,108,39427,2),(35350,103,42053,2),(35349,109,42053,2),(33238,115,39806,2),(33239,115,39807,2),(33236,115,39805,2),(33134,125,39587,2),(33133,125,39586,2),(32256,118,38353,2),(35437,103,42133,2),(32411,118,38508,2),(32968,124,39459,2),(32966,124,39458,2),(32721,103,39150,2),(32729,102,39153,2),(32730,103,39153,2),(32727,103,39152,2),(32728,109,39152,2),(32726,102,39152,2),(33290,115,39774,2),(33213,115,39777,2),(33210,115,39773,2),(33365,109,39951,2),(33362,105,39949,2),(33364,105,39950,2),(33369,109,39953,2),(33831,115,40574,2),(33834,115,40577,2),(33833,115,40576,2),(33836,115,40579,2),(33835,115,40578,2),(33838,115,40581,2),(33837,115,40580,2),(33840,115,40583,2),(33839,115,40582,2),(33842,115,40585,2),(33367,109,39952,2),(33841,115,40584,2),(33844,102,40587,2),(33843,115,40586,2),(33366,105,39951,2),(34972,118,41464,2),(34971,118,41463,2),(33422,103,40002,2),(34742,103,40003,2),(33332,125,39918,2),(32426,118,38523,2),(32647,106,39074,2),(33927,106,40625,2),(34224,124,40843,2),(34213,103,40837,2),(34205,121,40833,2),(34206,103,40834,2),(34207,102,40834,2),(34208,108,40835,2),(32738,102,39156,2),(32739,103,39156,2),(32737,109,39155,2),(32402,118,38499,2),(32735,102,39155,2),(32736,103,39155,2),(35553,132,42319,2),(35354,109,42055,2),(35353,103,42055,2),(35352,103,42054,2),(35285,103,41985,2),(32403,118,38500,2),(35283,103,41984,2),(35284,109,41985,2),(32191,118,38293,2),(35282,109,41984,2),(33695,118,40458,2),(32190,118,38292,2),(33746,118,40509,2),(33694,118,40457,2),(33748,118,40511,2),(33747,118,40510,2),(33744,118,40507,2),(33743,118,40506,2),(32200,118,38302,2),(33745,118,40508,2),(32813,102,39212,2),(32199,118,38301,2),(32794,109,39174,2),(32811,102,39210,2),(33742,118,40505,2),(32812,102,39211,2),(33721,118,40484,2),(32207,106,38307,2),(31887,118,38054,2),(34280,109,40872,2),(31869,118,38043,2),(31884,119,38053,2),(31971,118,38096,2),(31868,118,38042,2),(33710,118,40473,2),(31885,118,38053,2),(33709,118,40472,2),(33711,118,40474,2),(33059,125,39503,2),(32456,118,38553,2),(32457,118,38554,2),(32455,118,38552,2),(31802,118,37976,2),(33163,108,39603,2),(33161,108,39601,2),(34887,118,41379,2),(33394,107,39969,2),(35307,103,41996,2),(35782,109,42561,2),(34707,103,41134,2),(32416,118,38513,2),(35706,109,42523,2),(32428,118,38525,2),(35760,132,42554,2),(32430,118,38527,2),(31801,118,37975,2),(31799,118,37973,2),(34966,118,41458,2),(34969,118,41461,2),(34967,118,41459,2),(34965,118,41457,2),(31793,118,37967,2),(31798,118,37972,2),(31797,118,37971,2),(34149,115,40790,2),(34150,115,40791,2),(34147,115,40788,2),(34148,115,40789,2),(34145,115,40786,2),(34146,115,40787,2),(34143,115,40784,2),(34144,115,40785,2),(33915,106,40619,2),(33917,106,40620,2),(35748,132,42550,2),(35751,103,42551,2),(34761,113,41187,2),(34760,113,41186,2),(34758,113,41184,2),(34757,113,41183,2),(34777,113,41203,2),(34776,113,41202,2),(31657,115,37807,2),(31656,115,37806,2),(31655,115,37805,2),(31654,115,37804,2),(31653,115,37803,2),(31652,115,37802,2),(31651,115,37801,2),(31650,115,37800,2),(33440,103,40025,2),(33558,103,40270,2),(32201,118,38303,2),(32202,118,38304,2),(32299,118,38396,2),(32300,118,38397,2),(32297,118,38394,2),(32298,118,38395,2),(32295,118,38392,2),(32296,118,38393,2),(32293,118,38390,2),(32294,118,38391,2),(32291,118,38388,2),(32292,118,38389,2),(32289,118,38386,2),(32290,118,38387,2),(33103,125,39538,2),(32288,118,38385,2),(32287,118,38384,2),(33102,125,39537,2),(32224,118,38321,2),(32286,118,38383,2),(32960,124,39455,2),(32959,125,39454,2),(32958,124,39454,2),(32957,125,39453,2),(35759,132,42553,2),(33218,115,39784,2),(35757,103,42553,2),(35758,109,42553,2),(35755,109,42552,2),(35756,103,42552,2),(33266,115,39841,2),(33267,115,39842,2),(35381,128,40331,2),(33265,115,39840,2),(33575,104,40329,2),(33574,128,40285,2),(31918,119,38070,2),(31919,118,38070,2),(34075,124,40739,2),(34076,125,40739,2),(34074,125,40738,2),(32678,102,39131,2),(32679,103,39131,2),(32676,102,39130,2),(32677,103,39130,2),(32674,102,39129,2),(32675,103,39129,2),(32672,102,39128,2),(32673,103,39128,2),(31944,119,38083,2),(31945,118,38083,2),(34245,105,40854,2),(34528,105,40992,2),(34529,109,40992,2),(34526,105,40991,2),(34527,109,40991,2),(34524,105,40990,2),(34525,109,40990,2),(35508,103,42171,2),(35507,114,42170,2),(34071,108,40737,2),(32338,118,38435,2),(34069,124,40736,2),(34072,124,40737,2),(34067,113,40735,2),(34070,108,40736,2),(34065,113,40734,2),(34068,121,40735,2),(34063,121,40733,2),(34066,121,40734,2),(34061,121,40732,2),(34064,113,40733,2),(34059,108,40730,2),(34062,113,40732,2),(34057,124,40729,2),(34060,108,40731,2),(35930,124,40728,2),(34058,108,40729,2),(35911,124,40727,2),(35929,108,40728,2),(34051,124,40726,2),(35910,108,40727,2),(34049,124,40725,2),(34052,108,40726,2),(34047,123,40690,2),(34050,108,40725,2),(34192,102,40824,2),(34048,120,40693,2),(34190,120,40822,2),(34045,102,40685,2),(34191,118,40823,2),(33626,114,40389,2),(34580,105,41018,2),(32041,118,38143,2),(32043,118,38145,2),(32042,118,38144,2),(32039,118,38141,2),(32038,118,38140,2),(32040,118,38142,2),(32037,118,38139,2),(32036,118,38138,2),(31737,112,37911,2),(32856,124,39377,2),(35444,103,42137,2),(33765,121,40526,2),(32051,118,38153,2),(32121,118,38223,2),(32120,118,38222,2),(32119,118,38221,2),(32118,118,38220,2),(33003,125,39476,2),(33004,124,39477,2),(33001,125,39475,2),(33002,124,39476,2),(33186,115,39741,2),(32117,118,38219,2),(33185,115,39740,2),(32967,125,39458,2),(31861,118,38035,2),(31860,118,38034,2),(33706,118,40469,2),(33720,118,40483,2),(31859,118,38033,2),(31858,118,38032,2),(32090,118,38192,2),(32092,118,38194,2),(33754,118,40517,2),(33755,118,40518,2),(31731,112,37905,2),(31732,112,37906,2),(32756,102,39162,2),(32330,118,38427,2),(32049,118,38151,2),(32048,118,38150,2),(32050,118,38152,2),(35708,103,42523,2),(32047,118,38149,2),(32046,118,38148,2),(32045,118,38147,2),(32044,118,38146,2),(32491,120,38581,2),(32505,118,38590,2),(32501,120,38586,2),(32506,118,38591,2),(32500,118,38586,2),(33687,118,40450,2),(31871,118,38045,2),(32329,118,38426,2),(32261,118,38358,2),(32260,118,38357,2),(35506,132,42169,2),(32375,118,38472,2),(32374,118,38471,2),(32545,115,38984,2),(32544,115,38983,2),(32502,118,38587,2),(31969,118,38095,2),(33684,118,40447,2),(32890,124,39394,2),(32503,118,38588,2),(32852,106,39263,2),(33452,123,40038,2),(33454,118,40064,2),(32836,120,39236,2),(34917,118,41409,2),(33401,118,39978,2),(35423,132,42127,2),(35422,140,42127,2),(35421,133,42126,2),(35420,141,42126,2),(35419,132,42126,2),(35418,140,42126,2),(35417,103,42124,2),(32251,118,38348,2),(32250,118,38347,2),(35415,103,42122,2),(33402,117,39981,2),(33399,118,39972,2),(33436,103,40021,2),(33404,124,39983,2),(34188,120,40821,2),(35351,109,42054,2),(32463,118,38560,2),(33624,114,40379,2),(34577,109,41016,2),(35726,103,42542,2),(34578,105,41017,2),(35727,132,42543,2),(34835,118,41327,2),(32945,108,39444,2),(32944,108,39443,2),(33139,104,39589,2),(34459,105,40957,2),(32722,109,39150,2),(34317,105,40888,2),(34312,109,40886,2),(34313,105,40886,2),(34314,109,40887,2),(34309,105,40884,2),(34310,109,40885,2),(34311,105,40885,2),(34306,109,40883,2),(34307,105,40883,2),(34308,109,40884,2),(34303,135,40882,2),(34304,136,40882,2),(34305,105,40882,2),(32225,118,38322,2),(32226,118,38323,2),(32982,124,39466,2),(33708,118,40471,2),(32555,115,38994,2),(31961,118,38091,2),(34973,118,41465,2),(35325,109,42041,2),(33067,125,39507,2),(32135,118,38237,2),(32320,118,38417,2),(31925,118,38073,2),(33021,125,39485,2),(34098,108,40757,2),(35440,103,42135,2),(35439,103,42134,2),(32687,103,39135,2),(32575,115,39014,2),(33651,118,40414,2),(31865,118,38039,2),(33648,118,40411,2),(33649,118,40412,2),(33645,118,40408,2),(33647,118,40410,2),(32523,113,38602,2),(33078,125,39513,2),(32519,113,38600,2),(32522,121,38602,2),(34805,118,41297,2),(34806,118,41298,2),(32571,115,39010,2),(32424,118,38521,2),(33349,115,39927,2),(34775,113,41201,2),(31899,118,38060,2),(34251,105,40857,2),(34252,109,40858,2),(34253,105,40858,2),(32089,118,38191,2),(32088,118,38190,2),(32087,118,38189,2),(32086,118,38188,2),(32085,118,38187,2),(32084,118,38186,2),(32869,108,39383,2),(32868,124,39383,2),(32216,118,38313,2),(32825,102,39227,2),(32215,118,38312,2),(33055,125,39501,2),(33054,124,39501,2),(33034,124,39492,2),(33036,124,39493,2),(33053,125,39500,2),(33052,124,39500,2),(32166,118,38268,2),(32167,118,38269,2),(32169,118,38271,2),(33233,115,39801,2),(32414,118,38511,2),(32410,118,38507,2),(34028,102,40676,2),(34027,103,40675,2),(34026,102,40675,2),(34025,103,40674,2),(34024,102,40674,2),(34498,105,40977,2),(32510,118,38595,2),(35446,109,42138,2),(33160,108,39600,2),(32553,115,38992,2),(32572,115,39011,2),(35403,103,42101,2),(32436,118,38533,2),(32303,118,38400,2),(32573,115,39012,2),(35531,103,42183,2),(35724,132,42542,2),(34585,109,41020,2),(34356,109,40908,2),(32932,108,39431,2),(32934,108,39433,2),(33952,102,40638,2),(31753,112,37927,2),(33951,106,40637,2),(31595,115,37595,2),(33950,102,40637,2),(33949,106,40636,2),(31917,118,38069,2),(33948,102,40636,2),(34831,118,41323,2),(35772,132,42558,2),(35905,128,42593,2),(33056,124,39502,2),(35319,103,42011,2),(33946,102,40635,2),(33947,106,40635,2),(33153,104,39596,2),(33155,104,39597,2),(35322,103,42039,2),(33945,106,40634,2),(31745,112,37919,2),(31746,112,37920,2),(31744,112,37918,2),(33969,106,40646,2),(32000,119,38111,2),(31999,118,38110,2),(34586,105,41021,2),(33640,118,40403,2),(33639,118,40402,2),(33556,129,40269,2),(33554,103,40257,2),(33553,109,40256,2),(33555,109,40257,2),(33557,124,40269,2),(33642,118,40405,2),(32582,115,39023,2),(32900,108,39403,2),(33641,118,40404,2),(35902,102,42614,2),(35736,132,42546,2),(35735,132,42545,2),(33207,115,39769,2),(35903,106,42614,2),(33206,115,39768,2),(33209,115,39772,2),(33208,115,39770,2),(33212,115,39776,2),(32304,118,38401,2),(32302,118,38399,2),(32574,115,39013,2),(32964,124,39457,2),(32962,124,39456,2),(34635,111,41050,2),(32965,125,39457,2),(32963,125,39456,2),(32961,125,39455,2),(31619,115,37620,2),(31622,115,37623,2),(31621,115,37622,2),(31624,115,37625,2),(31623,115,37624,2),(31626,115,37627,2),(31625,115,37626,2),(31627,115,37628,2),(31629,115,37630,2),(31628,115,37629,2),(31631,115,37632,2),(31630,115,37631,2),(32940,108,39439,2),(32939,108,39438,2),(32942,108,39441,2),(32941,108,39440,2),(32943,108,39442,2),(32396,118,38493,2),(32395,118,38492,2),(33790,113,40538,2),(33789,121,40538,2),(33601,102,40355,2),(33600,115,40354,2),(33602,115,40356,2),(35009,118,41644,2),(35012,118,41648,2),(35010,118,41646,2),(35008,103,41643,2),(34602,109,41029,2),(34603,105,41029,2),(34546,105,41001,2),(31988,119,38105,2),(34460,105,40958,2),(34036,102,40680,2),(32979,125,39464,2),(32981,125,39465,2),(32266,118,38363,2),(32427,118,38524,2),(32182,118,38284,2),(32184,118,38286,2),(35512,114,42173,2),(35511,103,42173,2),(32429,118,38526,2),(35780,103,42560,2),(32474,118,38571,2),(32181,118,38283,2),(35276,103,41981,2),(31879,118,38050,2),(33741,118,40504,2),(31877,118,38049,2),(31878,119,38050,2),(31875,118,38048,2),(31876,119,38049,2),(31874,119,38048,2),(31867,118,38041,2),(33550,103,40255,2),(33548,103,40254,2),(34819,118,41311,2),(34859,118,41351,2),(34857,118,41349,2),(32894,108,39397,2),(31870,118,38044,2),(33232,115,39800,2),(32391,118,38488,2),(34817,118,41309,2),(34816,118,41308,2),(33080,125,39515,2),(34604,105,41030,2),(32237,118,38334,2),(34601,105,41028,2),(34438,105,40947,2),(32186,118,38288,2),(35014,118,41650,2),(34874,118,41366,2),(35201,103,41796,2),(35200,103,41795,2),(35212,124,41811,2),(35792,132,42564,2),(32466,118,38563,2),(32464,118,38561,2),(32462,118,38559,2),(33113,125,39548,2),(34814,118,41306,2),(34808,118,41300,2),(34812,118,41304,2),(35316,109,42001,2),(34178,102,40815,2),(34179,102,40816,2),(32680,102,39132,2),(32681,103,39132,2),(32748,103,39159,2),(34959,118,41451,2),(34961,118,41453,2),(35926,107,41877,2),(33793,121,40540,2),(33796,113,40541,2),(33795,121,40541,2),(33798,113,40542,2),(33797,121,40542,2),(33800,113,40543,2),(32682,102,39133,2),(32683,103,39133,2),(32684,102,39134,2),(32685,103,39134,2),(33799,121,40543,2),(33802,115,40545,2),(33960,106,40642,2),(33959,102,40641,2),(33962,102,40643,2),(33961,102,40642,2),(31646,102,37784,2),(33157,104,39598,2),(31647,102,37785,2),(31648,115,37798,2),(33846,106,40587,2),(33801,115,40544,2),(33804,115,40547,2),(33803,115,40546,2),(33845,122,40587,2),(33848,102,40588,2),(33847,122,40588,2),(33850,122,40589,2),(33849,106,40588,2),(33852,106,40589,2),(33851,102,40589,2),(33853,122,40590,2),(33466,107,40120,2),(34873,118,41365,2),(34872,118,41364,2),(34818,118,41310,2),(32172,118,38274,2),(32173,118,38275,2),(33032,124,39491,2),(33348,115,39926,2),(32423,118,38520,2),(32422,118,38519,2),(34820,118,41312,2),(33856,122,40591,2),(33855,106,40590,2),(33858,106,40591,2),(33857,102,40591,2),(33860,102,40592,2),(33859,122,40592,2),(33862,102,40593,2),(33861,106,40592,2),(33864,102,40594,2),(33863,106,40593,2),(33866,102,40595,2),(33865,106,40594,2),(33868,102,40596,2),(31747,112,37921,2),(32843,120,39243,2),(33806,115,40549,2),(33805,115,40548,2),(33808,115,40551,2),(33807,115,40550,2),(33810,115,40553,2),(33809,115,40552,2),(32657,106,39079,2),(32658,102,39080,2),(33867,106,40595,2),(33870,102,40597,2),(33869,106,40596,2),(33872,102,40598,2),(33871,106,40597,2),(33873,106,40598,2),(32547,115,38986,2),(32546,115,38985,2),(32549,115,38988,2),(32548,115,38987,2),(32551,115,38990,2),(32550,115,38989,2),(34793,118,41285,2),(32552,115,38991,2),(33970,102,40647,2),(35716,103,42526,2),(31909,118,38065,2),(34154,115,40795,2),(34155,115,40796,2),(35740,109,42547,2),(33287,115,39878,2),(33326,120,39915,2),(33314,103,39902,2),(33328,125,39916,2),(34911,118,41403,2),(34910,118,41402,2),(34909,118,41401,2),(34907,118,41399,2),(33138,108,39589,2),(33137,104,39588,2),(32313,118,38410,2),(32315,118,38412,2),(32661,103,39122,2),(32662,102,39123,2),(31881,118,38051,2),(31883,118,38052,2),(35715,109,42526,2),(35714,103,42525,2),(34871,118,41363,2),(34870,118,41362,2),(34869,118,41361,2),(34868,118,41360,2),(34867,118,41359,2),(33419,127,39999,2),(33421,109,40002,2),(33673,118,40436,2),(33675,118,40438,2),(33000,124,39475,2),(33672,118,40435,2),(33420,127,40000,2),(33417,110,39997,2),(33416,110,39996,2),(33418,127,39998,2),(33468,117,40129,2),(35552,103,42319,2),(35551,109,42319,2),(33199,115,39755,2),(33203,115,39764,2),(34246,109,40855,2),(34247,105,40855,2),(34248,109,40856,2),(34249,105,40856,2),(35055,131,41685,2),(35058,118,41686,2),(31894,119,38058,2),(34022,102,40673,2),(35581,109,42329,2),(33131,125,39584,2),(33879,106,40601,2),(33881,106,40602,2),(33429,103,40014,2),(32155,118,38257,2),(32152,118,38254,2),(32153,118,38255,2),(33921,106,40622,2),(33919,106,40621,2),(34378,109,40918,2),(31982,119,38102,2),(31981,118,38101,2),(31980,119,38101,2),(31979,118,38100,2),(33368,105,39952,2),(31955,118,38088,2),(31968,119,38095,2),(32815,102,39222,2),(32814,102,39213,2),(32805,106,39196,2),(32804,102,39195,2),(32832,120,39232,2),(32803,102,39194,2),(33518,103,40228,2),(33430,103,40015,2),(33350,112,39929,2),(32492,118,38582,2),(32421,118,38518,2),(32493,120,38582,2),(32420,118,38517,2),(32418,118,38515,2),(33201,115,39758,2),(34437,109,40946,2),(33525,124,40237,2),(33522,124,40230,2),(33278,115,39863,2),(33582,115,40336,2),(32855,140,39277,2),(33268,115,39843,2),(33271,115,39854,2),(33274,115,39858,2),(33280,115,39865,2),(33279,115,39864,2),(33281,115,39870,2),(33282,115,39871,2),(33653,118,40416,2),(33283,115,39872,2),(32863,108,39380,2),(32862,124,39380,2),(32865,108,39381,2),(32864,124,39381,2),(32867,108,39382,2),(32866,124,39382,2),(33656,118,40419,2),(33655,118,40418,2),(33654,118,40417,2),(33659,118,40422,2),(33658,118,40421,2),(33657,118,40420,2),(33662,118,40425,2),(33661,118,40424,2),(33660,118,40423,2),(33665,118,40428,2),(33664,118,40427,2),(33663,118,40426,2),(33668,118,40431,2),(33667,118,40430,2),(33666,118,40429,2),(33671,118,40434,2),(33670,118,40433,2),(33669,118,40432,2),(33753,118,40516,2),(34950,118,41442,2),(32860,124,39379,2),(32861,108,39379,2),(32858,124,39378,2),(32859,108,39378,2),(33258,115,39829,2),(33255,115,39826,2),(33256,115,39827,2),(33257,115,39828,2),(33260,115,39832,2),(33261,115,39834,2),(33510,129,40185,2),(33259,115,39830,2),(33508,129,40184,2),(33509,124,40184,2),(32332,118,38429,2),(32333,118,38430,2),(31853,118,38027,2),(34750,113,41176,2),(33223,115,39789,2),(33222,115,39788,2),(33221,115,39787,2),(35936,136,42613,2),(32656,102,39079,2),(32655,106,39078,2),(35870,132,42597,2),(35869,132,42596,2),(34636,103,41050,2),(35935,132,42613,2),(32242,118,38339,2),(33506,129,40183,2),(33507,124,40183,2),(33504,129,40182,2),(34753,113,41179,2),(34749,113,41175,2),(34454,105,40955,2),(34748,113,41174,2),(34752,113,41178,2),(32331,118,38428,2),(34725,109,41143,2),(34751,113,41177,2),(31857,118,38031,2),(31856,118,38030,2),(32791,109,39173,2),(31855,118,38029,2),(31854,118,38028,2),(32055,118,38157,2),(35062,118,41689,2),(35064,118,41692,2),(34963,118,41455,2),(34792,118,41284,2),(34723,109,41142,2),(34722,103,41142,2),(34721,109,41141,2),(34720,103,41141,2),(34718,103,41140,2),(34719,109,41140,2),(34717,109,41139,2),(34716,103,41139,2),(34715,109,41138,2),(34714,103,41138,2),(34713,132,41137,2),(33486,124,40163,2),(33484,124,40162,2),(33482,124,40161,2),(33480,119,40160,2),(33375,105,39956,2),(33374,109,39955,2),(33478,119,40158,2),(33476,119,40156,2),(33580,115,40334,2),(33576,103,40330,2),(32757,103,39162,2),(34949,118,41441,2),(31809,118,37983,2),(31973,118,38097,2),(31972,119,38097,2),(32065,118,38167,2),(31949,118,38085,2),(33730,118,40493,2),(34561,109,41008,2),(33473,103,40153,2),(33472,103,40152,2),(34466,105,40961,2),(34465,109,40960,2),(32752,109,39160,2),(35061,131,41688,2),(33696,118,40459,2),(33514,124,40224,2),(31741,112,37915,2),(33515,124,40225,2),(33999,106,40661,2),(33758,118,40521,2),(33757,118,40520,2),(32646,102,39074,2),(32645,106,39073,2),(32644,102,39073,2),(32643,106,39072,2),(32642,102,39072,2),(32641,106,39071,2),(32640,102,39071,2),(32639,106,39070,2),(32638,102,39070,2),(32637,106,39069,2),(32636,102,39069,2),(32635,106,39068,2),(32634,102,39068,2),(32633,106,39067,2),(32632,102,39067,2),(32631,106,39066,2),(32630,102,39066,2),(32629,106,39065,2),(33779,121,40533,2),(33096,125,39531,2),(34804,118,41296,2),(32068,118,38170,2),(32069,118,38171,2),(33732,118,40495,2),(32066,118,38168,2),(32067,118,38169,2),(33693,118,40456,2),(32628,102,39065,2),(32627,106,39064,2),(33691,118,40454,2),(33690,118,40453,2),(33715,118,40478,2),(33714,118,40477,2),(33704,118,40467,2),(33705,118,40468,2),(33703,118,40466,2),(34544,105,41000,2),(33159,104,39599,2),(33178,115,39731,2),(33177,115,39730,2),(33176,115,39729,2),(33175,115,39728,2),(33174,115,39727,2),(33173,115,39726,2),(33172,115,39725,2),(33171,115,39724,2),(33170,115,39723,2),(33169,115,39722,2),(33184,115,39739,2),(33183,115,39738,2),(33182,115,39736,2),(33181,115,39734,2),(33180,115,39733,2),(33179,115,39732,2),(35861,128,42589,2),(35860,128,42588,2),(35859,128,42587,2),(35820,109,42574,2),(35827,103,42576,2),(35826,109,42576,2),(35825,132,42575,2),(35824,103,42575,2),(35823,109,42575,2),(35822,132,42574,2),(35821,103,42574,2),(31724,112,37898,2),(31723,112,37897,2),(31722,112,37896,2),(33107,125,39542,2),(35862,128,42590,2),(32626,102,39064,2),(32625,106,39063,2),(32624,102,39063,2),(32623,106,39062,2),(32622,102,39062,2),(32621,106,39061,2),(32620,102,39061,2),(32619,106,39060,2),(32618,102,39060,2),(32617,106,39059,2),(32616,102,39059,2),(32615,106,39058,2),(32614,102,39058,2),(32613,106,39057,2),(32612,102,39057,2),(32611,106,39056,2),(32610,102,39056,2),(32609,106,39055,2),(32608,102,39055,2),(32607,106,39048,2),(32606,102,39048,2),(32605,122,39048,2),(32604,106,39047,2),(32603,102,39047,2),(32602,122,39047,2),(32601,115,39045,2),(32600,115,39043,2),(32599,115,39042,2),(32598,115,39041,2),(32597,115,39040,2),(32596,115,39039,2),(32595,115,39038,2),(32594,115,39037,2),(32593,115,39036,2),(32592,115,39035,2),(32591,115,39034,2),(32590,115,39033,2),(32589,115,39032,2),(32588,115,39031,2),(32587,115,39029,2),(32586,115,39028,2),(33545,109,40252,2),(33544,103,40252,2),(33543,109,40251,2),(33542,103,40251,2),(33541,109,40250,2),(33540,103,40250,2),(33501,105,40180,2),(33500,132,40180,2),(33499,133,40180,2),(33498,134,40180,2),(33497,139,40180,2),(33496,124,40178,2),(33495,124,40177,2),(33494,124,40176,2),(33493,124,40173,2),(33492,129,40173,2),(33491,124,40172,2),(33490,129,40172,2),(33488,127,40169,2),(35149,103,41741,2),(35148,109,41741,2),(32319,118,38416,2),(32318,118,38415,2),(32317,118,38414,2),(32316,118,38413,2),(35505,114,42168,2),(32425,118,38522,2),(32259,118,38356,2),(32258,118,38355,2),(35504,114,42167,2),(35503,114,42166,2),(35574,132,42326,2),(35573,103,42326,2),(33517,124,40227,2),(32277,118,38374,2),(32276,118,38373,2),(35528,114,42181,2),(35527,103,42181,2),(35525,114,42179,2),(31735,112,37909,2),(31734,112,37908,2),(32446,118,38543,2),(32445,118,38542,2),(32444,118,38541,2),(32443,118,38540,2),(32442,118,38539,2),(32384,118,38481,2),(32390,118,38487,2),(32382,118,38479,2),(35443,103,42136,2),(33505,124,40182,2),(33502,129,40181,2),(33503,124,40181,2),(35925,107,41876,2),(35927,107,41878,2),(32751,103,39160,2),(35834,132,42578,2),(35833,103,42578,2),(35832,109,42578,2),(35831,132,42577,2),(35830,103,42577,2),(35829,109,42577,2),(35828,132,42576,2),(35882,103,42603,2),(32441,118,38538,2),(32440,118,38537,2),(32439,118,38536,2),(32438,118,38535,2),(32437,118,38534,2),(34951,118,41443,2),(34543,109,40999,2),(34542,105,40999,2),(34541,109,40998,2),(33702,118,40465,2),(33700,118,40463,2),(33699,118,40462,2),(33729,118,40492,2),(31790,118,37964,2),(31789,118,37963,2),(31788,118,37962,2),(31787,118,37961,2),(31786,118,37960,2),(31785,118,37959,2),(34369,105,40914,2),(34368,109,40914,2),(34367,105,40913,2),(34366,109,40913,2),(34365,105,40912,2),(34364,109,40912,2),(34363,105,40911,2),(34362,109,40911,2),(31784,118,37958,2),(31783,118,37957,2),(31782,118,37956,2),(31781,118,37955,2),(31780,118,37954,2),(31779,118,37953,2),(31778,118,37952,2),(31777,118,37951,2),(34778,113,41204,2),(34694,109,41127,2),(34695,103,41128,2),(34693,103,41127,2),(34692,109,41126,2),(34691,103,41126,2),(34690,109,41125,2),(34688,103,41121,2),(34689,103,41125,2),(34685,104,41095,2),(34684,104,41094,2),(34683,103,41092,2),(34682,103,41091,2),(34680,103,41089,2),(34681,103,41090,2),(34679,103,41088,2),(34678,103,41087,2),(35819,132,42573,2),(34791,118,41283,2),(34790,118,41282,2),(34781,118,41273,2),(34784,118,41276,2),(35818,103,42573,2),(35817,109,42573,2),(35871,103,42597,2),(32073,118,38175,2),(32072,118,38174,2),(32071,118,38173,2),(32070,118,38172,2),(33099,125,39534,2),(33098,125,39533,2),(31720,112,37894,2),(31721,112,37895,2),(31718,112,37892,2),(31719,112,37893,2),(31716,112,37890,2),(31717,112,37891,2),(31714,112,37888,2),(31715,112,37889,2),(31712,112,37886,2),(31713,112,37887,2),(31710,112,37884,2),(31711,112,37885,2),(31708,112,37882,2),(31709,112,37883,2),(32400,118,38497,2),(32401,118,38498,2),(32755,109,39161,2),(32754,103,39161,2),(32373,118,38470,2),(32398,118,38495,2),(32399,118,38496,2),(32370,118,38467,2),(32371,118,38468,2),(32372,118,38469,2),(33027,125,39488,2),(31707,112,37881,2),(33028,124,39489,2),(33029,125,39489,2),(33030,124,39490,2),(31706,112,37880,2),(31705,112,37879,2),(31704,112,37878,2),(31703,112,37877,2),(31702,112,37876,2),(31701,112,37875,2),(31700,112,37874,2),(31699,112,37873,2),(31698,112,37872,2),(31697,112,37871,2),(31696,112,37870,2),(33519,124,40228,2),(31694,112,37868,2),(31693,112,37867,2),(31692,112,37866,2),(31691,112,37865,2),(31690,112,37864,2),(31689,112,37863,2),(31688,112,37862,2),(31687,112,37861,2),(32787,103,39172,2),(32786,102,39172,2),(32785,109,39171,2),(32784,103,39171,2),(32783,102,39171,2),(32782,109,39170,2),(32781,103,39170,2),(32780,102,39170,2),(32779,109,39169,2),(32778,103,39169,2),(32777,102,39169,2),(32776,109,39168,2),(32775,103,39168,2),(32774,102,39168,2),(32773,109,39167,2),(32772,103,39167,2),(32116,118,38218,2),(32938,108,39437,2),(32937,108,39436,2),(32936,108,39435,2),(32115,118,38217,2),(32114,118,38216,2),(32113,118,38215,2),(32112,118,38214,2),(32111,118,38213,2),(32110,118,38212,2),(32109,118,38211,2),(32108,118,38210,2),(32107,118,38209,2),(32106,118,38208,2),(32105,118,38207,2),(32104,118,38206,2),(32103,118,38205,2),(32102,118,38204,2),(32101,118,38203,2),(32100,118,38202,2),(32099,118,38201,2),(32098,118,38200,2),(32097,118,38199,2),(32096,118,38198,2),(32095,118,38197,2),(32771,102,39167,2),(32094,118,38196,2),(32770,109,39166,2),(32769,103,39166,2),(32768,102,39166,2),(32767,109,39165,2),(32766,103,39165,2),(32765,102,39165,2),(32764,109,39164,2),(32763,103,39164,2),(32762,102,39164,2),(32761,109,39163,2),(32760,103,39163,2),(32759,102,39163,2),(32758,109,39162,2),(35336,103,42046,2),(35335,109,42046,2),(35334,103,42045,2),(35069,118,41697,2),(35068,118,41696,2),(35067,118,41695,2),(35072,105,41716,2),(35071,118,41699,2),(35070,118,41698,2),(35075,105,41717,2),(35074,103,41716,2),(35073,109,41716,2),(35078,105,41718,2),(35077,103,41717,2),(35076,109,41717,2),(35081,105,41719,2),(35080,103,41718,2),(35079,109,41718,2),(35082,109,41719,2),(35139,109,41738,2),(35138,105,41738,2),(34677,105,41086,2),(34676,105,41085,2),(34675,113,41081,2),(34674,121,41081,2),(34673,121,41080,2),(34672,113,41080,2),(34671,113,41079,2),(34670,121,41079,2),(34669,121,41078,2),(34668,121,41077,2),(34667,113,41077,2),(34666,115,41076,2),(34665,115,41075,2),(34664,115,41074,2),(34663,115,41073,2),(34662,115,41072,2),(34661,115,41071,2),(34660,124,41070,2),(34659,124,41069,2),(34658,124,41068,2),(34657,124,41067,2),(34656,124,41066,2),(34655,124,41065,2),(34654,124,41064,2),(34653,124,41063,2),(34652,124,41062,2),(34651,132,41059,2),(34649,120,41058,2),(34647,120,41057,2),(34646,132,41056,2),(34645,103,41055,2),(34644,111,41055,2),(34643,118,41054,2),(34642,103,41053,2),(34641,111,41053,2),(34640,103,41052,2),(34639,111,41052,2),(34638,103,41051,2),(34637,111,41051,2),(35642,113,42428,2),(35641,114,42410,2),(35640,103,42410,2),(35639,114,42409,2),(35638,103,42409,2),(35637,114,42407,2),(35636,114,42406,2),(35635,103,42405,2),(35634,114,42404,2),(35633,103,42385,2),(35631,103,42372,2),(35630,127,42368,2),(35629,146,42368,2),(35628,127,42367,2),(35627,118,42365,2),(35626,113,42360,2),(35625,113,42359,2),(35624,113,42358,2),(35623,113,42357,2),(35622,113,42356,2),(35621,113,42355,2),(35620,113,42354,2),(35619,113,42353,2),(35618,113,42352,2),(35617,113,42351,2),(35616,113,42350,2),(35615,113,42349,2),(35614,113,42348,2),(35613,113,42347,2),(35612,113,42346,2),(35611,113,42345,2),(35610,113,42344,2),(35609,113,42343,2),(35608,113,42342,2),(35607,113,42341,2),(35606,113,42340,2),(35605,113,42339,2),(35604,113,42338,2),(35603,124,42337,2),(35602,129,42337,2),(35601,124,42336,2),(35600,129,42336,2),(35599,124,42335,2),(35598,129,42335,2),(35597,124,42334,2),(35596,129,42334,2),(35595,132,42333,2),(35594,103,42333,2),(33253,115,39822,2),(33252,115,39821,2),(33251,115,39820,2),(33250,115,39819,2),(33249,115,39818,2),(33248,115,39816,2),(33247,115,39815,2),(33245,115,39814,2),(33244,115,39813,2),(34430,105,40943,2),(34429,109,40942,2),(34428,105,40942,2),(34427,109,40941,2),(34426,105,40941,2),(34425,109,40940,2),(34424,105,40940,2),(34423,109,40939,2),(34422,105,40939,2),(34419,105,40938,2),(34418,109,40938,2),(34417,109,40937,2),(34416,105,40937,2),(34415,105,40936,2),(34414,109,40936,2),(34413,105,40935,2),(34412,109,40935,2),(34411,105,40934,2),(34410,109,40934,2),(34409,105,40933,2),(34408,109,40933,2),(34407,105,40932,2),(34406,109,40932,2),(34405,105,40931,2),(34404,109,40931,2),(34403,105,40930,2),(34402,109,40930,2),(34401,105,40929,2),(34400,109,40929,2),(34399,105,40928,2),(33286,115,39877,2),(33285,115,39874,2);

--
-- Table structure for table `tags`
--

CREATE TABLE `tags` (
  `id` int(11) NOT NULL AUTO_INCREMENT,
  `tag_dir_id` int(11) DEFAULT '0',
  `name` varchar(255) NOT NULL,
  `path` varchar(255) DEFAULT NULL,
  `user_id` int(11) NOT NULL DEFAULT '0',
  `description` mediumtext,
  `seo_title` mediumtext,
  `seo_description` mediumtext,
  `seo_keywords` mediumtext,
  `deleted` tinyint(1) unsigned NOT NULL DEFAULT '0',
  PRIMARY KEY (`id`),
  KEY `deleted` (`deleted`,`tag_dir_id`),
  KEY `name` (`name`(30),`deleted`),
  KEY `path` (`path`(30),`deleted`)
) ENGINE=MyISAM AUTO_INCREMENT=148 DEFAULT CHARSET=utf8;

--
-- Dumping data for table `tags`
--

INSERT INTO `tags` VALUES (102,0,'Blaze Nails','Blaze Nails',19,NULL,NULL,NULL,NULL,0),(103,0,'гель','гель',19,NULL,NULL,NULL,NULL,0),(104,0,'инструменты','инструменты',19,NULL,NULL,NULL,NULL,0),(105,0,'GelLaxy','GelLaxy',19,NULL,NULL,NULL,NULL,0),(106,0,'акрил','акрил',19,NULL,NULL,NULL,NULL,0),(107,0,'ногтевой сервис','ногтевой сервис',19,NULL,NULL,NULL,NULL,0),(108,0,'маникюр','маникюр',19,NULL,NULL,NULL,NULL,0),(109,0,'гель-лак','гель-лак',19,NULL,NULL,NULL,NULL,0),(110,0,'гель-краски','гель-краски',19,NULL,NULL,NULL,NULL,0),(111,0,'LED-гель','LED-гель',19,NULL,NULL,NULL,NULL,0),(112,0,'фрезеры','фрезеры',19,NULL,NULL,NULL,NULL,0),(113,0,'ресницы','ресницы',19,NULL,NULL,NULL,NULL,0),(114,0,'пилки','пилки',19,NULL,NULL,NULL,NULL,0),(115,0,'China Glaze','China Glaze',19,NULL,NULL,NULL,NULL,0),(116,0,'Nail Tek','Nail Tek',19,NULL,NULL,NULL,NULL,0),(117,0,'уф-лампы','уф-лампы',19,NULL,NULL,NULL,NULL,0),(118,0,'дизайн','дизайн',19,NULL,NULL,NULL,NULL,0),(119,0,'Swarovski','Swarovski',19,NULL,NULL,NULL,NULL,0),(120,0,'кисти','кисти',19,NULL,NULL,NULL,NULL,0),(121,0,'Ardell','Ardell',19,NULL,NULL,NULL,NULL,0),(122,0,'мономер','мономер',19,NULL,NULL,NULL,NULL,0),(123,0,'праймер','праймер',19,NULL,NULL,NULL,NULL,0),(124,0,'La Palm','La Palm',19,NULL,NULL,NULL,NULL,0),(125,0,'педикюр','педикюр',19,NULL,NULL,NULL,NULL,0),(126,0,'Olton','Olton',19,NULL,NULL,NULL,NULL,0),(127,0,'лампа','лампа',19,NULL,NULL,NULL,NULL,0),(128,0,'крем для рук','крем для рук',19,NULL,NULL,NULL,NULL,0),(129,0,'лосьон','лосьон',19,NULL,NULL,NULL,NULL,0),(130,0,'средства для ногтей','средства для ногтей',19,NULL,NULL,NULL,NULL,0),(131,0,'меланж','меланж',19,NULL,NULL,NULL,NULL,0),(132,0,'blaze','blaze',22,NULL,NULL,NULL,NULL,0),(133,0,'база','база',22,NULL,NULL,NULL,NULL,0),(134,0,'base','base',22,NULL,NULL,NULL,NULL,0),(135,0,'топ','топ',22,NULL,NULL,NULL,NULL,0),(136,0,'top','top',22,NULL,NULL,NULL,NULL,0),(137,0,'unibase','unibase',22,NULL,NULL,NULL,NULL,0),(138,0,'unitop','unitop',22,NULL,NULL,NULL,NULL,0),(139,0,'resin','resin',22,NULL,NULL,NULL,NULL,0),(140,0,'flow','flow',22,NULL,NULL,NULL,NULL,0),(141,0,'камуфляж','камуфляж',22,NULL,NULL,NULL,NULL,0),(142,0,'блеск','блеск',22,NULL,NULL,NULL,NULL,0),(143,0,'QUARTZ','QUARTZ',22,NULL,NULL,NULL,NULL,0),(144,0,'каучуковая','каучуковая',22,NULL,NULL,NULL,NULL,0),(145,0,'BASALT','BASALT',22,NULL,NULL,NULL,NULL,0),(146,0,'LED-лампа','LED-лампа',22,NULL,NULL,NULL,NULL,0),(147,0,'полигель','полигель',27,NULL,NULL,NULL,NULL,0);

--
-- Table structure for table `template_dirs`
--

CREATE TABLE `template_dirs` (
  `id` int(11) NOT NULL AUTO_INCREMENT,
  `parent_id` int(11) NOT NULL DEFAULT '0',
  `name` varchar(255) NOT NULL,
  `sorting` smallint(6) NOT NULL DEFAULT '0',
  `user_id` int(11) NOT NULL DEFAULT '0',
  `site_id` int(11) NOT NULL DEFAULT '0',
  `deleted` tinyint(1) unsigned NOT NULL DEFAULT '0',
  PRIMARY KEY (`id`),
  KEY `deleted` (`deleted`,`parent_id`),
  KEY `site_id` (`site_id`,`deleted`)
) ENGINE=MyISAM DEFAULT CHARSET=utf8;

--
-- Dumping data for table `template_dirs`
--


--
-- Table structure for table `template_section_libs`
--

CREATE TABLE `template_section_libs` (
  `id` int(11) NOT NULL AUTO_INCREMENT,
  `template_section_id` int(11) NOT NULL DEFAULT '0',
  `lib_id` int(11) NOT NULL DEFAULT '0',
  `description` text,
  `options` text,
  `class` varchar(255) DEFAULT NULL,
  `style` varchar(255) DEFAULT NULL,
  `active` tinyint(1) unsigned NOT NULL DEFAULT '1',
  `sorting` smallint(6) NOT NULL DEFAULT '0',
  `user_id` int(11) NOT NULL DEFAULT '0',
  `deleted` tinyint(1) unsigned NOT NULL DEFAULT '0',
  PRIMARY KEY (`id`),
  KEY `deleted` (`deleted`,`template_section_id`)
) ENGINE=MyISAM DEFAULT CHARSET=utf8;

--
-- Dumping data for table `template_section_libs`
--


--
-- Table structure for table `template_sections`
--

CREATE TABLE `template_sections` (
  `id` int(11) NOT NULL AUTO_INCREMENT,
  `template_id` int(11) NOT NULL DEFAULT '0',
  `name` varchar(255) DEFAULT NULL,
  `alias` varchar(255) DEFAULT NULL,
  `color` varchar(7) DEFAULT NULL,
  `prefix` text,
  `suffix` text,
  `sorting` smallint(6) NOT NULL DEFAULT '0',
  `user_id` int(11) NOT NULL DEFAULT '0',
  `deleted` tinyint(1) unsigned NOT NULL DEFAULT '0',
  PRIMARY KEY (`id`),
  KEY `deleted` (`deleted`,`template_id`,`alias`(15))
) ENGINE=MyISAM DEFAULT CHARSET=utf8;

--
-- Dumping data for table `template_sections`
--


--
-- Table structure for table `templates`
--

CREATE TABLE `templates` (
  `id` int(11) NOT NULL AUTO_INCREMENT,
  `template_id` int(11) NOT NULL DEFAULT '0',
  `template_dir_id` int(11) NOT NULL DEFAULT '0',
  `name` varchar(255) NOT NULL,
  `sorting` smallint(6) NOT NULL DEFAULT '0',
  `type` tinyint(4) NOT NULL DEFAULT '0',
  `timestamp` timestamp NOT NULL DEFAULT CURRENT_TIMESTAMP ON UPDATE CURRENT_TIMESTAMP,
  `user_id` int(11) NOT NULL DEFAULT '0',
  `site_id` int(11) NOT NULL DEFAULT '0',
  `deleted` tinyint(1) unsigned NOT NULL DEFAULT '0',
  `data_template_id` int(11) NOT NULL DEFAULT '0',
  PRIMARY KEY (`id`),
  KEY `deleted` (`deleted`,`template_dir_id`),
  KEY `template_id` (`template_id`,`deleted`),
  KEY `site_id` (`site_id`,`deleted`,`template_dir_id`)
) ENGINE=MyISAM AUTO_INCREMENT=24 DEFAULT CHARSET=utf8;

--
-- Dumping data for table `templates`
--

INSERT INTO `templates` VALUES (21,0,0,'Основной макет интернет магазина [Обучение]',0,0,'2020-08-05 12:31:21',19,2,0,0),(22,21,0,'Основной шаблон обучение',0,0,'2021-01-04 23:44:12',19,2,0,0),(17,0,0,'Основной макет интернет магазина',0,0,'2021-04-07 16:00:01',19,2,0,0),(18,17,0,'Основной шаблон интернет магазина',0,0,'2021-04-07 16:00:01',19,2,0,0),(20,17,0,'Основной шаблон интернет магазина [Магазины]',0,0,'2021-04-07 16:00:01',19,2,0,0);

--
-- Table structure for table `tpl_dirs`
--

CREATE TABLE `tpl_dirs` (
  `id` int(11) NOT NULL AUTO_INCREMENT,
  `parent_id` int(11) NOT NULL DEFAULT '0',
  `name` varchar(255) NOT NULL,
  `sorting` int(4) NOT NULL DEFAULT '0',
  `user_id` int(11) NOT NULL DEFAULT '0',
  `deleted` tinyint(1) unsigned NOT NULL DEFAULT '0',
  PRIMARY KEY (`id`),
  KEY `deleted` (`deleted`,`parent_id`)
) ENGINE=MyISAM AUTO_INCREMENT=6 DEFAULT CHARSET=utf8;

--
-- Dumping data for table `tpl_dirs`
--

INSERT INTO `tpl_dirs` VALUES (1,0,'Меню',1,19,0),(2,0,'Информационные системы',0,19,0),(3,0,'Магазин',0,19,0),(4,0,'Опросы',0,19,0),(5,0,'Реклама',0,19,0);

--
-- Table structure for table `tpls`
--

CREATE TABLE `tpls` (
  `id` int(11) NOT NULL AUTO_INCREMENT,
  `tpl_dir_id` int(11) NOT NULL DEFAULT '0',
  `name` varchar(255) NOT NULL,
  `description` mediumtext,
  `sorting` smallint(5) unsigned NOT NULL DEFAULT '0',
  `user_id` int(11) NOT NULL DEFAULT '0',
  `deleted` tinyint(1) unsigned NOT NULL DEFAULT '0',
  PRIMARY KEY (`id`),
  KEY `name` (`name`(30),`deleted`),
  KEY `deleted` (`deleted`,`tpl_dir_id`)
) ENGINE=MyISAM AUTO_INCREMENT=12 DEFAULT CHARSET=utf8;

--
-- Dumping data for table `tpls`
--

INSERT INTO `tpls` VALUES (1,1,'ВерхнееМеню','',0,19,0),(2,2,'ПоказИнформационнойСистемы','',0,19,0),(3,2,'ПоказЭлементаИнформационнойСистемы','',0,19,0),(4,3,'КаталогТоваров','',0,19,0),(5,3,'Товар','',0,19,0),(6,3,'МагазинКорзина','',0,19,0),(7,3,'КраткаяКорзина','',0,19,0),(8,4,'ОтображениеОпросаБезРезультатов','',0,19,0),(9,3,'МагазинСписокПроизводителей','',0,19,0),(10,3,'МагазинПроизводитель','',0,19,0),(11,5,'ОтображениеБаннера','',0,19,0);

--
-- Table structure for table `user_absence_types`
--

CREATE TABLE `user_absence_types` (
  `id` int(11) NOT NULL AUTO_INCREMENT,
  `name` varchar(255) NOT NULL,
  `abbr` varchar(2) NOT NULL,
  `color` varchar(7) NOT NULL,
  `sorting` smallint(6) NOT NULL DEFAULT '0',
  `deleted` tinyint(1) unsigned NOT NULL DEFAULT '0',
  PRIMARY KEY (`id`),
  KEY `deleted` (`deleted`)
) ENGINE=MyISAM AUTO_INCREMENT=4 DEFAULT CHARSET=utf8;

--
-- Dumping data for table `user_absence_types`
--

INSERT INTO `user_absence_types` VALUES (1,'Прогулы','П','#f0112b',10,0),(2,'Очередные и дополнительные отпуска','О','#00ad2b',20,0),(3,'Временная нетрудоспособность','Б','#b3b3b3',30,0);

--
-- Table structure for table `user_absences`
--

CREATE TABLE `user_absences` (
  `id` int(11) NOT NULL AUTO_INCREMENT,
  `employee_id` int(11) NOT NULL DEFAULT '0',
  `user_absence_type_id` int(11) NOT NULL DEFAULT '0',
  `reason` text,
  `start` date NOT NULL DEFAULT '0000-00-00',
  `end` date NOT NULL DEFAULT '0000-00-00',
  `datetime` datetime NOT NULL DEFAULT '0000-00-00 00:00:00',
  `user_id` int(11) NOT NULL DEFAULT '0',
  `deleted` tinyint(1) unsigned NOT NULL DEFAULT '0',
  PRIMARY KEY (`id`),
  KEY `deleted` (`deleted`,`employee_id`)
) ENGINE=MyISAM DEFAULT CHARSET=utf8;

--
-- Dumping data for table `user_absences`
--


--
-- Table structure for table `user_accessdenieds`
--

CREATE TABLE `user_accessdenieds` (
  `id` int(11) NOT NULL AUTO_INCREMENT,
  `datetime` datetime NOT NULL DEFAULT '0000-00-00 00:00:00',
  `ip` varchar(46) NOT NULL,
  PRIMARY KEY (`id`),
  KEY `datetime` (`datetime`),
  KEY `ip` (`ip`)
) ENGINE=MyISAM AUTO_INCREMENT=22 DEFAULT CHARSET=utf8;

--
-- Dumping data for table `user_accessdenieds`
--

INSERT INTO `user_accessdenieds` VALUES (20,'2022-11-26 13:16:22','127.0.0.1'),(19,'2022-11-26 13:15:49','127.0.0.1'),(21,'2022-11-26 13:16:43','127.0.0.1');

--
-- Table structure for table `user_bookmarks`
--

CREATE TABLE `user_bookmarks` (
  `id` int(11) NOT NULL AUTO_INCREMENT,
  `module_id` int(11) NOT NULL DEFAULT '0',
  `name` varchar(255) DEFAULT NULL,
  `path` text,
  `user_id` int(11) NOT NULL DEFAULT '0',
  `deleted` tinyint(1) unsigned NOT NULL DEFAULT '0',
  PRIMARY KEY (`id`),
  KEY `deleted` (`deleted`,`user_id`,`path`(30)) USING BTREE
) ENGINE=MyISAM DEFAULT CHARSET=utf8;

--
-- Dumping data for table `user_bookmarks`
--


--
-- Table structure for table `user_directory_emails`
--

CREATE TABLE `user_directory_emails` (
  `id` int(11) unsigned NOT NULL AUTO_INCREMENT,
  `user_id` int(11) unsigned NOT NULL,
  `directory_email_id` int(11) unsigned NOT NULL,
  PRIMARY KEY (`id`),
  UNIQUE KEY `user_id` (`user_id`,`directory_email_id`),
  KEY `directory_email_id` (`directory_email_id`)
) ENGINE=MyISAM DEFAULT CHARSET=utf8;

--
-- Dumping data for table `user_directory_emails`
--


--
-- Table structure for table `user_directory_messengers`
--

CREATE TABLE `user_directory_messengers` (
  `id` int(11) unsigned NOT NULL AUTO_INCREMENT,
  `user_id` int(11) unsigned NOT NULL,
  `directory_messenger_id` int(11) unsigned NOT NULL,
  PRIMARY KEY (`id`),
  UNIQUE KEY `user_id` (`user_id`,`directory_messenger_id`),
  UNIQUE KEY `directory_messenger_id` (`directory_messenger_id`)
) ENGINE=MyISAM DEFAULT CHARSET=utf8;

--
-- Dumping data for table `user_directory_messengers`
--


--
-- Table structure for table `user_directory_phones`
--

CREATE TABLE `user_directory_phones` (
  `id` int(11) unsigned NOT NULL AUTO_INCREMENT,
  `user_id` int(11) unsigned NOT NULL,
  `directory_phone_id` int(11) unsigned NOT NULL,
  PRIMARY KEY (`id`),
  UNIQUE KEY `user_id` (`user_id`,`directory_phone_id`),
  KEY `directory_phone_id` (`directory_phone_id`)
) ENGINE=MyISAM AUTO_INCREMENT=2 DEFAULT CHARSET=utf8;

--
-- Dumping data for table `user_directory_phones`
--

INSERT INTO `user_directory_phones` VALUES (1,19,68);

--
-- Table structure for table `user_directory_socials`
--

CREATE TABLE `user_directory_socials` (
  `id` int(11) unsigned NOT NULL AUTO_INCREMENT,
  `user_id` int(11) unsigned NOT NULL,
  `directory_social_id` int(11) unsigned NOT NULL,
  PRIMARY KEY (`id`),
  UNIQUE KEY `user_id` (`user_id`,`directory_social_id`),
  KEY `directory_social_id` (`directory_social_id`)
) ENGINE=MyISAM DEFAULT CHARSET=utf8;

--
-- Dumping data for table `user_directory_socials`
--


--
-- Table structure for table `user_directory_websites`
--

CREATE TABLE `user_directory_websites` (
  `id` int(11) unsigned NOT NULL AUTO_INCREMENT,
  `user_id` int(11) unsigned NOT NULL,
  `directory_website_id` int(11) unsigned NOT NULL,
  PRIMARY KEY (`id`),
  UNIQUE KEY `user_id` (`user_id`,`directory_website_id`),
  KEY `directory_website_id` (`directory_website_id`)
) ENGINE=MyISAM DEFAULT CHARSET=utf8;

--
-- Dumping data for table `user_directory_websites`
--


--
-- Table structure for table `user_messages`
--

CREATE TABLE `user_messages` (
  `id` int(11) NOT NULL AUTO_INCREMENT,
  `user_id` int(11) NOT NULL DEFAULT '0',
  `recipient_user_id` int(11) NOT NULL DEFAULT '0',
  `datetime` datetime NOT NULL DEFAULT '0000-00-00 00:00:00',
  `text` text,
  `read` tinyint(1) unsigned NOT NULL DEFAULT '0',
  `alert` tinyint(1) unsigned NOT NULL DEFAULT '1',
  PRIMARY KEY (`id`),
  KEY `user_id` (`user_id`,`recipient_user_id`,`read`),
  KEY `datetime` (`datetime`),
  KEY `recipient_user_id` (`recipient_user_id`,`read`,`alert`)
) ENGINE=MyISAM DEFAULT CHARSET=utf8;

--
-- Dumping data for table `user_messages`
--


--
-- Table structure for table `user_notes`
--

CREATE TABLE `user_notes` (
  `id` int(11) NOT NULL AUTO_INCREMENT,
  `user_id` int(11) NOT NULL,
  `value` varchar(255) DEFAULT NULL,
  `deleted` tinyint(1) unsigned NOT NULL DEFAULT '0',
  PRIMARY KEY (`id`),
  KEY `user_id` (`user_id`)
) ENGINE=MyISAM AUTO_INCREMENT=2 DEFAULT CHARSET=utf8;

--
-- Dumping data for table `user_notes`
--

INSERT INTO `user_notes` VALUES (1,19,'Each user has their own notes.',0);

--
-- Table structure for table `user_sessions`
--

CREATE TABLE `user_sessions` (
  `id` varchar(52) NOT NULL,
  `user_id` int(11) NOT NULL DEFAULT '0',
  `ip` varchar(46) NOT NULL,
  `user_agent` varchar(255) DEFAULT NULL,
  `time` int(11) unsigned NOT NULL DEFAULT '0',
  PRIMARY KEY (`id`)
) ENGINE=MyISAM DEFAULT CHARSET=utf8;

--
-- Dumping data for table `user_sessions`
--

INSERT INTO `user_sessions` VALUES ('6724cb7j7bnha9q780epc0imc0',25,'127.0.0.1','Mozilla/5.0 (Windows NT 10.0; Win64; x64) AppleWebKit/537.36 (KHTML, like Gecko) Chrome/88.0.4324.150 Safari/537.36',1613478749),('up61mg757fieg6i92b338uhvi2',20,'127.0.0.1','Mozilla/5.0 (Windows NT 10.0; Win64; x64) AppleWebKit/537.36 (KHTML, like Gecko) Chrome/88.0.4324.150 Safari/537.36',1613477991),('ipq386v8sfoudfiettg29dpe47',27,'127.0.0.1','Mozilla/5.0 (Macintosh; Intel Mac OS X 10_15_7) AppleWebKit/537.36 (KHTML, like Gecko) Chrome/87.0.4280.88 Safari/537.36',1615060611),('hda2p00pvuood6makgsi6df996',30,'127.0.0.1','Mozilla/5.0 (Windows NT 10.0; Win64; x64; rv:88.0) Gecko/20100101 Firefox/88.0',1624478996),('0srp3hi80qc0keilqdi6sneem7',25,'127.0.0.1','Mozilla/5.0 (Windows NT 10.0; Win64; x64) AppleWebKit/537.36 (KHTML, like Gecko) Chrome/88.0.4324.150 Safari/537.36',1613745668),('isndb574302uk61uk4vrhln7b0',25,'127.0.0.1','1C+Enterprise/8.3',1613721545),('7hbc7tgkbo9fsjjc6cd4v17203',25,'127.0.0.1','1C+Enterprise/8.3',1613721640),('cbs8e5ako91n23vnkhmtr1v3b2',25,'127.0.0.1','1C+Enterprise/8.3',1613722376),('24dqa15d40v5i1evkp1fa9e6i6',25,'127.0.0.1','1C+Enterprise/8.3',1613722376),('eovmt8ulibk79ds3rpetjsqag3',25,'127.0.0.1','1C+Enterprise/8.3',1613734897),('d8hrimo247m2l64u0enefkjdn3',25,'127.0.0.1','1C+Enterprise/8.3',1613734898),('d8pbe3dg3fpi5218v746m93332',25,'127.0.0.1','1C+Enterprise/8.3',1613735615),('knsfs4mfl39uefbi3ju3r8p8o7',25,'127.0.0.1','1C+Enterprise/8.3',1613735615),('t7a7adli8u4gbqev4mbun1jpd4',25,'127.0.0.1','1C+Enterprise/8.3',1613735754),('26om10o7ph5g3241a5togb5lj2',25,'127.0.0.1','1C+Enterprise/8.3',1613735755),('nrdi5asrhgc5t7hl7uvqknbhk0',25,'127.0.0.1','1C+Enterprise/8.3',1613735818),('sec45h64bpvkh5ae6bk2a9e7c0',25,'127.0.0.1','1C+Enterprise/8.3',1613735818),('dl2nog5mj9nanugb3cn7lg9i63',25,'127.0.0.1','1C+Enterprise/8.3',1613735955),('10v1raod1os6th17ndemi6f4o7',25,'127.0.0.1','1C+Enterprise/8.3',1613735956),('fg6mfrg4pc5sii1jplm2pt6t84',25,'127.0.0.1','1C+Enterprise/8.3',1613736029),('qqtfq3kdr9kq9if5jhib4qu955',25,'127.0.0.1','1C+Enterprise/8.3',1613736029),('6qv1fc7sl8ccsjtdnfv00l6f03',25,'127.0.0.1','1C+Enterprise/8.3',1613736141),('gu93uoqaspcgaq97rs372j93d3',25,'127.0.0.1','1C+Enterprise/8.3',1613736141),('u26k2gnl68o3kkflb3cs8inmp5',25,'127.0.0.1','1C+Enterprise/8.3',1613736526),('aq5addegmdhbcobmfedr0sj421',25,'127.0.0.1','1C+Enterprise/8.3',1613736527),('ule348814bf4325ve3hdgknoh4',25,'127.0.0.1','1C+Enterprise/8.3',1613736642),('jo6gbpq7hea67i9tq9johsoll4',25,'127.0.0.1','1C+Enterprise/8.3',1613736642),('rp1qoti2nf012qmgildcq5u694',25,'127.0.0.1','1C+Enterprise/8.3',1613736710),('nvs8urh5tphnjlijuvbqi15e80',25,'127.0.0.1','1C+Enterprise/8.3',1613736710),('asgoj79mtba665n6t5t6ms4us6',25,'127.0.0.1','1C+Enterprise/8.3',1613736741),('0p80vb2sa5eokdf5fkke5cchg4',25,'127.0.0.1','1C+Enterprise/8.3',1613736742),('n485v3s8gbplvgp7uk44g6kt87',25,'127.0.0.1','1C+Enterprise/8.3',1613737658),('bd5p51l13iiat9560v3frpl5g5',25,'127.0.0.1','1C+Enterprise/8.3',1613737658),('mjitdnbh2tthe5b2a53gtt2262',25,'127.0.0.1','1C+Enterprise/8.3',1613738612),('bfmbgjs24flbv4jnvrnmlstlv2',25,'127.0.0.1','1C+Enterprise/8.3',1613738613),('66k2rv07ie80cn08qfm0hiki94',25,'127.0.0.1','1C+Enterprise/8.3',1613738689),('lk40drunoe441o54g8la15hm33',25,'127.0.0.1','1C+Enterprise/8.3',1613738689),('g3m5qacs79d8fjrjjbijj8fhs5',25,'127.0.0.1','1C+Enterprise/8.3',1613738772),('st2r3mo0nalr14kkod3bc6e0o3',25,'127.0.0.1','1C+Enterprise/8.3',1613738772),('mbiqlbfdu9192lt6q9s5cpc5u7',25,'127.0.0.1','1C+Enterprise/8.3',1613738958),('qhuarnnd1trfi5a322q869plb7',25,'127.0.0.1','1C+Enterprise/8.3',1613738959),('3d3mufdlfv03e3rsanvn5r2o35',25,'127.0.0.1','1C+Enterprise/8.3',1613739185),('3ht2ualth90ao2ld37g45aree4',25,'127.0.0.1','1C+Enterprise/8.3',1613739186),('705364eo7qjgto9mq1pov7gf67',25,'127.0.0.1','1C+Enterprise/8.3',1613741382),('81hlndpvib8u67sedknhg85f65',25,'127.0.0.1','1C+Enterprise/8.3',1613741383),('srr4m5quldk4vjsmdajah8va73',25,'127.0.0.1','1C+Enterprise/8.3',1613741508),('e9cp6iccvbk3m6697v9fe03024',25,'127.0.0.1','1C+Enterprise/8.3',1613741509),('v57n22m28jhiehd90pcvsgqqh2',25,'127.0.0.1','1C+Enterprise/8.3',1613743216),('vk0blvi8sp6pd19spua9e53k90',25,'127.0.0.1','1C+Enterprise/8.3',1613743306),('2086d5l2nes10ei261sklvraf3',25,'127.0.0.1','1C+Enterprise/8.3',1613743307),('4ocdra1jl3kmv5u7gbaocqkof6',25,'127.0.0.1','1C+Enterprise/8.3',1613744732),('qc0shf40l3mmlr44aopnjd6092',25,'127.0.0.1','1C+Enterprise/8.3',1613745028),('602c9ctqe9ek5l9ajr54sn9hv0',25,'127.0.0.1','1C+Enterprise/8.3',1613745435),('teef9mt52buqun19f5cf9nn5u6',25,'127.0.0.1','1C+Enterprise/8.3',1613745435),('n6rdpbhd0nnq33500g2487uo94',25,'127.0.0.1','1C+Enterprise/8.3',1613755612),('4rpdq21n39srsc2i5j7k1u0ir6',25,'127.0.0.1','1C+Enterprise/8.3',1613755613),('qchf16p3ddlto3u0odu04ilr93',25,'127.0.0.1','1C+Enterprise/8.3',1613755710),('qlu1va2p54ip6t8jt7vav91if4',25,'127.0.0.1','1C+Enterprise/8.3',1613755720),('h2h55fc10eior7b04hdaojjvo5',25,'127.0.0.1','Mozilla/5.0 (Windows NT 10.0; Win64; x64) AppleWebKit/537.36 (KHTML, like Gecko) Chrome/88.0.4324.182 Safari/537.36',1613769398),('e057q2rejua1frccp689l73kq6',25,'127.0.0.1','1C+Enterprise/8.3',1613755822),('rljhharuakueqiu15o8notcvu4',25,'127.0.0.1','1C+Enterprise/8.3',1613755823),('89u5t2jegjdvuhh1ovvv34ar57',25,'127.0.0.1','1C+Enterprise/8.3',1613756854),('mb80fb7ij7f8bopv9173lloum3',25,'127.0.0.1','1C+Enterprise/8.3',1613757137),('8a268m616gs6dqia0rblm9upj0',25,'127.0.0.1','1C+Enterprise/8.3',1613757399),('8hcqph45sgvugfj0hfdvb7pnl5',25,'127.0.0.1','1C+Enterprise/8.3',1613757480),('pqlpr1vbr4jfhbm4g0r1bhat22',25,'127.0.0.1','1C+Enterprise/8.3',1613758106),('qv882i6jomd7ou885jaka3uqd1',25,'127.0.0.1','1C+Enterprise/8.3',1613758107),('qpimn7ri9k1i4d90hh62l690i3',25,'127.0.0.1','1C+Enterprise/8.3',1613758521),('c8bactr2b1misjonj4o6dr4ng0',25,'127.0.0.1','1C+Enterprise/8.3',1613758522),('m7mr5kbifcq6fehuu4ld7mn937',25,'127.0.0.1','1C+Enterprise/8.3',1613760502),('q6sjoib0a949qgf41f88dhqmj2',25,'127.0.0.1','1C+Enterprise/8.3',1613760502),('c711sfoa9f33407u0lrr2hnd97',25,'127.0.0.1','1C+Enterprise/8.3',1613761015),('lgb4nve2tnoeceum5hdta1ra36',25,'127.0.0.1','1C+Enterprise/8.3',1613761015),('or6u3vbniu0kpg23ikk1j7jej7',25,'127.0.0.1','1C+Enterprise/8.3',1613762093),('qamlbkfpa30immok58cbm2dee6',25,'127.0.0.1','1C+Enterprise/8.3',1613762398),('sd4vm29e83ossm6k5m847jeev2',25,'127.0.0.1','1C+Enterprise/8.3',1613763008),('8nrt34og6vtpapjeuhj4f86gm7',25,'127.0.0.1','1C+Enterprise/8.3',1613763359),('4jpf5ifnkceqb4bjpomvp039f7',25,'127.0.0.1','1C+Enterprise/8.3',1613763581),('8s0ofdc8t6qff71eb54vl59476',25,'127.0.0.1','1C+Enterprise/8.3',1613763614),('6ub0l51466nn39juh1cgcsntj1',25,'127.0.0.1','1C+Enterprise/8.3',1613763812),('ceh3o2u0sl2479r1mtmor294k0',25,'127.0.0.1','1C+Enterprise/8.3',1613763840),('o6snhl98e98hpbdvprifg2i3h0',25,'127.0.0.1','1C+Enterprise/8.3',1613764601),('nvigfnbui1e3uu1tjdqg1189u5',25,'127.0.0.1','1C+Enterprise/8.3',1613764601),('5l288tj6libeqcec22pkmq64q4',25,'127.0.0.1','1C+Enterprise/8.3',1613766732),('1o4iuvol82aidb6kht4814um52',25,'127.0.0.1','1C+Enterprise/8.3',1613766732),('jc7pdc29025k1tsqv72pamq865',25,'127.0.0.1','1C+Enterprise/8.3',1613766772),('0hkc0ofuvu41fh1fu154gub2j3',25,'127.0.0.1','1C+Enterprise/8.3',1613766773),('i423pu0f1fp6gh3lsvd8sf2tv5',25,'127.0.0.1','Mozilla/5.0 (Windows NT 10.0; Win64; x64) AppleWebKit/537.36 (KHTML, like Gecko) Chrome/88.0.4324.182 Safari/537.36',1613807141),('bagdgds8qsldqd476utkj824d6',25,'127.0.0.1','Mozilla/5.0 (Windows NT 10.0; Win64; x64) AppleWebKit/537.36 (KHTML, like Gecko) Chrome/88.0.4324.182 Safari/537.36',1614204229),('iqm4q0ji4abphtfbanbebr7at0',25,'127.0.0.1','1C+Enterprise/8.3',1614201338),('0e0n42buqrsr8kthgi1kpsnjh2',25,'127.0.0.1','1C+Enterprise/8.3',1614201338),('ogoo3vnu27688ste1qgmqo3v50',25,'127.0.0.1','1C+Enterprise/8.3',1614201990),('oik5b8io8tpq2l0sfkq2lcnk46',25,'127.0.0.1','1C+Enterprise/8.3',1614201991),('08m5n5vbi93n6u2v7lbi4sme27',25,'127.0.0.1','1C+Enterprise/8.3',1614239685),('g7q9sq413pnnfkagv5f0livls2',25,'127.0.0.1','1C+Enterprise/8.3',1614239685),('mej1spakmtboimi7fl4259td31',25,'127.0.0.1','Mozilla/5.0 (Windows NT 10.0; Win64; x64) AppleWebKit/537.36 (KHTML, like Gecko) Chrome/88.0.4324.182 Safari/537.36',1614254437),('gah0871q81p6q8nb93rgcn8j87',25,'127.0.0.1','1C+Enterprise/8.3',1614249835),('bjpn0cdb52judurpjnkmsho536',25,'127.0.0.1','1C+Enterprise/8.3',1614249835),('jo31n9qksdibdsh97oqr7nckr6',25,'127.0.0.1','1C+Enterprise/8.3',1614249914),('n8kf66ual0t726s8c00nec8p04',25,'127.0.0.1','1C+Enterprise/8.3',1614249915),('ekgb1mt4qj08lng0cq494lptc1',25,'127.0.0.1','1C+Enterprise/8.3',1614250020),('pahund7frhgh0dstvrb97r8e62',25,'127.0.0.1','1C+Enterprise/8.3',1614250020),('n56po4jsfmbmmlaaq29t66sfv0',25,'127.0.0.1','1C+Enterprise/8.3',1614250123),('nrappu5t0o79m8aihn5c3j9km4',25,'127.0.0.1','1C+Enterprise/8.3',1614250124),('ejosh750vufcin54lf8hkv8712',25,'127.0.0.1','1C+Enterprise/8.3',1614254378),('3e3mmrobogl7ac4dl8d7o9k4n2',25,'127.0.0.1','1C+Enterprise/8.3',1614254403),('5873vulrnl20va86ni2rfhd3s7',25,'127.0.0.1','Mozilla/5.0 (Windows NT 10.0; Win64; x64) AppleWebKit/537.36 (KHTML, like Gecko) Chrome/88.0.4324.190 Safari/537.36',1614265146),('banl2fkloahhtbdhhgln1o5383',25,'127.0.0.1','Mozilla/5.0 (Windows NT 10.0; Win64; x64) AppleWebKit/537.36 (KHTML, like Gecko) Chrome/88.0.4324.190 Safari/537.36',1614335339),('vvki6kij7p3l0rp5jumgovj2q4',25,'127.0.0.1','1C+Enterprise/8.3',1614325125),('j0466oqgcm3pmagc5k4v06o0b3',25,'127.0.0.1','1C+Enterprise/8.3',1614329293),('5vflara8agdhr6vpg5bbh1r1p1',25,'127.0.0.1','1C+Enterprise/8.3',1614329293),('ss92kg32q5ok5cjo4fqf5jerb4',25,'127.0.0.1','1C+Enterprise/8.3',1614335099),('k2fuqnt43s47rctsouktmo6lm1',25,'127.0.0.1','1C+Enterprise/8.3',1614335099),('jvc87bop369r73ouf4ijmam611',25,'127.0.0.1','1C+Enterprise/8.3',1614335189),('hs0fper2g0o40unrg1at16fsm3',25,'127.0.0.1','1C+Enterprise/8.3',1614335190),('2aj8gpt5f41aq1g47st76p8a64',25,'127.0.0.1','1C+Enterprise/8.3',1615553154),('lojannbs4g51eqqtof9r9tio17',25,'127.0.0.1','1C+Enterprise/8.3',1615553154),('ucmuknhp7id4g945euqg8tuvb4',25,'127.0.0.1','1C+Enterprise/8.3',1615554776),('urf9fubpsfe5m002rr61od7ot2',25,'127.0.0.1','1C+Enterprise/8.3',1615554777),('gbmip18qagd3u1p7hpv112v032',25,'127.0.0.1','1C+Enterprise/8.3',1615631663),('b4og21pp0cf9d3djru8hsrlg30',25,'127.0.0.1','1C+Enterprise/8.3',1615631663),('ej37phsrk01tgppdf94dlpr6o4',25,'127.0.0.1','Mozilla/5.0 (Windows NT 10.0; Win64; x64) AppleWebKit/537.36 (KHTML, like Gecko) Chrome/89.0.4389.82 Safari/537.36',1615637624),('j3oqed5otjot70hnlri0615tl6',25,'127.0.0.1','1C+Enterprise/8.3',1615634779),('7cd6r6h608cac9k17jmh98md51',25,'127.0.0.1','1C+Enterprise/8.3',1615634786),('89j2v53cpka4f344t6in487v25',25,'127.0.0.1','1C+Enterprise/8.3',1615634957),('4fieg5qk34acuhvdgrnam2m357',25,'127.0.0.1','1C+Enterprise/8.3',1615634964),('9jtoiudl27ba1hkiauv2cjrbk7',25,'127.0.0.1','1C+Enterprise/8.3',1615635084),('6qe299un761r2vkmjaaer6n2i0',25,'127.0.0.1','1C+Enterprise/8.3',1615635092),('91502233fb0i5afauo8krggcb6',25,'127.0.0.1','Mozilla/5.0 (Windows NT 10.0; Win64; x64) AppleWebKit/537.36 (KHTML, like Gecko) Chrome/89.0.4389.90 Safari/537.36',1616594012),('1ado2lv6gkq4bfssfof6tfidt4',25,'127.0.0.1','1C+Enterprise/8.3',1616583909),('lkcdlm5uspgs9m56l9gc7fp8d0',25,'127.0.0.1','1C+Enterprise/8.3',1616590356),('lu62425splo9mhah92tcbsa3o3',25,'127.0.0.1','1C+Enterprise/8.3',1616591663),('a4gqgt6u278eo6puqage58lap1',25,'127.0.0.1','1C+Enterprise/8.3',1616592686),('j2618hkiq6j8icc2h9h1s8urf0',25,'127.0.0.1','1C+Enterprise/8.3',1616593086),('7dc7neh9tphprhkn446ng68eb1',25,'127.0.0.1','1C+Enterprise/8.3',1616593664),('6jl5bf15s2b4si0jq3t1v5b3c3',25,'127.0.0.1','1C+Enterprise/8.3',1616593672),('r3llp3sfmtkvc6heg0ill7ig57',25,'127.0.0.1','Mozilla/5.0 (Windows NT 10.0; Win64; x64) AppleWebKit/537.36 (KHTML, like Gecko) Chrome/89.0.4389.90 Safari/537.36',1616675090),('ivftm7h7ktvckviat6op5idk97',25,'127.0.0.1','1C+Enterprise/8.3',1616657460),('u4a3s3lclqhhj0bnur4mslot67',25,'127.0.0.1','1C+Enterprise/8.3',1616657468),('aloikhhhe1vh2s6akgu6nhmse1',25,'127.0.0.1','1C+Enterprise/8.3',1616657615),('tiasrdlcoog7an5v583814egt4',25,'127.0.0.1','1C+Enterprise/8.3',1616657623),('bbmqq5fabgbgbf2msuke2oids1',25,'127.0.0.1','1C+Enterprise/8.3',1616659064),('ehbass38q3hrqfenrqjdf8kf23',25,'127.0.0.1','1C+Enterprise/8.3',1616659085),('jqj1phe0dhnhis37cua2vvf460',25,'127.0.0.1','1C+Enterprise/8.3',1616659299),('14ghnvg6k0arov8em99uv4bb02',25,'127.0.0.1','1C+Enterprise/8.3',1616659710),('kpv4hmko4obpqqf45o38pcuol7',25,'127.0.0.1','1C+Enterprise/8.3',1616659988),('mqd7iae2o5mvs9pa4tvq9qa1a5',25,'127.0.0.1','1C+Enterprise/8.3',1616661038),('3pdfuiohe8lr61822r2gkdhpq2',25,'127.0.0.1','1C+Enterprise/8.3',1616664139),('98u00udhr635abeg8rs6v76up0',25,'127.0.0.1','1C+Enterprise/8.3',1616664281),('tk95m6gj51mp821902716n8ul1',25,'127.0.0.1','1C+Enterprise/8.3',1616664571),('ned5q7pqddf015ubppl6hbcum0',25,'127.0.0.1','1C+Enterprise/8.3',1616664660),('uo4s8hfhfhqk6v845a5f30gsf5',25,'127.0.0.1','1C+Enterprise/8.3',1616664751),('c8f7oh1ij8vf448gd6urcr3da6',25,'127.0.0.1','1C+Enterprise/8.3',1616668619),('1rtjgkeap16v1hv1s0p4q3mnn6',25,'127.0.0.1','1C+Enterprise/8.3',1616668722),('ecf8tg2fh07fhnfbhlc1ia1575',25,'127.0.0.1','1C+Enterprise/8.3',1616668767),('53uc5nbkg0abrnbdmmt5v9no96',25,'127.0.0.1','1C+Enterprise/8.3',1616669273),('n8siare9la8eggj9uphs7r86g4',25,'127.0.0.1','1C+Enterprise/8.3',1616669482),('i9r86divgk5n0gth98o43jfmu2',25,'127.0.0.1','1C+Enterprise/8.3',1616669721),('jc2023boig2289gjonoel6c7k2',25,'127.0.0.1','1C+Enterprise/8.3',1616669780),('1k96dc4dpgl9frblb1i0m4j1n5',25,'127.0.0.1','1C+Enterprise/8.3',1616669795),('g6lefd1n0uc7l8hjp08noitcj5',25,'127.0.0.1','1C+Enterprise/8.3',1616669877),('delv01rdp3kvuh9ef40dq2ab01',25,'127.0.0.1','1C+Enterprise/8.3',1616669901),('voc4bvlq6jmuoi36r57v93ope3',25,'127.0.0.1','1C+Enterprise/8.3',1616669976),('s0ded8e8kj7frrkpa4ooq3tcd0',25,'127.0.0.1','1C+Enterprise/8.3',1616670236),('ctvhsaar0nthg6q9m0sdg410t0',25,'127.0.0.1','1C+Enterprise/8.3',1616670382),('oacq8ludfcsi66dgg3kgsioe92',25,'127.0.0.1','1C+Enterprise/8.3',1616670551),('pore3nvvc219s53bs593shjjf1',25,'127.0.0.1','1C+Enterprise/8.3',1616670684),('l64n8ms2083cvi24mk5n8f1887',25,'127.0.0.1','1C+Enterprise/8.3',1616670771),('91k6m0asdf6tk7cep4n0ltp2s1',25,'127.0.0.1','1C+Enterprise/8.3',1616671096),('h18ridvubaamaq507nptvhdk83',25,'127.0.0.1','1C+Enterprise/8.3',1616671238),('ju5n5nn41162m8ru696d1701h7',25,'127.0.0.1','1C+Enterprise/8.3',1616747533),('jegh6eoj8ud1keg8q3vsg0t7l7',25,'127.0.0.1','1C+Enterprise/8.3',1616747533),('0h7da5pntcp2klpbt2ch9l3av5',25,'127.0.0.1','Mozilla/5.0 (Windows NT 10.0; Win64; x64) AppleWebKit/537.36 (KHTML, like Gecko) Chrome/89.0.4389.90 Safari/537.36',1616763911),('lqckogghii697l9leuffukdqv3',25,'127.0.0.1','1C+Enterprise/8.3',1616748073),('ajl3pa8jfjkdeob1aj8j72hq63',25,'127.0.0.1','1C+Enterprise/8.3',1616748278),('84qn7mt434400s6vkfhv037g71',25,'127.0.0.1','1C+Enterprise/8.3',1616748279),('e8ibtv30kfqjlu2qe99kvqogg2',25,'127.0.0.1','1C+Enterprise/8.3',1616748472),('e911giktvabd9e633auaqjvdi0',25,'127.0.0.1','1C+Enterprise/8.3',1616749061),('cbmrer7ov5sf4esvaclmqfhc21',25,'127.0.0.1','1C+Enterprise/8.3',1616749204),('jigrjrfpvj2s129ga59pg7g2o5',25,'127.0.0.1','1C+Enterprise/8.3',1616749205),('81j0qs6rcq509lo1dfdaikups2',25,'127.0.0.1','1C+Enterprise/8.3',1616749577),('bci8oaeb0tjt4qt8jqa5p3s0b1',25,'127.0.0.1','1C+Enterprise/8.3',1616749849),('gq7fe15olmvs5j1le1r467fin0',25,'127.0.0.1','1C+Enterprise/8.3',1616751404),('7f6g0cturfhgkmee52g0qhbof0',25,'127.0.0.1','1C+Enterprise/8.3',1616751471),('3ddtf7n8j835c70ql6817vfu24',25,'127.0.0.1','1C+Enterprise/8.3',1616751598),('n7ssfalsfsp2difepo32154737',25,'127.0.0.1','1C+Enterprise/8.3',1616751629),('ee5v303ldcmtqfrd9aj0t4v5f7',25,'127.0.0.1','1C+Enterprise/8.3',1616751660),('j72ac040kaa50hp1dv55khn823',25,'127.0.0.1','1C+Enterprise/8.3',1616751686),('pfghs9vabcfdliah8pgdfl7jq4',25,'127.0.0.1','1C+Enterprise/8.3',1616751714),('an91q853lvkslslnb0uui6mov5',25,'127.0.0.1','1C+Enterprise/8.3',1616751728),('js2sg0bc05k8kfk8kjlfp9st93',25,'127.0.0.1','1C+Enterprise/8.3',1616751744),('pc19u9rr93ja0q5ipi5viq3qo7',25,'127.0.0.1','1C+Enterprise/8.3',1616751767),('0e9e81e1f3k7g2p1kujb855tl6',25,'127.0.0.1','1C+Enterprise/8.3',1616751851),('t95lma95r4gsah64petbcukuf2',25,'127.0.0.1','1C+Enterprise/8.3',1616752597),('g31r2jr82u71ak63e0b0s05sv7',25,'127.0.0.1','1C+Enterprise/8.3',1616752618),('p1004dkvst1b6jd90vrp4khte0',25,'127.0.0.1','1C+Enterprise/8.3',1616752653),('bto0rav2a7bn7ungjhvm731916',25,'127.0.0.1','1C+Enterprise/8.3',1616752879),('kdcf2hafiv3tn18fj7amp75fi6',25,'127.0.0.1','1C+Enterprise/8.3',1616752879),('vbijm9g8fgc3kcrge11n8cjj05',25,'127.0.0.1','1C+Enterprise/8.3',1616752998),('4h335u1bp62la2rflaptsl6f40',25,'127.0.0.1','1C+Enterprise/8.3',1616752999),('c4t5ad7jdonk0povgss0kn2l10',25,'127.0.0.1','1C+Enterprise/8.3',1616753435),('fqbfe5p5v9cqc8aeqqc3ds8qd5',25,'127.0.0.1','1C+Enterprise/8.3',1616753436),('k337ra859553b7fam6nugsoth1',25,'127.0.0.1','1C+Enterprise/8.3',1616754202),('akioesve0b1j6f1pbn1e5q4rb4',25,'127.0.0.1','1C+Enterprise/8.3',1616754203),('gsmvf75p6756gu2qbhlvhk96o6',25,'127.0.0.1','1C+Enterprise/8.3',1616754820),('khpd9k0qgtjl2c9oubf06kkj04',25,'127.0.0.1','1C+Enterprise/8.3',1616754821),('cs1gf5vmrovov1lqqrl1don9u4',25,'127.0.0.1','1C+Enterprise/8.3',1616754955),('nsbbgneaeb485eedo061e49sh2',25,'127.0.0.1','1C+Enterprise/8.3',1616755000),('4its7vd7u8be40b585b4q44v64',25,'127.0.0.1','1C+Enterprise/8.3',1616755001),('mlt4i9seh4gkojmtlqm0vi1nk2',25,'127.0.0.1','1C+Enterprise/8.3',1616755327),('hcuif13i2brccad45t8jehqu66',25,'127.0.0.1','1C+Enterprise/8.3',1616755606),('eq20pgoa2hmpc0fpc5pc8e28f4',25,'127.0.0.1','1C+Enterprise/8.3',1616755681),('i16k5gprvv0odbsmflpquock72',25,'127.0.0.1','1C+Enterprise/8.3',1616755745),('c3ia1sf7bn40mpo803h2kas6u2',25,'127.0.0.1','1C+Enterprise/8.3',1616755798),('h9p5mc3vhl3t9jtq1ejhltot56',25,'127.0.0.1','1C+Enterprise/8.3',1616755857),('749phk9oki146re3hrq5aqv4f0',25,'127.0.0.1','1C+Enterprise/8.3',1616756501),('kk0n8o8pst59ok4co56b5q9t41',25,'127.0.0.1','1C+Enterprise/8.3',1616756588),('1nnb96mst8sqlgr3oq4q857ct5',25,'127.0.0.1','1C+Enterprise/8.3',1616756589),('jeo2e051gstou57lk5qh3qdc82',25,'127.0.0.1','1C+Enterprise/8.3',1616756643),('8p1a9g21cnfhovc7cjqspvr9m4',25,'127.0.0.1','1C+Enterprise/8.3',1616756813),('9uu4vbogh19c0aelm8amh0s876',25,'127.0.0.1','1C+Enterprise/8.3',1616756813),('0lt2hra46ve0ktb5gnmtqo18o4',25,'127.0.0.1','Mozilla/5.0 (Windows NT 10.0; Win64; x64; rv:87.0) Gecko/20100101 Firefox/87.0',1617964187),('1eqgm2i85m1dvsimnd7hdk37l0',32,'127.0.0.1','Mozilla/5.0 (Windows NT 10.0; Win64; x64; rv:87.0) Gecko/20100101 Firefox/87.0',1617185066),('lv7bj42va7m77go5ii1undqi61',25,'127.0.0.1','Mozilla/5.0 (Windows NT 10.0; Win64; x64) AppleWebKit/537.36 (KHTML, like Gecko) Chrome/89.0.4389.90 Safari/537.36',1617113347),('bv7l933r6t7am9c7m5mi8ta182',25,'127.0.0.1','1C+Enterprise/8.3',1617112380),('ce8tgl8i1msoacnq5nu65cc676',25,'127.0.0.1','1C+Enterprise/8.3',1617112382),('luptpnkbi0pjvf1b412c4j6oq6',25,'127.0.0.1','1C+Enterprise/8.3',1617112547),('ci4qejesu3lf9j6qf67j8s9tu3',25,'127.0.0.1','1C+Enterprise/8.3',1617112548),('1fnr2p7v3pr0m16b4fnodrdqb0',25,'127.0.0.1','1C+Enterprise/8.3',1617112708),('fp61b2f7s2i41nr8qluk2sken0',25,'127.0.0.1','1C+Enterprise/8.3',1617112709),('55ef8bin85ih34fm52n8ttaf81',25,'127.0.0.1','1C+Enterprise/8.3',1617112843),('8lcmq0b29150auv860u63ohj54',25,'127.0.0.1','1C+Enterprise/8.3',1617112843),('al2db8g1c115qgr66ai31hiam7',25,'127.0.0.1','1C+Enterprise/8.3',1617112935),('m03rvhrhr78huqn1b84ifhcav5',25,'127.0.0.1','1C+Enterprise/8.3',1617112936),('1vj1je79kcam4u7oao3lejnc55',25,'127.0.0.1','1C+Enterprise/8.3',1617113045),('se5ehksoq5q5fpioaogr8md891',25,'127.0.0.1','1C+Enterprise/8.3',1617113045),('svu95roc90s5h44rsg3sqvc3h7',25,'127.0.0.1','1C+Enterprise/8.3',1617113080),('0phnseuc3nencng29e1l495567',25,'127.0.0.1','1C+Enterprise/8.3',1617113080),('rode2ierg8lpa2e1hgb2h49s74',20,'127.0.0.1','Mozilla/5.0 (Windows NT 10.0; Win64; x64) AppleWebKit/537.36 (KHTML, like Gecko) Chrome/91.0.4472.164 Safari/537.36',1626904654),('c2argpmaai6aq70rifenkhvet7',25,'127.0.0.1','Mozilla/5.0 (Macintosh; Intel Mac OS X 11_2_3) AppleWebKit/537.36 (KHTML, like Gecko) Chrome/89.0.4389.90 Safari/537.36',1618114792),('4jb1ngv2ogk8goovjum7pdur60',25,'127.0.0.1','Mozilla/5.0 (Windows NT 10.0; Win64; x64) AppleWebKit/537.36 (KHTML, like Gecko) Chrome/89.0.4389.114 Safari/537.36',1618307146),('r3vhlqo7b3b7gg54u44tfj0tr0',25,'127.0.0.1','1C+Enterprise/8.3',1618295708),('ecq8spvvku2j17kj0udvs4e4o2',25,'127.0.0.1','1C+Enterprise/8.3',1618295820),('fafjtnjminc2f5tkreev60g8c2',25,'127.0.0.1','1C+Enterprise/8.3',1618295921),('s5ib3c7jl345j11vubi6a8s4m0',25,'127.0.0.1','1C+Enterprise/8.3',1618296456),('eq6skd1kjmii66kmouqbrqe0g2',25,'127.0.0.1','1C+Enterprise/8.3',1618296457),('voeb9u8mme3nel2ai73fs0odt0',25,'127.0.0.1','1C+Enterprise/8.3',1618297043),('204mtldkhbodapnm7a81c8j8s2',25,'127.0.0.1','1C+Enterprise/8.3',1618297043),('bvv8f0s92bjrv6mcibucheg2q7',25,'127.0.0.1','1C+Enterprise/8.3',1618297171),('72v4fbbqictjvja9r0pul6nvj7',25,'127.0.0.1','1C+Enterprise/8.3',1618297171),('e3hcvttho256esrvlot9mhhdg2',25,'127.0.0.1','1C+Enterprise/8.3',1618297332),('k41fjag6uvj2haa7ggt4smpfh1',25,'127.0.0.1','1C+Enterprise/8.3',1618297333),('j2ictgphaf2u2d7mjut62v7bt4',25,'127.0.0.1','1C+Enterprise/8.3',1618297787),('09fkufcn2t87eikd8ivv7su427',25,'127.0.0.1','1C+Enterprise/8.3',1618297788),('rl9gv16pvsen2m3ofuos7qupj2',25,'127.0.0.1','1C+Enterprise/8.3',1618298086),('samp2e8iac4dd73tadud0e13c5',25,'127.0.0.1','1C+Enterprise/8.3',1618298086),('uk5pm1tt6ep5bhni2db5coqu44',25,'127.0.0.1','1C+Enterprise/8.3',1618298404),('ela8o957d4eups2kjvdlgoqep2',25,'127.0.0.1','1C+Enterprise/8.3',1618298579),('devgbjl3ara0lgrqbl9vqa3nv2',25,'127.0.0.1','1C+Enterprise/8.3',1618298579),('pl4epgvc8pjs716knjm7ak0970',25,'127.0.0.1','1C+Enterprise/8.3',1618298670),('p40rpasuj4hcd5spi0sdpidn74',25,'127.0.0.1','1C+Enterprise/8.3',1618298670),('282ugoogq3gfjj0n8kr12hq4g3',25,'127.0.0.1','Mozilla/5.0 (Windows NT 10.0; Win64; x64) AppleWebKit/537.36 (KHTML, like Gecko) Chrome/89.0.4389.114 Safari/537.36',1618402170),('dql0lhgc1la61ashm64ajfrdc6',25,'127.0.0.1','Mozilla/5.0 (Windows NT 10.0; Win64; x64) AppleWebKit/537.36 (KHTML, like Gecko) Chrome/89.0.4389.128 Safari/537.36',1618831658),('tu25h7egv672eklq42cvq28jr2',25,'127.0.0.1','1C+Enterprise/8.3',1618831449),('5mr3n9qfgnos36stgkdrnnpa57',25,'127.0.0.1','Mozilla/5.0 (Windows NT 10.0; Win64; x64) AppleWebKit/537.36 (KHTML, like Gecko) Chrome/89.0.4389.128 Safari/537.36',1619182485),('c9nthm5ua3pf7ja7r8hssrvs96',25,'127.0.0.1','1C+Enterprise/8.3',1619170647),('bbco571r35vocjatmdqqaebm21',25,'127.0.0.1','1C+Enterprise/8.3',1619170787),('g5p48mqvu59bn34g0sek4remq2',25,'127.0.0.1','1C+Enterprise/8.3',1619171928),('ujtohpmffkhj4jdlub922ib280',25,'127.0.0.1','1C+Enterprise/8.3',1619176211),('bt1bq80jj6ormkcok324og7c57',25,'127.0.0.1','1C+Enterprise/8.3',1619176547),('pdl574cfags3arkjbik60me5j3',25,'127.0.0.1','1C+Enterprise/8.3',1619176587),('p4rv2m6hr7rh28kjkt1tra0tj2',25,'127.0.0.1','1C+Enterprise/8.3',1619176927),('h89pg9vcld64rkotmt0uv1u650',25,'127.0.0.1','1C+Enterprise/8.3',1619177440),('ca9t859hmh40tjibplustn29k2',25,'127.0.0.1','1C+Enterprise/8.3',1619177685),('ssvv44sb6bp24a7vrk25kkhkj2',25,'127.0.0.1','1C+Enterprise/8.3',1619177942),('urgelmqnafvm82l5jgan00m1q4',25,'127.0.0.1','1C+Enterprise/8.3',1619178166),('dg4n5vqro9vtp8kg3n9rfs5lr5',25,'127.0.0.1','1C+Enterprise/8.3',1619179036),('cq39gt1h9u9nand7pc80o2u450',25,'127.0.0.1','1C+Enterprise/8.3',1619179162),('66k8qp7lf03o2hhbjt642mjhe0',25,'127.0.0.1','1C+Enterprise/8.3',1619179999),('32maoloqk8p1g5t8qrjj906u45',25,'127.0.0.1','1C+Enterprise/8.3',1619182433),('j96hk50l39aficbc4hi4q3anj4',25,'127.0.0.1','Mozilla/5.0 (Windows NT 10.0; Win64; x64) AppleWebKit/537.36 (KHTML, like Gecko) Chrome/89.0.4389.128 Safari/537.36',1619182558),('4gl43q05il1cqnrdticn3j35n3',25,'127.0.0.1','1C+Enterprise/8.3',1619182547),('ghd8ntep1a043o5vgc5pi2d8a6',25,'127.0.0.1','Mozilla/5.0 (Windows NT 10.0; Win64; x64) AppleWebKit/537.36 (KHTML, like Gecko) Chrome/89.0.4389.128 Safari/537.36',1619185683),('b6tloihnbl4gtkrccs26fa0g72',25,'127.0.0.1','1C+Enterprise/8.3',1619183467),('v3icnhv9rqmvvbamfdkiend4n3',25,'127.0.0.1','1C+Enterprise/8.3',1619184162),('393actc754gjifeseoc0so2gv3',25,'127.0.0.1','1C+Enterprise/8.3',1619185608),('fbt1rc4fnbl2jdso539gcjdir1',25,'127.0.0.1','Mozilla/5.0 (Windows NT 10.0; Win64; x64) AppleWebKit/537.36 (KHTML, like Gecko) Chrome/90.0.4430.93 Safari/537.36',1619606858),('h5kt4lmub3s6lub01trukft385',25,'127.0.0.1','Mozilla/5.0 (Windows NT 10.0; Win64; x64) AppleWebKit/537.36 (KHTML, like Gecko) Chrome/90.0.4430.93 Safari/537.36',1619618071),('g2eei9ip40vkq8h10i8b6c3co4',25,'127.0.0.1','1C+Enterprise/8.3',1619613174),('p6di6li065ec3gluoa117ht781',25,'127.0.0.1','1C+Enterprise/8.3',1619613296),('ov1mofj1d9n73mqbac8n1v3b17',25,'127.0.0.1','1C+Enterprise/8.3',1619613472),('v9efdcel1d65khj0qk3o94ufb0',25,'127.0.0.1','1C+Enterprise/8.3',1619613874),('s8178dih3jbudu7uj6md4hflv4',25,'127.0.0.1','1C+Enterprise/8.3',1619614011),('jpvu52lsnm9efo4n5al7h65sj6',25,'127.0.0.1','1C+Enterprise/8.3',1619615179),('rnt2635mjpmst3pgm7qncqcge1',25,'127.0.0.1','1C+Enterprise/8.3',1619616275),('o9fpi9qqefep3vqqstb6uoo3s2',25,'127.0.0.1','1C+Enterprise/8.3',1619616314),('ln3c0106js0d3up2a61bmvek30',25,'127.0.0.1','1C+Enterprise/8.3',1619616516),('3sujec84ga6e5ghhmf30erjcg3',25,'127.0.0.1','1C+Enterprise/8.3',1619616564),('k5auntkj2c44css9rbe4b0s8k1',25,'127.0.0.1','1C+Enterprise/8.3',1619617294),('vg5n0d541s06stfodmkm4rlgc2',25,'127.0.0.1','Mozilla/5.0 (Windows NT 10.0; Win64; x64) AppleWebKit/537.36 (KHTML, like Gecko) Chrome/90.0.4430.93 Safari/537.36',1620298808),('6dkdkhkk2o138e07v5goo334b0',25,'127.0.0.1','1C+Enterprise/8.3',1620294308),('7s6df5ls56604e5c6a69dtlgr2',25,'127.0.0.1','1C+Enterprise/8.3',1620294886),('t8qou40tnkpq03q5bicvabnet5',25,'127.0.0.1','1C+Enterprise/8.3',1620297409),('cehc3brk77elpaha39n68s1p53',25,'127.0.0.1','1C+Enterprise/8.3',1620297649),('rqda1afa44bd377s85la6msmg5',25,'127.0.0.1','1C+Enterprise/8.3',1620298184),('1hj5nf6ptta4mcg8th7f5meha5',25,'127.0.0.1','Mozilla/5.0 (Windows NT 10.0; Win64; x64) AppleWebKit/537.36 (KHTML, like Gecko) Chrome/90.0.4430.93 Safari/537.36',1620392617),('ckmiljv08aganc6g4u9mkf8281',25,'127.0.0.1','1C+Enterprise/8.3',1620381349),('e800e7bg648v0soku330o438v6',25,'127.0.0.1','1C+Enterprise/8.3',1620382280),('he5i8j0uv8ha9r6fjla1ojvbq0',25,'127.0.0.1','1C+Enterprise/8.3',1620382312),('mgqlh9bufbh8ac4jsmkmmb7ct4',25,'127.0.0.1','1C+Enterprise/8.3',1620382989),('rhbe07bheffs5jcnfjkdgotjd5',25,'127.0.0.1','1C+Enterprise/8.3',1620384821),('71b4qgpkv9irn79od1h42isnc7',25,'127.0.0.1','1C+Enterprise/8.3',1620386403),('tktuvsiasp2e6n784gc97gq6s2',25,'127.0.0.1','1C+Enterprise/8.3',1620386727),('2hpanhelcdu00u05qj5f546hi5',25,'127.0.0.1','1C+Enterprise/8.3',1620387892),('3vkvgk7m6eglctep0v92cdmtj0',25,'127.0.0.1','1C+Enterprise/8.3',1620388186),('7eretr9ctq9hs4tg86aqgfj9a2',25,'127.0.0.1','1C+Enterprise/8.3',1620388260),('4v21994r6795amj5vmdki764q5',25,'127.0.0.1','1C+Enterprise/8.3',1620388891),('td8q7eceo0ccrsc4a28pbbeda6',25,'127.0.0.1','Mozilla/5.0 (Windows NT 10.0; Win64; x64) AppleWebKit/537.36 (KHTML, like Gecko) Chrome/90.0.4430.212 Safari/537.36',1620730358),('8sqjvdrigpo5nffck5vmfbq770',25,'127.0.0.1','1C+Enterprise/8.3',1620989425),('uiftafmvb6ca6liff7tvt0n6e3',25,'127.0.0.1','1C+Enterprise/8.3',1620989441),('22q50iaapduu71tqjnjl9iij27',25,'127.0.0.1','Mozilla/5.0 (Windows NT 10.0; Win64; x64) AppleWebKit/537.36 (KHTML, like Gecko) Chrome/90.0.4430.212 Safari/537.36',1620997622),('jgiggqivi9vd8igfbb88eps2v5',25,'127.0.0.1','Mozilla/5.0 (Windows NT 10.0; Win64; x64) AppleWebKit/537.36 (KHTML, like Gecko) Chrome/90.0.4430.212 Safari/537.36',1621419459),('4kduqcj0d1puniblf7qtd5p9t0',25,'127.0.0.1','Mozilla/5.0 (Windows NT 10.0; Win64; x64) AppleWebKit/537.36 (KHTML, like Gecko) Chrome/90.0.4430.212 Safari/537.36',1621510150),('9c9ecr01iuib2opu1ic86jip95',25,'127.0.0.1','1C+Enterprise/8.3',1621509744),('dau1m51apssbu2l7p4avj6hgs6',25,'127.0.0.1','1C+Enterprise/8.3',1621509904),('pceaf1m0aodon8d7jqb88sjr54',25,'127.0.0.1','Mozilla/5.0 (Windows NT 10.0; Win64; x64) AppleWebKit/537.36 (KHTML, like Gecko) Chrome/90.0.4430.212 Safari/537.36',1622127801),('1te8dssnobiie22pp7ijo4rjn6',25,'127.0.0.1','Mozilla/5.0 (Windows NT 10.0; Win64; x64) AppleWebKit/537.36 (KHTML, like Gecko) Chrome/91.0.4472.124 Safari/537.36',1626266894),('eagisjbb4q1heo0hudtsbaabl1',25,'127.0.0.1','Mozilla/5.0 (Windows NT 10.0; Win64; x64) AppleWebKit/537.36 (KHTML, like Gecko) Chrome/91.0.4472.124 Safari/537.36',1626347368),('3udhhh2h5ge0r65a2c0ag2cn75',25,'127.0.0.1','Mozilla/5.0 (Windows NT 10.0; Win64; x64) AppleWebKit/537.36 (KHTML, like Gecko) Chrome/92.0.4515.107 Safari/537.36',1627275731);

--
-- Table structure for table `user_settings`
--

CREATE TABLE `user_settings` (
  `id` int(11) NOT NULL AUTO_INCREMENT,
  `status` tinyint(4) NOT NULL DEFAULT '1',
  `user_id` int(11) NOT NULL,
  `module_id` int(11) NOT NULL,
  `type` tinyint(4) NOT NULL DEFAULT '0',
  `entity_id` int(11) NOT NULL,
  `active` tinyint(1) unsigned NOT NULL DEFAULT '1',
  PRIMARY KEY (`id`),
  KEY `user_id` (`user_id`,`module_id`,`type`,`entity_id`)
) ENGINE=MyISAM AUTO_INCREMENT=26 DEFAULT CHARSET=utf8;

--
-- Dumping data for table `user_settings`
--

INSERT INTO `user_settings` VALUES (1,1,19,25,99,0,1),(2,1,19,70,99,0,1),(3,1,19,74,99,0,1),(4,1,19,75,99,0,1),(5,1,19,78,99,0,1),(6,1,19,1,99,0,1),(7,1,19,73,99,0,1),(8,1,19,47,99,0,1),(9,1,19,20,99,0,1),(10,1,19,54,99,0,1),(11,1,19,76,99,0,1),(12,1,19,67,99,0,1),(13,1,19,79,99,0,1),(14,1,19,24,99,0,1),(15,1,19,35,99,0,1),(16,1,19,18,99,0,1),(17,1,19,8,99,0,1),(18,1,19,77,99,0,1),(19,1,19,69,99,0,1),(20,1,19,54,77,0,1),(21,1,19,0,77,0,1),(22,1,19,0,98,1,1),(23,1,19,0,2,0,1),(24,1,19,0,1,0,1),(25,1,26,20,95,7,1);

--
-- Table structure for table `user_wallpapers`
--

CREATE TABLE `user_wallpapers` (
  `id` int(11) NOT NULL AUTO_INCREMENT,
  `name` varchar(255) DEFAULT NULL,
  `image_large` varchar(255) DEFAULT NULL,
  `image_small` varchar(255) DEFAULT NULL,
  `sorting` smallint(6) NOT NULL DEFAULT '0',
  `user_id` int(11) NOT NULL DEFAULT '0',
  `deleted` tinyint(1) unsigned NOT NULL DEFAULT '0',
  PRIMARY KEY (`id`),
  KEY `deleted` (`deleted`)
) ENGINE=MyISAM AUTO_INCREMENT=9 DEFAULT CHARSET=utf8;

--
-- Dumping data for table `user_wallpapers`
--

INSERT INTO `user_wallpapers` VALUES (1,'Default','wallpaper_1.jpg','wallpaper_1_30x30.jpg',10,19,0),(2,'Autumn Flowers','wallpaper_2.jpg','wallpaper_2_30x30.jpg',20,19,0),(3,'Lake','wallpaper_3.jpg','wallpaper_3_30x30.jpg',30,19,0),(4,'Landscape','wallpaper_4.jpg','wallpaper_4_30x30.jpg',40,19,0),(5,'Santa Claus','wallpaper_5.jpg','wallpaper_5_30x30.jpg',50,19,0),(6,'Scotland','wallpaper_6.jpg','wallpaper_6_30x30.jpg',60,19,0),(7,'Tiger','wallpaper_7.jpg','wallpaper_7_30x30.jpg',70,19,0),(8,'Yogurt','wallpaper_8.jpg','wallpaper_8_30x30.jpg',70,19,0);

--
-- Table structure for table `user_workday_breaks`
--

CREATE TABLE `user_workday_breaks` (
  `id` int(11) NOT NULL AUTO_INCREMENT,
  `user_workday_id` int(11) NOT NULL DEFAULT '0',
  `begin` time NOT NULL,
  `end` time NOT NULL DEFAULT '00:00:00',
  PRIMARY KEY (`id`),
  KEY `user_workday_id` (`user_workday_id`)
) ENGINE=MyISAM DEFAULT CHARSET=utf8;

--
-- Dumping data for table `user_workday_breaks`
--


--
-- Table structure for table `user_workdays`
--

CREATE TABLE `user_workdays` (
  `id` int(11) NOT NULL AUTO_INCREMENT,
  `user_id` int(11) NOT NULL DEFAULT '0',
  `date` date NOT NULL,
  `begin` time NOT NULL,
  `end` time NOT NULL DEFAULT '00:00:00',
  `notify_day_end` tinyint(1) unsigned NOT NULL DEFAULT '0',
  `notify_day_expired` tinyint(1) unsigned NOT NULL DEFAULT '0',
  `sent_request` datetime DEFAULT NULL,
  `approved` tinyint(1) unsigned NOT NULL DEFAULT '0',
  `reason` mediumtext,
  PRIMARY KEY (`id`),
  UNIQUE KEY `user_id` (`user_id`,`date`)
) ENGINE=MyISAM DEFAULT CHARSET=utf8;

--
-- Dumping data for table `user_workdays`
--


--
-- Table structure for table `user_worktimes`
--

CREATE TABLE `user_worktimes` (
  `id` int(11) NOT NULL AUTO_INCREMENT,
  `user_id` int(11) NOT NULL DEFAULT '0',
  `day` tinyint(1) unsigned NOT NULL,
  `from` time NOT NULL,
  `to` time NOT NULL,
  `break_from` time NOT NULL,
  `break_to` time NOT NULL,
  `deleted` tinyint(1) unsigned NOT NULL DEFAULT '0',
  PRIMARY KEY (`id`),
  UNIQUE KEY `user_id` (`user_id`,`day`),
  KEY `deleted` (`deleted`,`user_id`)
) ENGINE=MyISAM DEFAULT CHARSET=utf8;

--
-- Dumping data for table `user_worktimes`
--


--
-- Table structure for table `users`
--

CREATE TABLE `users` (
  `id` int(11) NOT NULL AUTO_INCREMENT,
  `user_group_id` int(11) NOT NULL DEFAULT '0',
  `login` varchar(255) NOT NULL,
  `password` varchar(40) NOT NULL,
  `superuser` tinyint(1) unsigned NOT NULL DEFAULT '1',
  `settings` int(10) unsigned NOT NULL DEFAULT '0',
  `name` varchar(255) DEFAULT NULL,
  `surname` varchar(255) DEFAULT NULL,
  `patronymic` varchar(255) DEFAULT NULL,
  `dismissed` tinyint(1) unsigned NOT NULL DEFAULT '0',
  `freelance` tinyint(1) unsigned NOT NULL DEFAULT '0',
  `address` varchar(255) DEFAULT NULL,
  `birthday` date NOT NULL DEFAULT '0000-00-00',
  `description` mediumtext,
  `sex` tinyint(1) unsigned NOT NULL DEFAULT '0',
  `image` varchar(255) DEFAULT NULL,
  `last_activity` datetime DEFAULT NULL,
  `active` tinyint(1) unsigned NOT NULL DEFAULT '1',
  `only_access_my_own` tinyint(1) unsigned NOT NULL DEFAULT '0',
  `read_only` tinyint(1) unsigned NOT NULL DEFAULT '0',
  `sound` tinyint(1) NOT NULL DEFAULT '1',
  `root_dir` varchar(255) DEFAULT NULL,
  `user_id` int(11) NOT NULL,
  `deleted` tinyint(1) unsigned NOT NULL DEFAULT '0',
  PRIMARY KEY (`id`),
  KEY `deleted` (`deleted`,`user_group_id`),
  KEY `login` (`login`(20),`password`,`deleted`) USING BTREE
) ENGINE=MyISAM AUTO_INCREMENT=33 DEFAULT CHARSET=utf8;

--
-- Dumping data for table `users`
--

INSERT INTO `users` VALUES (19,1,'admin','8097a379a1178095e67745d237489373',1,0,'Дмитрий','Иванов','',0,0,'','0000-00-00','',0,NULL,'2021-01-21 23:06:49',1,0,0,1,'',0,0),(20,0,'offtop007','a64294d547bfd54762a7891583e423a1',1,0,'','','',0,0,'','0000-00-00','',0,NULL,'2021-07-22 00:56:53',1,0,0,1,'/',19,0),(28,0,'merlin','414c17ffde9997a611b3e09eccbd3f3d',0,0,'','','',0,0,'','0000-00-00','',0,NULL,'2020-11-19 14:03:33',1,0,0,1,'/',19,0),(22,0,'hostcms','dd5ee75b02abef60776d06827b1f3320',1,0,'','','',0,0,'','0000-00-00','',0,NULL,'2020-12-09 23:24:13',1,0,0,1,'/',19,0),(23,0,'ed','3be76d6d436a4eb7b9c8cb72b79f6b19',1,0,'','','',0,0,'','0000-00-00','',0,NULL,'2021-01-06 22:41:06',1,0,0,1,'/',19,0),(24,0,'sp','3be76d6d436a4eb7b9c8cb72b79f6b19',0,0,'','','',0,0,'','0000-00-00','',0,NULL,NULL,1,0,0,1,'/',19,0),(25,0,'oleg','72d0654e342cb20927d5e90e41867e22',1,0,'','','',0,0,'','0000-00-00','',0,NULL,'2021-07-26 08:01:38',1,0,0,1,'/',19,0),(26,0,'aleksey','d61413d49bc75ddd148a031c10ea7231',1,0,'','','',0,0,'','0000-00-00','',0,NULL,'2021-01-13 16:59:17',1,0,0,1,'/',19,0),(27,0,'Marina','6969f215fc518cd6d8f85076ea04f404',1,0,'','','',0,0,'','0001-11-30','',0,NULL,'2021-03-03 09:06:58',1,0,0,1,'/',19,0),(29,0,'ruslan','9d3b38603110b1894b90eee043c455e4',0,0,'','','',0,0,'','0000-00-00','',0,NULL,'2020-09-17 14:36:13',1,0,0,1,'/',27,0),(30,0,'divan','9f61a9e9ca3d7beef1ae78b828b6dfcb',1,0,'','','',0,0,'','0000-00-00','',0,NULL,'2021-06-23 22:43:56',1,0,0,1,'/',19,0),(31,0,'Xen','085a236df206759cbb0a54d4b3fe3103',1,0,'','','',0,0,'','0000-00-00','',0,NULL,'2021-01-06 15:41:04',1,0,0,1,'/',19,0),(32,0,'supp_hostcms','b071f65857c35f48c44c84f4de0f2454',1,0,'','','',0,0,'','0000-00-00','',0,NULL,'2021-03-31 09:58:18',1,0,0,1,'/',25,0);

--
-- Table structure for table `vote_comments`
--

CREATE TABLE `vote_comments` (
  `id` int(11) NOT NULL AUTO_INCREMENT,
  `comment_id` int(11) NOT NULL,
  `vote_id` int(11) NOT NULL,
  PRIMARY KEY (`id`),
  KEY `comment_id` (`comment_id`),
  KEY `vote_id` (`vote_id`)
) ENGINE=MyISAM DEFAULT CHARSET=utf8;

--
-- Dumping data for table `vote_comments`
--


--
-- Table structure for table `vote_informationsystem_items`
--

CREATE TABLE `vote_informationsystem_items` (
  `id` int(11) NOT NULL AUTO_INCREMENT,
  `informationsystem_item_id` int(11) NOT NULL,
  `vote_id` int(11) NOT NULL,
  PRIMARY KEY (`id`)
) ENGINE=MyISAM DEFAULT CHARSET=utf8;

--
-- Dumping data for table `vote_informationsystem_items`
--


--
-- Table structure for table `vote_shop_items`
--

CREATE TABLE `vote_shop_items` (
  `id` int(11) NOT NULL AUTO_INCREMENT,
  `shop_item_id` int(11) NOT NULL,
  `vote_id` int(11) NOT NULL,
  PRIMARY KEY (`id`),
  KEY `shop_item_id` (`shop_item_id`),
  KEY `vote_id` (`vote_id`)
) ENGINE=MyISAM DEFAULT CHARSET=utf8;

--
-- Dumping data for table `vote_shop_items`
--


--
-- Table structure for table `votes`
--

CREATE TABLE `votes` (
  `id` int(11) NOT NULL AUTO_INCREMENT,
  `value` tinyint(4) NOT NULL,
  `ip` varchar(46) NOT NULL,
  `datetime` datetime NOT NULL,
  `siteuser_id` int(11) NOT NULL DEFAULT '0',
  PRIMARY KEY (`id`),
  KEY `siteuser_id` (`siteuser_id`)
) ENGINE=MyISAM DEFAULT CHARSET=utf8;

--
-- Dumping data for table `votes`
--


--
-- Table structure for table `xsl_dirs`
--

CREATE TABLE `xsl_dirs` (
  `id` int(11) NOT NULL AUTO_INCREMENT,
  `parent_id` int(11) NOT NULL DEFAULT '0',
  `name` varchar(255) NOT NULL,
  `sorting` int(4) NOT NULL DEFAULT '0',
  `user_id` int(11) NOT NULL DEFAULT '0',
  `deleted` tinyint(1) unsigned NOT NULL DEFAULT '0',
  PRIMARY KEY (`id`),
  KEY `parent_id` (`parent_id`),
  KEY `deleted` (`deleted`,`parent_id`)
) ENGINE=MyISAM AUTO_INCREMENT=97 DEFAULT CHARSET=utf8;

--
-- Dumping data for table `xsl_dirs`
--

INSERT INTO `xsl_dirs` VALUES (1,0,'Меню',0,19,0),(2,0,'Новости и Статьи',20,19,0),(3,0,'Вопросы-ответы',0,19,0),(4,0,'Гостевая книга',0,19,0),(5,0,'Фотогалерея',0,19,0),(8,0,'Полезные ресурсы',0,19,0),(9,0,'Архив файлов',0,19,0),(10,0,'Поиск',0,19,0),(11,0,'Формы',0,19,0),(12,0,'Пользователи сайта',0,19,0),(13,12,'Почтовые рассылки',0,19,0),(14,0,'Почтовые рассылки',0,19,0),(15,0,'Опросы',0,19,0),(16,0,'Доска объявлений',0,19,0),(17,0,'Форумы',0,19,0),(18,17,'Письма',0,19,0),(20,0,'Карта сайта',0,19,0),(21,0,'Портфолио',0,19,0),(22,0,'Глоссарий',0,19,0),(23,0,'Вакансии',0,19,0),(24,0,'Интернет-магазин',10,19,0),(28,24,'Формы оплаты',0,19,0),(34,0,'Реклама',0,19,0),(35,0,'Хлебные крошки',0,19,0),(78,17,'Устаревшие',0,19,0),(79,0,'Google SiteMap',0,19,0),(80,12,'Лицевые счета',0,19,0),(81,0,'Службы техподдержки',0,19,0),(82,12,'Личные сообщения',0,19,0),(6,0,'Услуги',0,19,0),(83,0,'Сайт3',0,19,0),(84,83,'Меню',0,19,0),(85,84,'Сайт6',0,19,0),(86,0,'Сайт4',0,19,0),(87,86,'Меню',0,19,0),(88,87,'Сайт6',0,19,0),(89,86,'Новости и Статьи',0,19,0),(90,89,'Сайт6',0,19,0),(91,86,'Опросы',0,19,0),(92,91,'Сайт6',0,19,0),(93,86,'Хлебные крошки',0,19,0),(94,93,'Сайт6',0,19,0),(95,86,'Карта сайта',0,19,0),(96,86,'Формы',0,19,0);

--
-- Table structure for table `xsls`
--

CREATE TABLE `xsls` (
  `id` int(11) NOT NULL AUTO_INCREMENT,
  `xsl_dir_id` int(11) NOT NULL DEFAULT '0',
  `name` varchar(255) NOT NULL,
  `description` mediumtext,
  `sorting` smallint(5) unsigned NOT NULL DEFAULT '0',
  `format` tinyint(1) unsigned NOT NULL DEFAULT '1',
  `user_id` int(11) NOT NULL DEFAULT '0',
  `deleted` tinyint(1) unsigned NOT NULL DEFAULT '0',
  PRIMARY KEY (`id`),
  KEY `name` (`name`(30),`deleted`),
  KEY `deleted` (`deleted`,`xsl_dir_id`)
) ENGINE=MyISAM AUTO_INCREMENT=265 DEFAULT CHARSET=utf8;

--
-- Dumping data for table `xsls`
--

INSERT INTO `xsls` VALUES (1,1,'ВтороеВерхнееМеню','',0,1,19,0),(2,1,'ВерхнееМеню','',0,1,19,0),(3,2,'СписокЭлементовИнфосистемы','',0,1,19,0),(4,2,'ВыводЕдиницыИнформационнойСистемы','',0,1,19,0),(5,2,'УведомлениеДобавлениеКомментария','',0,1,19,0),(6,6,'СписокУслугНаГлавной','',0,1,0,0),(7,2,'ОтправкаПисьмаАдминистраторуДобавлениеКомментария','',0,1,19,0),(8,3,'ОтображениеВопроса','',0,1,19,0),(9,3,'СписокВопросов','',0,1,19,0),(10,4,'СписокЗаписейГостевойКниги','',0,1,19,0),(11,5,'СписокКартинок','',0,1,19,0),(12,5,'ОтображениеПодробнойИнформацииОФотографии','',0,1,19,0),(13,6,'СписокУслуг','',0,1,0,0),(14,24,'ПисьмоАдминистраторуОДобавленииКомментарияВТекстовомФормате','',0,1,19,0),(15,24,'ПисьмоАдминистраторуОДобавленииКомментарияВФорматеHTML','',0,1,19,0),(16,6,'ВыводУслуги','',0,1,0,0),(17,8,'СписокСсылок','',0,1,19,0),(18,8,'ВыводПодробнойИнформацииОСсылке','',0,1,19,0),(19,9,'СписокФайлов','',0,1,19,0),(20,9,'ПодробнаяИнформацияОФайле','',10,1,19,0),(21,10,'Поиск','',0,1,19,0),(22,11,'ОтобразитьФорму','',0,1,19,0),(23,11,'~ОбработкаОтправкиФормы','',0,1,19,0),(24,11,'ПисьмоКураторуФормы','',0,1,19,0),(27,12,'ЛичныйКабинетПользователя','',0,1,19,0),(28,12,'РегистрацияПользователя','',0,1,19,0),(29,13,'СписокРассылок','',0,1,19,0),(30,14,'ПочтовыеРассылки','',0,1,19,0),(37,17,'Форумы','',0,1,19,0),(38,17,'ТемыФорума','',0,1,19,0),(39,17,'СообщенияТемы','',0,1,19,0),(40,17,'СозданиеТемы','',0,1,19,0),(41,17,'РедактированиеСообщения','',0,1,19,0),(43,18,'ПисьмоОДобавленииСообщения','',0,1,19,0),(44,18,'ПисьмоОДобавленииТемы','',0,1,19,0),(47,20,'КартаСайта','',0,1,19,0),(48,21,'ЭлементПортфолио','',0,1,19,0),(49,21,'СписокЭлементовПортфолио','',0,1,19,0),(50,22,'СписокЭлементовГлоссарий','',0,1,19,0),(54,3,'УведомлениеДобавленияОтвета','',0,1,19,0),(55,24,'МагазинКаталогТоваров','',0,1,19,0),(56,24,'МагазинТовар','',0,1,19,0),(57,24,'МагазинКорзина','',0,1,19,0),(58,24,'МагазинБыстраяРегистрация','',0,1,19,0),(59,12,'ПисьмоВосстановлениеПароля','',0,1,19,0),(60,12,'ПисьмоПодтверждениеРегистрации','',0,1,19,0),(61,24,'МагазинАдресДоставки','',0,1,19,0),(62,24,'МагазинДоставки','',0,1,19,0),(64,15,'ОтображениеОпросаБезРезультатов','',0,1,19,0),(67,15,'ОтображениеРезультатовОпроса','',0,1,19,0),(68,24,'МагазинПлатежнаяСистема','',0,1,19,0),(69,24,'ОформлениеЗаказа','',0,1,19,0),(70,24,'МагазинСписокПродавцов','',0,1,19,0),(71,24,'МагазинПродавец','',0,1,19,0),(72,24,'СравнениеТоваров','',0,1,19,0),(73,1,'ПравоеМеню','',0,1,19,0),(74,24,'СписокЗаказов','',0,1,19,0),(75,28,'ОплатаПриПолучении','',0,1,19,0),(76,24,'ПисьмоАдминистратору','',0,1,19,0),(77,24,'ПисьмоПользователю','',0,1,19,0),(78,28,'КвитанцияПД4','',0,1,19,0),(79,24,'МагазинКорзинаКраткая','',0,1,19,0),(80,28,'ОплатаПоФормеПД4','',0,1,19,0),(81,28,'ОплатаБезналичнаяОтЮрЛица','',0,1,19,0),(82,28,'БанковскийСчет','',0,1,19,0),(83,24,'МагазинПрайс','',0,1,19,0),(84,17,'СообщенияПользователя','',0,1,19,0),(86,18,'ПисьмоРедактированияСообщенияПользователю','',0,1,19,0),(87,18,'ПисьмоДобавленияСообщенияПользователю','',0,1,19,0),(88,18,'ПисьмоРедактированияСообщенияКуратору','',0,1,19,0),(94,34,'ОтображениеБаннера','',0,1,19,0),(132,35,'ХлебныеКрошки','',0,1,19,0),(133,11,'ПисьмоКураторуФормыВФорматеHTML','',0,1,19,0),(134,80,'ПополнениеЛицевогоСчетаРеквизиты','',0,1,19,0),(135,80,'ПополнениеЛицевогоСчетаПлатежныеСистемы','',0,1,19,0),(171,2,'ОблакоТэговИнформационнойСистемы','',0,1,19,0),(172,16,'СписокОбъявлений','',1,1,19,0),(173,16,'ПодробнаяИнформацияОбОбъявлении','',0,1,19,0),(174,12,'АнкетныеДанные','',0,1,19,0),(176,24,'МагазинКаталогТоваровНаГлавнойСпецПред','',0,1,19,0),(177,79,'GoogleSiteMap','',0,1,19,0),(178,80,'СписокЛицевыхСчетов','',0,1,19,0),(179,80,'ДвиженияПоЛицевомуСчету','',0,1,19,0),(180,24,'ОблакоТэговМагазин','',0,1,19,0),(182,24,'МагазинГруппыТоваровНаГлавной','',0,1,19,0),(183,81,'ВыводСпискаТикетов','',0,1,19,0),(184,81,'ВыводСпискаСообщенийТикета','',0,1,19,0),(185,81,'ВыводРежимаРаботыСлужбыТехподдержки','',0,1,19,0),(186,12,'ПарнерскиеПрограммы','',0,1,19,0),(187,12,'ВыводСпискаОбъявленийПользователя','',0,1,19,0),(188,12,'ФормаРедактированияОбъявленияПользователя','',0,1,19,0),(189,2,'СписокНовостейНаГлавной','',0,1,19,0),(202,12,'ВыводБонусов','',0,1,19,0),(214,24,'МагазинСписокПроизводителей','',0,1,19,0),(219,24,'МагазинПроизводитель','',0,1,19,0),(221,12,'КодПриглашения','',0,1,19,0),(222,0,'test test test','',0,1,19,0),(224,1,'НижнееМеню','',0,1,19,0),(225,82,'ЛичныеСообщения','',0,1,19,0),(226,82,'ЛентаЛичныхСообщений','',0,1,19,0),(227,24,'ИзбранноеНаГлавной','',0,1,19,0),(228,28,'ОплатаПочтовымПереводом','',0,1,19,0),(229,28,'Форма112ф','',0,1,19,0),(230,24,'МагазинФильтр','',0,1,19,0),(231,24,'МагазинПоследнийЗаказ','',0,1,19,0),(232,85,'ВерхнееМенюСайт6Сайт3',NULL,0,1,19,0),(233,88,'ВерхнееМенюСайт6Сайт4',NULL,0,1,19,0),(234,90,'СписокСтатейНаГлавнойСайт6Сайт4',NULL,0,1,19,0),(235,90,'СписокНовостейНаГлавнойСайт6Сайт4',NULL,0,1,19,0),(236,92,'ОтображениеОпросаБезРезультатовСайт6Сайт4',NULL,0,1,19,0),(237,90,'СписокСтатейСайт6Сайт4',NULL,0,1,19,0),(238,90,'ПодробнаяИнформацияОСтатьеСайт6Сайт4',NULL,0,1,19,0),(239,94,'ХлебныеКрошкиСайт6Сайт4',NULL,0,1,19,0),(240,90,'ПодробнаяИнформацияОНовостиеСайт6Сайт4',NULL,0,1,19,0),(241,90,'СписокНовостейСайт6Сайт4',NULL,0,1,19,0),(242,95,'КартаСайтаСайт6Сайт4',NULL,0,1,19,0),(243,96,'ОтобразитьФормуСайт6Сайт4',NULL,0,1,19,0),(244,96,'ОбработкаОтправкиФормыСайт6Сайт4',NULL,0,1,19,0),(245,1,'ВерхнееМенюИнтернетМагазина','',0,1,19,0),(246,24,'МагазинКорзинаКраткаяН','',0,1,19,0),(247,24,'МагазинГруппыТоваровНаГлавнойН','',0,1,19,0),(248,24,'МагазинКаталогТоваровН','',0,1,19,0),(249,24,'МагазинТоварН','',0,1,19,0),(250,2,'СписокЭлементовИнфосистемыНовости','',0,1,19,0),(251,2,'СписокЭлементовИнфосистемыСтатьи','',0,1,19,0),(252,2,'ВыводЕдиницыИнформационнойСистемыСтатьи','',0,1,19,0),(253,2,'ВыводЕдиницыИнформационнойСистемыНовости','',0,1,19,0),(254,1,'ВерхнееМенюОбучение','',0,1,19,0),(255,1,'БоковоеМенюГородовОбучения','',0,1,19,0),(256,35,'ХлебныеКрошкиОбучение','',0,1,19,0),(257,5,'СписокКартинокГалереяОбучение','',0,1,19,0),(258,11,'ОбработкаОтправкиФормыКонтакты','',0,1,19,0),(259,11,'ПисьмоКураторуФормыКонтакты','',0,1,19,0),(260,11,'ОтобразитьФормуКонтакты','',0,1,19,0),(261,12,'РегистрацияПользователя [NAILS]','',0,1,19,0),(262,35,'ХлебныеКрошки [Заголовок]','',0,1,19,0),(263,24,'Вывод Палитры','',0,1,19,0),(264,0,'ЦенникиТоваров',NULL,0,1,19,0);


