(24800,4,0,0,0,0,10,0.00,0,'','Татьяна стовба','','','','',1,4,33,'2018-03-13 06:41:16',0,'0000-00-00 00:00:00','Смт. Великая писаревка','0','380662001793','Информация о заказчике:\nФИО: Татьяна стовба\nE-Mail: \nТелефон: 380662001793\nГород: \nАдрес: Смт. Великая писаревка\n','',0,0,'24800','2018-03-13 06:41:16','2A0E7786-0E5C-0225-3A16-FD92A500E186','','95.132.135.248',0),(24801,4,0,0,0,0,10,0.00,0,'','Татьяна стовба','','','','',1,4,33,'2018-03-13 06:41:21',0,'0000-00-00 00:00:00','Смт. Великая писаревка','0','380662001793','Информация о заказчике:\nФИО: Татьяна стовба\nE-Mail: \nТелефон: 380662001793\nГород: \nАдрес: Смт. Великая писаревка\n','',0,0,'24801','2018-03-13 06:41:21','7D36E898-9BF3-CCE1-4D04-862266F895BB','','95.132.135.248',0),(24802,4,0,0,0,0,10,0.00,0,'','Швабик Христина','','','','',1,4,33,'2018-03-13 06:44:01',0,'0000-00-00 00:00:00','Дуліби','0','380979448995','Информация о заказчике:\nФИО: Швабик Христина\nE-Mail: \nТелефон: 380979448995\nГород: \nАдрес: Дуліби\n','',0,0,'24802','2018-03-13 06:44:01','25819C96-CC45-46CF-1BBF-97D0AED403AB','','176.125.57.22',0),(24803,4,0,0,0,0,10,0.00,0,'','Максименко Элина Александровна ','','sadanova@bk.ru ','','',1,4,33,'2018-03-13 07:36:18',0,'0000-00-00 00:00:00','Дон. обл.г.Торецк','0','380091441957','Информация о заказчике:\nФИО: Максименко Элина Александровна \nE-Mail: sadanova@bk.ru \nТелефон: 380091441957\nГород: \nАдрес: Дон. обл.г.Торецк\n','',0,0,'24803','2018-03-13 07:36:18','1506AC96-059B-D850-58C2-B02265A24EFB','','37.73.244.203',0),(24804,4,0,0,0,0,10,0.00,0,'','Хубоян Ася Юриковна ','','','','',1,4,33,'2018-03-13 08:32:01',0,'0000-00-00 00:00:00','Томаковка ','0','380968083088','Информация о заказчике:\nФИО: Хубоян Ася Юриковна \nE-Mail: \nТелефон: 380968083088\nГород: \nАдрес: Томаковка \n','',0,0,'24804','2018-03-13 08:32:01','8C4B30D1-D4FC-A4D3-7BEC-D8BCF76BF4A1','','176.122.100.225',0),(24805,4,0,0,0,0,10,0.00,0,'','Мацько Алина Николаевна','','amatsko13@gmail.com','','',1,4,18,'2018-03-13 09:40:11',0,'0000-00-00 00:00:00','Оржица Полтавская обл','0','380508552771','Информация о заказчике:\nИмя: \nФамилия: Мацько Алина Николаевна\nОтчество: \nE-Mail: amatsko13@gmail.com\nТелефон: 380508552771\nАдрес: Оржица Полтавская обл\n','',0,0,'24805','2018-03-13 09:40:11','EB9551DA-852F-AA6A-A2A8-B64B6C821784','','194.42.113.82',0),(24806,4,0,0,0,0,10,0.00,0,'','Малиницкая Наталья Николаевна','','malinitska.natalia@gmail.com','','',1,4,18,'2018-03-13 10:31:57',0,'0000-00-00 00:00:00','Вышгород, Киевская область','0','380503124270','Информация о заказчике:\nИмя: \nФамилия: Малиницкая Наталья Николаевна\nОтчество: \nE-Mail: malinitska.natalia@gmail.com\nТелефон: 380503124270\nАдрес: Вышгород, Киевская область\n','',0,0,'24806','2018-03-13 10:31:57','0AA2AF69-E87B-00F5-57B8-B937EA8DB886','','95.67.50.186',0),(24807,4,0,0,0,0,10,0.00,0,'','Ижовская Алина Владимировна ','','','','',1,4,33,'2018-03-13 10:35:59',0,'0000-00-00 00:00:00','Днепропетровская обл, НОВОМОСКОВСКИЙ РАЙОН, с. ПЕСЧАНКА ','0','380985971406','Информация о заказчике:\nФИО: Ижовская Алина Владимировна \nE-Mail: \nТелефон: 380985971406\nГород: \nАдрес: Днепропетровская обл, НОВОМОСКОВСКИЙ РАЙОН, с. ПЕСЧАНКА \n','',0,0,'24807','2018-03-13 10:35:59','6446E75A-9683-5213-4573-0565EB4836B6','','193.110.22.97',0),(24808,4,0,0,0,0,10,0.00,0,'','Гусак Алена Игоревна','','','','',1,4,33,'2018-03-13 10:45:39',0,'0000-00-00 00:00:00','Новогродовка','0','380954908479','Отделение новой почты 2Информация о заказчике:\nФИО: Гусак Алена Игоревна\nE-Mail: \nТелефон: 380954908479\nГород: \nАдрес: Новогродовка\n','',0,0,'24808','2018-03-13 10:45:39','D4963D75-D16B-BE9A-BAAC-07F807E7239D','','185.29.252.122',0),(24809,4,0,0,0,0,10,0.00,0,'','Терентьева Алина','','','','',1,4,18,'2018-03-13 10:53:11',0,'0000-00-00 00:00:00','Васильков','0','380934671801','Информация о заказчике:\nИмя: \nФамилия: Терентьева Алина\nОтчество: \nE-Mail: \nТелефон: 380934671801\nАдрес: Васильков\n','',0,0,'24809','2018-03-13 10:53:11','BBCC8518-6D1E-E009-E718-38808E8C3438','','195.34.75.48',0),(24810,4,0,0,0,0,10,0.00,0,'','Босая Наталья','','','','',1,4,18,'2018-03-13 11:07:31',0,'0000-00-00 00:00:00','знаменка','0','380997160486','Информация о заказчике:\nИмя: \nФамилия: Босая Наталья\nОтчество: \nE-Mail: \nТелефон: 380997160486\nАдрес: знаменка\n','',0,0,'24810','2018-03-13 11:07:31','E4F6F264-86F2-34A7-4788-F642E065F3E2','','193.150.59.130',0),(24811,4,0,0,0,0,10,0.00,0,'','Карамаш Инна Ивановна','','','','',1,4,33,'2018-03-13 12:02:50',0,'0000-00-00 00:00:00','Мариуполь','0','380954407181','Отделение Новой почты №9 (пр.Металлургов) в МариуполеИнформация о заказчике:\nФИО: Карамаш Инна Ивановна\nE-Mail: \nТелефон: 380954407181\nГород: \nАдрес: Мариуполь\n','',0,0,'24811','2018-03-13 12:02:50','2149C7CB-D499-AB88-A23C-53BB1D389E0A','','185.114.139.160',0),(24812,4,0,0,0,0,10,0.00,0,'','Парнюк Юлия','','','','',1,4,33,'2018-03-13 12:28:23',0,'0000-00-00 00:00:00','Миргород','0','380505121742','Информация о заказчике:\nФИО: Парнюк Юлия\nE-Mail: \nТелефон: 380505121742\nГород: \nАдрес: Миргород\n','',0,0,'24812','2018-03-13 12:28:23','1640ACEF-D844-7BB3-D817-455995531750','','176.126.163.236',0),(24813,4,0,0,0,0,10,0.00,0,'','коноплёва наталья','','','','',1,4,18,'2018-03-13 13:17:46',0,'0000-00-00 00:00:00','золотоноша','0','380934792697','Информация о заказчике:\nИмя: \nФамилия: коноплёва наталья\nОтчество: \nE-Mail: \nТелефон: 380934792697\nАдрес: золотоноша\n','',0,0,'24813','2018-03-13 13:17:46','C0FF50C7-A476-AAA4-940A-34A8F5092CBC','','185.203.247.7',0),(24814,4,0,0,0,0,10,0.00,0,'','Устиновский Николай Геннадиевич','','','','',1,4,18,'2018-03-13 14:28:00',0,'0000-00-00 00:00:00','Харьков','0','380505522776','НП отделение 25, харьковИнформация о заказчике:\nИмя: \nФамилия: Устиновский Николай Геннадиевич\nОтчество: \nE-Mail: \nТелефон: 380505522776\nАдрес: Харьков\n','',0,0,'24814','2018-03-13 14:28:00','D33D20FC-4111-2035-7863-41C7BCB449F1','','46.211.116.34',0),(24815,4,0,0,0,0,9,0.00,0,'','Стрельцова','','2408ilona@gmail.com','','',1,4,17,'2018-03-13 15:19:19',0,'0000-00-00 00:00:00','Николаев','0','380663501788','Информация о заказчике:\nИмя: \nФамилия: Стрельцова\nОтчество: \nE-Mail: 2408ilona@gmail.com\nТелефон: 380663501788\nФакс: \nАдрес: Николаев\n','',0,0,'24815','2018-03-13 15:19:19','B0CDC270-F8CF-FE08-D81E-49F9DECAAC32','','193.34.141.58',0),(24816,4,0,0,0,0,12,0.00,0,'','Хабич Анастасия Сергеевна','','','','',1,4,17,'2018-03-13 16:20:58',0,'0000-00-00 00:00:00','Киев','0','380982147966','Информация о заказчике:\nИмя: \nФамилия: Хабич Анастасия Сергеевна\nОтчество: \nE-Mail: \nТелефон: 380982147966\nФакс: \nАдрес: Киев\n','',0,0,'24816','2018-03-13 16:20:58','EA14F7B2-90DF-AAA8-FF74-13F9B8E82CEB','','193.106.59.27',0),(24817,4,0,0,0,0,10,0.00,0,'','Заволока Алла Віталіївна','','zavolokoalla8@gmail.com','','',1,4,33,'2018-03-13 17:10:12',0,'0000-00-00 00:00:00','м. Тальне, Черкаська обл.','0','380971080204','Информация о заказчике:\nФИО: Заволока Алла Віталіївна\nE-Mail: zavolokoalla8@gmail.com\nТелефон: 380971080204\nГород: \nАдрес: м. Тальне, Черкаська обл.\n','',0,0,'24817','2018-03-13 17:10:12','732E9FBF-47CF-1FE9-C726-C9DF914BE3AA','','178.94.172.229',0),(24818,4,0,0,0,0,10,0.00,0,'','Куприянова-Бугаёва Ирина Викторовна','','kuprijanovabugaevairina@gmail.com','','',1,4,33,'2018-03-13 17:15:15',0,'0000-00-00 00:00:00','Николаев','0','380661594768','Информация о заказчике:\nФИО: Куприянова-Бугаёва Ирина Викторовна\nE-Mail: kuprijanovabugaevairina@gmail.com\nТелефон: 380661594768\nГород: \nАдрес: Николаев\n','',0,0,'24818','2018-03-13 17:15:15','11F618EA-2656-7E75-E5AF-AB7A93F17C0A','','46.33.232.105',0),(24819,4,0,0,0,0,10,0.00,0,'','Щербец','','','','',1,4,18,'2018-03-13 17:22:40',0,'0000-00-00 00:00:00','Первомайск Николаевская обл.','0','380986708433','Новая почта отделение № 4Информация о заказчике:\nИмя: \nФамилия: Щербец\nОтчество: \nE-Mail: \nТелефон: 380986708433\nАдрес: Первомайск Николаевская обл.\n','',0,0,'24819','2018-03-13 17:22:40','1BE7DA0C-EA64-BDD1-FCBD-E91B0713C715','','93.170.159.91',0),(24820,4,0,0,0,0,10,0.00,0,'','Денисюк Ирина Петровна ','','','','',1,4,33,'2018-03-13 20:18:08',0,'0000-00-00 00:00:00','Винница ','0','380974913213','Информация о заказчике:\nФИО: Денисюк Ирина Петровна \nE-Mail: \nТелефон: 380974913213\nГород: \nАдрес: Винница \n','',0,0,'24820','2018-03-13 20:18:08','025E44D9-2E80-AFD5-E595-06814EF9F5E6','','185.29.238.11',0),(24821,4,0,0,0,0,12,0.00,0,'','Мельник Татьяна Евгеньевна','','Kuziaziraalisa@gmail.com','','',1,4,17,'2018-03-13 22:23:54',0,'0000-00-00 00:00:00','Киев. Ул. О.Довженко 16-б кв. 49','0','380509666303','Желательное время доставки с 12 до 16.00Информация о заказчике:\nИмя: \nФамилия: Мельник Татьяна Евгеньевна\nОтчество: \nE-Mail: Kuziaziraalisa@gmail.com\nТелефон: 380509666303\nФакс: \nАдрес: Киев. Ул. О.Довженко 16-б кв. 49\n','',0,0,'24821','2018-03-13 22:23:54','0882A019-49CB-A8F6-5332-331A5A49BE7E','','185.111.116.194',0),(24822,4,0,0,0,0,10,0.00,0,'','Ивченко Ирина','','','','',1,4,18,'2018-03-14 05:46:41',0,'0000-00-00 00:00:00','Сумы','0','380999660500','Информация о заказчике:\nИмя: \nФамилия: Ивченко Ирина\nОтчество: \nE-Mail: \nТелефон: 380999660500\nАдрес: Сумы\n','',0,0,'24822','2018-03-14 05:46:41','6231C4AF-2326-844A-8F8F-35F26B2947AE','','31.135.147.208',0),(24823,4,0,0,0,0,10,0.00,0,'','Гапонова Марианна Николаевна','','','','',1,4,33,'2018-03-14 06:10:04',0,'0000-00-00 00:00:00','Берёзовка одесская обл ','0','380980848385','Информация о заказчике:\nФИО: Гапонова Марианна Николаевна\nE-Mail: \nТелефон: 380980848385\nГород: \nАдрес: Берёзовка одесская обл \n','',0,0,'24823','2018-03-14 06:10:04','FFF1AE4F-D6AD-8D8A-40F0-944E8ED975E1','','78.154.167.171',0),(24824,4,0,0,0,0,9,0.00,0,'','Берковская Валентина','','','','',1,4,17,'2018-03-14 09:56:38',0,'0000-00-00 00:00:00','Днепр','0','380680966007','Информация о заказчике:\nИмя: \nФамилия: Берковская Валентина\nОтчество: \nE-Mail: \nТелефон: 380680966007\nФакс: \nАдрес: Днепр\n','',0,0,'24824','2018-03-14 09:56:38','FC50C1F5-45DC-6E62-E8F6-997DA6AC022A','','212.34.20.163',0),(24825,4,0,0,0,0,10,0.00,0,'','Шульга Юрий Геннадийович','','Wylga1993@ukr.net','','',1,4,33,'2018-03-14 11:46:58',0,'0000-00-00 00:00:00','Полтава ','0','380505852744','Информация о заказчике:\nФИО: Шульга Юрий Геннадийович\nE-Mail: Wylga1993@ukr.net\nТелефон: 380505852744\nГород: \nАдрес: Полтава \n','',0,0,'24825','2018-03-14 11:46:58','4CBC5FD9-6021-393B-F185-41AF4178AED8','','37.230.117.112',0),(24826,4,0,0,0,0,10,0.00,0,'','Приходько Анна ','','anna.kodi@mail.ru','','',1,4,18,'2018-03-14 12:03:38',0,'0000-00-00 00:00:00','Каменское отд 13 ','0','380969687018','Информация о заказчике:\nИмя: \nФамилия: Приходько Анна \nОтчество: \nE-Mail: anna.kodi@mail.ru\nТелефон: 380969687018\nАдрес: Каменское отд 13 \n','',0,0,'24826','2018-03-14 12:03:38','A30DF6EA-F176-84C4-8368-E39E64969657','','77.111.244.68',0),(24827,4,0,0,0,0,6,0.00,0,'','Заклевская надежда Николаевна','','','','',1,4,17,'2018-03-14 12:37:24',0,'0000-00-00 00:00:00','хмельницький ','0','380960484418','Информация о заказчике:\nИмя: \nФамилия: Заклевская надежда Николаевна\nОтчество: \nE-Mail: \nТелефон: 380960484418\nФакс: \nАдрес: хмельницький \n','',0,0,'24827','2018-03-14 12:37:24','F8085032-E556-78F3-4637-E5C78CE18C29','','46.63.18.61',0),(24828,4,0,0,0,0,10,0.00,0,'','Шутова Виктория','','veronika2010.85@mail.ru','','',1,4,18,'2018-03-14 14:02:20',0,'0000-00-00 00:00:00','Северодонецк ','0','380958091005','Информация о заказчике:\nИмя: \nФамилия: Шутова Виктория\nОтчество: \nE-Mail: veronika2010.85@mail.ru\nТелефон: 380958091005\nАдрес: Северодонецк \n','',0,0,'24828','2018-03-14 14:02:20','0E6B8CA9-B4AE-8828-A2C7-A5C849930BA9','','162.243.94.196',0),(24829,4,0,0,0,0,10,0.00,0,'','Кадькало Віолетта','','violetnails.ua@gmail.com','','',1,4,18,'2018-03-14 14:48:54',0,'0000-00-00 00:00:00','Львів','0','380673737166','Информация о заказчике:\nИмя: \nФамилия: Кадькало Віолетта\nОтчество: \nE-Mail: violetnails.ua@gmail.com\nТелефон: 380673737166\nАдрес: Львів\n','',0,0,'24829','2018-03-14 14:48:54','70E68E92-0A42-9804-3013-340F59095744','','91.201.191.235',0),(24830,4,0,0,0,0,10,0.00,0,'','Олексієва Сніжана Олексієвна','','','','',1,4,33,'2018-03-14 15:07:35',0,'0000-00-00 00:00:00','Христинівка обл.Черкаська','0','380973263235','Информация о заказчике:\nФИО: Олексієва Сніжана Олексієвна\nE-Mail: \nТелефон: 380973263235\nГород: \nАдрес: Христинівка обл.Черкаська\n','',0,0,'24830','2018-03-14 15:07:35','273F96A3-A94C-E7E9-A007-FECD76A2D0B9','','46.211.2.130',0),(24831,4,0,0,0,0,10,0.00,0,'','Авакян Татьяна Владимировна','','','','',1,4,18,'2018-03-14 15:16:00',0,'0000-00-00 00:00:00','Днепропетровская обл., Покровский р-он, смт.Покровское','0','380505614957','Информация о заказчике:\nИмя: \nФамилия: Авакян Татьяна Владимировна\nОтчество: \nE-Mail: \nТелефон: 380505614957\nАдрес: Днепропетровская обл., Покровский р-он, смт.Покровское\n','',0,0,'24831','2018-03-14 15:16:00','99546E70-9B7A-98F4-01C4-2BB275A4B52E','','176.122.100.186',0),(24832,4,0,0,0,0,10,0.00,0,'','Кушнир Василий','','kushnirvv140163@gmail.com','','',1,4,18,'2018-03-14 16:36:38',0,'0000-00-00 00:00:00','Кременчуг','0','380675302220','Информация о заказчике:\nИмя: \nФамилия: Кушнир Василий\nОтчество: \nE-Mail: kushnirvv140163@gmail.com\nТелефон: 380675302220\nАдрес: Кременчуг\n','',0,0,'24832','2018-03-14 16:36:38','6DFA4C5A-76B4-FEFC-3FA2-D82C21418A10','','213.109.132.65',0),(24833,4,0,0,0,0,10,0.00,0,'','Венгер Оксана Тарасівна ','','oksanavenger@gmail.ua ','','',1,4,33,'2018-03-14 16:50:41',0,'0000-00-00 00:00:00','Копичинці (Гусятинський р-н) ','0','380680576433','Информация о заказчике:\nФИО: Венгер Оксана Тарасівна \nE-Mail: oksanavenger@gmail.ua \nТелефон: 380680576433\nГород: \nАдрес: Копичинці (Гусятинський р-н) \n','',0,0,'24833','2018-03-14 16:50:41','2E690AB3-258D-E901-7D71-9C88CCF0AF00','','46.200.250.237',0),(24834,4,0,0,0,0,10,0.00,0,'','Журба  Виктория','','','','',1,4,18,'2018-03-14 18:35:11',0,'0000-00-00 00:00:00','Херсон, склад 10 десятое','0','380996472595','Информация о заказчике:\nИмя: \nФамилия: Журба  Виктория\nОтчество: \nE-Mail: \nТелефон: 380996472595\nАдрес: Херсон, склад 10 десятое\n','',0,0,'24834','2018-03-14 18:35:11','3417CE7C-7FE1-992D-2D5D-B5123F8A64CC','','77.111.244.67',0),(24835,4,0,0,0,0,9,0.00,0,'','Акименко Лина ','','','','',1,4,33,'2018-03-14 21:45:45',0,'0000-00-00 00:00:00','Харьков','0','380507326463','Информация о заказчике:\nФИО: Акименко Лина \nE-Mail: \nТелефон: 380507326463\nГород: \nАдрес: Харьков\n','',0,0,'24835','2018-03-14 21:45:45','D7F213AB-4DC1-5413-D314-5F0655BAE5A7','','178.150.90.67',0),(24836,4,0,0,0,0,10,0.00,0,'','Думбрава Инна Игоревна','','vorozhko20021996@gmail.com','','',1,4,18,'2018-03-14 23:05:08',0,'0000-00-00 00:00:00','Одесса','0','380932739895','Информация о заказчике:\nИмя: \nФамилия: Думбрава Инна Игоревна\nОтчество: \nE-Mail: vorozhko20021996@gmail.com\nТелефон: 380932739895\nАдрес: Одесса\n','',0,0,'24836','2018-03-14 23:05:08','CC922956-549C-C004-6DAB-FB367E9B98CC','','79.135.215.228',0),(24837,4,0,0,0,0,10,0.00,0,'','ІЖАКЕВИЧ ВАЛЕНТИНА','','','','',1,4,18,'2018-03-15 07:18:45',0,'0000-00-00 00:00:00','ТЯЧЕВ 1','0','380672728874','Информация о заказчике:\nИмя: \nФамилия: ІЖАКЕВИЧ ВАЛЕНТИНА\nОтчество: \nE-Mail: \nТелефон: 380672728874\nАдрес: ТЯЧЕВ 1\n','',0,0,'24837','2018-03-15 07:18:45','91707449-35CB-7D44-D33A-672DF1D7BFFD','','195.66.156.9',0),(24838,4,0,0,0,0,10,0.00,0,'','Григораш Лилия Александровна','','','','',1,4,33,'2018-03-15 07:42:59',0,'0000-00-00 00:00:00','Мангуш','0','380500500563','Информация о заказчике:\nФИО: Григораш Лилия Александровна\nE-Mail: \nТелефон: 380500500563\nГород: \nАдрес: Мангуш\n','',0,0,'24838','2018-03-15 07:42:59','E67E4349-7A53-34F9-FE57-7775F09EF076','','91.250.48.185',0),(24839,4,0,0,0,0,10,0.00,0,'','чернявская','','','','',1,4,18,'2018-03-15 09:12:33',0,'0000-00-00 00:00:00','купянск','0','380506966493','отд.2Информация о заказчике:\nИмя: \nФамилия: чернявская\nОтчество: \nE-Mail: \nТелефон: 380506966493\nАдрес: купянск\n','',0,0,'24839','2018-03-15 09:12:33','AD95D875-DCD5-D811-2EA3-D48197592E8D','','37.55.88.252',0),(24840,4,0,0,0,0,9,0.00,0,'','Устюгова Елена Павловна','','lenabovt1975@gmail.com','','',1,4,33,'2018-03-15 11:17:58',0,'0000-00-00 00:00:00','Харьковская область, город Балаклея','0','380991576087','Информация о заказчике:\nФИО: Устюгова Елена Павловна\nE-Mail: lenabovt1975@gmail.com\nТелефон: 380991576087\nГород: \nАдрес: Харьковская область, город Балаклея\n','',0,0,'24840','2018-03-15 11:17:58','4373B423-A4EF-97CD-DCDF-6B5C91493012','','46.133.195.142',0),(24841,4,0,0,0,0,10,0.00,0,'','Приходько Анна ','','anna.kodi@mail.ru','','',1,4,18,'2018-03-15 12:19:02',0,'0000-00-00 00:00:00','Каменское отд 13 ','0','380969687018','Информация о заказчике:\nИмя: \nФамилия: Приходько Анна \nОтчество: \nE-Mail: anna.kodi@mail.ru\nТелефон: 380969687018\nАдрес: Каменское отд 13 \n','',0,0,'24841','2018-03-15 12:19:02','668C3C24-F210-AE1D-57DF-A00F225B7006','','77.111.244.61',0),(24842,4,0,0,0,0,10,0.00,0,'','Иванова Екатерина Сергеевна','','','','',1,4,33,'2018-03-15 12:45:16',0,'0000-00-00 00:00:00','Чернигов','0','380638722020','Информация о заказчике:\nФИО: Иванова Екатерина Сергеевна\nE-Mail: \nТелефон: 380638722020\nГород: \nАдрес: Чернигов\n','',0,0,'24842','2018-03-15 12:45:16','44E03FA0-BF24-4934-C8D7-40A2DEE31AC9','','37.73.207.209',0),(24843,4,0,0,0,0,10,0.00,0,'','Иващенко Дарья Евгеньевна','','','','',1,4,33,'2018-03-15 16:02:07',0,'0000-00-00 00:00:00','Киев','0','380675019911','Отделение Новой почты 18Информация о заказчике:\nФИО: Иващенко Дарья Евгеньевна\nE-Mail: \nТелефон: 380675019911\nГород: \nАдрес: Киев\n','',0,0,'24843','2018-03-15 16:02:07','5A0C5A29-6591-3140-9839-81DC0D5384C2','','93.72.185.127',0),(24844,4,0,0,0,0,11,0.00,0,'','Талабко Тетяна Анлріївеа','','380977700716q@gmail.com ','','',1,4,18,'2018-03-15 20:24:56',0,'0000-00-00 00:00:00','Монастирище','0','380964028318','Информация о заказчике:\nИмя: \nФамилия: Талабко Тетяна Анлріївеа\nОтчество: \nE-Mail: 380977700716q@gmail.com \nТелефон: 380964028318\nАдрес: Монастирище\n','',0,0,'24844','2018-03-15 20:24:56','B3B81937-3920-989B-A223-19B4B636198D','','46.201.128.70',0),(24845,4,0,0,0,0,10,0.00,0,'','Подобная Наталия Эдуардовна','','','','',1,4,33,'2018-03-15 21:25:26',0,'0000-00-00 00:00:00','г.Украинка Киевская обл.08720','0','380994305894','Информация о заказчике:\nФИО: Подобная Наталия Эдуардовна\nE-Mail: \nТелефон: 380994305894\nГород: \nАдрес: г.Украинка Киевская обл.08720\n','',0,0,'24845','2018-03-15 21:25:26','F9B2D163-1574-564A-E919-72521705338C','','194.187.109.254',0),(24846,4,0,0,0,0,10,0.00,0,'','Дидикало Вера Владимировна','','','','',1,4,33,'2018-03-16 07:21:24',0,'0000-00-00 00:00:00','Брусилов житомирская обл','0','380972566888','Информация о заказчике:\nФИО: Дидикало Вера Владимировна\nE-Mail: \nТелефон: 380972566888\nГород: \nАдрес: Брусилов житомирская обл\n','',0,0,'24846','2018-03-16 07:21:24','0A83DB66-DB90-977E-1FDD-9E0873CCAFC0','','78.111.185.232',0),(24847,4,0,0,0,0,10,0.00,0,'','Підлісна-Кульба Наталія Ярославівна','','','','',1,4,33,'2018-03-16 08:13:47',0,'0000-00-00 00:00:00','м. Винники','0','0679257638','адреса Нової Пошти: Галицька вулиця, 12А, Винники, Львівська область, 79495Информация о заказчике:\nФИО: Підлісна-Кульба Наталія Ярославівна\nE-Mail: \nТелефон: 0679257638\nГород: \nАдрес: м. Винники\n','',0,0,'24847','2018-03-16 08:13:47','9D0BAEDF-4FBE-7903-AF05-73B083337003','','213.174.2.94',0),(24848,4,0,0,0,0,10,0.00,0,'','Приходько Анна ','','anna.kodi@mail.ru','','',1,4,18,'2018-03-16 08:26:28',0,'0000-00-00 00:00:00','Каменское отд 13 ','0','380969687018','Информация о заказчике:\nИмя: \nФамилия: Приходько Анна \nОтчество: \nE-Mail: anna.kodi@mail.ru\nТелефон: 380969687018\nАдрес: Каменское отд 13 \n','',0,0,'24848','2018-03-16 08:26:28','17F6D219-E4C7-E3F8-E265-1AF09A156B78','','77.111.246.5',0),(24849,4,0,0,0,0,10,0.00,0,'','Гордына Марина Владимировна','','','','',1,4,18,'2018-03-16 09:20:31',0,'0000-00-00 00:00:00','Носовка','0','380672710843','Черниговская областьИнформация о заказчике:\nИмя: \nФамилия: Гордына Марина Владимировна\nОтчество: \nE-Mail: \nТелефон: 380672710843\nАдрес: Носовка\n','',0,0,'24849','2018-03-16 09:20:31','E8EC33F1-BF12-0511-D749-E1832FB96855','','37.73.235.225',0),(24850,4,0,0,0,0,10,0.00,0,'','Смуьская Маргарита Анатольевна','','rsmulska@gmail.com','','',1,4,18,'2018-03-16 10:16:49',0,'0000-00-00 00:00:00','Умань','0','380989205522','Информация о заказчике:\nИмя: \nФамилия: Смуьская Маргарита Анатольевна\nОтчество: \nE-Mail: rsmulska@gmail.com\nТелефон: 380989205522\nАдрес: Умань\n','',0,0,'24850','2018-03-16 10:16:49','75BAB31E-7DA9-DB0C-3289-E5FF7B96F494','','91.202.144.180',0),(24851,4,0,0,0,0,10,0.00,0,'','Сторожук Людмила Леонидовна','','','','',1,4,33,'2018-03-16 11:05:49',0,'0000-00-00 00:00:00',' Христиновка','0','380969792415','Информация о заказчике:\nФИО: Сторожук Людмила Леонидовна\nE-Mail: \nТелефон: 380969792415\nГород: \nАдрес:  Христиновка\n','',0,0,'24851','2018-03-16 11:05:49','13B1FE4D-74E2-41AB-9B39-A2D7532F31A1','','46.201.64.246',0),(24852,4,0,0,0,0,10,0.00,0,'','Рыбина юлия вячеславовна','','','','',1,4,33,'2018-03-16 12:17:29',0,'0000-00-00 00:00:00','Рубежное','0','380668051506','Информация о заказчике:\nФИО: Рыбина юлия вячеславовна\nE-Mail: \nТелефон: 380668051506\nГород: \nАдрес: Рубежное\n','',0,0,'24852','2018-03-16 12:17:29','D2673881-6EDC-ED50-82A7-A0F5F5F65259','','107.167.108.182',0),(24853,4,0,0,0,0,10,0.00,0,'','Шестопалова Алина Ивановна','','','','',1,4,33,'2018-03-16 13:02:42',0,'0000-00-00 00:00:00','Слобожанское Змиевской р-н Харьковская обл.','0','380508115456','Информация о заказчике:\nФИО: Шестопалова Алина Ивановна\nE-Mail: \nТелефон: 380508115456\nГород: \nАдрес: Слобожанское Змиевской р-н Харьковская обл.\n','',0,0,'24853','2018-03-16 13:02:42','29D3DF5B-4B9E-124F-0F89-2F339AB600EF','','192.166.134.151',0),(24854,4,0,0,0,0,10,0.00,0,'','Нефёдова Анастасия Алексеевна ','','','','',1,4,18,'2018-03-16 13:23:00',0,'0000-00-00 00:00:00','Днепрорудный','0','380968332588','Информация о заказчике:\nИмя: \nФамилия: Нефёдова Анастасия Алексеевна \nОтчество: \nE-Mail: \nТелефон: 380968332588\nАдрес: Днепрорудный\n','',0,0,'24854','2018-03-16 13:23:00','4117554A-430E-A5D8-CA79-6486817D224D','','91.200.57.46',0),(24855,4,0,0,0,0,10,0.00,0,'','Ерёменко Марьяна Павловна','','m_t_p@mail.ru','','',1,4,18,'2018-03-16 13:36:13',0,'0000-00-00 00:00:00','Одесса','0','380970395116','Информация о заказчике:\nИмя: \nФамилия: Ерёменко Марьяна Павловна\nОтчество: \nE-Mail: m_t_p@mail.ru\nТелефон: 380970395116\nАдрес: Одесса\n','',0,0,'24855','2018-03-16 13:36:13','F4A49C20-49B5-5272-6592-B6093F4653C4','','188.115.173.145',0),(24856,4,0,0,0,0,10,0.00,0,'','Петровская Нина Рафаэлевна','','','','',1,4,33,'2018-03-16 19:53:28',0,'0000-00-00 00:00:00','Днепропетровская область пгт Васильковка','0','380952267415','Информация о заказчике:\nФИО: Петровская Нина Рафаэлевна\nE-Mail: \nТелефон: 380952267415\nГород: \nАдрес: Днепропетровская область пгт Васильковка\n','',0,0,'24856','2018-03-16 19:53:28','90758452-FDDA-31EC-E9F7-5119037C9302','','45.32.144.39',0),(24857,4,0,0,0,0,10,0.00,0,'','Чебан Наталия Анатольевна ','','','','',1,4,33,'2018-03-17 05:00:39',0,'0000-00-00 00:00:00','Сарата ','0','380507661232','Информация о заказчике:\nФИО: Чебан Наталия Анатольевна \nE-Mail: \nТелефон: 380507661232\nГород: \nАдрес: Сарата \n','',0,0,'24857','2018-03-17 05:00:39','0EF5A4B9-4F75-0A17-A752-0CFA8EE606BB','','194.54.161.7',0),(24858,4,0,0,0,0,10,0.00,0,'','Залужная Татьяна Андреевна','','sister8585@mail.ru','','',1,4,18,'2018-03-17 07:07:43',0,'0000-00-00 00:00:00','Апостолово','0','380981244248','Информация о заказчике:\nИмя: \nФамилия: Залужная Татьяна Андреевна\nОтчество: \nE-Mail: sister8585@mail.ru\nТелефон: 380981244248\nАдрес: Апостолово\n','',0,0,'24858','2018-03-17 07:07:43','3A0D492F-4645-0446-56FE-C1568A5531DD','','78.154.160.241',0),(24859,4,0,0,0,0,10,0.00,0,'','Риженко Ірина','','','','',1,4,33,'2018-03-17 12:44:57',0,'0000-00-00 00:00:00','Маньківка','0','380978521877','Информация о заказчике:\nФИО: Риженко Ірина\nE-Mail: \nТелефон: 380978521877\nГород: \nАдрес: Маньківка\n','',0,0,'24859','2018-03-17 12:44:57','63B57C21-1FD5-4D4A-BC82-791CF6B83336','','212.1.94.118',0),(24860,4,0,0,0,0,10,0.00,0,'','Надежда Арапатий','','','','',1,4,18,'2018-03-17 13:14:40',0,'0000-00-00 00:00:00','Первомайск Николаевская область ','0','380930443867','Информация о заказчике:\nИмя: \nФамилия: Надежда Арапатий\nОтчество: \nE-Mail: \nТелефон: 380930443867\nАдрес: Первомайск Николаевская область \n','',0,0,'24860','2018-03-17 13:14:40','544EED5D-77BD-AE18-7DFF-248B3D483F54','','93.170.157.20',0),(24861,4,0,0,0,0,10,0.00,0,'','Муратова Ирина Николаевна','','muratovairyna@gmail.com','','',1,4,33,'2018-03-17 14:08:11',0,'0000-00-00 00:00:00','Ахтырка','0','380989746506','Отдел 3Информация о заказчике:\nФИО: Муратова Ирина Николаевна\nE-Mail: muratovairyna@gmail.com\nТелефон: 380989746506\nГород: \nАдрес: Ахтырка\n','',0,0,'24861','2018-03-17 14:08:11','C07DCC8C-330B-2242-E6E9-3DAC4EB44706','','81.163.119.222',0);

--
-- Table structure for table `shop_prices_to_item_table`
--

CREATE TABLE `shop_prices_to_item_table` (
  `shop_prices_to_item_id` int(11) NOT NULL AUTO_INCREMENT,
  `shop_items_catalog_item_id` int(11) DEFAULT NULL,
  `shop_list_of_prices_id` int(11) NOT NULL DEFAULT '0',
  `shop_prices_to_item_value` decimal(12,2) DEFAULT NULL,
  PRIMARY KEY (`shop_prices_to_item_id`),
  KEY `Relationship_43_FK` (`shop_list_of_prices_id`),
  KEY `Relationship_44_FK` (`shop_items_catalog_item_id`)
) ENGINE=MyISAM DEFAULT CHARSET=utf8;

--
-- Dumping data for table `shop_prices_to_item_table`
--


--
-- Table structure for table `shop_prod_to_shop_table`
--

CREATE TABLE `shop_prod_to_shop_table` (
  `shop_prod_to_shop_id` int(11) NOT NULL AUTO_INCREMENT,
  `shop_producers_list_id` int(11) NOT NULL DEFAULT '0',
  `shop_shops_id` int(11) NOT NULL DEFAULT '0',
  PRIMARY KEY (`shop_prod_to_shop_id`),
  KEY `Relationship_38_FK` (`shop_shops_id`),
  KEY `Relationship_51_FK` (`shop_producers_list_id`)
) ENGINE=MyISAM DEFAULT CHARSET=utf8;

--
-- Dumping data for table `shop_prod_to_shop_table`
--


--
-- Table structure for table `shop_producers_list_table`
--

CREATE TABLE `shop_producers_list_table` (
  `shop_producers_list_id` int(11) NOT NULL AUTO_INCREMENT,
  `shop_shops_id` int(11) NOT NULL DEFAULT '0',
  `shop_producers_list_name` varchar(255) DEFAULT NULL,
  `shop_producers_list_description` mediumtext,
  `shop_producers_list_image` varchar(255) DEFAULT NULL,
  `shop_producers_list_small_image` varchar(255) NOT NULL DEFAULT '',
  `shop_producers_list_order` int(11) DEFAULT NULL,
  `shop_producers_list_path` varchar(255) DEFAULT NULL,
  `users_id` int(10) unsigned NOT NULL DEFAULT '0',
  `shop_producers_list_address` varchar(255) NOT NULL,
  `shop_producers_list_phone` varchar(255) NOT NULL,
  `shop_producers_list_fax` varchar(255) NOT NULL,
  `shop_producers_list_site` varchar(255) NOT NULL,
  `shop_producers_list_email` varchar(255) NOT NULL,
  `shop_producers_list_inn` varchar(12) NOT NULL,
  `shop_producers_list_kpp` varchar(9) NOT NULL,
  `shop_producers_list_ogrn` varchar(20) NOT NULL,
  `shop_producers_list_okpo` varchar(10) NOT NULL,
  `shop_producers_list_okved` varchar(50) NOT NULL,
  `shop_producers_list_bik` varchar(10) NOT NULL,
  `shop_producers_list_account` varchar(20) NOT NULL,
  `shop_producers_list_corr_account` varchar(20) NOT NULL,
  `shop_producers_list_bank_name` varchar(255) NOT NULL,
  `shop_producers_list_bank_address` varchar(255) NOT NULL,
  `shop_producers_list_seo_title` varchar(255) DEFAULT NULL,
  `shop_producers_list_seo_description` varchar(255) DEFAULT NULL,
  `shop_producers_list_seo_keywords` varchar(255) DEFAULT NULL,
  PRIMARY KEY (`shop_producers_list_id`),
  KEY `shop_shops_id` (`shop_shops_id`),
  KEY `users_id` (`users_id`)
) ENGINE=MyISAM AUTO_INCREMENT=76 DEFAULT CHARSET=utf8;

--
-- Dumping data for table `shop_producers_list_table`
--

INSERT INTO `shop_producers_list_table` VALUES (2,1,'HostCMS','','','',0,'hostcms',19,'','','','','','','','','','','','','','','',NULL,NULL,NULL),(5,1,'Samsung','Крупнейший производитель бытовой техники','','',10,'samsung',19,'','','','','','','','','','','','','','','',NULL,NULL,NULL),(6,1,'Canon','Производитель электроники и фото','','',20,'canon',19,'','','','','','','','','','','','','','','',NULL,NULL,NULL),(7,1,'Sony','','','',40,'sony',19,'','','','','','','','','','','','','','','',NULL,NULL,NULL),(8,1,'JVC Everio','','','',0,'jvc_everio',19,'','','','','','','','','','','','','','','',NULL,NULL,NULL),(9,1,'Panasonic','','','',0,'Producer_9',19,'','','','','','','','','','','','','','','',NULL,NULL,NULL),(10,1,'Philips','','','',0,'philips',19,'','','','','','','','','','','','','','','',NULL,NULL,NULL),(11,1,'Toshiba','','','',0,'toshiba',19,'','','','','','','','','','','','','','','',NULL,NULL,NULL),(12,1,'BBK','','','',0,'bbk',19,'','','','','','','','','','','','','','','',NULL,NULL,NULL),(13,1,'LG','','','',0,'lg',19,'','','','','','','','','','','','','','','',NULL,NULL,NULL),(14,1,'Nexx','','','',0,'Producer_14',19,'','','','','','','','','','','','','','','',NULL,NULL,NULL),(15,1,'iRiver','','','',0,'Producer_15',19,'','','','','','','','','','','','','','','',NULL,NULL,NULL),(16,1,'Explay','','','',0,'Producer_16',19,'','','','','','','','','','','','','','','',NULL,NULL,NULL),(17,1,'Cowon','','','',0,'Producer_17',19,'','','','','','','','','','','','','','','',NULL,NULL,NULL),(18,1,'Bosch','','','',0,'Producer_18',19,'','','','','','','','','','','','','','','',NULL,NULL,NULL),(19,1,'Electrolux','','','',0,'Producer_19',19,'','','','','','','','','','','','','','','',NULL,NULL,NULL),(20,1,'Indesit','','','',0,'Producer_20',19,'','','','','','','','','','','','','','','',NULL,NULL,NULL),(21,1,'Whirlpool','','','',0,'Producer_21',19,'','','','','','','','','','','','','','','',NULL,NULL,NULL),(22,1,'Ariston','','','',0,'Producer_22',19,'','','','','','','','','','','','','','','',NULL,NULL,NULL),(23,1,'Атлант','','','',0,'Atlant',19,'','','','','','','','','','','','','','','',NULL,NULL,NULL),(27,1,'Zanussi','','','',0,'Producer_27',19,'','','','','','','','','','','','','','','',NULL,NULL,NULL),(28,1,'Deluxe','','','',0,'Producer_28',19,'','','','','','','','','','','','','','','',NULL,NULL,NULL),(29,1,'BEKO','','','',0,'Producer_29',19,'','','','','','','','','','','','','','','',NULL,NULL,NULL),(30,1,'Ardo','','','',0,'Producer_30',19,'','','','','','','','','','','','','','','',NULL,NULL,NULL),(32,1,'Гефест','','','',0,'Producer_32',19,'','','','','','','','','','','','','','','',NULL,NULL,NULL),(33,1,'Kodak','','','',0,'Producer_33',19,'','','','','','','','','','','','','','','',NULL,NULL,NULL),(34,1,'Olympus','','','',0,'Producer_34',19,'','','','','','','','','','','','','','','',NULL,NULL,NULL),(35,1,'Timberk','','','',0,'Producer_35',19,'','','','','','','','','','','','','','','',NULL,NULL,NULL),(36,1,'Delonghi','','','',0,'Producer_36',19,'','','','','','','','','','','','','','','',NULL,NULL,NULL),(37,1,'Ballu','','','',0,'Producer_37',19,'','','','','','','','','','','','','','','',NULL,NULL,NULL),(38,1,'Thermor','','','',0,'Producer_38',19,'','','','','','','','','','','','','','','',NULL,NULL,NULL),(39,1,'Polaris','','','',0,'Producer_39',19,'','','','','','','','','','','','','','','',NULL,NULL,NULL),(40,1,'Nobo','','','',0,'Producer_40',19,'','','','','','','','','','','','','','','',NULL,NULL,NULL),(41,1,'Noirot','','','',0,'Producer_41',19,'','','','','','','','','','','','','','','',NULL,NULL,NULL),(42,4,'Ardo','','','',0,'Producer_30',19,'','','','','','','','','','','','','','','','','',''),(43,4,'Ariston','','','',0,'Producer_22',19,'','','','','','','','','','','','','','','','','',''),(44,4,'Ballu','','','',0,'Producer_37',19,'','','','','','','','','','','','','','','','','',''),(45,4,'BBK','','','',0,'bbk',19,'','','','','','','','','','','','','','','','','',''),(46,4,'BEKO','','','',0,'Producer_29',19,'','','','','','','','','','','','','','','','','',''),(47,4,'Bosch','','','',0,'Producer_18',19,'','','','','','','','','','','','','','','','','',''),(48,4,'Cowon','','','',0,'Producer_17',19,'','','','','','','','','','','','','','','','','',''),(49,4,'Delonghi','','','',0,'Producer_36',19,'','','','','','','','','','','','','','','','','',''),(50,4,'Deluxe','','','',0,'Producer_28',19,'','','','','','','','','','','','','','','','','',''),(51,4,'Electrolux','','','',0,'Producer_19',19,'','','','','','','','','','','','','','','','','',''),(52,4,'Explay','','','',0,'Producer_16',19,'','','','','','','','','','','','','','','','','',''),(53,4,'HostCMS','','','',0,'hostcms',19,'','','','','','','','','','','','','','','','','',''),(54,4,'Indesit','','','',0,'Producer_20',19,'','','','','','','','','','','','','','','','','',''),(55,4,'iRiver','','','',0,'Producer_15',19,'','','','','','','','','','','','','','','','','',''),(56,4,'JVC Everio','','','',0,'jvc_everio',19,'','','','','','','','','','','','','','','','','',''),(57,4,'Kodak','','','',0,'Producer_33',19,'','','','','','','','','','','','','','','','','',''),(58,4,'LG','','','',0,'lg',19,'','','','','','','','','','','','','','','','','',''),(59,4,'Nexx','','','',0,'Producer_14',19,'','','','','','','','','','','','','','','','','',''),(60,4,'Nobo','','','',0,'Producer_40',19,'','','','','','','','','','','','','','','','','',''),(61,4,'Noirot','','','',0,'Producer_41',19,'','','','','','','','','','','','','','','','','',''),(62,4,'Olympus','','','',0,'Producer_34',19,'','','','','','','','','','','','','','','','','',''),(63,4,'Panasonic','','','',0,'Producer_9',19,'','','','','','','','','','','','','','','','','',''),(64,4,'Philips','','','',0,'philips',19,'','','','','','','','','','','','','','','','','',''),(65,4,'Polaris','','','',0,'Producer_39',19,'','','','','','','','','','','','','','','','','',''),(66,4,'Thermor','','','',0,'Producer_38',19,'','','','','','','','','','','','','','','','','',''),(67,4,'Timberk','','','',0,'Producer_35',19,'','','','','','','','','','','','','','','','','',''),(68,4,'Toshiba','','','',0,'toshiba',19,'','','','','','','','','','','','','','','','','',''),(69,4,'Whirlpool','','','',0,'Producer_21',19,'','','','','','','','','','','','','','','','','',''),(70,4,'Zanussi','','','',0,'Producer_27',19,'','','','','','','','','','','','','','','','','',''),(71,4,'Атлант','','','',0,'Atlant',19,'','','','','','','','','','','','','','','','','',''),(72,4,'Гефест','','','',0,'Producer_32',19,'','','','','','','','','','','','','','','','','',''),(73,4,'Samsung','Крупнейший производитель бытовой техники','','',10,'samsung',19,'','','','','','','','','','','','','','','','','',''),(74,4,'Canon','Производитель электроники и фото','','',20,'canon',19,'','','','','','','','','','','','','','','','','',''),(75,4,'Sony','','','',40,'sony',19,'','','','','','','','','','','','','','','','','','');

--
-- Table structure for table `shop_properties_group_table`
--

CREATE TABLE `shop_properties_group_table` (
  `shop_properties_group_id` int(11) NOT NULL AUTO_INCREMENT,
  `shop_shops_id` int(11) DEFAULT NULL,
  `shop_mesures_id` int(11) DEFAULT NULL,
  `lists_id` int(11) DEFAULT NULL,
  `shop_properties_group_name` varchar(255) DEFAULT NULL,
  `shop_properties_group_xml_name` varchar(255) DEFAULT NULL,
  `shop_properties_group_type` tinyint(4) DEFAULT NULL,
  `shop_properties_group_default_value` varchar(255) DEFAULT NULL,
  `shop_properties_group_order` int(11) DEFAULT NULL,
  `users_id` int(11) DEFAULT NULL,
  `shop_properties_groups_dir_id` int(11) NOT NULL DEFAULT '0',
  `shop_properties_group_default_small_height` int(11) NOT NULL DEFAULT '0',
  `shop_properties_group_default_small_width` int(11) NOT NULL DEFAULT '0',
  `shop_properties_group_default_big_height` int(11) NOT NULL DEFAULT '0',
  `shop_properties_group_default_big_width` int(11) NOT NULL DEFAULT '0',
  `shop_properties_group_cml` varchar(255) NOT NULL DEFAULT '',
  PRIMARY KEY (`shop_properties_group_id`),
  KEY `shop_properties_groups_dir_id` (`shop_properties_groups_dir_id`),
  KEY `shop_shops_id` (`shop_shops_id`),
  KEY `shop_properties_group_cml` (`shop_properties_group_cml`)
) ENGINE=MyISAM AUTO_INCREMENT=4 DEFAULT CHARSET=utf8;

--
-- Dumping data for table `shop_properties_group_table`
--

INSERT INTO `shop_properties_group_table` VALUES (1,1,0,1,'Краткое описание группы','group_short_description',0,'',0,19,0,128,128,225,225,''),(2,4,0,1,'Краткое описание группы','group_short_description',0,'',0,19,0,0,0,0,0,''),(3,6,0,1,'Краткое описание группы','group_short_description',0,'',0,19,0,0,0,0,0,'');

--
-- Table structure for table `shop_properties_group_value_table`
--

CREATE TABLE `shop_properties_group_value_table` (
  `shop_properties_group_value_id` int(11) NOT NULL AUTO_INCREMENT,
  `shop_properties_group_id` int(11) NOT NULL DEFAULT '0',
  `shop_groups_id` int(11) DEFAULT NULL,
  `shop_properties_group_value_value` mediumtext,
  `shop_properties_group_value_value_small` varchar(255) DEFAULT NULL,
  `shop_properties_group_value_file` varchar(255) DEFAULT NULL,
  `shop_properties_group_value_file_small` varchar(255) DEFAULT NULL,
  PRIMARY KEY (`shop_properties_group_value_id`),
  KEY `shop_properties_group_id` (`shop_properties_group_id`),
  KEY `shop_groups_id` (`shop_groups_id`)
) ENGINE=MyISAM AUTO_INCREMENT=127 DEFAULT CHARSET=utf8;

--
-- Dumping data for table `shop_properties_group_value_table`
--

INSERT INTO `shop_properties_group_value_table` VALUES (1,1,1107,'',NULL,NULL,NULL),(4,1,1152,'',NULL,NULL,NULL),(3,1,1087,'',NULL,NULL,NULL),(5,1,1153,'',NULL,NULL,NULL),(6,1,1154,'',NULL,NULL,NULL),(7,1,1155,'',NULL,NULL,NULL),(8,1,1148,'',NULL,NULL,NULL),(9,1,1149,'',NULL,NULL,NULL),(10,1,1440,'',NULL,NULL,NULL),(11,1,1441,'',NULL,NULL,NULL),(12,1,1447,'',NULL,NULL,NULL),(13,1,1448,'',NULL,NULL,NULL),(14,1,1449,'',NULL,NULL,NULL),(15,1,1450,'',NULL,NULL,NULL),(16,1,1442,'',NULL,NULL,NULL),(17,1,1443,'',NULL,NULL,NULL),(18,1,1445,'',NULL,NULL,NULL),(19,1,1444,'',NULL,NULL,NULL),(20,1,1446,'',NULL,NULL,NULL),(21,1,1381,'',NULL,NULL,NULL),(22,1,1382,'',NULL,NULL,NULL),(23,1,1383,'',NULL,NULL,NULL),(34,2,1534,'',NULL,NULL,NULL),(35,2,1527,'',NULL,NULL,NULL),(33,2,1517,'',NULL,NULL,NULL),(36,2,1540,'',NULL,NULL,NULL),(37,2,1544,'',NULL,NULL,NULL),(38,2,1548,'',NULL,NULL,NULL),(39,2,1524,'',NULL,NULL,NULL),(40,2,1521,'',NULL,NULL,NULL),(41,2,1525,'',NULL,NULL,NULL),(42,2,1557,'',NULL,NULL,NULL),(43,2,1558,'',NULL,NULL,NULL),(44,2,1559,'',NULL,NULL,NULL),(45,2,1549,'',NULL,NULL,NULL),(46,2,1560,'',NULL,NULL,NULL),(47,2,1547,'',NULL,NULL,NULL),(48,2,1536,'',NULL,NULL,NULL),(49,2,1518,'',NULL,NULL,NULL),(50,2,1520,'',NULL,NULL,NULL),(51,2,1561,'',NULL,NULL,NULL),(53,2,1529,'',NULL,NULL,NULL),(54,2,1551,'',NULL,NULL,NULL),(55,2,1545,'',NULL,NULL,NULL),(56,2,1563,'',NULL,NULL,NULL),(57,2,1564,'',NULL,NULL,NULL),(58,2,1565,'',NULL,NULL,NULL),(59,2,1554,'',NULL,NULL,NULL),(60,2,1566,'',NULL,NULL,NULL),(61,2,1567,'',NULL,NULL,NULL),(62,2,1568,'',NULL,NULL,NULL),(63,2,1569,'',NULL,NULL,NULL),(64,2,1570,'',NULL,NULL,NULL),(65,2,1571,'',NULL,NULL,NULL),(66,2,1572,'',NULL,NULL,NULL),(67,2,1573,'',NULL,NULL,NULL),(68,2,1541,'',NULL,NULL,NULL),(69,2,1574,'',NULL,NULL,NULL),(70,2,1575,'',NULL,NULL,NULL),(71,2,1543,'',NULL,NULL,NULL),(72,2,1576,'',NULL,NULL,NULL),(73,2,1577,'',NULL,NULL,NULL),(74,2,1578,'',NULL,NULL,NULL),(75,2,1579,'',NULL,NULL,NULL),(76,2,1580,'',NULL,NULL,NULL),(77,2,1581,'',NULL,NULL,NULL),(78,2,1582,'',NULL,NULL,NULL),(79,2,1583,'',NULL,NULL,NULL),(80,2,1584,'',NULL,NULL,NULL),(81,2,1585,'',NULL,NULL,NULL),(82,2,1586,'',NULL,NULL,NULL),(83,2,1587,'',NULL,NULL,NULL),(84,2,1588,'',NULL,NULL,NULL),(85,2,1589,'',NULL,NULL,NULL),(86,2,1590,'',NULL,NULL,NULL),(87,2,1591,'',NULL,NULL,NULL),(88,2,1592,'',NULL,NULL,NULL),(89,2,1593,'',NULL,NULL,NULL),(90,2,1594,'',NULL,NULL,NULL),(91,2,1595,'',NULL,NULL,NULL),(92,2,1596,'',NULL,NULL,NULL),(93,2,1597,'',NULL,NULL,NULL),(94,2,1535,'',NULL,NULL,NULL),(95,2,1598,'',NULL,NULL,NULL),(96,2,1599,'',NULL,NULL,NULL),(97,2,1600,'',NULL,NULL,NULL),(98,2,1601,'',NULL,NULL,NULL),(99,2,1602,'',NULL,NULL,NULL),(100,2,1550,'',NULL,NULL,NULL),(101,2,1603,'',NULL,NULL,NULL),(102,2,1604,'',NULL,NULL,NULL),(103,2,1605,'',NULL,NULL,NULL),(104,2,1606,'',NULL,NULL,NULL),(105,2,1607,'',NULL,NULL,NULL),(106,2,1608,'',NULL,NULL,NULL),(107,2,1609,'',NULL,NULL,NULL),(108,2,1610,'',NULL,NULL,NULL),(109,2,1611,'',NULL,NULL,NULL),(110,2,1612,'',NULL,NULL,NULL),(111,2,1532,'',NULL,NULL,NULL),(112,2,1533,'',NULL,NULL,NULL),(113,2,1528,'',NULL,NULL,NULL),(114,2,1613,'',NULL,NULL,NULL),(115,2,1614,'',NULL,NULL,NULL),(116,2,1522,'',NULL,NULL,NULL),(117,2,1615,'',NULL,NULL,NULL),(118,2,1616,'',NULL,NULL,NULL),(119,2,1617,'',NULL,NULL,NULL),(120,2,1618,'',NULL,NULL,NULL),(121,2,1619,'',NULL,NULL,NULL),(122,2,1620,'',NULL,NULL,NULL),(123,2,1621,'',NULL,NULL,NULL),(124,2,1622,'',NULL,NULL,NULL),(125,2,1623,'',NULL,NULL,NULL),(126,2,1624,'',NULL,NULL,NULL);

--
-- Table structure for table `shop_properties_groups_dir_table`
--

CREATE TABLE `shop_properties_groups_dir_table` (
  `shop_properties_groups_dir_id` int(11) NOT NULL AUTO_INCREMENT,
  `shop_shops_id` int(11) NOT NULL,
  `shop_properties_groups_dir_parent_id` int(11) NOT NULL,
  `shop_properties_groups_dir_name` varchar(255) NOT NULL,
  `shop_properties_groups_dir_description` mediumtext NOT NULL,
  `shop_properties_groups_dir_order` int(11) NOT NULL,
  `users_id` int(11) NOT NULL DEFAULT '0',
  PRIMARY KEY (`shop_properties_groups_dir_id`),
  KEY `shop_shops_id` (`shop_shops_id`)
) ENGINE=MyISAM DEFAULT CHARSET=utf8;

--
-- Dumping data for table `shop_properties_groups_dir_table`
--


--
-- Table structure for table `shop_properties_item_for_groups_table`
--

CREATE TABLE `shop_properties_item_for_groups_table` (
  `shop_properties_item_for_groups_id` int(10) unsigned NOT NULL AUTO_INCREMENT,
  `shop_groups_id` int(10) unsigned DEFAULT NULL,
  `shop_list_of_properties_id` int(10) unsigned DEFAULT NULL,
  `shop_shops_id` int(10) unsigned NOT NULL DEFAULT '0',
  `users_id` int(11) NOT NULL DEFAULT '0',
  PRIMARY KEY (`shop_properties_item_for_groups_id`),
  KEY `shop_list_of_properties_id` (`shop_list_of_properties_id`),
  KEY `shop_groups_id` (`shop_groups_id`),
  KEY `shop_shops_id` (`shop_shops_id`)
) ENGINE=MyISAM AUTO_INCREMENT=109 DEFAULT CHARSET=utf8;

--
-- Dumping data for table `shop_properties_item_for_groups_table`
--

INSERT INTO `shop_properties_item_for_groups_table` VALUES (2,0,97,4,19),(4,172,99,2,19),(5,172,100,2,19),(6,172,101,2,19),(7,172,102,2,19),(8,172,103,2,19),(9,172,104,2,19),(10,172,105,2,19),(11,172,106,2,19),(12,172,107,2,19),(13,172,108,2,19),(14,172,109,2,19),(15,172,110,2,19),(16,172,111,2,19),(17,172,112,2,19),(18,172,113,2,19),(19,172,114,2,19),(20,172,115,2,19),(21,172,116,2,19),(22,172,117,2,19),(23,172,118,2,19),(24,172,1,2,19),(25,172,119,2,19),(26,172,98,2,19),(27,306,2,2,19),(28,306,123,2,19),(29,306,1,2,19),(30,306,119,2,19),(31,306,124,2,19),(32,306,125,2,19),(33,306,126,2,19),(34,306,127,2,19),(35,306,128,2,19),(36,306,129,2,19),(37,306,130,2,19),(38,305,1,2,19),(39,305,2,2,19),(40,305,119,2,19),(41,305,123,2,19),(42,305,124,2,19),(43,305,125,2,19),(44,305,126,2,19),(45,305,127,2,19),(46,305,128,2,19),(47,305,129,2,19),(48,305,130,2,19),(49,316,124,2,19),(50,316,1,2,19),(51,316,119,2,19),(52,221,131,2,19),(53,43,131,2,19),(54,54,1,2,19),(55,66,1,2,19),(56,66,4,2,19),(57,66,5,2,19),(58,66,6,2,19),(59,66,2,2,19),(60,66,119,2,19),(61,221,4,2,19),(62,221,5,2,19),(63,221,6,2,19),(64,221,2,2,19),(65,145,1,2,19),(66,145,119,2,19),(67,146,1,2,19),(68,146,119,2,19),(69,149,1,2,19),(70,0,133,4,19);

--
-- Table structure for table `shop_properties_items_dir_table`
--

CREATE TABLE `shop_properties_items_dir_table` (
  `shop_properties_items_dir_id` int(11) NOT NULL AUTO_INCREMENT,
  `shop_shops_id` int(11) NOT NULL,
  `shop_properties_items_dir_parent_id` int(11) NOT NULL,
  `shop_properties_items_dir_name` varchar(255) NOT NULL,
  `shop_properties_items_dir_description` mediumtext NOT NULL,
  `shop_properties_items_dir_order` int(11) NOT NULL,
  `users_id` int(11) NOT NULL DEFAULT '0',
  PRIMARY KEY (`shop_properties_items_dir_id`),
  KEY `shop_shops_id` (`shop_shops_id`),
  KEY `shop_properties_items_dir_parent_id` (`shop_properties_items_dir_parent_id`)
) ENGINE=MyISAM DEFAULT CHARSET=utf8;

--
-- Dumping data for table `shop_properties_items_dir_table`
--


--
-- Table structure for table `shop_properties_items_table`
--

CREATE TABLE `shop_properties_items_table` (
  `shop_properties_items_id` int(11) unsigned NOT NULL AUTO_INCREMENT,
  `shop_items_catalog_item_id` int(11) NOT NULL DEFAULT '0',
  `shop_list_of_properties_id` int(11) NOT NULL DEFAULT '0',
  `shop_properties_items_value` mediumtext NOT NULL,
  `shop_properties_items_value_small` varchar(255) NOT NULL DEFAULT '',
  `shop_properties_items_file` varchar(255) NOT NULL DEFAULT '',
  `shop_properties_items_file_small` varchar(255) NOT NULL DEFAULT '',
  PRIMARY KEY (`shop_properties_items_id`),
  KEY `Relationship_47_FK` (`shop_list_of_properties_id`),
  KEY `Relationship_48_FK` (`shop_items_catalog_item_id`)
) ENGINE=MyISAM AUTO_INCREMENT=748 DEFAULT CHARSET=utf8;

--
-- Dumping data for table `shop_properties_items_table`
--

INSERT INTO `shop_properties_items_table` VALUES (22,130,4,'Геращенко Миколо Юпитерович','','',''),(21,130,61,'22.04.2008 15:02:13','','',''),(23,130,5,'(495) 558-28-46','','',''),(24,130,6,'geracl@mail.ru','','',''),(25,130,99,'2007','','',''),(26,130,100,'19000','','',''),(27,130,101,'серебрянный металлик','','',''),(28,130,103,'1798','','',''),(29,130,104,'125','','',''),(30,130,105,'24','','',''),(31,130,106,'25','','',''),(32,130,107,'26','','',''),(33,130,108,'1','','',''),(34,130,109,'1','','',''),(35,130,110,'1','','',''),(36,130,111,'29','','',''),(37,130,112,'1','','',''),(38,130,115,'1','','',''),(39,130,116,'31','','',''),(40,130,117,'34','','',''),(41,130,118,'39','','',''),(42,130,1,'e1-orig.jpg','e1-orig.jpg','shop_property_file_130_1.jpg','small_shop_property_file_130_1.jpg'),(43,130,119,'f4-orig.jpg','f4-orig.jpg','shop_property_file_130_119.jpg','small_shop_property_file_130_119.jpg'),(44,130,98,'Ford Focus C-Max','','',''),(45,130,102,'41','','',''),(46,130,113,'0','','',''),(47,130,114,'0','','',''),(48,131,4,'Геращенко Миколо Юпитерович','','',''),(49,131,5,'(495) 558-28-46','','',''),(50,131,6,'geracl@mail.ru','','',''),(52,131,99,'2005','','',''),(53,131,100,'25000','','',''),(54,131,101,'коричневый металлик','','',''),(55,131,102,'42','','',''),(56,131,103,'2000','','',''),(57,131,104,'147','','',''),(58,131,105,'24','','',''),(59,131,106,'45','','',''),(60,131,107,'47','','',''),(61,131,108,'0','','',''),(62,131,109,'1','','',''),(63,131,110,'1','','',''),(64,131,111,'29','','',''),(65,131,112,'1','','',''),(66,131,113,'0','','',''),(67,131,114,'1','','',''),(68,131,115,'0','','',''),(69,131,116,'67','','',''),(70,131,117,'34','','',''),(71,131,118,'39','','',''),(72,131,98,'Toyota Avensis','','',''),(73,131,1,'shop_property_file_145_1.jpg','','shop_property_file_131_1.jpg','small_shop_property_file_131_1.jpg'),(74,131,119,'shop_property_file_145_119.jpg','','shop_property_file_131_119.jpg','small_shop_property_file_131_119.jpg'),(111,141,119,'666-orig.jpg','666-orig.jpg','shop_property_file_141_119.jpg','small_shop_property_file_141_119.jpg'),(109,141,6,'maria@rambler.ru','','',''),(110,141,1,'661-orig.jpg','661-orig.jpg','shop_property_file_141_1.jpg','small_shop_property_file_141_1.jpg'),(107,141,61,'24.04.2008 14:57:10','','',''),(108,141,4,'Кравцова Мария Сергеевна','','',''),(106,140,129,'69','','',''),(105,140,127,'5','','',''),(104,140,126,'17','','',''),(102,140,124,'119','','',''),(103,140,125,'86','','',''),(97,140,119,'86-orig.jpg','86-orig.jpg','shop_property_file_140_119.jpg','small_shop_property_file_140_119.jpg'),(98,140,128,'14','','',''),(99,140,130,'1','','',''),(100,140,2,'Москва','','',''),(101,140,123,'3','','',''),(96,140,1,'78-orig.jpg','78-orig.jpg','shop_property_file_140_1.jpg','small_shop_property_file_140_1.jpg'),(94,140,5,'(495) 456-23-98','','',''),(95,140,6,'qwerty@yandex.ru','','',''),(92,140,61,'24.04.2008 14:49:05','','',''),(93,140,4,'Северов Евгений Николаевич','','',''),(112,141,128,'20','','',''),(113,141,2,'Москва','','',''),(114,141,123,'5','','',''),(115,141,124,'110','','',''),(116,141,125,'79','','',''),(117,141,127,'7','','',''),(118,141,129,'68','','',''),(119,142,61,'24.04.2008 15:29:37','','',''),(120,142,4,'Егоров Максим','','',''),(121,142,5,'8-928-345-98-56','','',''),(122,142,1,'8c-orig.jpg','8c-orig.jpg','shop_property_file_142_1.jpg','small_shop_property_file_142_1.jpg'),(123,142,119,'93-orig.jpg','93-orig.jpg','shop_property_file_142_119.jpg','small_shop_property_file_142_119.jpg'),(124,142,124,'22,36','','',''),(143,147,5,'8=928-675-87-86','','',''),(142,147,4,'Елена Ивановна','','',''),(141,147,61,'24.04.2008 16:26:56','','',''),(140,146,131,'30000 руб.','','',''),(139,146,5,'8-908-789-56-65','','',''),(138,146,4,'Ирина Борисовна','','',''),(137,146,61,'24.04.2008 16:24:38','','',''),(145,148,61,'24.04.2008 16:38:11','','',''),(144,147,131,'1000 руб.','','',''),(146,148,4,'Андреев Сергей','','',''),(147,148,5,'(495) 456-23-59','','',''),(148,149,61,'24.04.2008 16:42:24','','',''),(149,149,4,'Виталий','','',''),(150,149,5,'(495) 564-76-56','','',''),(151,149,1,'44-orig.jpg','44-orig.jpg','shop_property_file_149_1.jpg','small_shop_property_file_149_1.jpg'),(152,150,61,'24.04.2008 16:51:36','','',''),(153,150,4,'Роман Олегович','','',''),(154,150,5,'8-903-546-23-12','','',''),(155,150,1,'51-orig.jpg','','shop_property_file_150_1.jpg','small_shop_property_file_150_1.jpg'),(156,150,6,'','','',''),(157,150,2,'Москва','','',''),(158,150,119,'64-orig.jpg','','shop_property_file_150_119.jpg','small_shop_property_file_150_119.jpg'),(164,152,5,'(495) 67-45-65','','',''),(165,152,1,'64-orig.jpg','64-orig.jpg','shop_property_file_152_1.jpg','small_shop_property_file_152_1.jpg'),(162,152,61,'24.04.2008 17:00:19','','',''),(163,152,4,'Марина','','',''),(166,152,119,'db-orig.jpg','db-orig.jpg','shop_property_file_152_119.jpg','small_shop_property_file_152_119.jpg'),(167,152,2,'Москва','','',''),(168,153,61,'24.04.2008 17:13:43','','',''),(169,153,4,'Леонид Иванович','','',''),(170,153,5,'8-892-678-56-43','','',''),(171,153,1,'43-orig.jpg','','shop_property_file_153_1.jpg','small_shop_property_file_153_1.jpg'),(172,153,119,'58-orig.jpg','','shop_property_file_153_119.jpg','small_shop_property_file_153_119.jpg'),(173,154,61,'24.04.2008 17:22:57','','',''),(174,154,4,'Орлова Марина Сергеевна','','',''),(175,154,5,'8-916-234-31-42','','',''),(176,154,1,'76-orig.jpg','','shop_property_file_154_1.jpg','small_shop_property_file_154_1.jpg'),(177,154,119,'a1-orig.jpg','','shop_property_file_154_119.jpg','small_shop_property_file_154_119.jpg'),(178,155,61,'24.04.2008 17:44:42','','',''),(179,155,4,'Александрова Марина','','',''),(180,155,5,'8-905-949-55-44','','',''),(181,155,1,'11.jpg','11.jpg','shop_property_file_155_1.jpg','small_shop_property_file_155_1.jpg');

--
-- Table structure for table `shop_sallers_table`
--

CREATE TABLE `shop_sallers_table` (
  `shop_sallers_id` int(11) NOT NULL AUTO_INCREMENT,
  `shop_shops_id` int(11) NOT NULL DEFAULT '0',
  `site_users_id` int(10) NOT NULL,
  `shop_sallers_name` varchar(255) DEFAULT NULL,
  `shop_sallers_comment` mediumtext,
  `shop_sallers_contact_person` varchar(255) DEFAULT NULL,
  `shop_sallers_image` varchar(255) DEFAULT NULL,
  `shop_sallers_small_image` varchar(255) DEFAULT NULL,
  `shop_sallers_image_height` smallint(6) NOT NULL DEFAULT '0',
  `shop_sallers_image_width` smallint(6) NOT NULL DEFAULT '0',
  `shop_sallers_small_image_height` smallint(6) NOT NULL DEFAULT '0',
  `shop_sallers_small_image_width` smallint(6) NOT NULL DEFAULT '0',
  `shop_sallers_address` varchar(255) DEFAULT NULL,
  `shop_sallers_phone` varchar(255) DEFAULT NULL,
  `shop_sallers_fax` varchar(255) DEFAULT NULL,
  `shop_sallers_http` varchar(255) DEFAULT NULL,
  `shop_sallers_email` varchar(255) DEFAULT NULL,
  `shop_sallers_inn` varchar(32) DEFAULT NULL,
  `users_id` int(10) unsigned NOT NULL DEFAULT '0',
  PRIMARY KEY (`shop_sallers_id`),
  KEY `users_id` (`users_id`),
  KEY `shop_shops_id` (`shop_shops_id`)
) ENGINE=MyISAM AUTO_INCREMENT=4 DEFAULT CHARSET=utf8;

--
-- Dumping data for table `shop_sallers_table`
--

INSERT INTO `shop_sallers_table` VALUES (1,1,0,'ООО \"Инфинити\"','','Иванов И. А.',NULL,NULL,0,0,0,0,'','','','','','',19),(3,4,0,'ООО \"Инфинити\"','','Иванов И. А.',NULL,NULL,0,0,0,0,'','','','','','',19);

--
-- Table structure for table `shop_shops_affiliate_plans_table`
--

CREATE TABLE `shop_shops_affiliate_plans_table` (
  `shop_shops_affiliate_plans_id` int(11) NOT NULL AUTO_INCREMENT,
  `affiliate_plans_id` int(11) NOT NULL,
  `shop_shops_id` int(11) NOT NULL,
  PRIMARY KEY (`shop_shops_affiliate_plans_id`),
  KEY `Relationship_6_FK` (`affiliate_plans_id`),
  KEY `Relationship_7_FK` (`shop_shops_id`)
) ENGINE=MyISAM DEFAULT CHARSET=utf8;

--
-- Dumping data for table `shop_shops_affiliate_plans_table`
--


--
-- Table structure for table `shop_shops_table`
--

CREATE TABLE `shop_shops_table` (
  `shop_shops_id` int(11) NOT NULL AUTO_INCREMENT,
  `shop_dir_id` int(11) NOT NULL DEFAULT '0',
  `shop_company_id` int(10) unsigned NOT NULL DEFAULT '0',
  `site_id` int(11) NOT NULL DEFAULT '0',
  `shop_shops_name` varchar(255) DEFAULT NULL,
  `shop_shops_description` mediumtext,
  `shop_shops_yandex_market_name` varchar(255) NOT NULL DEFAULT '',
  `shop_image_small_max_width` int(11) NOT NULL DEFAULT '0',
  `shop_image_big_max_width` int(11) NOT NULL DEFAULT '0',
  `shop_image_small_max_height` int(11) NOT NULL DEFAULT '0',
  `shop_image_big_max_height` int(11) NOT NULL DEFAULT '0',
  `structure_id` int(11) NOT NULL DEFAULT '0',
  `shop_country_id` int(11) NOT NULL DEFAULT '0',
  `shop_currency_id` int(11) NOT NULL DEFAULT '0',
  `shop_order_status_id` int(11) NOT NULL DEFAULT '0',
  `shop_mesures_id` int(11) NOT NULL DEFAULT '0',
  `shop_shops_send_order_mail_admin` int(11) NOT NULL DEFAULT '0',
  `shop_shops_send_order_mail_user` int(11) NOT NULL DEFAULT '0',
  `shop_shops_admin_mail` varchar(255) DEFAULT NULL,
  `shop_sort_order_field` tinyint(4) DEFAULT '0',
  `shop_sort_order_type` tinyint(4) DEFAULT '0',
  `shop_group_sort_order_field` tinyint(4) DEFAULT NULL,
  `shop_group_sort_order_type` tinyint(4) DEFAULT NULL,
  `users_id` int(10) unsigned NOT NULL DEFAULT '0',
  `shop_comment_active` tinyint(1) unsigned NOT NULL DEFAULT '0',
  `shop_watermark_file` varchar(255) NOT NULL DEFAULT '',
  `shop_watermark_default_use_big` tinyint(1) NOT NULL DEFAULT '0',
  `shop_watermark_default_use_small` tinyint(1) NOT NULL DEFAULT '0',
  `shop_watermark_default_position_x` varchar(10) NOT NULL DEFAULT '',
  `shop_watermark_default_position_y` varchar(10) NOT NULL DEFAULT '',
  `shop_items_on_page` int(11) NOT NULL DEFAULT '0',
  `shop_shops_guid` varchar(100) NOT NULL DEFAULT '',
  `shop_shops_url_type` tinyint(4) NOT NULL,
  `shop_format_date` varchar(30) NOT NULL DEFAULT '%d.%m.%Y',
  `shop_format_datetime` varchar(30) NOT NULL DEFAULT '%d.%m.%Y %H:%M:%S',
  `shop_typograph_item_by_default` int(1) NOT NULL,
  `shop_typograph_group_by_default` int(1) NOT NULL,
  `shop_shops_apply_tags_automatic` tinyint(4) NOT NULL DEFAULT '1',
  `shop_shops_writeoff_payed_items` tinyint(4) NOT NULL DEFAULT '0',
  `shop_shops_apply_keywords_automatic` tinyint(4) NOT NULL DEFAULT '0',
  `shop_shops_file_name_conversion` tinyint(4) NOT NULL DEFAULT '1',
  `shop_shops_attach_eitem` tinyint(4) NOT NULL DEFAULT '1',
  `shop_yandex_market_sales_notes_default` varchar(50) DEFAULT NULL,
  `shop_shops_access` smallint(6) NOT NULL DEFAULT '0',
  `shop_image_small_max_width_group` int(11) NOT NULL DEFAULT '0',
  `shop_image_big_max_width_group` int(11) NOT NULL DEFAULT '0',
  `shop_image_small_max_height_group` int(11) NOT NULL DEFAULT '0',
  `shop_image_big_max_height_group` int(11) NOT NULL DEFAULT '0',
  `shop_shops_default_save_proportions` tinyint(1) NOT NULL DEFAULT '1',
  PRIMARY KEY (`shop_shops_id`),
  KEY `shop_country_id` (`shop_country_id`),
  KEY `shop_currency_id` (`shop_currency_id`),
  KEY `shop_delivery_id` (`shop_order_status_id`),
  KEY `structure_id` (`structure_id`),
  KEY `site_id` (`site_id`),
  KEY `shop_mesures_id` (`shop_mesures_id`),
  KEY `users_id` (`users_id`),
  KEY `shop_dir_id` (`shop_dir_id`)
) ENGINE=MyISAM AUTO_INCREMENT=6 DEFAULT CHARSET=utf8;

--
-- Dumping data for table `shop_shops_table`
--

INSERT INTO `shop_shops_table` VALUES (1,0,1,1,'Старый интернет магазин','','',128,300,128,300,42,223,4,1,29,1,1,'shop@nailservice.com.ua',2,0,1,0,19,0,'shop_watermark_1.png',1,1,'50%','50%',75,'',1,'%d.%m.%Y','%d.%m.%Y %H:%M:%S',0,0,0,0,1,1,0,'',0,128,300,128,300,1),(2,0,1,1,'Доска объявлений','','',100,320,100,320,34,175,1,0,9,0,0,'admin@localhost.ru',0,1,0,0,19,0,'',0,0,'','',10,'',0,'%d.%m.%Y','%d.%m.%Y %H:%M:%S',0,0,1,0,0,1,1,NULL,0,100,320,100,320,1),(3,0,1,1,'для прайслиста','','',100,800,100,800,0,0,0,0,0,0,0,'',0,0,0,0,19,0,'',0,0,'50%','100%',10,'5A90ED8C-7F64-9CF5-4F53-F2A34381655C',0,'%d.%m.%Y','%d.%m.%Y %H:%M:%S',1,1,0,0,0,1,0,NULL,0,100,800,100,800,1),(4,0,1,3,'Ногтевой Сервис','','nails.ua',128,300,128,300,310,223,4,1,29,1,1,'shop@nails.ua, shop02@nails.ua',2,0,1,0,0,0,'shop_watermark_4.png',1,0,'50%','50%',75,'',1,'%d.%m.%Y','%d.%m.%Y %H:%M:%S',0,0,1,0,1,1,1,'',0,185,300,188,300,1),(5,0,1,3,'для прайслиста','','',100,800,100,800,316,0,0,0,0,0,0,'',0,0,0,0,0,0,'',0,0,'50%','100%',10,'',0,'%d.%m.%Y','%d.%m.%Y %H:%M:%S',1,1,1,0,0,1,1,'',0,100,800,100,800,1);

--
-- Table structure for table `shop_site_users_account_table`
--

CREATE TABLE `shop_site_users_account_table` (
  `shop_site_users_account_id` int(11) NOT NULL AUTO_INCREMENT,
  `shop_shops_id` int(11) NOT NULL DEFAULT '0',
  `site_users_id` int(11) NOT NULL DEFAULT '0',
  `shop_site_users_account_active` tinyint(1) NOT NULL DEFAULT '0',
  `shop_site_users_account_datetime` datetime NOT NULL DEFAULT '0000-00-00 00:00:00',
  `shop_site_users_account_sum` decimal(12,2) NOT NULL DEFAULT '0.00',
  `shop_currency_id` int(11) NOT NULL DEFAULT '0',
  `shop_site_users_account_sum_in_base_currency` decimal(12,2) NOT NULL DEFAULT '0.00',
  `shop_order_id` int(11) NOT NULL DEFAULT '0',
  `shop_site_users_account_description` mediumtext NOT NULL,
  `users_id` int(11) NOT NULL DEFAULT '0',
  `shop_site_users_account_type` tinyint(1) NOT NULL DEFAULT '0',
  PRIMARY KEY (`shop_site_users_account_id`),
  KEY `shop_shops_id` (`shop_shops_id`),
  KEY `site_users_id` (`site_users_id`),
  KEY `shop_currency_id` (`shop_currency_id`),
  KEY `shop_order_id` (`shop_order_id`),
  KEY `users_id` (`users_id`)
) ENGINE=MyISAM AUTO_INCREMENT=15 DEFAULT CHARSET=utf8;

--
-- Dumping data for table `shop_site_users_account_table`
--

INSERT INTO `shop_site_users_account_table` VALUES (1,1,3,1,'2008-04-02 04:37:00',100.00,3,2364.00,11,'Зачисление по счету № 1',19,0),(2,1,3,1,'2008-04-02 16:38:00',-1000.00,1,-1000.00,0,'Списание за услуги',19,0),(3,1,3,0,'1999-11-30 00:00:00',827.00,1,827.00,3,'Оплата счета N 3',19,0),(4,1,3,1,'2008-04-04 16:48:16',-827.00,1,-827.00,3,'Оплата заказа N 3',19,0),(5,1,3,1,'2008-04-04 16:59:08',-94.00,1,-94.00,4,'Оплата заказа N 4',19,0),(6,1,3,1,'2008-04-04 17:09:37',-378.00,1,-378.00,6,'Оплата заказа N 6',19,0),(7,1,3,1,'2008-04-04 17:17:22',-51.00,1,-51.00,7,'Оплата заказа N 7',19,0),(8,1,3,1,'2008-04-04 05:23:55',1000.00,1,1000.00,0,'Пополнение счета',19,0),(9,1,3,1,'2008-04-04 17:40:57',-827.00,1,-827.00,8,'Оплата заказа N 8',19,0),(10,1,3,1,'2008-04-07 15:26:03',1000.00,1,1000.00,0,'Пополнение счета',19,0),(11,1,3,1,'2008-04-07 15:26:22',-827.00,1,-827.00,8,'Оплата заказа N 8',19,0),(12,1,3,1,'2008-04-07 16:00:01',-94.00,1,-94.00,9,'Оплата заказа N 9',19,0),(13,1,3,1,'2008-04-07 16:06:41',-51.00,1,-51.00,11,'Оплата заказа N 11',19,0),(14,1,3,1,'2008-04-07 16:12:24',-94.00,1,-94.00,12,'Оплата заказа N 12',19,0);

--
-- Table structure for table `shop_special_prices_table`
--

CREATE TABLE `shop_special_prices_table` (
  `shop_special_prices_id` int(11) NOT NULL AUTO_INCREMENT,
  `shop_items_catalog_item_id` int(11) NOT NULL,
  `shop_special_prices_from` int(11) NOT NULL,
  `shop_special_prices_to` int(11) NOT NULL,
  `shop_special_prices_price` decimal(12,2) NOT NULL,
  `shop_special_prices_percent` decimal(5,2) NOT NULL,
  PRIMARY KEY (`shop_special_prices_id`),
  KEY `shop_items_catalog_item_id` (`shop_items_catalog_item_id`)
) ENGINE=MyISAM DEFAULT CHARSET=utf8;

--
-- Dumping data for table `shop_special_prices_table`
--


--
-- Table structure for table `shop_system_of_pay_table`
--

CREATE TABLE `shop_system_of_pay_table` (
  `shop_system_of_pay_id` int(11) NOT NULL AUTO_INCREMENT,
  `shop_currency_id` int(11) NOT NULL DEFAULT '0',
  `shop_shops_id` int(11) NOT NULL,
  `shop_system_of_pay_name` varchar(255) DEFAULT NULL,
  `shop_system_of_pay_description` mediumtext,
  `shop_system_of_pay_is_active` tinyint(1) DEFAULT NULL,
  `users_id` int(10) unsigned NOT NULL DEFAULT '0',
  `shop_system_of_pay_order` int(11) NOT NULL DEFAULT '0',
  PRIMARY KEY (`shop_system_of_pay_id`),
  KEY `Relationship_28_FK` (`shop_currency_id`),
  KEY `users_id` (`users_id`),
  KEY `shop_shops_id` (`shop_shops_id`)
) ENGINE=MyISAM AUTO_INCREMENT=34 DEFAULT CHARSET=utf8;

--
-- Dumping data for table `shop_system_of_pay_table`
--

INSERT INTO `shop_system_of_pay_table` VALUES (1,4,1,'Оплата наличными курьеру','Оплата товара наличными курьеру.',1,19,10),(2,4,1,'Оплата через банк для физических лиц','Оплата производится через банк.',1,19,20),(3,1,1,'Безналичная оплата от юридического лица','Безналичная оплата от юридического лица.',0,19,30),(4,1,1,'WebMoney','Оплата через электронную платежную систему WebMoney.',0,19,40),(5,1,1,'Yandex.Деньги','Оплата через платежную систему Yandex.Деньги.',0,19,50),(8,1,1,'RBK Money','Платежная система, позволяющая принимать платежи на своем сайте более чем двадцатью способами, в том числе <b>из России</b>: Наличными в Москве, Сбербанк РФ (кроме Москвы), Банковский платеж, Наличными по системе Контакт, Терминалы Элекснет, Терминалы и пункты приема ОСМП.\r\n<br/><b>Из Украины</b>: Наличными в Киеве, Приват 24, Наличными в Приватбанке, Банковский перевод.\r\n<br/><b>Электронные способы</b>: E-GOLD, RBK Money (внутренний перевод), Интернет.Деньги, Яндекс.Деньги',0,19,80),(6,1,1,'Кредитная карта','Оплата кредитной картой через систему ASSIST.',0,19,60),(7,1,1,'Оплата с лицевого счета','Оплата с лицевого счета осуществляется при наличии достаточной суммы на лицевом счете пользователя.',0,19,70),(9,1,2,'Оплата наличными','Оплата товара наличными.',1,19,10),(10,1,2,'Оплата через банк для физических лиц','Оплата производится через банк по форме ПД-4.',1,19,20),(11,1,2,'Безналичная оплата от юридического лица','Безналичная оплата от юридического лица.',1,19,30),(12,1,2,'WebMoney','Оплата через электронную платежную систему WebMoney.',1,19,40),(13,1,2,'Yandex.Деньги','Оплата через платежную систему Yandex.Деньги.',1,19,50),(14,1,2,'RBK Money','Платежная система, позволяющая принимать платежи на своем сайте более чем двадцатью способами, в том числе <b>из России</b>: Наличными в Москве, Сбербанк РФ (кроме Москвы), Банковский платеж, Наличными по системе Контакт, Терминалы Элекснет, Терминалы и пункты приема ОСМП.\r\n<br/><b>Из Украины</b>: Наличными в Киеве, Приват 24, Наличными в Приватбанке, Банковский перевод.\r\n<br/><b>Электронные способы</b>: E-GOLD, RBK Money (внутренний перевод), Интернет.Деньги, Яндекс.Деньги',1,19,80),(15,1,2,'Кредитная карта','Оплата кредитной картой через систему ASSIST.',1,19,60),(16,1,2,'Оплата с лицевого счета','Оплата с лицевого счета осуществляется при наличии достаточной суммы на лицевом счете пользователя.',1,19,70),(17,4,4,'Оплата наличными курьеру','Оплата товара наличными курьеру при получении',1,19,40),(18,4,4,'Оплата через банк','Оплата производится через банк либо кредитной картой',1,19,25),(19,1,4,'Безналичная оплата от юридического лица','Безналичная оплата от юридического лица.',0,19,30),(20,1,4,'WebMoney','Оплата через электронную платежную систему WebMoney.',0,19,40),(21,1,4,'Yandex.Деньги','Оплата через платежную систему Yandex.Деньги.',0,19,50),(22,1,4,'RBK Money','Платежная система, позволяющая принимать платежи на своем сайте более чем двадцатью способами, в том числе <b>из России</b>: Наличными в Москве, Сбербанк РФ (кроме Москвы), Банковский платеж, Наличными по системе Контакт, Терминалы Элекснет, Терминалы и пункты приема ОСМП.\r\n<br/><b>Из Украины</b>: Наличными в Киеве, Приват 24, Наличными в Приватбанке, Банковский перевод.\r\n<br/><b>Электронные способы</b>: E-GOLD, RBK Money (внутренний перевод), Интернет.Деньги, Яндекс.Деньги',0,19,80),(23,4,4,'Кредитная карта','Оплата кредитной картой.',0,19,60),(24,1,4,'Оплата с лицевого счета','Оплата с лицевого счета осуществляется при наличии достаточной суммы на лицевом счете пользователя.',0,19,70),(27,1,6,'Безналичная оплата от юридического лица','Безналичная оплата от юридического лица.',0,19,30),(28,1,6,'WebMoney','Оплата через электронную платежную систему WebMoney.',0,19,40),(29,1,6,'Yandex.Деньги','Оплата через платежную систему Yandex.Деньги.',0,19,50),(30,1,6,'RBK Money','Платежная система, позволяющая принимать платежи на своем сайте более чем двадцатью способами, в том числе <b>из России</b>: Наличными в Москве, Сбербанк РФ (кроме Москвы), Банковский платеж, Наличными по системе Контакт, Терминалы Элекснет, Терминалы и пункты приема ОСМП.\r\n<br/><b>Из Украины</b>: Наличными в Киеве, Приват 24, Наличными в Приватбанке, Банковский перевод.\r\n<br/><b>Электронные способы</b>: E-GOLD, RBK Money (внутренний перевод), Интернет.Деньги, Яндекс.Деньги',0,19,80),(31,1,6,'Кредитная карта','Оплата кредитной картой через систему ASSIST.',0,19,60),(32,1,6,'Оплата с лицевого счета','Оплата с лицевого счета осуществляется при наличии достаточной суммы на лицевом счете пользователя.',0,19,70),(33,4,4,'Наложенный платеж (Новая Почта)','Оплата при получении товара',1,19,20);

--
-- Table structure for table `shop_tax_table`
--

CREATE TABLE `shop_tax_table` (
  `shop_tax_id` int(11) NOT NULL AUTO_INCREMENT,
  `shop_tax_name` char(255) DEFAULT NULL,
  `shop_tax_rate` decimal(8,0) DEFAULT NULL,
  `shop_tax_is_in_price` tinyint(1) DEFAULT NULL,
  `shop_tax_cml_id` varchar(100) NOT NULL,
  `users_id` int(10) unsigned NOT NULL DEFAULT '0',
  PRIMARY KEY (`shop_tax_id`),
  KEY `users_id` (`users_id`),
  KEY `shop_tax_cml_id` (`shop_tax_cml_id`)
) ENGINE=MyISAM AUTO_INCREMENT=22 DEFAULT CHARSET=utf8;

--
-- Dumping data for table `shop_tax_table`
--

INSERT INTO `shop_tax_table` VALUES (2,'НДС 18 (входит в цену)',18,1,'',19),(5,'НДС 18 (не входит в цену)',18,0,'',19),(19,'НДС 10 (входит в цену)',10,1,'',19),(20,'НДС 10 (не входит в цену)',10,0,'',19),(21,'НДС (без налога)',0,1,'',19);

--
-- Table structure for table `shop_type_of_delivery_table`
--

CREATE TABLE `shop_type_of_delivery_table` (
  `shop_type_of_delivery_id` int(11) NOT NULL AUTO_INCREMENT,
  `shop_type_of_delivery_name` varchar(255) DEFAULT NULL,
  `shop_type_of_delivery_description` mediumtext,
  `shop_type_of_delivery_image` varchar(255) DEFAULT NULL,
  `shop_shops_id` int(11) NOT NULL DEFAULT '0',
  `users_id` int(10) unsigned NOT NULL DEFAULT '0',
  `shop_type_of_delivery_order` int(11) DEFAULT '0',
  PRIMARY KEY (`shop_type_of_delivery_id`),
  KEY `shop_shops_id` (`shop_shops_id`),
  KEY `users_id` (`users_id`)
) ENGINE=MyISAM AUTO_INCREMENT=10 DEFAULT CHARSET=utf8;

--
-- Dumping data for table `shop_type_of_delivery_table`
--

INSERT INTO `shop_type_of_delivery_table` VALUES (1,'Почтой','Доставка почтой','',1,19,0),(2,'Курьер','Стоимость курьерской доставки по городу составляет 20.00 грн. независимо от объема заказа.','',1,19,0),(3,'Служба доставки Евро-Экспресс','Доставка осуществляется компанией \"Евро-Экспресс\". Стоимость доставки по Украине по тарифам компании.\r\nwww.euroexpress.net.ua','',1,19,0),(4,'Курьер Запорожье, Киев, Николаев','Стоимость курьерской доставки 40.00 грн \r\nМинимальный заказ Киев: 300 грн\r\nОт 900 грн - бесплатно. ','',4,19,5),(5,'ИнТайм','Только предоплата.\r\nТарифы и адреса отделений на сайте: www.intime.ua','',4,19,3),(7,'По договоренности с менеджером','После заказа с вами свяжется менеджер, и уточнит все детали заказа и доставки','',4,19,6),(8,'Новая Почта','Оплата при получении товара либо по предоплате.\r\nТарифы и адреса отделений на сайте: www.novaposhta.ua','',4,19,1);

--
-- Table structure for table `shop_warehouse_items_table`
--

CREATE TABLE `shop_warehouse_items_table` (
  `shop_warehouse_items_id` int(11) NOT NULL AUTO_INCREMENT,
  `shop_warehouse_id` int(11) NOT NULL,
  `shop_items_catalog_item_id` int(11) NOT NULL,
  `shop_warehouse_items_count` decimal(12,2) NOT NULL DEFAULT '0.00',
  `users_id` int(11) NOT NULL DEFAULT '0',
  PRIMARY KEY (`shop_warehouse_items_id`),
  UNIQUE KEY `shop_items_catalog_item_id` (`shop_items_catalog_item_id`,`shop_warehouse_id`)
) ENGINE=MyISAM AUTO_INCREMENT=10030 DEFAULT CHARSET=utf8 ROW_FORMAT=FIXED;

--
-- Dumping data for table `shop_warehouse_items_table`
--

INSERT INTO `shop_warehouse_items_table` VALUES (1,1,6823,0.00,19),(2,1,6824,0.00,19),(3,1,6825,0.00,19),(4,1,6826,0.00,19),(5,1,6827,0.00,19),(6,1,6817,0.00,19),(7,1,6820,0.00,19),(8,1,6821,0.00,19),(9,1,6822,0.00,19),(10,1,2887,0.00,19),(11,1,2888,0.00,19),(12,1,2826,0.00,19),(13,1,2827,0.00,19),(14,1,2828,0.00,19),(15,1,2829,0.00,19),(16,1,2830,0.00,19),(17,1,2831,0.00,19),(18,1,2832,0.00,19),(19,1,2833,0.00,19),(20,1,2834,0.00,19),(21,1,2835,0.00,19),(22,1,2836,0.00,19),(23,1,2837,0.00,19),(24,1,2838,0.00,19),(25,1,2839,0.00,19),(26,1,2840,0.00,19),(27,1,2841,0.00,19),(28,1,2842,0.00,19),(29,1,2843,0.00,19),(30,1,2844,0.00,19),(31,1,2845,0.00,19),(32,1,2849,0.00,19),(33,1,2851,0.00,19),(34,1,2852,0.00,19),(35,1,2853,0.00,19),(36,1,2854,0.00,19),(37,1,2856,0.00,19),(38,1,2857,0.00,19),(39,1,2858,0.00,19),(40,1,2859,0.00,19),(41,1,2860,0.00,19),(42,1,2861,0.00,19),(43,1,2862,0.00,19),(44,1,2863,0.00,19),(45,1,2864,0.00,19),(46,1,2865,0.00,19),(47,1,2866,0.00,19),(48,1,2867,0.00,19),(49,1,2868,0.00,19),(50,1,2869,0.00,19),(51,1,2870,0.00,19),(52,1,2871,0.00,19),(53,1,2872,0.00,19),(54,1,2876,0.00,19),(55,1,2877,0.00,19),(56,1,2878,0.00,19),(57,1,2880,0.00,19),(58,1,2881,0.00,19),(59,1,2882,0.00,19),(60,1,2883,0.00,19),(61,1,2884,0.00,19),(62,1,2885,0.00,19),(63,1,2886,0.00,19),(64,1,3007,0.00,19),(65,1,3008,0.00,19),(66,1,3009,0.00,19),(67,1,3010,0.00,19),(68,1,3011,0.00,19),(69,1,3012,0.00,19),(70,1,3013,0.00,19),(71,1,3014,0.00,19),(72,1,3015,0.00,19),(73,1,3016,0.00,19),(74,1,3017,0.00,19),(75,1,3018,0.00,19),(76,1,3019,0.00,19),(77,1,3020,0.00,19),(78,1,3021,0.00,19),(79,1,3022,0.00,19),(80,1,3023,0.00,19),(81,1,3024,0.00,19),(82,1,3025,0.00,19),(83,1,3026,0.00,19),(84,1,3027,0.00,19),(85,1,3028,0.00,19),(86,1,3029,0.00,19),(87,1,3030,0.00,19),(88,1,3032,0.00,19),(89,1,3033,0.00,19),(90,1,3034,0.00,19),(91,1,3035,0.00,19),(92,1,3036,0.00,19),(93,1,3037,0.00,19),(94,1,3038,0.00,19),(95,1,3040,0.00,19),(96,1,3041,0.00,19),(97,1,3042,0.00,19),(98,1,3043,0.00,19),(99,1,3044,0.00,19),(100,1,3045,0.00,19),(101,1,3046,0.00,19),(102,1,3047,0.00,19),(103,1,3048,0.00,19),(104,1,3049,0.00,19),(105,1,3050,0.00,19),(106,1,3051,0.00,19),(107,1,3053,0.00,19),(108,1,3054,0.00,19),(109,1,3055,0.00,19),(110,1,3056,0.00,19),(111,1,3057,0.00,19),(112,1,3058,0.00,19),(113,1,3059,0.00,19),(114,1,3060,0.00,19),(115,1,3061,0.00,19),(116,1,3062,0.00,19),(117,1,3063,0.00,19),(118,1,3064,0.00,19),(119,1,3065,0.00,19),(120,1,2914,0.00,19),(121,1,2915,0.00,19),(122,1,2916,0.00,19),(123,1,2917,0.00,19),(124,1,2918,0.00,19),(125,1,2919,0.00,19),(126,1,2920,0.00,19),(127,1,2921,0.00,19),(128,1,2922,0.00,19),(129,1,2923,0.00,19),(130,1,2924,0.00,19),(131,1,2925,0.00,19),(132,1,2926,0.00,19),(133,1,2927,0.00,19),(134,1,2928,0.00,19),(135,1,2929,0.00,19),(136,1,2930,0.00,19),(137,1,2931,0.00,19),(138,1,2932,0.00,19),(139,1,2933,0.00,19),(140,1,2934,0.00,19),(141,1,2935,0.00,19),(142,1,2936,0.00,19),(143,1,2937,0.00,19),(144,1,2938,0.00,19),(145,1,2939,0.00,19),(146,1,2940,0.00,19),(147,1,2941,0.00,19),(148,1,2942,0.00,19),(149,1,2943,0.00,19),(150,1,2944,0.00,19),(151,1,2945,0.00,19),(152,1,2946,0.00,19),(153,1,2947,0.00,19),(154,1,2948,0.00,19),(155,1,2949,0.00,19),(156,1,2950,0.00,19),(157,1,2951,0.00,19),(158,1,2952,0.00,19),(159,1,2953,0.00,19),(160,1,2954,0.00,19),(161,1,2955,0.00,19),(162,1,2956,0.00,19),(163,1,2957,0.00,19),(164,1,2958,0.00,19),(165,1,2959,0.00,19),(166,1,2960,0.00,19),(167,1,2961,0.00,19),(168,1,2962,0.00,19),(169,1,2963,0.00,19),(170,1,2964,0.00,19),(171,1,2965,0.00,19),(172,1,2966,0.00,19),(173,1,2967,0.00,19),(174,1,2968,0.00,19),(175,1,2969,0.00,19),(176,1,2970,0.00,19),(177,1,2971,0.00,19),(178,1,2972,0.00,19),(179,1,2973,0.00,19),(180,1,2974,0.00,19),(181,1,2975,0.00,19),(182,1,2976,0.00,19),(183,1,2977,0.00,19),(184,1,2978,0.00,19),(185,1,2979,0.00,19),(186,1,2980,0.00,19),(187,1,2981,0.00,19),(188,1,2982,0.00,19),(189,1,2983,0.00,19),(190,1,2984,0.00,19),(191,1,2985,0.00,19),(192,1,2986,0.00,19),(193,1,2987,0.00,19),(194,1,2988,0.00,19),(195,1,2989,0.00,19),(196,1,2990,0.00,19),(197,1,2991,0.00,19),(198,1,2992,0.00,19),(199,1,2993,0.00,19),(200,1,2994,0.00,19),(201,1,2995,0.00,19),(202,1,2996,0.00,19),(203,1,2997,0.00,19),(204,1,2998,0.00,19),(205,1,2999,0.00,19),(206,1,3000,0.00,19),(207,1,3001,0.00,19),(208,1,3002,0.00,19),(209,1,3003,0.00,19),(210,1,3004,0.00,19),(211,1,3005,0.00,19),(212,1,3006,0.00,19),(213,1,2372,0.00,19),(214,1,2371,0.00,19),(215,1,2370,0.00,19),(216,1,2369,0.00,19),(217,1,2368,0.00,19),(218,1,2367,0.00,19),(219,1,2366,0.00,19),(220,1,2319,0.00,19),(221,1,2318,0.00,19),(222,1,2312,0.00,19),(223,1,2310,0.00,19),(224,1,2311,0.00,19),(225,1,2315,0.00,19),(226,1,2314,0.00,19),(227,1,2305,0.00,19),(228,1,2303,0.00,19),(229,1,2280,0.00,19),(230,1,2276,0.00,19),(231,1,2277,0.00,19),(232,1,2278,0.00,19),(233,1,2275,0.00,19),(234,1,2274,0.00,19),(235,1,2273,0.00,19),(236,1,2272,0.00,19),(237,1,2248,0.00,19),(238,1,2243,0.00,19),(239,1,2244,0.00,19),(240,1,2245,0.00,19),(241,1,2246,0.00,19),(242,1,2260,0.00,19),(243,1,2259,0.00,19),(244,1,2242,0.00,19),(245,1,2241,0.00,19),(246,1,2240,0.00,19),(247,1,2239,0.00,19),(248,1,2238,0.00,19),(249,1,2232,0.00,19),(250,1,2233,0.00,19),(251,1,2234,0.00,19),(252,1,2235,0.00,19),(253,1,2236,0.00,19),(254,1,2258,0.00,19),(255,1,2256,0.00,19),(256,1,2255,0.00,19),(257,1,2253,0.00,19),(258,1,2252,0.00,19),(259,1,2249,0.00,19),(260,1,2250,0.00,19),(261,1,2268,0.00,19),(262,1,2267,0.00,19),(263,1,2266,0.00,19),(264,1,2265,0.00,19),(265,1,2264,0.00,19),(266,1,2263,0.00,19),(267,1,2230,0.00,19),(268,1,2228,0.00,19),(269,1,2227,0.00,19),(270,1,2226,0.00,19),(271,1,2225,0.00,19),(272,1,2224,0.00,19),(273,1,2223,0.00,19),(274,1,2221,0.00,19),(275,1,2220,0.00,19),(276,1,2210,0.00,19),(277,1,2211,0.00,19),(278,1,2212,0.00,19),(279,1,2213,0.00,19),(280,1,2217,0.00,19),(281,1,2215,0.00,19),(282,1,2202,0.00,19),(283,1,2203,0.00,19),(284,1,2209,0.00,19),(285,1,2208,0.00,19),(286,1,2207,0.00,19),(287,1,2205,0.00,19),(288,1,2193,0.00,19),(289,1,2194,0.00,19),(290,1,2200,0.00,19),(291,1,2199,0.00,19),(292,1,2197,0.00,19),(293,1,2196,0.00,19),(294,1,2184,0.00,19),(295,1,2185,0.00,19),(296,1,2186,0.00,19),(297,1,2187,0.00,19),(298,1,2192,0.00,19),(299,1,2191,0.00,19),(300,1,2189,0.00,19),(301,1,2182,0.00,19),(302,1,2181,0.00,19),(303,1,2180,0.00,19),(304,1,2179,0.00,19),(305,1,2177,0.00,19),(306,1,2176,0.00,19),(307,1,2174,0.00,19),(308,1,2165,0.00,19),(309,1,2166,0.00,19),(310,1,2172,0.00,19),(311,1,2170,0.00,19),(312,1,2168,0.00,19),(313,1,2164,0.00,19),(314,1,2162,0.00,19),(315,1,2160,0.00,19),(316,1,2159,0.00,19),(317,1,2157,0.00,19),(318,1,2155,0.00,19),(319,1,2153,0.00,19),(320,1,2152,0.00,19),(321,1,2150,0.00,19),(322,1,2149,0.00,19),(323,1,2147,0.00,19),(324,1,2145,0.00,19),(325,1,1852,0.00,19),(326,1,2025,0.00,19),(327,1,2000,0.00,19),(328,1,1997,0.00,19),(329,1,1996,0.00,19),(330,1,1991,0.00,19),(331,1,1977,0.00,19),(332,1,1907,0.00,19),(333,1,1892,0.00,19),(334,1,1887,0.00,19),(335,1,1866,0.00,19),(336,1,1855,0.00,19),(337,1,1853,0.00,19),(338,1,1848,0.00,19),(339,1,1847,0.00,19),(340,1,1840,0.00,19),(341,1,1818,0.00,19),(342,1,1785,0.00,19),(343,1,1784,0.00,19),(344,1,1778,0.00,19),(345,1,1779,0.00,19),(346,1,1780,0.00,19),(347,1,1781,0.00,19),(348,1,1782,0.00,19),(349,1,2036,0.00,19),(350,1,2091,0.00,19),(351,1,2090,0.00,19),(352,1,2085,0.00,19),(353,1,2052,0.00,19),(354,1,1777,0.00,19),(355,1,1775,0.00,19),(356,1,1774,0.00,19),(357,1,1773,0.00,19),(358,1,1771,0.00,19),(359,1,1770,0.00,19),(360,1,1766,0.00,19),(361,1,1765,0.00,19),(362,1,1763,0.00,19),(363,1,1762,0.00,19),(364,1,1759,0.00,19),(365,1,1739,0.00,19),(366,1,1703,0.00,19),(367,1,1702,0.00,19),(368,1,1694,0.00,19),(369,1,1633,0.00,19),(370,1,7415,0.00,19),(371,1,1631,0.00,19),(372,1,1630,0.00,19),(373,1,1629,0.00,19),(374,1,1628,0.00,19),(375,1,1626,0.00,19),(376,1,1627,0.00,19),(377,1,1541,0.00,19),(378,1,1538,0.00,19),(379,1,1539,0.00,19),(380,1,1540,0.00,19),(381,1,1537,0.00,19),(382,1,3567,0.00,19),(383,1,1522,0.00,19),(384,1,1521,0.00,19),(385,1,1520,0.00,19),(386,1,1518,0.00,19),(387,1,1517,0.00,19),(388,1,1516,0.00,19),(389,1,1514,0.00,19),(390,1,1513,0.00,19),(391,1,1512,0.00,19),(392,1,1511,0.00,19),(393,1,1510,0.00,19),(394,1,1508,0.00,19),(395,1,1506,0.00,19),(396,1,1505,0.00,19),(397,1,1503,0.00,19),(398,1,3568,0.00,19),(399,1,1502,0.00,19),(400,1,1501,0.00,19),(401,1,1500,0.00,19),(402,1,1499,0.00,19),(403,1,1498,0.00,19),(404,1,1497,0.00,19),(405,1,1495,0.00,19),(406,1,1494,0.00,19),(407,1,3582,0.00,19),(408,1,2317,0.00,19),(409,1,2309,0.00,19),(410,1,2316,0.00,19),(411,1,2313,0.00,19),(412,1,2307,0.00,19),(413,1,2271,0.00,19),(414,1,2247,0.00,19),(415,1,2262,0.00,19),(416,1,2261,0.00,19),(417,1,2237,0.00,19),(418,1,2257,0.00,19),(419,1,2254,0.00,19),(420,1,2251,0.00,19),(421,1,2231,0.00,19),(422,1,2229,0.00,19),(423,1,2222,0.00,19),(424,1,2219,0.00,19),(425,1,2214,0.00,19),(426,1,2218,0.00,19),(427,1,2216,0.00,19),(428,1,2204,0.00,19),(429,1,2206,0.00,19),(430,1,2195,0.00,19),(431,1,2201,0.00,19),(432,1,2198,0.00,19),(433,1,2188,0.00,19),(434,1,2190,0.00,19),(435,1,2183,0.00,19),(436,1,2178,0.00,19),(437,1,2175,0.00,19),(438,1,2173,0.00,19),(439,1,2171,0.00,19),(440,1,2169,0.00,19),(441,1,2167,0.00,19),(442,1,2163,0.00,19),(443,1,2161,0.00,19),(444,1,2158,0.00,19),(445,1,2156,0.00,19),(446,1,2154,0.00,19),(447,1,2151,0.00,19),(448,1,2148,0.00,19),(449,1,2146,0.00,19),(450,1,2144,0.00,19),(451,1,2024,0.00,19),(452,1,2011,0.00,19),(453,1,1976,0.00,19),(454,1,1966,0.00,19),(455,1,1952,0.00,19),(456,1,1947,0.00,19),(457,1,1920,0.00,19),(458,1,1854,0.00,19),(459,1,1807,0.00,19),(460,1,1783,0.00,19),(461,1,2039,0.00,19),(462,1,2080,0.00,19),(463,1,2069,0.00,19),(464,1,2057,0.00,19),(465,1,2055,0.00,19),(466,1,1772,0.00,19),(467,1,1768,0.00,19),(468,1,1764,0.00,19),(469,1,1754,0.00,19),(470,1,2815,0.00,19),(471,1,2816,0.00,19),(472,1,2817,0.00,19),(473,1,2818,0.00,19),(474,1,2819,0.00,19),(475,1,2820,0.00,19),(476,1,1738,0.00,19),(477,1,1632,0.00,19),(478,1,1574,0.00,19),(479,1,1536,0.00,19),(480,1,1534,0.00,19),(481,1,3565,0.00,19),(482,1,1523,0.00,19),(483,1,3566,0.00,19),(484,1,1519,0.00,19),(485,1,1515,0.00,19),(486,1,1509,0.00,19),(487,1,1507,0.00,19),(488,1,1504,0.00,19),(489,1,1496,0.00,19),(490,1,2279,0.00,19),(491,1,2270,0.00,19),(492,1,2269,0.00,19),(493,1,2373,0.00,19),(494,1,2374,0.00,19),(495,1,2375,0.00,19),(496,1,2376,0.00,19),(497,1,2377,0.00,19),(498,1,2378,0.00,19),(499,1,2379,0.00,19),(500,1,2380,0.00,19),(501,1,2381,0.00,19),(502,1,2382,0.00,19),(503,1,2383,0.00,19),(504,1,2384,0.00,19),(505,1,2385,0.00,19),(506,1,2386,0.00,19),(507,1,2387,0.00,19),(508,1,2388,0.00,19),(509,1,2389,0.00,19),(510,1,2390,0.00,19),(511,1,2391,0.00,19),(512,1,2392,0.00,19),(513,1,2393,0.00,19),(514,1,2394,0.00,19),(515,1,2395,0.00,19),(516,1,2396,0.00,19),(517,1,2397,0.00,19),(518,1,2398,0.00,19),(519,1,2399,0.00,19),(520,1,2400,0.00,19),(521,1,2401,0.00,19),(522,1,2402,0.00,19),(523,1,2403,0.00,19),(524,1,2404,0.00,19),(525,1,2405,0.00,19),(526,1,2406,0.00,19),(527,1,2407,0.00,19),(528,1,2408,0.00,19),(529,1,2417,0.00,19),(530,1,2418,0.00,19),(531,1,2419,0.00,19),(532,1,2420,0.00,19),(533,1,2421,0.00,19),(534,1,2422,0.00,19),(535,1,2423,0.00,19),(536,1,2424,0.00,19),(537,1,2425,0.00,19),(538,1,2426,0.00,19),(539,1,2427,0.00,19),(540,1,2428,0.00,19),(541,1,2429,0.00,19),(542,1,2430,0.00,19),(543,1,2431,0.00,19),(544,1,2432,0.00,19),(545,1,2433,0.00,19),(546,1,2434,0.00,19),(547,1,2435,0.00,19),(548,1,2436,0.00,19),(549,1,2437,0.00,19),(550,1,2438,0.00,19),(551,1,2439,0.00,19),(552,1,2440,0.00,19),(553,1,2441,0.00,19),(554,1,2442,0.00,19),(555,1,2444,0.00,19),(556,1,2445,0.00,19),(557,1,2446,0.00,19),(558,1,2447,0.00,19),(559,1,2448,0.00,19),(560,1,2449,0.00,19),(561,1,2450,0.00,19),(562,1,2454,0.00,19),(563,1,2455,0.00,19),(564,1,2456,0.00,19),(565,1,2457,0.00,19),(566,1,2458,0.00,19),(567,1,2459,0.00,19),(568,1,2460,0.00,19),(569,1,2461,0.00,19),(570,1,2462,0.00,19),(571,1,7954,0.00,19),(572,1,2463,0.00,19),(573,1,2464,0.00,19),(574,1,2465,0.00,19),(575,1,2466,0.00,19),(576,1,2467,0.00,19),(577,1,2468,0.00,19),(578,1,2469,0.00,19),(579,1,2470,0.00,19),(580,1,2471,0.00,19),(581,1,2472,0.00,19),(582,1,2473,0.00,19),(583,1,2474,0.00,19),(584,1,2475,0.00,19),(585,1,2476,0.00,19),(586,1,2477,0.00,19),(587,1,2478,0.00,19),(588,1,2479,0.00,19),(589,1,2480,0.00,19),(590,1,2481,0.00,19),(591,1,2482,0.00,19),(592,1,2483,0.00,19),(593,1,2484,0.00,19),(594,1,2485,0.00,19),(595,1,2486,0.00,19),(596,1,2487,0.00,19),(597,1,2488,0.00,19),(598,1,2489,0.00,19),(599,1,2490,0.00,19),(600,1,2491,0.00,19),(601,1,2492,0.00,19),(602,1,2497,0.00,19),(603,1,2550,0.00,19),(604,1,2551,0.00,19),(605,1,2552,0.00,19),(606,1,2580,0.00,19),(607,1,2590,0.00,19),(608,1,2604,0.00,19),(609,1,2606,0.00,19),(610,1,2824,0.00,19),(611,1,2823,0.00,19),(612,1,2821,0.00,19),(613,1,2813,0.00,19),(614,1,2814,0.00,19),(615,1,2653,0.00,19),(616,1,2654,0.00,19),(617,1,2655,0.00,19),(618,1,2656,0.00,19),(619,1,2657,0.00,19),(620,1,2658,0.00,19),(621,1,2659,0.00,19),(622,1,2660,0.00,19),(623,1,2661,0.00,19),(624,1,2662,0.00,19),(625,1,2663,0.00,19),(626,1,2664,0.00,19),(627,1,2665,0.00,19),(628,1,2666,0.00,19),(629,1,2669,0.00,19),(630,1,2670,0.00,19),(631,1,2671,0.00,19),(632,1,2672,0.00,19),(633,1,2689,0.00,19),(634,1,2690,0.00,19),(635,1,2691,0.00,19),(636,1,2692,0.00,19),(637,1,2693,0.00,19),(638,1,2694,0.00,19),(639,1,2695,0.00,19),(640,1,2696,0.00,19),(641,1,2704,0.00,19),(642,1,2732,0.00,19),(643,1,2733,0.00,19),(644,1,3581,0.00,19),(645,1,3577,0.00,19),(646,1,3576,0.00,19),(647,1,3579,0.00,19),(648,1,3578,0.00,19),(649,1,3580,0.00,19),(650,1,3573,0.00,19),(651,1,3575,0.00,19),(652,1,3572,0.00,19),(653,1,3574,0.00,19),(654,1,3569,0.00,19),(655,1,3571,0.00,19),(656,1,3570,0.00,19),(657,1,2822,0.00,19),(658,1,2846,0.00,19),(659,1,2850,0.00,19),(660,1,2855,0.00,19),(661,1,2875,0.00,19),(662,1,2873,0.00,19),(663,1,2874,0.00,19),(664,1,2879,0.00,19),(665,1,2889,0.00,19),(666,1,2825,0.00,19),(667,1,3052,0.00,19),(668,1,3068,0.00,19),(669,1,3067,0.00,19),(670,1,3066,0.00,19),(671,1,6874,0.00,19),(672,1,6863,0.00,19),(673,1,6864,0.00,19),(674,1,6865,0.00,19),(675,1,3583,0.00,19),(676,1,3584,0.00,19),(677,1,3585,0.00,19),(678,1,3586,0.00,19),(679,1,3587,0.00,19),(680,1,3588,0.00,19),(681,1,3589,0.00,19),(682,1,3590,0.00,19),(683,1,3591,0.00,19),(684,1,3592,0.00,19),(685,1,3593,0.00,19),(686,1,3594,0.00,19),(687,1,3595,0.00,19),(688,1,3596,0.00,19),(689,1,3597,0.00,19),(690,1,3598,0.00,19),(691,1,3599,0.00,19),(692,1,3600,0.00,19),(693,1,3601,0.00,19),(694,1,3602,0.00,19),(695,1,3603,0.00,19),(696,1,3604,0.00,19),(697,1,3605,0.00,19),(698,1,3606,0.00,19),(699,1,3607,0.00,19),(700,1,3608,0.00,19),(701,1,3609,0.00,19),(702,1,3610,0.00,19),(703,1,3611,0.00,19),(704,1,3612,0.00,19),(705,1,3613,0.00,19),(706,1,3614,0.00,19),(707,1,7438,0.00,19),(708,1,7437,0.00,19),(709,1,7440,0.00,19),(710,1,7436,0.00,19),(711,1,7439,0.00,19),(712,1,7441,0.00,19),(713,1,7442,0.00,19),(714,1,7443,0.00,19),(715,1,7444,0.00,19),(716,1,7445,0.00,19),(717,1,7446,0.00,19),(718,1,7447,0.00,19),(719,1,7448,0.00,19),(720,1,7449,0.00,19),(721,1,7450,0.00,19),(722,1,7451,0.00,19),(723,1,7452,0.00,19),(724,1,7453,0.00,19),(725,1,7454,0.00,19),(726,1,7455,0.00,19),(727,1,7456,0.00,19),(728,1,7457,0.00,19),(729,1,7458,0.00,19),(730,1,7459,0.00,19),(731,1,7460,0.00,19),(732,1,7461,0.00,19),(733,1,7462,0.00,19),(734,1,7463,0.00,19),(735,1,7464,0.00,19),(736,1,7465,0.00,19),(737,1,7466,0.00,19),(738,1,7467,0.00,19),(739,1,7468,0.00,19),(740,1,7469,0.00,19),(741,1,7470,0.00,19),(742,1,7471,0.00,19),(743,1,7472,0.00,19),(744,1,7473,0.00,19),(745,1,7474,0.00,19),(746,1,7475,0.00,19),(747,1,7476,0.00,19),(748,1,7477,0.00,19),(749,1,7478,0.00,19),(750,1,7479,0.00,19),(751,1,7480,0.00,19),(752,1,7481,0.00,19),(753,1,7482,0.00,19),(754,1,7483,0.00,19),(755,1,7484,0.00,19),(756,1,7485,0.00,19),(757,1,7486,0.00,19),(758,1,7487,0.00,19),(759,1,7488,0.00,19),(760,1,7489,0.00,19),(761,1,7490,0.00,19),(762,1,7491,0.00,19),(763,1,7492,0.00,19),(764,1,7493,0.00,19),(765,1,7494,0.00,19),(766,1,7495,0.00,19),(767,1,7496,0.00,19),(768,1,7497,0.00,19),(769,1,7498,0.00,19),(770,1,7499,0.00,19),(771,1,7500,0.00,19),(772,1,7501,0.00,19),(773,1,7502,0.00,19),(774,1,7503,0.00,19),(775,1,7504,0.00,19),(776,1,7505,0.00,19),(777,1,7506,0.00,19),(778,1,7507,0.00,19),(779,1,7508,0.00,19),(780,1,7509,0.00,19),(781,1,7510,0.00,19),(782,1,7511,0.00,19),(783,1,7512,0.00,19),(784,1,7513,0.00,19),(785,1,7514,0.00,19),(786,1,7515,0.00,19),(787,1,7516,0.00,19),(788,1,7517,0.00,19),(789,1,7518,0.00,19),(790,1,7519,0.00,19),(791,1,7520,0.00,19),(792,1,7521,0.00,19),(793,1,7522,0.00,19),(794,1,7523,0.00,19),(795,1,7524,0.00,19),(796,1,7525,0.00,19),(797,1,7526,0.00,19),(798,1,7527,0.00,19),(799,1,7528,0.00,19),(800,1,7529,0.00,19),(801,1,7530,0.00,19),(802,1,7531,0.00,19),(803,1,7532,0.00,19),(804,1,7533,0.00,19),(805,1,7534,0.00,19),(806,1,7535,0.00,19),(807,1,7536,0.00,19),(808,1,7537,0.00,19),(809,1,7538,0.00,19),(810,1,7539,0.00,19),(811,1,7540,0.00,19),(812,1,7541,0.00,19),(813,1,7542,0.00,19),(814,1,7543,0.00,19),(815,1,7544,0.00,19),(816,1,7545,0.00,19),(817,1,7546,0.00,19),(818,1,7547,0.00,19),(819,1,7548,0.00,19),(820,1,7549,0.00,19),(821,1,7550,0.00,19),(822,1,7551,0.00,19),(823,1,7552,0.00,19),(824,1,7553,0.00,19),(825,1,7554,0.00,19),(826,1,7555,0.00,19),(827,1,7556,0.00,19),(828,1,7557,0.00,19),(829,1,7558,0.00,19),(830,1,7559,0.00,19),(831,1,7560,0.00,19),(832,1,7561,0.00,19),(833,1,7562,0.00,19),(834,1,7563,0.00,19),(835,1,7564,0.00,19),(836,1,7565,0.00,19),(837,1,7566,0.00,19),(838,1,7567,0.00,19),(839,1,7568,0.00,19),(840,1,7569,0.00,19),(841,1,7570,0.00,19),(842,1,7571,0.00,19),(843,1,7572,0.00,19),(844,1,7573,0.00,19),(845,1,7574,0.00,19),(846,1,7575,0.00,19),(847,1,7576,0.00,19),(848,1,7577,0.00,19),(849,1,7578,0.00,19),(850,1,7579,0.00,19),(851,1,7580,0.00,19),(852,1,7581,0.00,19),(853,1,7582,0.00,19),(854,1,7583,0.00,19),(855,1,7584,0.00,19),(856,1,7585,0.00,19),(857,1,7586,0.00,19),(858,1,7587,0.00,19),(859,1,7588,0.00,19),(860,1,7589,0.00,19),(861,1,7590,0.00,19),(862,1,7591,0.00,19),(863,1,7592,0.00,19),(864,1,7593,0.00,19),(865,1,7594,0.00,19),(866,1,7595,0.00,19),(867,1,7596,0.00,19),(868,1,7597,0.00,19),(869,1,7598,0.00,19),(870,1,7599,0.00,19),(871,1,7600,0.00,19),(872,1,7601,0.00,19),(873,1,7602,0.00,19),(874,1,7603,0.00,19),(875,1,7604,0.00,19),(876,1,7605,0.00,19),(877,1,7606,0.00,19),(878,1,7607,0.00,19),(879,1,7608,0.00,19),(880,1,7609,0.00,19),(881,1,7610,0.00,19),(882,1,7611,0.00,19),(883,1,7612,0.00,19),(884,1,7613,0.00,19),(885,1,7614,0.00,19),(886,1,7615,0.00,19),(887,1,7616,0.00,19),(888,1,7617,0.00,19),(889,1,7618,0.00,19),(890,1,7619,0.00,19),(891,1,7620,0.00,19),(892,1,7621,0.00,19),(893,1,7622,0.00,19),(894,1,7623,0.00,19),(895,1,7624,0.00,19),(896,1,7625,0.00,19),(897,1,7626,0.00,19),(898,1,7627,0.00,19),(899,1,7628,0.00,19),(900,1,7629,0.00,19),(901,1,7630,0.00,19),(902,1,7631,0.00,19),(903,1,7632,0.00,19),(904,1,7633,0.00,19),(905,1,7634,0.00,19),(906,1,7635,0.00,19),(907,1,7636,0.00,19),(908,1,7637,0.00,19),(909,1,7638,0.00,19),(910,1,7639,0.00,19),(911,1,7640,0.00,19),(912,1,7641,0.00,19),(913,1,7642,0.00,19),(914,1,7643,0.00,19),(915,1,7644,0.00,19),(916,1,7645,0.00,19),(917,1,7646,0.00,19),(918,1,7647,0.00,19),(919,1,7648,0.00,19),(920,1,7649,0.00,19),(921,1,7650,0.00,19),(922,1,7651,0.00,19),(923,1,7652,0.00,19),(924,1,7653,0.00,19),(925,1,7654,0.00,19),(926,1,7655,0.00,19),(927,1,7656,0.00,19),(928,1,7657,0.00,19),(929,1,7658,0.00,19),(930,1,7659,0.00,19),(931,1,7660,0.00,19),(932,1,7661,0.00,19),(933,1,7662,0.00,19),(934,1,7663,0.00,19),(935,1,7664,0.00,19),(936,1,7665,0.00,19),(937,1,7666,0.00,19),(938,1,7667,0.00,19),(939,1,7668,0.00,19),(940,1,7669,0.00,19),(941,1,7670,0.00,19),(942,1,7671,0.00,19),(943,1,7672,0.00,19),(944,1,7673,0.00,19),(945,1,7674,0.00,19),(946,1,7675,0.00,19),(947,1,7676,0.00,19),(948,1,7677,0.00,19),(949,1,7678,0.00,19),(950,1,7679,0.00,19),(951,1,7680,0.00,19),(952,1,7681,0.00,19),(953,1,7682,0.00,19),(954,1,7683,0.00,19),(955,1,7684,0.00,19),(956,1,7685,0.00,19),(957,1,7686,0.00,19),(958,1,7687,0.00,19),(959,1,7688,0.00,19),(960,1,7689,0.00,19),(961,1,7690,0.00,19),(962,1,7691,0.00,19),(963,1,7692,0.00,19),(964,1,7693,0.00,19),(965,1,7694,0.00,19),(966,1,7695,0.00,19),(967,1,7696,0.00,19),(968,1,7697,0.00,19),(969,1,7698,0.00,19),(970,1,7699,0.00,19),(971,1,7700,0.00,19),(972,1,7701,0.00,19),(973,1,7702,0.00,19),(974,1,7703,0.00,19),(975,1,7704,0.00,19),(976,1,7705,0.00,19),(977,1,7706,0.00,19),(978,1,7707,0.00,19),(979,1,7708,0.00,19),(980,1,7709,0.00,19),(981,1,7710,0.00,19),(982,1,7711,0.00,19),(983,1,7712,0.00,19),(984,1,7713,0.00,19),(985,1,7714,0.00,19),(986,1,7715,0.00,19),(987,1,7716,0.00,19),(988,1,7717,0.00,19),(989,1,7719,0.00,19),(990,1,7720,0.00,19),(991,1,7721,0.00,19),(992,1,7722,0.00,19),(993,1,7723,0.00,19),(994,1,7724,0.00,19),(995,1,7725,0.00,19),(996,1,7726,0.00,19),(997,1,7727,0.00,19),(998,1,7728,0.00,19),(999,1,7729,0.00,19),(1000,1,7730,0.00,19),(1001,1,7731,0.00,19),(1002,1,7732,0.00,19),(1003,1,7733,0.00,19),(1004,1,7734,0.00,19),(1005,1,7735,0.00,19),(1006,1,7736,0.00,19),(1007,1,7737,0.00,19),(1008,1,7738,0.00,19),(1009,1,7739,0.00,19),(1010,1,7740,0.00,19),(1011,1,7741,0.00,19),(1012,1,7742,0.00,19),(1013,1,7743,0.00,19),(1014,1,7744,0.00,19),(1015,1,7745,0.00,19),(1016,1,7746,0.00,19),(1017,1,7747,0.00,19),(1018,1,7748,0.00,19),(1019,1,7759,0.00,19),(1020,1,7773,0.00,19),(1021,1,7774,0.00,19),(1022,1,7775,0.00,19),(1023,1,7776,0.00,19),(1024,1,7777,0.00,19),(1025,1,7778,0.00,19),(1026,1,7779,0.00,19),(1027,1,7780,0.00,19),(1028,1,7781,0.00,19),(1029,1,7782,0.00,19),(1030,1,7783,0.00,19),(1031,1,7784,0.00,19),(1032,1,7785,0.00,19),(1033,1,7786,0.00,19),(1034,1,7787,0.00,19),(1035,1,7788,0.00,19),(1036,1,7789,0.00,19),(1037,1,7790,0.00,19),(1038,1,7791,0.00,19),(1039,1,7792,0.00,19),(1040,1,7793,0.00,19),(1041,1,7794,0.00,19),(1042,1,7795,0.00,19),(1043,1,7796,0.00,19),(1044,1,7797,0.00,19),(1045,1,7798,0.00,19),(1046,1,7799,0.00,19),(1047,1,7800,0.00,19),(1048,1,7801,0.00,19),(1049,1,7802,0.00,19),(1050,1,7803,0.00,19),(1051,1,7804,0.00,19),(1052,1,7805,0.00,19),(1053,1,7806,0.00,19),(1054,1,7807,0.00,19),(1055,1,7808,0.00,19),(1056,1,7809,0.00,19),(1057,1,7810,0.00,19),(1058,1,7811,0.00,19),(1059,1,7812,0.00,19),(1060,1,7813,0.00,19),(1061,1,7814,0.00,19),(1062,1,7815,0.00,19),(1063,1,7816,0.00,19),(1064,1,7817,0.00,19),(1065,1,7818,0.00,19),(1066,1,7819,0.00,19),(1067,1,7820,0.00,19),(1068,1,7821,0.00,19),(1069,1,7822,0.00,19),(1070,1,7823,0.00,19),(1071,1,7824,0.00,19),(1072,1,7825,0.00,19),(1073,1,7826,0.00,19),(1074,1,7827,0.00,19),(1075,1,7828,0.00,19),(1076,1,7829,0.00,19),(1077,1,7830,0.00,19),(1078,1,7831,0.00,19),(1079,1,7832,0.00,19),(1080,1,7833,0.00,19),(1081,1,7834,0.00,19),(1082,1,7835,0.00,19),(1083,1,7836,0.00,19),(1084,1,7837,0.00,19),(1085,1,7838,0.00,19),(1086,1,7839,0.00,19),(1087,1,7840,0.00,19),(1088,1,7841,0.00,19),(1089,1,7842,0.00,19),(1090,1,7843,0.00,19),(1091,1,7844,0.00,19),(1092,1,7845,0.00,19),(1093,1,7846,0.00,19),(1094,1,7853,0.00,19),(1095,1,7854,0.00,19),(1096,1,7855,0.00,19),(1097,1,7856,0.00,19),(1098,1,7857,0.00,19),(1099,1,7858,0.00,19),(1100,1,7863,0.00,19),(1101,1,7864,0.00,19),(1102,1,7865,0.00,19),(1103,1,7866,0.00,19),(1104,1,7867,0.00,19),(1105,1,7868,0.00,19),(1106,1,7869,0.00,19),(1107,1,7870,0.00,19),(1108,1,7871,0.00,19),(1109,1,7872,0.00,19),(1110,1,7873,0.00,19),(1111,1,7874,0.00,19),(1112,1,7952,0.00,19),(1113,1,6809,1.00,19),(1114,1,6810,1.00,19),(1115,1,6811,1.00,19),(1116,1,6812,1.00,19),(1117,1,6813,1.00,19),(1118,1,6814,1.00,19),(1119,1,6815,1.00,19),(1120,1,6816,1.00,19),(1121,1,6818,1.00,19),(1122,1,6819,1.00,19),(1123,1,2892,0.00,19),(1124,1,2893,0.00,19),(1125,1,2894,0.00,19),(1126,1,2895,0.00,19),(1127,1,2896,0.00,19),(1128,1,2897,0.00,19),(1129,1,2890,0.00,19),(1130,1,2891,1.00,19),(1131,1,3039,1.00,19),(1132,1,2898,1.00,19),(1133,1,2899,0.00,19),(1134,1,2900,0.00,19),(1135,1,2901,0.00,19),(1136,1,2902,0.00,19),(1137,1,2903,1.00,19),(1138,1,2904,0.00,19),(1139,1,2905,0.00,19),(1140,1,2906,0.00,19),(1141,1,2907,0.00,19),(1142,1,2908,0.00,19),(1143,1,2909,0.00,19),(1144,1,2910,1.00,19),(1145,1,2911,0.00,19),(1146,1,2912,0.00,19),(1147,1,2913,0.00,19),(1148,1,3031,0.00,19),(1149,1,2336,0.00,19),(1150,1,2342,1.00,19),(1151,1,2341,1.00,19),(1152,1,2340,1.00,19),(1153,1,2339,0.00,19),(1154,1,2361,1.00,19),(1155,1,2360,1.00,19),(1156,1,2359,0.00,19),(1157,1,2358,0.00,19),(1158,1,2357,1.00,19),(1159,1,2356,1.00,19),(1160,1,2355,1.00,19),(1161,1,2354,1.00,19),(1162,1,2353,1.00,19),(1163,1,2352,0.00,19),(1164,1,2351,1.00,19),(1165,1,2350,1.00,19),(1166,1,2349,1.00,19),(1167,1,2348,1.00,19),(1168,1,2347,1.00,19),(1169,1,2346,1.00,19),(1170,1,2345,1.00,19),(1171,1,2344,0.00,19),(1172,1,2343,1.00,19),(1173,1,2338,1.00,19),(1174,1,2337,1.00,19),(1175,1,2335,1.00,19),(1176,1,2334,0.00,19),(1177,1,2333,1.00,19),(1178,1,2332,1.00,19),(1179,1,2331,1.00,19),(1180,1,2330,0.00,19),(1181,1,2329,0.00,19),(1182,1,2328,1.00,19),(1183,1,2327,1.00,19),(1184,1,2326,1.00,19),(1185,1,2324,1.00,19),(1186,1,2323,0.00,19),(1187,1,2322,1.00,19),(1188,1,2321,0.00,19),(1189,1,2308,1.00,19),(1190,1,2304,1.00,19),(1191,1,2302,1.00,19),(1192,1,2300,1.00,19),(1193,1,2299,1.00,19),(1194,1,2294,1.00,19),(1195,1,2295,1.00,19),(1196,1,2292,1.00,19),(1197,1,2290,1.00,19),(1198,1,2289,1.00,19),(1199,1,2288,1.00,19),(1200,1,2285,1.00,19),(1201,1,2284,1.00,19),(1202,1,2282,1.00,19),(1203,1,2143,1.00,19),(1204,1,2142,1.00,19),(1205,1,2141,1.00,19),(1206,1,1850,1.00,19),(1207,1,1851,1.00,19),(1208,1,2029,1.00,19),(1209,1,2027,1.00,19),(1210,1,2023,1.00,19),(1211,1,2021,0.00,19),(1212,1,2019,0.00,19),(1213,1,2018,0.00,19),(1214,1,2017,1.00,19),(1215,1,2015,1.00,19),(1216,1,2013,1.00,19),(1217,1,2012,0.00,19),(1218,1,2010,1.00,19),(1219,1,2009,1.00,19),(1220,1,2008,1.00,19),(1221,1,2007,1.00,19),(1222,1,2005,1.00,19),(1223,1,2003,1.00,19),(1224,1,2001,1.00,19),(1225,1,1999,1.00,19),(1226,1,1998,1.00,19),(1227,1,1994,1.00,19),(1228,1,1992,0.00,19),(1229,1,1990,1.00,19),(1230,1,1989,1.00,19),(1231,1,1988,1.00,19),(1232,1,1987,1.00,19),(1233,1,1986,1.00,19),(1234,1,1985,1.00,19),(1235,1,1984,0.00,19),(1236,1,1982,1.00,19),(1237,1,1980,0.00,19),(1238,1,1978,1.00,19),(1239,1,1975,1.00,19),(1240,1,1974,1.00,19),(1241,1,1973,0.00,19),(1242,1,1972,1.00,19),(1243,1,1970,0.00,19),(1244,1,1969,0.00,19),(1245,1,1968,0.00,19),(1246,1,1967,1.00,19),(1247,1,1965,1.00,19),(1248,1,1964,1.00,19),(1249,1,1962,0.00,19),(1250,1,1961,0.00,19),(1251,1,1959,0.00,19),(1252,1,1957,0.00,19),(1253,1,1956,1.00,19),(1254,1,1954,1.00,19),(1255,1,1953,1.00,19),(1256,1,1951,0.00,19),(1257,1,1950,0.00,19),(1258,1,1949,0.00,19),(1259,1,1948,1.00,19),(1260,1,1946,1.00,19),(1261,1,1944,1.00,19),(1262,1,1943,1.00,19),(1263,1,1942,1.00,19),(1264,1,1941,1.00,19),(1265,1,1939,1.00,19),(1266,1,1938,0.00,19),(1267,1,1936,1.00,19),(1268,1,1935,1.00,19),(1269,1,1934,0.00,19),(1270,1,1933,1.00,19),(1271,1,1932,0.00,19),(1272,1,1931,0.00,19),(1273,1,1929,1.00,19),(1274,1,1927,1.00,19),(1275,1,1926,1.00,19),(1276,1,1924,0.00,19),(1277,1,1923,0.00,19),(1278,1,1922,1.00,19),(1279,1,1921,1.00,19),(1280,1,1919,0.00,19),(1281,1,1917,1.00,19),(1282,1,1915,1.00,19),(1283,1,1914,0.00,19),(1284,1,1913,1.00,19),(1285,1,1912,1.00,19),(1286,1,1911,0.00,19),(1287,1,1910,1.00,19),(1288,1,1909,1.00,19),(1289,1,1906,0.00,19),(1290,1,1905,1.00,19),(1291,1,1904,0.00,19),(1292,1,1903,1.00,19),(1293,1,1902,1.00,19),(1294,1,1900,1.00,19),(1295,1,1898,1.00,19),(1296,1,1896,0.00,19),(1297,1,1895,0.00,19),(1298,1,1894,1.00,19),(1299,1,1893,1.00,19),(1300,1,1891,0.00,19),(1301,1,1889,0.00,19),(1302,1,1885,1.00,19),(1303,1,1883,1.00,19),(1304,1,1881,1.00,19),(1305,1,1880,1.00,19),(1306,1,1879,1.00,19),(1307,1,1878,1.00,19),(1308,1,1876,0.00,19),(1309,1,1875,1.00,19),(1310,1,1874,1.00,19),(1311,1,1873,1.00,19),(1312,1,1871,1.00,19),(1313,1,1870,1.00,19),(1314,1,1868,1.00,19),(1315,1,1867,0.00,19),(1316,1,1865,1.00,19),(1317,1,1863,1.00,19),(1318,1,1861,1.00,19),(1319,1,1859,1.00,19),(1320,1,1858,0.00,19),(1321,1,1857,1.00,19),(1322,1,1849,1.00,19),(1323,1,1846,1.00,19),(1324,1,1845,1.00,19),(1325,1,1843,1.00,19),(1326,1,1842,1.00,19),(1327,1,1841,0.00,19),(1328,1,1839,0.00,19),(1329,1,1838,1.00,19),(1330,1,1837,0.00,19),(1331,1,1836,1.00,19),(1332,1,1834,1.00,19),(1333,1,1832,0.00,19),(1334,1,1830,1.00,19),(1335,1,1829,1.00,19),(1336,1,1828,1.00,19),(1337,1,1827,0.00,19),(1338,1,1825,1.00,19),(1339,1,1823,1.00,19),(1340,1,1821,1.00,19),(1341,1,1820,1.00,19),(1342,1,1819,1.00,19),(1343,1,1817,1.00,19),(1344,1,1816,0.00,19),(1345,1,1815,1.00,19),(1346,1,1814,1.00,19),(1347,1,1813,0.00,19),(1348,1,1811,0.00,19),(1349,1,1810,0.00,19),(1350,1,1809,1.00,19),(1351,1,1808,1.00,19),(1352,1,1806,1.00,19),(1353,1,1805,0.00,19),(1354,1,1803,1.00,19),(1355,1,1801,1.00,19),(1356,1,1800,1.00,19),(1357,1,1798,1.00,19),(1358,1,1797,1.00,19),(1359,1,1796,1.00,19),(1360,1,1795,0.00,19),(1361,1,1794,1.00,19),(1362,1,1792,1.00,19),(1363,1,1790,1.00,19),(1364,1,1788,1.00,19),(1365,1,1787,0.00,19),(1366,1,2049,1.00,19),(1367,1,2048,0.00,19),(1368,1,2046,0.00,19),(1369,1,2045,1.00,19),(1370,1,2044,1.00,19),(1371,1,2043,0.00,19),(1372,1,2041,0.00,19),(1373,1,2040,0.00,19),(1374,1,2038,1.00,19),(1375,1,2034,1.00,19),(1376,1,2031,1.00,19),(1377,1,2032,1.00,19),(1378,1,2135,1.00,19),(1379,1,2134,1.00,19),(1380,1,2133,0.00,19),(1381,1,2132,1.00,19),(1382,1,2130,0.00,19),(1383,1,2129,1.00,19),(1384,1,2128,1.00,19),(1385,1,2126,1.00,19),(1386,1,2125,1.00,19),(1387,1,2124,1.00,19),(1388,1,2123,1.00,19),(1389,1,2121,1.00,19),(1390,1,2119,0.00,19),(1391,1,2117,1.00,19),(1392,1,2115,1.00,19),(1393,1,2113,1.00,19),(1394,1,2111,0.00,19),(1395,1,2109,1.00,19),(1396,1,2107,1.00,19),(1397,1,2105,1.00,19),(1398,1,2103,1.00,19),(1399,1,2101,1.00,19),(1400,1,2099,1.00,19),(1401,1,2097,1.00,19),(1402,1,2095,0.00,19),(1403,1,2093,1.00,19),(1404,1,2089,1.00,19),(1405,1,2087,0.00,19),(1406,1,2086,1.00,19),(1407,1,2084,1.00,19),(1408,1,2083,0.00,19),(1409,1,2082,1.00,19),(1410,1,2081,1.00,19),(1411,1,2079,1.00,19),(1412,1,2077,0.00,19),(1413,1,2076,1.00,19),(1414,1,2075,0.00,19),(1415,1,2074,1.00,19),(1416,1,2072,1.00,19),(1417,1,2070,1.00,19),(1418,1,2068,1.00,19),(1419,1,2066,1.00,19),(1420,1,2064,1.00,19),(1421,1,2062,0.00,19),(1422,1,2060,0.00,19),(1423,1,2058,0.00,19),(1424,1,2056,1.00,19),(1425,1,2054,1.00,19),(1426,1,2051,0.00,19),(1427,1,2140,1.00,19),(1428,1,2139,1.00,19),(1429,1,2138,0.00,19),(1430,1,2137,0.00,19),(1431,1,1769,0.00,19),(1432,1,1760,0.00,19),(1433,1,1758,0.00,19),(1434,1,1757,0.00,19),(1435,1,1756,1.00,19),(1436,1,1753,1.00,19),(1437,1,1752,1.00,19),(1438,1,1751,1.00,19),(1439,1,1749,1.00,19),(1440,1,1748,1.00,19),(1441,1,1747,1.00,19),(1442,1,1746,0.00,19),(1443,1,1742,0.00,19),(1444,1,1741,1.00,19),(1445,1,1740,0.00,19),(1446,1,1737,1.00,19),(1447,1,1736,0.00,19),(1448,1,1734,1.00,19),(1449,1,1733,1.00,19),(1450,1,1732,1.00,19),(1451,1,1731,1.00,19),(1452,1,1730,1.00,19),(1453,1,1728,1.00,19),(1454,1,1727,0.00,19),(1455,1,1726,1.00,19),(1456,1,1725,1.00,19),(1457,1,1723,1.00,19),(1458,1,1722,1.00,19),(1459,1,2736,1.00,19),(1460,1,2737,1.00,19),(1461,1,2738,1.00,19),(1462,1,2739,1.00,19),(1463,1,2740,1.00,19),(1464,1,2741,1.00,19),(1465,1,2742,1.00,19),(1466,1,2743,1.00,19),(1467,1,2744,1.00,19),(1468,1,2735,0.00,19),(1469,1,1706,1.00,19),(1470,1,1682,1.00,19),(1471,1,1681,1.00,19),(1472,1,1679,1.00,19),(1473,1,1677,1.00,19),(1474,1,1678,1.00,19),(1475,1,1708,1.00,19),(1476,1,1676,1.00,19),(1477,1,1674,1.00,19),(1478,1,1673,1.00,19),(1479,1,1671,1.00,19),(1480,1,1672,1.00,19),(1481,1,1697,1.00,19),(1482,1,1698,1.00,19),(1483,1,1688,1.00,19),(1484,1,1686,1.00,19),(1485,1,1685,1.00,19),(1486,1,1683,1.00,19),(1487,1,1684,1.00,19),(1488,1,1700,1.00,19),(1489,1,1701,1.00,19),(1490,1,1689,1.00,19),(1491,1,1690,1.00,19),(1492,1,1691,1.00,19),(1493,1,1692,1.00,19),(1494,1,1693,1.00,19),(1495,1,1695,1.00,19),(1496,1,1670,1.00,19),(1497,1,1669,1.00,19),(1498,1,1666,1.00,19),(1499,1,1649,1.00,19),(1500,1,1647,1.00,19),(1501,1,1645,1.00,19),(1502,1,1643,1.00,19),(1503,1,1642,1.00,19),(1504,1,1637,1.00,19),(1505,1,1636,1.00,19),(1506,1,1665,1.00,19),(1507,1,1663,1.00,19),(1508,1,1661,1.00,19),(1509,1,1659,1.00,19),(1510,1,1657,1.00,19),(1511,1,1655,1.00,19),(1512,1,1653,1.00,19),(1513,1,1651,1.00,19),(1514,1,1650,1.00,19),(1515,1,1573,1.00,19),(1516,1,1556,1.00,19),(1517,1,1557,0.00,19),(1518,1,1558,1.00,19),(1519,1,1559,1.00,19),(1520,1,1560,1.00,19),(1521,1,1561,1.00,19),(1522,1,1562,1.00,19),(1523,1,1563,1.00,19),(1524,1,1564,1.00,19),(1525,1,1565,1.00,19),(1526,1,1566,0.00,19),(1527,1,1567,1.00,19),(1528,1,1568,1.00,19),(1529,1,1569,1.00,19),(1530,1,1570,1.00,19),(1531,1,1571,1.00,19),(1532,1,1572,1.00,19),(1533,1,1555,1.00,19),(1534,1,1554,0.00,19),(1535,1,1552,0.00,19),(1536,1,1548,0.00,19),(1537,1,1549,1.00,19),(1538,1,1551,1.00,19),(1539,1,1547,1.00,19),(1540,1,1545,1.00,19),(1541,1,1544,1.00,19),(1542,1,1543,1.00,19),(1543,1,1535,0.00,19),(1544,1,1533,1.00,19),(1545,1,1531,1.00,19),(1546,1,1529,1.00,19),(1547,1,1528,1.00,19),(1548,1,1527,1.00,19),(1549,1,1525,1.00,19),(1550,1,1524,0.00,19),(1551,1,1484,1.00,19),(1552,1,1483,1.00,19),(1553,1,1481,0.00,19),(1554,1,1482,1.00,19),(1555,1,1492,0.00,19),(1556,1,1490,0.00,19),(1557,1,1480,1.00,19),(1558,1,1478,0.00,19),(1559,1,1477,1.00,19),(1560,1,1476,1.00,19),(1561,1,1474,1.00,19),(1562,1,1475,1.00,19),(1563,1,2847,0.00,19),(1564,1,1493,0.00,19),(1565,1,1488,1.00,19),(1566,1,1487,1.00,19),(1567,1,1486,1.00,19),(1568,1,1485,1.00,19),(1569,1,1472,1.00,19),(1570,1,1470,1.00,19),(1571,1,1469,0.00,19),(1572,1,1468,1.00,19),(1573,1,1462,1.00,19),(1574,1,1460,1.00,19),(1575,1,1459,1.00,19),(1576,1,1455,1.00,19),(1577,1,1456,1.00,19),(1578,1,1457,1.00,19),(1579,1,1467,1.00,19),(1580,1,1466,0.00,19),(1581,1,1465,1.00,19),(1582,1,1453,1.00,19),(1583,1,1454,1.00,19),(1584,1,1463,1.00,19),(1585,1,1451,1.00,19),(1586,1,1489,0.00,19),(1587,1,2325,1.00,19),(1588,1,2320,1.00,19),(1589,1,2306,1.00,19),(1590,1,2301,1.00,19),(1591,1,2298,1.00,19),(1592,1,2297,1.00,19),(1593,1,2296,1.00,19),(1594,1,2293,1.00,19),(1595,1,2291,1.00,19),(1596,1,2286,1.00,19),(1597,1,2281,1.00,19),(1598,1,2287,1.00,19),(1599,1,2030,1.00,19),(1600,1,2028,1.00,19),(1601,1,2026,1.00,19),(1602,1,2022,1.00,19),(1603,1,2020,1.00,19),(1604,1,2016,1.00,19),(1605,1,2014,1.00,19),(1606,1,2006,0.00,19),(1607,1,2004,1.00,19),(1608,1,2002,1.00,19),(1609,1,1995,1.00,19),(1610,1,1993,1.00,19),(1611,1,1983,1.00,19),(1612,1,1981,1.00,19),(1613,1,1979,0.00,19),(1614,1,1971,1.00,19),(1615,1,1963,0.00,19),(1616,1,1960,0.00,19),(1617,1,1958,0.00,19),(1618,1,1955,1.00,19),(1619,1,1945,0.00,19),(1620,1,1940,1.00,19),(1621,1,1937,1.00,19),(1622,1,1930,1.00,19),(1623,1,1928,0.00,19),(1624,1,1925,1.00,19),(1625,1,1918,1.00,19),(1626,1,1916,1.00,19),(1627,1,1908,1.00,19),(1628,1,1901,1.00,19),(1629,1,1899,0.00,19),(1630,1,1897,0.00,19),(1631,1,1890,1.00,19),(1632,1,1888,0.00,19),(1633,1,1886,1.00,19),(1634,1,1884,1.00,19),(1635,1,1882,1.00,19),(1636,1,1877,1.00,19),(1637,1,1872,1.00,19),(1638,1,1869,1.00,19),(1639,1,1864,1.00,19),(1640,1,1862,1.00,19),(1641,1,1860,0.00,19),(1642,1,1856,1.00,19),(1643,1,1844,1.00,19),(1644,1,1835,1.00,19),(1645,1,1833,0.00,19),(1646,1,1831,1.00,19),(1647,1,1826,1.00,19),(1648,1,1824,0.00,19),(1649,1,1822,0.00,19),(1650,1,1812,1.00,19),(1651,1,1804,0.00,19),(1652,1,1802,0.00,19),(1653,1,1799,1.00,19),(1654,1,1793,0.00,19),(1655,1,1791,0.00,19),(1656,1,1789,0.00,19),(1657,1,1786,1.00,19),(1658,1,2050,1.00,19),(1659,1,2047,1.00,19),(1660,1,2042,0.00,19),(1661,1,2037,1.00,19),(1662,1,2035,0.00,19),(1663,1,2033,1.00,19),(1664,1,2131,1.00,19),(1665,1,2127,1.00,19),(1666,1,2122,1.00,19),(1667,1,2120,0.00,19),(1668,1,2118,0.00,19),(1669,1,2116,0.00,19),(1670,1,2114,1.00,19),(1671,1,2112,1.00,19),(1672,1,2110,0.00,19),(1673,1,2108,1.00,19),(1674,1,2106,1.00,19),(1675,1,2104,1.00,19),(1676,1,2102,1.00,19),(1677,1,2100,1.00,19),(1678,1,2098,1.00,19),(1679,1,2096,0.00,19),(1680,1,2094,1.00,19),(1681,1,2092,0.00,19),(1682,1,2088,1.00,19),(1683,1,2078,1.00,19),(1684,1,2073,1.00,19),(1685,1,2071,1.00,19),(1686,1,2067,0.00,19),(1687,1,2065,0.00,19),(1688,1,2063,0.00,19),(1689,1,2061,1.00,19),(1690,1,2059,0.00,19),(1691,1,2053,0.00,19),(1692,1,2136,1.00,19),(1693,1,1776,0.00,19),(1694,1,1755,1.00,19),(1695,1,1750,1.00,19),(1696,1,1745,1.00,19),(1697,1,1744,1.00,19),(1698,1,1743,1.00,19),(1699,1,1735,1.00,19),(1700,1,1729,1.00,19),(1701,1,1724,1.00,19),(1702,1,1721,1.00,19),(1703,1,2745,1.00,19),(1704,1,1707,1.00,19),(1705,1,1680,1.00,19),(1706,1,1675,1.00,19),(1707,1,1699,1.00,19),(1708,1,1696,1.00,19),(1709,1,1705,1.00,19),(1710,1,1687,1.00,19),(1711,1,1704,1.00,19),(1712,1,1668,1.00,19),(1713,1,1667,1.00,19),(1714,1,1648,1.00,19),(1715,1,1634,1.00,19),(1716,1,1635,1.00,19),(1717,1,1646,1.00,19),(1718,1,1644,1.00,19),(1719,1,1641,1.00,19),(1720,1,1640,1.00,19),(1721,1,1639,1.00,19),(1722,1,1638,1.00,19),(1723,1,1664,1.00,19),(1724,1,1662,1.00,19),(1725,1,1660,1.00,19),(1726,1,1658,1.00,19),(1727,1,1656,1.00,19),(1728,1,1654,1.00,19),(1729,1,1652,1.00,19),(1730,1,1575,1.00,19),(1731,1,1553,1.00,19),(1732,1,1550,1.00,19),(1733,1,1546,1.00,19),(1734,1,1542,1.00,19),(1735,1,1532,1.00,19),(1736,1,1530,1.00,19),(1737,1,1526,1.00,19),(1738,1,1491,1.00,19),(1739,1,1479,0.00,19),(1740,1,1473,1.00,19),(1741,1,2848,1.00,19),(1742,1,1471,1.00,19),(1743,1,1461,1.00,19),(1744,1,1458,1.00,19),(1745,1,1464,1.00,19),(1746,1,1452,1.00,19),(1747,1,1450,1.00,19),(1748,1,2362,0.00,19),(1749,1,2363,1.00,19),(1750,1,2364,1.00,19),(1751,1,2365,1.00,19),(1752,1,2283,1.00,19),(1753,1,2409,1.00,19),(1754,1,2410,1.00,19),(1755,1,2411,1.00,19),(1756,1,2412,1.00,19),(1757,1,2413,1.00,19),(1758,1,2414,1.00,19),(1759,1,2415,1.00,19),(1760,1,2416,1.00,19),(1761,1,2443,1.00,19),(1762,1,2451,0.00,19),(1763,1,2452,1.00,19),(1764,1,2453,0.00,19),(1765,1,2493,1.00,19),(1766,1,2494,1.00,19),(1767,1,2495,1.00,19),(1768,1,2496,1.00,19),(1769,1,2498,1.00,19),(1770,1,2499,1.00,19),(1771,1,2500,1.00,19),(1772,1,2501,1.00,19),(1773,1,2502,1.00,19),(1774,1,2503,1.00,19),(1775,1,2504,1.00,19),(1776,1,2505,1.00,19),(1777,1,2506,1.00,19),(1778,1,2507,1.00,19),(1779,1,2508,1.00,19),(1780,1,2509,1.00,19),(1781,1,2510,0.00,19),(1782,1,2511,1.00,19),(1783,1,2512,1.00,19),(1784,1,2513,1.00,19),(1785,1,2514,1.00,19),(1786,1,2515,1.00,19),(1787,1,2516,1.00,19),(1788,1,2517,1.00,19),(1789,1,2518,1.00,19),(1790,1,2519,1.00,19),(1791,1,2520,1.00,19),(1792,1,2521,0.00,19),(1793,1,2522,1.00,19),(1794,1,2523,1.00,19),(1795,1,2524,1.00,19),(1796,1,2525,1.00,19),(1797,1,2526,1.00,19),(1798,1,2527,1.00,19),(1799,1,2528,1.00,19),(1800,1,2529,1.00,19),(1801,1,2530,1.00,19),(1802,1,2531,1.00,19),(1803,1,2532,1.00,19),(1804,1,2533,0.00,19),(1805,1,2534,1.00,19),(1806,1,2535,1.00,19),(1807,1,2536,1.00,19),(1808,1,2537,1.00,19),(1809,1,2538,1.00,19),(1810,1,2539,1.00,19),(1811,1,2540,1.00,19),(1812,1,2541,1.00,19),(1813,1,2542,1.00,19),(1814,1,2543,1.00,19),(1815,1,2544,1.00,19),(1816,1,2545,1.00,19),(1817,1,2546,1.00,19),(1818,1,2547,1.00,19),(1819,1,2548,1.00,19),(1820,1,2549,1.00,19),(1821,1,2553,1.00,19),(1822,1,2554,0.00,19),(1823,1,2555,1.00,19),(1824,1,2556,0.00,19),(1825,1,2557,1.00,19),(1826,1,2558,1.00,19),(1827,1,2559,1.00,19),(1828,1,2560,1.00,19),(1829,1,2561,1.00,19),(1830,1,2562,0.00,19),(1831,1,2563,0.00,19),(1832,1,2564,1.00,19),(1833,1,2565,1.00,19),(1834,1,2566,1.00,19),(1835,1,2567,1.00,19),(1836,1,2568,0.00,19),(1837,1,2569,1.00,19),(1838,1,2570,0.00,19),(1839,1,2571,0.00,19),(1840,1,2572,0.00,19),(1841,1,2573,0.00,19),(1842,1,2574,1.00,19),(1843,1,2575,1.00,19),(1844,1,2576,1.00,19),(1845,1,2577,1.00,19),(1846,1,2578,1.00,19),(1847,1,2747,1.00,19),(1848,1,6866,1.00,19),(1849,1,2581,1.00,19),(1850,1,2748,1.00,19),(1851,1,2583,1.00,19),(1852,1,2584,1.00,19),(1853,1,2585,0.00,19),(1854,1,2586,1.00,19),(1855,1,2587,1.00,19),(1856,1,2588,1.00,19),(1857,1,2589,1.00,19),(1858,1,2591,1.00,19),(1859,1,2592,1.00,19),(1860,1,2593,1.00,19),(1861,1,2594,1.00,19),(1862,1,2595,1.00,19),(1863,1,2596,1.00,19),(1864,1,2597,1.00,19),(1865,1,2598,1.00,19),(1866,1,2750,1.00,19),(1867,1,2751,1.00,19),(1868,1,2752,1.00,19),(1869,1,2749,0.00,19),(1870,1,2605,1.00,19),(1871,1,2607,1.00,19),(1872,1,2608,1.00,19),(1873,1,2609,1.00,19),(1874,1,2610,1.00,19),(1875,1,2611,1.00,19),(1876,1,2612,1.00,19),(1877,1,2613,1.00,19),(1878,1,2614,1.00,19),(1879,1,2615,1.00,19),(1880,1,2616,1.00,19),(1881,1,2617,1.00,19),(1882,1,2618,1.00,19),(1883,1,2619,0.00,19),(1884,1,2620,0.00,19),(1885,1,2621,0.00,19),(1886,1,2622,1.00,19),(1887,1,2623,1.00,19),(1888,1,2624,1.00,19),(1889,1,2625,1.00,19),(1890,1,2626,1.00,19),(1891,1,2627,0.00,19),(1892,1,2628,1.00,19),(1893,1,2629,0.00,19),(1894,1,2630,0.00,19),(1895,1,2631,0.00,19),(1896,1,2632,1.00,19),(1897,1,2633,0.00,19),(1898,1,2634,1.00,19),(1899,1,2635,0.00,19),(1900,1,2636,0.00,19),(1901,1,2637,0.00,19),(1902,1,2638,0.00,19),(1903,1,2639,1.00,19),(1904,1,2640,0.00,19),(1905,1,2641,0.00,19),(1906,1,2642,1.00,19),(1907,1,2643,1.00,19),(1908,1,2644,0.00,19),(1909,1,2645,0.00,19),(1910,1,2646,1.00,19),(1911,1,2647,0.00,19),(1912,1,2648,1.00,19),(1913,1,2649,1.00,19),(1914,1,2650,0.00,19),(1915,1,2651,0.00,19),(1916,1,2652,1.00,19),(1917,1,2667,1.00,19),(1918,1,2668,1.00,19),(1919,1,2673,0.00,19),(1920,1,2674,1.00,19),(1921,1,2675,0.00,19),(1922,1,2676,1.00,19),(1923,1,2677,1.00,19),(1924,1,2678,1.00,19),(1925,1,2679,1.00,19),(1926,1,2680,0.00,19),(1927,1,2681,0.00,19),(1928,1,2682,0.00,19),(1929,1,2683,1.00,19),(1930,1,2684,0.00,19),(1931,1,2685,1.00,19),(1932,1,2686,1.00,19),(1933,1,2687,0.00,19),(1934,1,2688,0.00,19),(1935,1,2697,1.00,19),(1936,1,2698,1.00,19),(1937,1,2699,1.00,19),(1938,1,2700,1.00,19),(1939,1,2701,1.00,19),(1940,1,2702,1.00,19),(1941,1,2703,1.00,19),(1942,1,2705,1.00,19),(1943,1,2706,1.00,19),(1944,1,2707,1.00,19),(1945,1,2708,0.00,19),(1946,1,2709,0.00,19),(1947,1,2710,1.00,19),(1948,1,2711,1.00,19),(1949,1,2712,0.00,19),(1950,1,2713,1.00,19),(1951,1,2714,0.00,19),(1952,1,2715,1.00,19),(1953,1,2716,0.00,19),(1954,1,2717,0.00,19),(1955,1,2718,1.00,19),(1956,1,2719,0.00,19),(1957,1,2720,1.00,19),(1958,1,2721,1.00,19),(1959,1,2722,0.00,19),(1960,1,2723,0.00,19),(1961,1,2724,0.00,19),(1962,1,2725,1.00,19),(1963,1,2726,1.00,19),(1964,1,2727,0.00,19),(1965,1,2728,0.00,19),(1966,1,2729,0.00,19),(1967,1,2730,1.00,19),(1968,1,2731,1.00,19),(1969,1,2734,1.00,19),(1970,1,2746,0.00,19),(1971,1,2754,1.00,19),(1972,1,2753,1.00,19),(1973,1,2755,1.00,19),(1974,1,2756,0.00,19),(1975,1,2757,1.00,19),(1976,1,2758,1.00,19),(1977,1,2759,1.00,19),(1978,1,2760,1.00,19),(1979,1,2761,1.00,19),(1980,1,2762,1.00,19),(1981,1,2763,1.00,19),(1982,1,2764,1.00,19),(1983,1,2765,1.00,19),(1984,1,2766,1.00,19),(1985,1,2767,1.00,19),(1986,1,2768,1.00,19),(1987,1,2769,1.00,19),(1988,1,2770,1.00,19),(1989,1,2771,1.00,19),(1990,1,2772,1.00,19),(1991,1,2773,1.00,19),(1992,1,2774,1.00,19),(1993,1,2775,1.00,19),(1994,1,2776,1.00,19),(1995,1,2777,1.00,19),(1996,1,2778,1.00,19),(1997,1,2779,1.00,19),(1998,1,2780,1.00,19),(1999,1,2781,1.00,19),(2000,1,2782,1.00,19),(2001,1,2783,1.00,19),(2002,1,2784,1.00,19),(2003,1,2785,1.00,19),(2004,1,2786,1.00,19),(2005,1,2787,1.00,19),(2006,1,2788,1.00,19),(2007,1,2789,1.00,19),(2008,1,2790,1.00,19),(2009,1,2791,1.00,19),(2010,1,2792,1.00,19),(2011,1,2793,1.00,19),(2012,1,2794,1.00,19),(2013,1,2795,1.00,19),(2014,1,2796,1.00,19),(2015,1,2797,1.00,19),(2016,1,2798,1.00,19),(2017,1,2799,1.00,19),(2018,1,2800,1.00,19),(2019,1,2801,1.00,19),(2020,1,2802,1.00,19),(2021,1,2803,1.00,19),(2022,1,2804,1.00,19),(2023,1,2805,1.00,19),(2024,1,2806,1.00,19),(2025,1,2807,1.00,19),(2026,1,2808,1.00,19),(2027,1,2809,1.00,19),(2028,1,2810,1.00,19),(2029,1,2811,1.00,19),(2030,1,6883,1.00,19),(2031,1,6882,0.00,19),(2032,1,6880,1.00,19),(2033,1,6881,1.00,19),(2034,1,6878,1.00,19),(2035,1,6879,1.00,19),(2036,1,6877,1.00,19),(2037,1,6876,1.00,19),(2038,1,6872,1.00,19),(2039,1,6873,1.00,19),(2040,1,6875,1.00,19),(2041,1,6871,1.00,19),(2042,1,6870,1.00,19),(2043,1,6829,1.00,19),(2044,1,6830,1.00,19),(2045,1,6831,1.00,19),(2046,1,6832,1.00,19),(2047,1,6833,0.00,19),(2048,1,6834,1.00,19),(2049,1,6835,1.00,19),(2050,1,6836,1.00,19),(2051,1,6837,1.00,19),(2052,1,6838,1.00,19),(2053,1,6839,1.00,19),(2054,1,6840,1.00,19),(2055,1,6841,1.00,19),(2056,1,6842,1.00,19),(2057,1,6843,1.00,19),(2058,1,6844,1.00,19),(2059,1,6845,1.00,19),(2060,1,6846,1.00,19),(2061,1,6847,1.00,19),(2062,1,6848,1.00,19),(2063,1,6849,0.00,19),(2064,1,6850,1.00,19),(2065,1,6851,1.00,19),(2066,1,6852,1.00,19),(2067,1,6853,1.00,19),(2068,1,6854,1.00,19),(2069,1,6855,1.00,19),(2070,1,6856,1.00,19),(2071,1,6857,1.00,19),(2072,1,6858,1.00,19),(2073,1,6859,1.00,19),(2074,1,6860,1.00,19),(2075,1,6861,1.00,19),(2076,1,6862,1.00,19),(2077,1,6867,1.00,19),(2078,1,6868,1.00,19),(2079,1,6869,1.00,19),(2080,1,6828,1.00,19),(2081,1,7416,1.00,19),(2082,1,7417,1.00,19),(2083,1,7418,1.00,19),(2084,1,7419,1.00,19),(2085,1,7420,1.00,19),(2086,1,7421,1.00,19),(2087,1,7422,1.00,19),(2088,1,7423,1.00,19),(2089,1,7424,1.00,19),(2090,1,7425,1.00,19),(2091,1,7426,1.00,19),(2092,1,7427,1.00,19),(2093,1,7428,1.00,19),(2094,1,7429,1.00,19),(2095,1,7430,1.00,19),(2096,1,7431,1.00,19),(2097,1,7432,0.00,19),(2098,1,7433,1.00,19),(2099,1,7434,1.00,19),(2100,1,7435,0.00,19),(2101,1,7718,0.00,19),(2102,1,7749,1.00,19),(2103,1,7750,1.00,19),(2104,1,7751,1.00,19),(2105,1,7752,1.00,19),(2106,1,7753,1.00,19),(2107,1,7754,1.00,19),(2108,1,7755,1.00,19),(2109,1,7756,1.00,19),(2110,1,7757,1.00,19),(2111,1,7758,1.00,19),(2112,1,7760,1.00,19),(2113,1,7761,1.00,19),(2114,1,7762,1.00,19),(2115,1,7763,1.00,19),(2116,1,7764,1.00,19),(2117,1,7765,1.00,19),(2118,1,7766,1.00,19),(2119,1,7767,1.00,19),(2120,1,7768,1.00,19),(2121,1,7769,1.00,19),(2122,1,7770,1.00,19),(2123,1,7771,1.00,19),(2124,1,7772,0.00,19),(2125,1,7847,1.00,19),(2126,1,7848,1.00,19),(2127,1,7849,1.00,19),(2128,1,7850,1.00,19),(2129,1,7851,1.00,19),(2130,1,7852,1.00,19),(2131,1,7859,0.00,19),(2132,1,7860,0.00,19),(2133,1,7861,0.00,19),(2134,1,7862,1.00,19),(2135,1,7875,1.00,19),(2136,1,7953,1.00,19),(2137,1,7955,1.00,19),(2138,1,7956,1.00,19),(2139,2,130,1.00,19),(2140,2,131,1.00,19),(2141,2,141,1.00,19),(2142,2,142,1.00,19),(2143,2,140,1.00,19),(2144,2,150,1.00,19),(2145,2,152,1.00,19),(2146,2,153,1.00,19),(2147,2,146,1.00,19),(2148,2,147,1.00,19),(2149,2,148,1.00,19),(2150,2,149,1.00,19),(2151,2,154,1.00,19),(2152,2,155,1.00,19),(2153,3,7085,1.00,19),(2154,3,7077,1.00,19),(2155,3,7078,1.00,19),(2156,3,7079,1.00,19),(2157,3,7061,1.00,19),(2158,3,7065,1.00,19),(2159,3,7069,1.00,19),(2160,3,7070,1.00,19),(2161,3,7083,1.00,19),(2162,3,6892,1.00,19),(2163,3,6893,1.00,19),(2164,3,6894,1.00,19),(2165,3,6895,1.00,19),(2166,3,6896,1.00,19),(2167,3,6897,1.00,19),(2168,3,6916,1.00,19),(2169,3,6917,1.00,19),(2170,3,6918,1.00,19),(2171,3,6919,1.00,19),(2172,3,6920,1.00,19),(2173,3,6921,1.00,19),(2174,3,6922,1.00,19),(2175,3,6923,1.00,19),(2176,3,6924,1.00,19),(2177,3,6933,1.00,19),(2178,3,6934,1.00,19),(2179,3,6935,1.00,19),(2180,3,6938,1.00,19),(2181,3,6939,1.00,19),(2182,3,6940,1.00,19),(2183,3,6941,1.00,19),(2184,3,6942,1.00,19),(2185,3,6943,1.00,19),(2186,3,6944,1.00,19),(2187,3,6956,1.00,19),(2188,3,6957,1.00,19),(2189,3,6959,1.00,19),(2190,3,6964,1.00,19),(2191,3,6965,1.00,19),(2192,3,6966,1.00,19),(2193,3,6967,1.00,19),(2194,3,6968,1.00,19),(2195,3,6970,1.00,19),(2196,3,6971,1.00,19),(2197,3,6982,1.00,19),(2198,3,6983,1.00,19),(2199,3,6984,1.00,19),(2200,3,6985,1.00,19),(2201,3,6986,1.00,19),(2202,3,6987,1.00,19),(2203,3,6988,1.00,19),(2204,3,6989,1.00,19),(2205,3,6990,1.00,19),(2206,3,7003,1.00,19),(2207,3,7015,1.00,19),(2208,3,7017,1.00,19),(2209,3,7018,1.00,19),(2210,3,7019,1.00,19),(2211,3,7020,1.00,19),(2212,3,7021,1.00,19),(2213,3,7022,1.00,19),(2214,3,7023,1.00,19),(2215,3,7024,1.00,19),(2216,3,7025,1.00,19),(2217,3,7026,1.00,19),(2218,3,7027,1.00,19),(2219,3,7028,1.00,19),(2220,3,7029,1.00,19),(2221,3,7030,1.00,19),(2222,3,7031,1.00,19),(2223,3,7032,1.00,19),(2224,3,7033,1.00,19),(2225,3,7044,1.00,19),(2226,3,7045,1.00,19),(2227,3,7046,1.00,19),(2228,3,7047,1.00,19),(2229,3,7048,1.00,19),(2230,3,7049,1.00,19),(2231,3,7050,1.00,19),(2232,3,7051,1.00,19),(2233,3,7052,1.00,19),(2234,3,7053,1.00,19),(2235,3,7057,1.00,19),(2236,3,7091,1.00,19),(2237,3,7095,1.00,19),(2238,3,7100,1.00,19),(2239,3,7112,1.00,19),(2240,3,7113,1.00,19),(2241,3,7114,1.00,19),(2242,3,7115,1.00,19),(2243,3,7116,1.00,19),(2244,3,7119,1.00,19),(2245,3,7120,1.00,19),(2246,3,7121,1.00,19),(2247,3,7126,1.00,19),(2248,3,7144,1.00,19),(2249,3,7145,1.00,19),(2250,3,7151,1.00,19),(2251,3,7152,1.00,19),(2252,3,7180,1.00,19),(2253,3,7181,1.00,19),(2254,3,7191,1.00,19),(2255,3,7192,1.00,19),(2256,3,7193,1.00,19),(2257,3,7194,1.00,19),(2258,3,7201,1.00,19),(2259,3,7202,1.00,19),(2260,3,7203,1.00,19),(2261,3,7204,1.00,19),(2262,3,7205,1.00,19),(2263,3,7206,1.00,19),(2264,3,7207,1.00,19),(2265,3,7208,1.00,19),(2266,3,7209,1.00,19),(2267,3,7210,1.00,19),(2268,3,7211,1.00,19),(2269,3,7212,1.00,19),(2270,3,7213,1.00,19),(2271,3,7214,1.00,19),(2272,3,7215,1.00,19),(2273,3,7216,1.00,19),(2274,3,7217,1.00,19),(2275,3,7218,1.00,19),(2276,3,7219,1.00,19),(2277,3,7227,1.00,19),(2278,3,7228,1.00,19),(2279,3,7231,1.00,19),(2280,3,7233,1.00,19),(2281,3,7234,1.00,19),(2282,3,7235,1.00,19),(2283,3,7236,1.00,19),(2284,3,7237,1.00,19),(2285,3,7238,1.00,19),(2286,3,7239,1.00,19),(2287,3,7244,1.00,19),(2288,3,7247,1.00,19),(2289,3,7248,1.00,19),(2290,3,7253,1.00,19),(2291,3,7254,1.00,19),(2292,3,7261,1.00,19),(2293,3,7268,1.00,19),(2294,3,7272,1.00,19),(2295,3,7277,1.00,19),(2296,3,7278,1.00,19),(2297,3,7282,1.00,19),(2298,3,7284,1.00,19),(2299,3,7285,1.00,19),(2300,3,7296,1.00,19),(2301,3,7297,1.00,19),(2302,3,7298,1.00,19),(2303,3,7305,1.00,19),(2304,3,7308,1.00,19),(2305,3,7357,1.00,19),(2306,3,7358,1.00,19),(2307,3,7359,1.00,19),(2308,3,7360,1.00,19),(2309,3,7361,1.00,19),(2310,3,7362,1.00,19),(2311,3,7364,1.00,19),(2312,3,7370,1.00,19),(2313,3,7379,1.00,19),(2314,3,7383,1.00,19),(2315,3,7385,1.00,19),(2316,3,7386,1.00,19),(2317,3,7387,1.00,19),(2318,3,7388,1.00,19),(2319,3,7389,1.00,19),(2320,3,7390,1.00,19),(2321,3,7411,1.00,19),(2322,3,7412,1.00,19),(2323,3,7413,1.00,19),(2324,3,7877,1.00,19),(2325,3,7879,1.00,19),(2326,3,7886,1.00,19),(2327,3,7887,1.00,19),(2328,3,7888,1.00,19),(2329,3,7889,1.00,19),(2330,3,7890,1.00,19),(2331,3,7897,1.00,19),(2332,3,7898,1.00,19),(2333,3,7899,1.00,19),(2334,3,7900,1.00,19),(2335,3,7901,1.00,19),(2336,3,7902,1.00,19),(2337,3,7903,1.00,19),(2338,3,7904,1.00,19),(2339,3,7905,1.00,19),(2340,3,7906,1.00,19),(2341,3,7907,1.00,19),(2342,3,7908,1.00,19),(2343,3,7909,1.00,19),(2344,3,7910,1.00,19),(2345,3,7911,1.00,19),(2346,3,7916,1.00,19),(2347,3,7921,1.00,19),(2348,3,7922,1.00,19),(2349,3,7923,1.00,19),(2350,3,7924,1.00,19),(2351,3,7925,1.00,19),(2352,3,7926,1.00,19),(2353,3,7927,1.00,19),(2354,3,7928,1.00,19),(2355,3,7929,1.00,19),(2356,3,7930,1.00,19),(2357,3,7933,1.00,19),(2358,3,7934,1.00,19),(2359,3,7935,1.00,19),(2360,3,7936,1.00,19),(2361,3,7937,1.00,19),(2362,3,7938,1.00,19),(2363,3,7939,1.00,19),(2364,3,7940,1.00,19),(2365,3,7941,1.00,19),(2366,3,7943,1.00,19),(2367,3,7944,1.00,19),(2368,3,7945,1.00,19),(2369,3,7946,1.00,19),(2370,3,7947,1.00,19),(2371,3,7948,1.00,19),(2372,3,7949,1.00,19),(2373,3,7950,1.00,19),(2374,3,7951,1.00,19),(2375,3,7076,1.00,19),(2376,3,7080,1.00,19),(2377,3,7081,1.00,19),(2378,3,7082,1.00,19),(2379,3,7074,1.00,19),(2380,3,7060,1.00,19),(2381,3,7062,1.00,19),(2382,3,7063,1.00,19),(2383,3,7064,1.00,19),(2384,3,7066,1.00,19),(2385,3,7067,1.00,19),(2386,3,7068,1.00,19),(2387,3,7084,1.00,19),(2388,3,7075,1.00,19),(2389,3,7071,1.00,19),(2390,3,7072,1.00,19),(2391,3,7073,1.00,19),(2392,3,6884,1.00,19),(2393,3,6885,1.00,19),(2394,3,6886,1.00,19),(2395,3,6887,1.00,19),(2396,3,6888,1.00,19),(2397,3,6889,1.00,19),(2398,3,6890,1.00,19),(2399,3,6891,1.00,19),(2400,3,6898,1.00,19),(2401,3,6899,1.00,19),(2402,3,6900,1.00,19),(2403,3,6901,1.00,19),(2404,3,6902,1.00,19),(2405,3,6903,1.00,19),(2406,3,6904,1.00,19),(2407,3,6905,1.00,19),(2408,3,6906,1.00,19),(2409,3,6907,1.00,19),(2410,3,6908,1.00,19),(2411,3,6909,1.00,19),(2412,3,6910,1.00,19),(2413,3,6911,1.00,19),(2414,3,6912,1.00,19),(2415,3,6913,1.00,19),(2416,3,6914,1.00,19),(2417,3,6915,1.00,19),(2418,3,6925,1.00,19),(2419,3,6926,1.00,19),(2420,3,6927,1.00,19),(2421,3,6928,1.00,19),(2422,3,6929,1.00,19),(2423,3,6930,1.00,19),(2424,3,6931,1.00,19),(2425,3,6932,1.00,19),(2426,3,6936,1.00,19),(2427,3,6937,1.00,19),(2428,3,6945,1.00,19),(2429,3,6946,1.00,19),(2430,3,6947,1.00,19),(2431,3,6948,1.00,19),(2432,3,6949,1.00,19),(2433,3,6950,1.00,19),(2434,3,6951,1.00,19),(2435,3,6952,1.00,19),(2436,3,6953,1.00,19),(2437,3,6954,1.00,19),(2438,3,6955,1.00,19),(2439,3,6958,1.00,19),(2440,3,6960,1.00,19),(2441,3,6961,1.00,19),(2442,3,6962,1.00,19),(2443,3,6963,1.00,19),(2444,3,6969,1.00,19),(2445,3,6972,1.00,19),(2446,3,6973,1.00,19),(2447,3,6974,1.00,19),(2448,3,6975,1.00,19),(2449,3,6976,1.00,19),(2450,3,6977,1.00,19),(2451,3,6978,1.00,19),(2452,3,6979,1.00,19),(2453,3,6980,1.00,19),(2454,3,6981,1.00,19),(2455,3,6991,1.00,19),(2456,3,6992,1.00,19),(2457,3,6993,1.00,19),(2458,3,6994,1.00,19),(2459,3,6995,1.00,19),(2460,3,6996,1.00,19),(2461,3,6997,1.00,19),(2462,3,6998,1.00,19),(2463,3,6999,1.00,19),(2464,3,7000,1.00,19),(2465,3,7001,1.00,19),(2466,3,7002,1.00,19),(2467,3,7004,1.00,19),(2468,3,7005,1.00,19),(2469,3,7006,1.00,19),(2470,3,7007,1.00,19),(2471,3,7008,1.00,19),(2472,3,7009,1.00,19),(2473,3,7010,1.00,19),(2474,3,7011,1.00,19),(2475,3,7012,1.00,19),(2476,3,7013,1.00,19),(2477,3,7014,1.00,19),(2478,3,7016,1.00,19),(2479,3,7034,1.00,19),(2480,3,7035,1.00,19),(2481,3,7036,1.00,19),(2482,3,7037,1.00,19),(2483,3,7038,1.00,19),(2484,3,7039,1.00,19),(2485,3,7040,1.00,19),(2486,3,7041,1.00,19),(2487,3,7042,1.00,19),(2488,3,7043,1.00,19),(2489,3,7054,1.00,19),(2490,3,7055,1.00,19),(2491,3,7056,1.00,19),(2492,3,7058,1.00,19),(2493,3,7059,1.00,19),(2494,3,7086,1.00,19),(2495,3,7087,1.00,19),(2496,3,7088,1.00,19),(2497,3,7089,1.00,19),(2498,3,7090,1.00,19),(2499,3,7092,1.00,19),(2500,3,7093,1.00,19),(2501,3,7094,1.00,19),(2502,3,7096,1.00,19),(2503,3,7097,1.00,19),(2504,3,7098,1.00,19),(2505,3,7099,1.00,19),(2506,3,7101,1.00,19),(2507,3,7102,1.00,19),(2508,3,7103,1.00,19),(2509,3,7104,1.00,19),(2510,3,7105,1.00,19),(2511,3,7106,1.00,19),(2512,3,7107,1.00,19),(2513,3,7108,1.00,19),(2514,3,7109,1.00,19),(2515,3,7110,1.00,19),(2516,3,7111,1.00,19),(2517,3,7117,1.00,19),(2518,3,7118,1.00,19),(2519,3,7122,1.00,19),(2520,3,7123,1.00,19),(2521,3,7124,1.00,19),(2522,3,7125,1.00,19),(2523,3,7127,1.00,19),(2524,3,7128,1.00,19),(2525,3,7129,1.00,19),(2526,3,7130,1.00,19),(2527,3,7131,1.00,19),(2528,3,7132,1.00,19),(2529,3,7133,1.00,19),(2530,3,7134,1.00,19),(2531,3,7135,1.00,19),(2532,3,7136,1.00,19),(2533,3,7137,1.00,19),(2534,3,7138,1.00,19),(2535,3,7139,1.00,19),(2536,3,7140,1.00,19),(2537,3,7141,1.00,19),(2538,3,7142,1.00,19),(2539,3,7143,1.00,19),(2540,3,7146,1.00,19),(2541,3,7147,1.00,19),(2542,3,7148,1.00,19),(2543,3,7149,1.00,19),(2544,3,7150,1.00,19),(2545,3,7153,1.00,19),(2546,3,7154,1.00,19),(2547,3,7155,1.00,19),(2548,3,7156,1.00,19),(2549,3,7157,1.00,19),(2550,3,7158,1.00,19),(2551,3,7159,1.00,19),(2552,3,7160,1.00,19),(2553,3,7161,1.00,19),(2554,3,7162,1.00,19),(2555,3,7163,1.00,19),(2556,3,7164,1.00,19),(2557,3,7165,1.00,19),(2558,3,7166,1.00,19),(2559,3,7167,1.00,19),(2560,3,7168,1.00,19),(2561,3,7169,1.00,19),(2562,3,7170,1.00,19),(2563,3,7171,1.00,19),(2564,3,7172,1.00,19),(2565,3,7173,1.00,19),(2566,3,7174,1.00,19),(2567,3,7175,1.00,19),(2568,3,7176,1.00,19),(2569,3,7177,1.00,19),(2570,3,7178,1.00,19),(2571,3,7179,1.00,19),(2572,3,7182,1.00,19),(2573,3,7183,1.00,19),(2574,3,7184,1.00,19),(2575,3,7185,1.00,19),(2576,3,7186,1.00,19),(2577,3,7187,1.00,19),(2578,3,7188,1.00,19),(2579,3,7189,1.00,19),(2580,3,7190,1.00,19),(2581,3,7195,1.00,19),(2582,3,7196,1.00,19),(2583,3,7197,1.00,19),(2584,3,7198,1.00,19),(2585,3,7199,1.00,19),(2586,3,7200,1.00,19),(2587,3,7220,1.00,19),(2588,3,7221,1.00,19),(2589,3,7222,1.00,19),(2590,3,7223,1.00,19),(2591,3,7224,1.00,19),(2592,3,7225,1.00,19),(2593,3,7226,1.00,19),(2594,3,7229,1.00,19),(2595,3,7230,1.00,19),(2596,3,7232,1.00,19),(2597,3,7240,1.00,19),(2598,3,7241,1.00,19),(2599,3,7242,1.00,19),(2600,3,7243,1.00,19),(2601,3,7245,1.00,19),(2602,3,7246,1.00,19),(2603,3,7249,1.00,19),(2604,3,7250,1.00,19),(2605,3,7251,1.00,19),(2606,3,7252,1.00,19),(2607,3,7255,1.00,19),(2608,3,7256,1.00,19),(2609,3,7257,1.00,19),(2610,3,7258,1.00,19),(2611,3,7259,1.00,19),(2612,3,7260,1.00,19),(2613,3,7262,1.00,19),(2614,3,7263,1.00,19),(2615,3,7264,1.00,19),(2616,3,7265,1.00,19),(2617,3,7266,1.00,19),(2618,3,7267,1.00,19),(2619,3,7269,1.00,19),(2620,3,7270,1.00,19),(2621,3,7271,1.00,19),(2622,3,7273,1.00,19),(2623,3,7274,1.00,19),(2624,3,7275,1.00,19),(2625,3,7276,1.00,19),(2626,3,7279,1.00,19),(2627,3,7280,1.00,19),(2628,3,7281,1.00,19),(2629,3,7283,1.00,19),(2630,3,7286,1.00,19),(2631,3,7287,1.00,19),(2632,3,7288,1.00,19),(2633,3,7289,1.00,19),(2634,3,7290,1.00,19),(2635,3,7291,1.00,19),(2636,3,7292,1.00,19),(2637,3,7293,1.00,19),(2638,3,7294,1.00,19),(2639,3,7295,1.00,19),(2640,3,7299,1.00,19),(2641,3,7300,1.00,19),(2642,3,7301,1.00,19),(2643,3,7302,1.00,19),(2644,3,7303,1.00,19),(2645,3,7304,1.00,19),(2646,3,7306,1.00,19),(2647,3,7307,1.00,19),(2648,3,7309,1.00,19),(2649,3,7310,1.00,19),(2650,3,7311,1.00,19),(2651,3,7312,1.00,19),(2652,3,7313,1.00,19),(2653,3,7314,1.00,19),(2654,3,7315,1.00,19),(2655,3,7316,1.00,19),(2656,3,7317,1.00,19),(2657,3,7318,1.00,19),(2658,3,7319,1.00,19),(2659,3,7320,1.00,19),(2660,3,7321,1.00,19),(2661,3,7322,1.00,19),(2662,3,7323,1.00,19),(2663,3,7324,1.00,19),(2664,3,7325,1.00,19),(2665,3,7326,1.00,19),(2666,3,7327,1.00,19),(2667,3,7328,1.00,19),(2668,3,7329,1.00,19),(2669,3,7330,1.00,19),(2670,3,7331,1.00,19),(2671,3,7332,1.00,19),(2672,3,7333,1.00,19),(2673,3,7334,1.00,19),(2674,3,7335,1.00,19),(2675,3,7336,1.00,19),(2676,3,7337,1.00,19),(2677,3,7338,1.00,19),(2678,3,7339,1.00,19),(2679,3,7340,1.00,19),(2680,3,7341,1.00,19),(2681,3,7342,1.00,19),(2682,3,7343,1.00,19),(2683,3,7344,1.00,19),(2684,3,7345,1.00,19),(2685,3,7346,1.00,19),(2686,3,7347,1.00,19),(2687,3,7348,1.00,19),(2688,3,7349,1.00,19),(2689,3,7350,1.00,19),(2690,3,7351,1.00,19),(2691,3,7352,1.00,19),(2692,3,7353,1.00,19),(2693,3,7354,1.00,19),(2694,3,7355,1.00,19),(2695,3,7356,1.00,19),(2696,3,7363,1.00,19),(2697,3,7365,1.00,19),(2698,3,7366,1.00,19),(2699,3,7367,1.00,19),(2700,3,7368,1.00,19),(2701,3,7369,1.00,19),(2702,3,7371,1.00,19),(2703,3,7372,1.00,19),(2704,3,7373,1.00,19),(2705,3,7374,1.00,19),(2706,3,7375,1.00,19),(2707,3,7376,1.00,19),(2708,3,7377,1.00,19),(2709,3,7378,1.00,19),(2710,3,7380,1.00,19),(2711,3,7381,1.00,19),(2712,3,7382,1.00,19),(2713,3,7384,1.00,19),(2714,3,7391,1.00,19),(2715,3,7392,1.00,19),(2716,3,7393,1.00,19),(2717,3,7394,1.00,19),(2718,3,7395,1.00,19),(2719,3,7396,1.00,19),(2720,3,7397,1.00,19),(2721,3,7398,1.00,19),(2722,3,7399,1.00,19),(2723,3,7400,1.00,19),(2724,3,7401,1.00,19),(2725,3,7402,1.00,19),(2726,3,7403,1.00,19),(2727,3,7404,1.00,19),(2728,3,7405,1.00,19),(2729,3,7406,1.00,19),(2730,3,7407,1.00,19),(2731,3,7408,1.00,19),(2732,3,7409,1.00,19),(2733,3,7410,1.00,19),(2734,3,7876,1.00,19),(2735,3,7878,1.00,19),(2736,3,7880,1.00,19),(2737,3,7881,1.00,19),(2738,3,7882,1.00,19),(2739,3,7883,1.00,19),(2740,3,7884,1.00,19),(2741,3,7885,1.00,19),(2742,3,7891,1.00,19),(2743,3,7892,1.00,19),(2744,3,7893,1.00,19),(2745,3,7894,1.00,19),(2746,3,7895,1.00,19),(2747,3,7896,1.00,19),(2748,3,7912,1.00,19),(2749,3,7913,1.00,19),(2750,3,7914,1.00,19),(2751,3,7915,1.00,19),(2752,3,7917,1.00,19),(2753,3,7918,1.00,19),(2754,3,7919,1.00,19),(2755,3,7920,1.00,19),(2756,3,7931,1.00,19),(2757,3,7932,1.00,19),(2758,3,7942,1.00,19),(6061,4,11524,1.00,19),(6060,4,11523,1.00,19),(6059,4,11522,1.00,19),(6058,4,11521,1.00,19),(6057,4,11520,1.00,19),(6056,4,11519,1.00,19),(6055,4,11518,1.00,19),(6054,4,11517,1.00,19),(8000,4,13463,0.00,19),(7999,4,13462,1.00,19),(7998,4,13461,0.00,19),(7997,4,13460,1.00,19),(7996,4,13459,1.00,19),(5969,4,11432,1.00,19),(5968,4,11431,1.00,19),(5967,4,11430,0.00,19),(5965,4,11428,0.00,19),(5964,4,11427,1.00,19),(5963,4,11426,0.00,19),(5961,4,11424,0.00,19),(5960,4,11423,0.00,19),(5959,4,11422,0.00,19),(5957,4,11420,0.00,19),(5956,4,11419,0.00,19),(5955,4,11418,0.00,19),(5953,4,11416,1.00,19),(5952,4,11415,1.00,19),(5951,4,11414,1.00,19),(5949,4,11412,1.00,19),(5948,4,11411,1.00,19),(5947,4,11410,1.00,19),(5945,4,11408,1.00,19),(5944,4,11407,1.00,19),(5943,4,11406,1.00,19),(5989,4,11452,1.00,19),(5988,4,11451,1.00,19),(5987,4,11450,1.00,19),(5985,4,11448,1.00,19),(5984,4,11447,1.00,19),(5983,4,11446,1.00,19),(5981,4,11444,1.00,19),(5980,4,11443,1.00,19),(5979,4,11442,1.00,19),(5977,4,11440,0.00,19),(5976,4,11439,1.00,19),(5975,4,11438,1.00,19),(5941,4,11404,0.00,19),(5940,4,11403,0.00,19),(5939,4,11402,0.00,19),(5938,4,11401,0.00,19),(6024,4,11487,1.00,19),(6023,4,11486,1.00,19),(6022,4,11485,1.00,19),(6021,4,11484,1.00,19),(6020,4,11483,1.00,19),(6019,4,11482,1.00,19),(6018,4,11481,1.00,19),(6017,4,11480,1.00,19),(6016,4,11479,0.00,19),(6015,4,11478,0.00,19),(6014,4,11477,0.00,19),(6013,4,11476,0.00,19),(6012,4,11475,0.00,19),(6011,4,11474,1.00,19),(6010,4,11473,1.00,19),(6009,4,11472,1.00,19),(6008,4,11471,1.00,19),(6007,4,11470,1.00,19),(6006,4,11469,1.00,19),(6005,4,11468,1.00,19),(6004,4,11467,1.00,19),(6003,4,11466,1.00,19),(6002,4,11465,0.00,19),(6001,4,11464,0.00,19),(6053,4,11516,1.00,19),(6052,4,11515,1.00,19),(6051,4,11514,1.00,19),(6050,4,11513,1.00,19),(6049,4,11512,1.00,19),(6048,4,11511,1.00,19),(6047,4,11510,1.00,19),(6046,4,11509,1.00,19),(6045,4,11508,1.00,19),(6044,4,11507,1.00,19),(6043,4,11506,1.00,19),(6042,4,11505,1.00,19),(6041,4,11504,0.00,19),(6040,4,11503,1.00,19),(6039,4,11502,1.00,19),(6038,4,11501,1.00,19),(6037,4,11500,1.00,19),(6036,4,11499,1.00,19),(6035,4,11498,1.00,19),(6034,4,11497,1.00,19),(6033,4,11496,1.00,19),(6032,4,11495,1.00,19),(6031,4,11494,1.00,19),(6030,4,11493,0.00,19),(6029,4,11492,0.00,19),(6028,4,11491,1.00,19),(6027,4,11490,1.00,19),(6026,4,11489,1.00,19),(6025,4,11488,1.00,19),(7995,4,13458,0.00,19),(7994,4,13457,0.00,19),(7993,4,13456,0.00,19),(7992,4,13455,0.00,19),(7991,4,13454,0.00,19),(7990,4,13453,0.00,19),(7989,4,13452,0.00,19),(7988,4,13451,0.00,19),(7987,4,13450,0.00,19),(7986,4,13449,0.00,19),(7985,4,13448,0.00,19),(7984,4,13447,0.00,19),(7983,4,13446,0.00,19),(7982,4,13445,0.00,19),(7981,4,13444,0.00,19),(7980,4,13443,0.00,19),(7979,4,13442,0.00,19),(7978,4,13441,0.00,19),(7977,4,13440,0.00,19),(7976,4,13439,0.00,19),(7975,4,13438,0.00,19),(7974,4,13437,0.00,19),(7973,4,13436,0.00,19),(7972,4,13435,1.00,19),(7971,4,13434,1.00,19),(7970,4,13433,1.00,19),(7969,4,13432,0.00,19),(7968,4,13431,0.00,19),(7967,4,13430,0.00,19),(7966,4,13429,0.00,19),(7965,4,13428,0.00,19),(7964,4,13427,0.00,19),(7963,4,13426,0.00,19),(7962,4,13425,0.00,19),(7961,4,13424,0.00,19),(7960,4,13423,0.00,19),(7959,4,13422,0.00,19),(7958,4,13421,0.00,19),(7957,4,13420,0.00,19),(5937,4,11400,0.00,19),(5870,4,11333,1.00,19),(5869,4,11332,1.00,19),(7956,4,13419,0.00,19),(7955,4,13418,0.00,19),(5865,4,11328,1.00,19),(5863,4,11326,1.00,19),(5914,4,11377,1.00,19),(5913,4,11376,0.00,19),(5911,4,11374,1.00,19),(5855,4,11318,1.00,19),(5917,4,11380,0.00,19),(5871,4,11334,1.00,19),(5936,4,11399,0.00,19),(5935,4,11398,0.00,19),(5934,4,11397,1.00,19),(5933,4,11396,0.00,19),(5932,4,11395,1.00,19),(5931,4,11394,1.00,19),(5930,4,11393,1.00,19),(5929,4,11392,1.00,19),(5928,4,11391,1.00,19),(5927,4,11390,1.00,19),(5926,4,11389,1.00,19),(5925,4,11388,1.00,19),(5924,4,11387,0.00,19),(5923,4,11386,0.00,19),(5922,4,11385,0.00,19),(5921,4,11384,0.00,19),(5920,4,11383,0.00,19),(5919,4,11382,0.00,19),(5866,4,11329,1.00,19),(7954,4,13417,0.00,19),(7953,4,13416,0.00,19),(7952,4,13415,0.00,19),(7951,4,13414,0.00,19),(7950,4,13413,0.00,19),(7949,4,13412,0.00,19),(7948,4,13411,0.00,19),(7947,4,13410,0.00,19),(7946,4,13409,0.00,19),(7945,4,13408,0.00,19),(7944,4,13407,0.00,19),(7943,4,13406,0.00,19),(7942,4,13405,0.00,19),(7941,4,13404,0.00,19),(5847,4,11310,1.00,19),(5850,4,11313,1.00,19),(5849,4,11312,1.00,19),(5846,4,11309,1.00,19),(5845,4,11308,1.00,19),(5853,4,11316,1.00,19),(5852,4,11315,1.00,19),(5848,4,11311,1.00,19),(5851,4,11314,1.00,19),(7940,4,13403,0.00,19),(7939,4,13402,0.00,19),(7938,4,13401,0.00,19),(7937,4,13400,0.00,19),(7936,4,13399,0.00,19),(7935,4,13398,0.00,19),(7934,4,13397,0.00,19),(7933,4,13396,0.00,19),(5844,4,11307,1.00,19),(5843,4,11306,1.00,19),(5842,4,11305,1.00,19),(5841,4,11304,1.00,19),(5840,4,11303,1.00,19),(5839,4,11302,1.00,19),(5838,4,11301,1.00,19),(5837,4,11300,1.00,19),(5836,4,11299,1.00,19),(5835,4,11298,1.00,19),(7932,4,13395,0.00,19),(7931,4,13394,0.00,19),(7930,4,13393,0.00,19),(7929,4,13392,0.00,19),(7928,4,13391,0.00,19),(7927,4,13390,0.00,19),(7926,4,13389,0.00,19),(7925,4,13388,0.00,19),(5833,4,11296,1.00,19),(5832,4,11295,1.00,19),(5831,4,11294,1.00,19),(5830,4,11293,1.00,19),(5834,4,11297,1.00,19),(5829,4,11292,1.00,19),(5828,4,11291,1.00,19),(5827,4,11290,1.00,19),(5826,4,11289,1.00,19),(5825,4,11288,1.00,19),(5824,4,11287,1.00,19),(7924,4,13387,0.00,19),(7923,4,13386,0.00,19),(7922,4,13385,0.00,19),(7921,4,13384,0.00,19),(7920,4,13383,0.00,19),(7919,4,13382,0.00,19),(7918,4,13381,0.00,19),(7917,4,13380,0.00,19),(7916,4,13379,0.00,19),(7915,4,13378,0.00,19),(7914,4,13377,0.00,19),(5823,4,11286,1.00,19),(7913,4,13376,0.00,19),(7912,4,13375,0.00,19),(7911,4,13374,0.00,19),(5796,4,11259,0.00,19),(5795,4,11258,0.00,19),(5794,4,11257,0.00,19),(5793,4,11256,0.00,19),(5792,4,11255,0.00,19),(5808,4,11271,0.00,19),(5814,4,11277,0.00,19),(5813,4,11276,0.00,19),(5812,4,11275,0.00,19),(5798,4,11261,0.00,19),(5797,4,11260,0.00,19),(5806,4,11269,0.00,19),(5807,4,11270,0.00,19),(5819,4,11282,1.00,19),(5803,4,11266,0.00,19),(5802,4,11265,0.00,19),(5801,4,11264,0.00,19),(5820,4,11283,1.00,19),(5809,4,11272,0.00,19),(5815,4,11278,0.00,19),(7910,4,13373,0.00,19),(5805,4,11268,0.00,19),(5804,4,11267,0.00,19),(5817,4,11280,0.00,19),(5816,4,11279,0.00,19),(5810,4,11273,0.00,19),(5818,4,11281,1.00,19),(5718,4,11181,0.00,19),(5790,4,11253,0.00,19),(7909,4,13372,0.00,19),(5785,4,11248,0.00,19),(5787,4,11250,0.00,19),(5786,4,11249,0.00,19),(5717,4,11180,0.00,19),(5720,4,11183,0.00,19),(5719,4,11182,1.00,19),(5784,4,11247,0.00,19),(5783,4,11246,0.00,19),(5789,4,11252,0.00,19),(5788,4,11251,0.00,19),(7908,4,13371,0.00,19),(7907,4,13370,0.00,19),(7906,4,13369,0.00,19),(7905,4,13368,0.00,19),(5721,4,11184,0.00,19),(5758,4,11221,1.00,19),(5757,4,11220,1.00,19),(5756,4,11219,1.00,19),(5755,4,11218,1.00,19),(5754,4,11217,1.00,19),(5753,4,11216,1.00,19),(5752,4,11215,1.00,19),(5751,4,11214,1.00,19),(5750,4,11213,1.00,19),(5749,4,11212,1.00,19),(5748,4,11211,1.00,19),(5747,4,11210,1.00,19),(5732,4,11195,1.00,19),(5731,4,11194,1.00,19),(5730,4,11193,1.00,19),(5729,4,11192,1.00,19),(5728,4,11191,1.00,19),(5727,4,11190,1.00,19),(5726,4,11189,1.00,19),(5725,4,11188,1.00,19),(5724,4,11187,0.00,19),(5723,4,11186,0.00,19),(5722,4,11185,1.00,19),(5782,4,11245,0.00,19),(5781,4,11244,0.00,19),(5780,4,11243,0.00,19),(5779,4,11242,0.00,19),(5778,4,11241,1.00,19),(5777,4,11240,1.00,19),(5776,4,11239,1.00,19),(5775,4,11238,1.00,19),(5774,4,11237,1.00,19),(5773,4,11236,1.00,19),(5772,4,11235,1.00,19),(5771,4,11234,1.00,19),(5745,4,11208,1.00,19),(5744,4,11207,1.00,19),(5743,4,11206,1.00,19),(5742,4,11205,1.00,19),(5741,4,11204,1.00,19),(5740,4,11203,1.00,19),(5739,4,11202,1.00,19),(5738,4,11201,1.00,19),(5737,4,11200,1.00,19),(5736,4,11199,1.00,19),(5735,4,11198,1.00,19),(5734,4,11197,1.00,19),(7904,4,13367,0.00,19),(5769,4,11232,1.00,19),(5768,4,11231,1.00,19),(5767,4,11230,1.00,19),(5766,4,11229,1.00,19),(5765,4,11228,1.00,19),(5764,4,11227,1.00,19),(5763,4,11226,1.00,19),(5762,4,11225,1.00,19),(5761,4,11224,1.00,19),(5760,4,11223,1.00,19),(5759,4,11222,1.00,19),(5770,4,11233,1.00,19),(7903,4,13366,0.00,19),(7902,4,13365,0.00,19),(7901,4,13364,0.00,19),(7900,4,13363,0.00,19),(7899,4,13362,0.00,19),(7898,4,13361,0.00,19),(7897,4,13360,0.00,19),(7896,4,13359,0.00,19),(7895,4,13358,0.00,19),(7894,4,13357,0.00,19),(7893,4,13356,0.00,19),(7892,4,13355,0.00,19),(7891,4,13354,0.00,19),(7890,4,13353,0.00,19),(7889,4,13352,0.00,19),(7888,4,13351,0.00,19),(7887,4,13350,0.00,19),(7886,4,13349,0.00,19),(7885,4,13348,0.00,19),(7884,4,13347,0.00,19),(7883,4,13346,0.00,19),(7882,4,13345,0.00,19),(7881,4,13344,0.00,19),(7880,4,13343,0.00,19),(7879,4,13342,0.00,19),(7878,4,13341,0.00,19),(7877,4,13340,0.00,19),(7876,4,13339,0.00,19),(7875,4,13338,0.00,19),(7874,4,13337,0.00,19),(7873,4,13336,0.00,19),(7872,4,13335,0.00,19),(7871,4,13334,0.00,19),(7870,4,13333,0.00,19),(7869,4,13332,0.00,19),(7868,4,13331,0.00,19),(7867,4,13330,0.00,19),(7866,4,13329,0.00,19),(7865,4,13328,0.00,19),(7864,4,13327,0.00,19),(7863,4,13326,0.00,19),(7862,4,13325,0.00,19),(7861,4,13324,0.00,19),(7860,4,13323,0.00,19),(7859,4,13322,0.00,19),(7858,4,13321,0.00,19),(7857,4,13320,0.00,19),(7856,4,13319,0.00,19),(7855,4,13318,0.00,19),(7854,4,13317,0.00,19),(7853,4,13316,0.00,19),(7852,4,13315,0.00,19),(7851,4,13314,0.00,19),(7850,4,13313,0.00,19),(7849,4,13312,0.00,19),(7848,4,13311,0.00,19),(7847,4,13310,0.00,19),(7846,4,13309,0.00,19),(7845,4,13308,0.00,19),(7844,4,13307,0.00,19),(7843,4,13306,0.00,19),(6240,4,11703,0.00,19),(6262,4,11725,0.00,19),(6261,4,11724,1.00,19),(6260,4,11723,1.00,19),(6263,4,11726,1.00,19),(7842,4,13305,0.00,19),(8712,4,14175,1.00,19),(8713,4,14176,1.00,19),(8714,4,14177,1.00,19),(6241,4,11704,1.00,19),(7841,4,13304,0.00,19),(7840,4,13303,0.00,19),(7839,4,13302,0.00,19),(7838,4,13301,0.00,19),(7837,4,13300,0.00,19),(7836,4,13299,0.00,19),(7835,4,13298,0.00,19),(7834,4,13297,0.00,19),(7833,4,13296,0.00,19),(7832,4,13295,0.00,19),(7831,4,13294,0.00,19),(7830,4,13293,0.00,19),(7829,4,13292,0.00,19),(7828,4,13291,0.00,19),(7827,4,13290,0.00,19),(7826,4,13289,0.00,19),(7825,4,13288,0.00,19),(7824,4,13287,0.00,19),(7823,4,13286,0.00,19),(7822,4,13285,0.00,19),(7821,4,13284,0.00,19),(7820,4,13283,0.00,19),(6258,4,11721,1.00,19),(6257,4,11720,1.00,19),(6256,4,11719,0.00,19),(6255,4,11718,1.00,19),(6254,4,11717,1.00,19),(6253,4,11716,1.00,19),(6252,4,11715,1.00,19),(6251,4,11714,0.00,19),(6250,4,11713,1.00,19),(6249,4,11712,1.00,19),(6248,4,11711,1.00,19),(6247,4,11710,1.00,19),(6246,4,11709,1.00,19),(6245,4,11708,1.00,19),(8706,4,14169,1.00,19),(6243,4,11706,1.00,19),(7819,4,13282,0.00,19),(7818,4,13281,0.00,19),(7817,4,13280,0.00,19),(7816,4,13279,0.00,19),(7815,4,13278,0.00,19),(7814,4,13277,0.00,19),(7813,4,13276,0.00,19),(7812,4,13275,0.00,19),(7811,4,13274,0.00,19),(7810,4,13273,0.00,19),(7809,4,13272,0.00,19),(7808,4,13271,0.00,19),(7807,4,13270,0.00,19),(7806,4,13269,0.00,19),(7805,4,13268,0.00,19),(7804,4,13267,0.00,19),(7803,4,13266,0.00,19),(7802,4,13265,0.00,19),(7801,4,13264,0.00,19),(7800,4,13263,0.00,19),(7799,4,13262,0.00,19),(7798,4,13261,0.00,19),(7797,4,13260,0.00,19),(7145,4,12608,0.00,19),(7144,4,12607,0.00,19),(7124,4,12587,1.00,19),(7123,4,12586,0.00,19),(7142,4,12605,0.00,19),(7141,4,12604,0.00,19),(7140,4,12603,0.00,19),(7139,4,12602,0.00,19),(7138,4,12601,1.00,19),(7137,4,12600,0.00,19),(7136,4,12599,1.00,19),(7135,4,12598,0.00,19),(7126,4,12589,1.00,19),(7125,4,12588,1.00,19),(7128,4,12591,1.00,19),(7127,4,12590,1.00,19),(7796,4,13259,0.00,19),(7795,4,13258,0.00,19),(7134,4,12597,0.00,19),(7133,4,12596,1.00,19),(7794,4,13257,0.00,19),(7793,4,13256,0.00,19),(7792,4,13255,0.00,19),(7791,4,13254,0.00,19),(7143,4,12606,0.00,19),(7790,4,13253,0.00,19),(7132,4,12595,0.00,19),(7131,4,12594,1.00,19),(7121,4,12584,1.00,19),(7120,4,12583,0.00,19),(7119,4,12582,1.00,19),(7118,4,12581,1.00,19),(7122,4,12585,1.00,19),(7789,4,13252,0.00,19),(7130,4,12593,1.00,19),(7129,4,12592,1.00,19),(7788,4,13251,0.00,19),(8716,4,14179,1.00,19),(8715,4,14178,1.00,19),(7787,4,13250,0.00,19),(7786,4,13249,0.00,19),(7785,4,13248,0.00,19),(7784,4,13247,0.00,19),(7783,4,13246,0.00,19),(7782,4,13245,0.00,19),(7781,4,13244,0.00,19),(7780,4,13243,0.00,19),(7779,4,13242,0.00,19),(6110,4,11573,0.00,19),(6108,4,11571,0.00,19),(6107,4,11570,0.00,19),(6106,4,11569,0.00,19),(6105,4,11568,0.00,19),(6104,4,11567,0.00,19),(6109,4,11572,0.00,19),(6121,4,11584,0.00,19),(7778,4,13241,0.00,19),(6124,4,11587,0.00,19),(6122,4,11585,0.00,19),(6111,4,11574,0.00,19),(6115,4,11578,0.00,19),(6117,4,11580,0.00,19),(6118,4,11581,0.00,19),(6112,4,11575,0.00,19),(6113,4,11576,0.00,19),(6114,4,11577,0.00,19),(6116,4,11579,0.00,19),(7777,4,13240,0.00,19),(6120,4,11583,0.00,19),(6119,4,11582,0.00,19),(7776,4,13239,0.00,19),(7775,4,13238,0.00,19),(7774,4,13237,0.00,19),(7773,4,13236,0.00,19),(7772,4,13235,0.00,19),(7771,4,13234,0.00,19),(6101,4,11564,0.00,19),(6100,4,11563,0.00,19),(6096,4,11559,0.00,19),(6095,4,11558,0.00,19),(6093,4,11556,0.00,19),(6099,4,11562,0.00,19),(6092,4,11555,0.00,19),(6098,4,11561,0.00,19),(6097,4,11560,0.00,19),(6078,4,11541,0.00,19),(6079,4,11542,0.00,19),(6077,4,11540,1.00,19),(6076,4,11539,1.00,19),(6081,4,11544,0.00,19),(6080,4,11543,0.00,19),(6075,4,11538,1.00,19),(6074,4,11537,1.00,19),(6073,4,11536,1.00,19),(6071,4,11534,1.00,19),(6082,4,11545,0.00,19),(6087,4,11550,0.00,19),(6086,4,11549,0.00,19),(6090,4,11553,0.00,19),(6089,4,11552,0.00,19),(7770,4,13233,0.00,19),(7769,4,13232,0.00,19),(7768,4,13231,0.00,19),(7767,4,13230,0.00,19),(7766,4,13229,0.00,19),(6070,4,11533,1.00,19),(6069,4,11532,1.00,19),(6067,4,11530,1.00,19),(6066,4,11529,0.00,19),(6064,4,11527,1.00,19),(6063,4,11526,1.00,19),(7765,4,13228,0.00,19),(7764,4,13227,0.00,19),(6068,4,11531,1.00,19),(7763,4,13226,0.00,19),(7762,4,13225,0.00,19),(7761,4,13224,0.00,19),(7760,4,13223,0.00,19),(7759,4,13222,0.00,19),(6618,4,12081,0.00,19),(6617,4,12080,1.00,19),(6616,4,12079,1.00,19),(6615,4,12078,0.00,19),(7758,4,13221,0.00,19),(6614,4,12077,0.00,19),(6613,4,12076,0.00,19),(6612,4,12075,1.00,19),(6611,4,12074,1.00,19),(6610,4,12073,0.00,19),(6609,4,12072,0.00,19),(6300,4,11763,1.00,19),(6608,4,12071,0.00,19),(6607,4,12070,0.00,19),(6606,4,12069,0.00,19),(6605,4,12068,0.00,19),(6604,4,12067,0.00,19),(6603,4,12066,0.00,19),(6602,4,12065,0.00,19),(6601,4,12064,0.00,19),(6600,4,12063,0.00,19),(6599,4,12062,0.00,19),(6598,4,12061,0.00,19),(7757,4,13220,0.00,19),(6597,4,12060,1.00,19),(7756,4,13219,0.00,19),(6596,4,12059,0.00,19),(6595,4,12058,0.00,19),(6594,4,12057,1.00,19),(6593,4,12056,0.00,19),(7755,4,13218,0.00,19),(6592,4,12055,1.00,19),(6591,4,12054,0.00,19),(6590,4,12053,0.00,19),(6589,4,12052,1.00,19),(6588,4,12051,1.00,19),(6587,4,12050,0.00,19),(6586,4,12049,1.00,19),(6585,4,12048,0.00,19),(6584,4,12047,0.00,19),(6583,4,12046,0.00,19),(6582,4,12045,0.00,19),(6581,4,12044,1.00,19),(6580,4,12043,0.00,19),(6579,4,12042,0.00,19),(6578,4,12041,1.00,19),(6577,4,12040,1.00,19),(6576,4,12039,0.00,19),(6575,4,12038,0.00,19),(6574,4,12037,0.00,19),(6573,4,12036,0.00,19),(7754,4,13217,0.00,19),(6572,4,12035,0.00,19),(6571,4,12034,0.00,19),(6570,4,12033,0.00,19),(7753,4,13216,0.00,19),(7752,4,13215,0.00,19),(7751,4,13214,0.00,19),(6569,4,12032,0.00,19),(7750,4,13213,0.00,19),(6568,4,12031,0.00,19),(6567,4,12030,1.00,19),(6566,4,12029,0.00,19),(7749,4,13212,0.00,19),(6565,4,12028,0.00,19),(6564,4,12027,0.00,19),(6563,4,12026,0.00,19),(6562,4,12025,1.00,19),(7748,4,13211,0.00,19),(6561,4,12024,0.00,19),(6560,4,12023,0.00,19),(6559,4,12022,0.00,19),(6558,4,12021,1.00,19),(7747,4,13210,0.00,19),(6557,4,12020,1.00,19),(6556,4,12019,0.00,19),(6555,4,12018,1.00,19),(6554,4,12017,1.00,19),(6553,4,12016,1.00,19),(6552,4,12015,1.00,19),(7746,4,13209,0.00,19),(6551,4,12014,0.00,19),(6550,4,12013,1.00,19),(6549,4,12012,0.00,19),(7745,4,13208,0.00,19),(6548,4,12011,1.00,19),(6547,4,12010,0.00,19),(6546,4,12009,0.00,19),(6545,4,12008,1.00,19),(6544,4,12007,0.00,19),(6543,4,12006,0.00,19),(6542,4,12005,0.00,19),(6541,4,12004,0.00,19),(6540,4,12003,0.00,19),(6539,4,12002,0.00,19),(6538,4,12001,0.00,19),(6537,4,12000,0.00,19),(6536,4,11999,0.00,19),(6535,4,11998,0.00,19),(6534,4,11997,0.00,19),(6533,4,11996,0.00,19),(6532,4,11995,0.00,19),(6531,4,11994,0.00,19),(6530,4,11993,0.00,19),(7744,4,13207,0.00,19),(6529,4,11992,0.00,19),(7743,4,13206,0.00,19),(6528,4,11991,0.00,19),(6527,4,11990,0.00,19),(6526,4,11989,0.00,19),(6525,4,11988,0.00,19),(7742,4,13205,0.00,19),(6524,4,11987,0.00,19),(6523,4,11986,0.00,19),(6522,4,11985,0.00,19),(6521,4,11984,0.00,19),(6520,4,11983,0.00,19),(6519,4,11982,0.00,19),(7741,4,13204,0.00,19),(6518,4,11981,0.00,19),(6517,4,11980,0.00,19),(6516,4,11979,0.00,19),(6515,4,11978,0.00,19),(6514,4,11977,0.00,19),(6513,4,11976,0.00,19),(6512,4,11975,0.00,19),(6511,4,11974,0.00,19),(6510,4,11973,0.00,19),(6509,4,11972,0.00,19),(6508,4,11971,0.00,19),(6507,4,11970,0.00,19),(6506,4,11969,0.00,19),(7740,4,13203,0.00,19),(6505,4,11968,0.00,19),(6504,4,11967,0.00,19),(6503,4,11966,0.00,19),(6502,4,11965,0.00,19),(6501,4,11964,0.00,19),(6500,4,11963,0.00,19),(6499,4,11962,0.00,19),(7739,4,13202,0.00,19),(6498,4,11961,0.00,19),(7738,4,13201,0.00,19),(6497,4,11960,0.00,19),(6496,4,11959,0.00,19),(6495,4,11958,0.00,19),(6494,4,11957,0.00,19),(6493,4,11956,0.00,19),(6492,4,11955,0.00,19),(6491,4,11954,0.00,19),(7737,4,13200,0.00,19),(6490,4,11953,0.00,19),(7736,4,13199,0.00,19),(6489,4,11952,0.00,19),(6488,4,11951,0.00,19),(6487,4,11950,0.00,19),(7735,4,13198,0.00,19),(7734,4,13197,0.00,19),(6486,4,11949,0.00,19),(6485,4,11948,0.00,19),(6484,4,11947,0.00,19),(6483,4,11946,0.00,19),(6482,4,11945,0.00,19),(6481,4,11944,0.00,19),(6480,4,11943,0.00,19),(7733,4,13196,0.00,19),(7732,4,13195,0.00,19),(7731,4,13194,0.00,19),(6479,4,11942,0.00,19),(7730,4,13193,0.00,19),(7729,4,13192,0.00,19),(7728,4,13191,0.00,19),(7727,4,13190,0.00,19),(7726,4,13189,0.00,19),(6478,4,11941,0.00,19),(6477,4,11940,0.00,19),(6476,4,11939,0.00,19),(6475,4,11938,0.00,19),(6474,4,11937,0.00,19),(7725,4,13188,0.00,19),(6473,4,11936,0.00,19),(6472,4,11935,0.00,19),(6471,4,11934,0.00,19),(6470,4,11933,0.00,19),(6469,4,11932,0.00,19),(6468,4,11931,0.00,19),(7724,4,13187,0.00,19),(6467,4,11930,0.00,19),(6466,4,11929,0.00,19),(6465,4,11928,0.00,19),(6464,4,11927,0.00,19),(7723,4,13186,0.00,19),(7722,4,13185,0.00,19),(7721,4,13184,0.00,19),(7720,4,13183,0.00,19),(6463,4,11926,0.00,19),(6462,4,11925,0.00,19),(6461,4,11924,0.00,19),(6460,4,11923,0.00,19),(6459,4,11922,0.00,19),(7719,4,13182,0.00,19),(7718,4,13181,0.00,19),(6458,4,11921,0.00,19),(6299,4,11762,1.00,19),(6457,4,11920,0.00,19),(6456,4,11919,0.00,19),(7717,4,13180,0.00,19),(6455,4,11918,0.00,19),(7716,4,13179,0.00,19),(7715,4,13178,0.00,19),(7714,4,13177,0.00,19),(6454,4,11917,0.00,19),(6453,4,11916,0.00,19),(6452,4,11915,0.00,19),(6451,4,11914,0.00,19),(6450,4,11913,0.00,19),(6449,4,11912,0.00,19),(6448,4,11911,0.00,19),(6447,4,11910,0.00,19),(6446,4,11909,0.00,19),(6445,4,11908,0.00,19),(7713,4,13176,0.00,19),(7712,4,13175,0.00,19),(7711,4,13174,0.00,19),(6444,4,11907,0.00,19),(6443,4,11906,0.00,19),(7710,4,13173,0.00,19),(6442,4,11905,0.00,19),(6441,4,11904,0.00,19),(6440,4,11903,0.00,19),(6439,4,11902,0.00,19),(6438,4,11901,0.00,19),(7709,4,13172,0.00,19),(7708,4,13171,0.00,19),(6437,4,11900,0.00,19),(6436,4,11899,0.00,19),(6435,4,11898,0.00,19),(6434,4,11897,1.00,19),(6433,4,11896,0.00,19),(6432,4,11895,0.00,19),(6431,4,11894,1.00,19),(6430,4,11893,1.00,19),(6429,4,11892,1.00,19),(6428,4,11891,1.00,19),(6427,4,11890,1.00,19),(6426,4,11889,1.00,19),(6425,4,11888,0.00,19),(6424,4,11887,0.00,19),(6423,4,11886,0.00,19),(7707,4,13170,0.00,19),(6422,4,11885,1.00,19),(6298,4,11761,1.00,19),(6297,4,11760,1.00,19),(7706,4,13169,1.00,19),(6421,4,11884,0.00,19),(6420,4,11883,1.00,19),(6419,4,11882,1.00,19),(6418,4,11881,1.00,19),(6417,4,11880,1.00,19),(6416,4,11879,1.00,19),(6415,4,11878,1.00,19),(6414,4,11877,0.00,19),(6413,4,11876,1.00,19),(6412,4,11875,0.00,19),(6411,4,11874,1.00,19),(6410,4,11873,1.00,19),(6409,4,11872,1.00,19),(6408,4,11871,1.00,19),(6407,4,11870,1.00,19),(6406,4,11869,1.00,19),(6405,4,11868,1.00,19),(6404,4,11867,1.00,19),(6403,4,11866,1.00,19),(6296,4,11759,1.00,19),(6402,4,11865,1.00,19),(6401,4,11864,1.00,19),(6400,4,11863,1.00,19),(6399,4,11862,1.00,19),(6398,4,11861,0.00,19),(6397,4,11860,1.00,19),(6396,4,11859,1.00,19),(6395,4,11858,1.00,19),(6394,4,11857,1.00,19),(6393,4,11856,1.00,19),(6392,4,11855,1.00,19),(6391,4,11854,1.00,19),(6390,4,11853,0.00,19),(6389,4,11852,0.00,19),(6388,4,11851,0.00,19),(6387,4,11850,0.00,19),(6386,4,11849,0.00,19),(6385,4,11848,0.00,19),(6384,4,11847,0.00,19),(6383,4,11846,0.00,19),(6382,4,11845,0.00,19),(6381,4,11844,0.00,19),(6380,4,11843,1.00,19),(6379,4,11842,1.00,19),(6378,4,11841,1.00,19),(6377,4,11840,1.00,19),(6376,4,11839,1.00,19),(6375,4,11838,1.00,19),(8710,4,14173,1.00,19),(6373,4,11836,1.00,19),(6372,4,11835,1.00,19),(6371,4,11834,1.00,19),(6370,4,11833,0.00,19),(6369,4,11832,1.00,19),(6368,4,11831,1.00,19),(6367,4,11830,1.00,19),(6366,4,11829,1.00,19),(6365,4,11828,1.00,19),(6364,4,11827,1.00,19),(6363,4,11826,1.00,19),(8711,4,14174,1.00,19),(6361,4,11824,1.00,19),(6360,4,11823,0.00,19),(6359,4,11822,0.00,19),(6358,4,11821,0.00,19),(6357,4,11820,0.00,19),(6356,4,11819,0.00,19),(6355,4,11818,0.00,19),(6354,4,11817,0.00,19),(6353,4,11816,0.00,19),(6352,4,11815,0.00,19),(6351,4,11814,0.00,19),(6350,4,11813,0.00,19),(6349,4,11812,0.00,19),(6348,4,11811,0.00,19),(6347,4,11810,0.00,19),(6346,4,11809,0.00,19),(6345,4,11808,0.00,19),(6344,4,11807,0.00,19),(6343,4,11806,0.00,19),(6342,4,11805,0.00,19),(6341,4,11804,1.00,19),(6340,4,11803,0.00,19),(6339,4,11802,0.00,19),(6338,4,11801,0.00,19),(6337,4,11800,0.00,19),(6336,4,11799,0.00,19),(6335,4,11798,0.00,19),(6334,4,11797,0.00,19),(6333,4,11796,0.00,19),(6332,4,11795,0.00,19),(6331,4,11794,0.00,19),(6330,4,11793,0.00,19),(6329,4,11792,0.00,19),(6328,4,11791,0.00,19),(6327,4,11790,0.00,19),(6326,4,11789,0.00,19),(6325,4,11788,0.00,19),(6324,4,11787,0.00,19),(6323,4,11786,0.00,19),(6322,4,11785,0.00,19),(6321,4,11784,0.00,19),(6320,4,11783,0.00,19),(6319,4,11782,0.00,19),(6318,4,11781,0.00,19),(6317,4,11780,0.00,19),(6316,4,11779,0.00,19),(6315,4,11778,0.00,19),(6314,4,11777,0.00,19),(6313,4,11776,0.00,19),(6312,4,11775,0.00,19),(8704,4,14167,1.00,19),(9893,4,15357,0.00,19),(6309,4,11772,1.00,19),(9894,4,15358,0.00,19),(9895,4,15359,0.00,19),(7705,4,13168,1.00,19),(6654,4,12117,0.00,19),(6653,4,12116,1.00,19),(6652,4,12115,1.00,19),(6651,4,12114,0.00,19),(6650,4,12113,1.00,19),(6649,4,12112,0.00,19),(6648,4,12111,0.00,19),(6647,4,12110,1.00,19),(6646,4,12109,0.00,19),(6645,4,12108,1.00,19),(6644,4,12107,1.00,19),(6643,4,12106,0.00,19),(6642,4,12105,0.00,19),(6641,4,12104,0.00,19),(6640,4,12103,1.00,19),(6639,4,12102,1.00,19),(6638,4,12101,0.00,19),(6637,4,12100,1.00,19),(6636,4,12099,1.00,19),(6635,4,12098,0.00,19),(6634,4,12097,0.00,19),(6633,4,12096,1.00,19),(6632,4,12095,1.00,19),(6631,4,12094,0.00,19),(6630,4,12093,0.00,19),(6629,4,12092,0.00,19),(6628,4,12091,0.00,19),(6627,4,12090,1.00,19),(6626,4,12089,0.00,19),(6625,4,12088,0.00,19),(6624,4,12087,0.00,19),(6623,4,12086,1.00,19),(6622,4,12085,0.00,19),(6621,4,12084,0.00,19),(6620,4,12083,0.00,19),(6619,4,12082,0.00,19),(7704,4,13167,0.00,19),(7703,4,13166,0.00,19),(7702,4,13165,0.00,19),(7701,4,13164,0.00,19),(7700,4,13163,0.00,19),(7699,4,13162,0.00,19),(7698,4,13161,0.00,19),(7697,4,13160,0.00,19),(7696,4,13159,0.00,19),(7695,4,13158,0.00,19),(7694,4,13157,0.00,19),(7693,4,13156,0.00,19),(7692,4,13155,0.00,19),(7691,4,13154,0.00,19),(7690,4,13153,0.00,19),(7689,4,13152,0.00,19),(7688,4,13151,0.00,19),(7687,4,13150,0.00,19),(7686,4,13149,1.00,19),(7685,4,13148,0.00,19),(7684,4,13147,1.00,19),(7683,4,13146,1.00,19),(7682,4,13145,0.00,19),(7681,4,13144,1.00,19),(7680,4,13143,1.00,19),(7679,4,13142,0.00,19),(7678,4,13141,1.00,19),(7677,4,13140,1.00,19),(7676,4,13139,0.00,19),(7675,4,13138,1.00,19),(7674,4,13137,0.00,19),(7673,4,13136,0.00,19),(7672,4,13135,0.00,19),(7671,4,13134,0.00,19),(7670,4,13133,0.00,19),(7669,4,13132,0.00,19),(7668,4,13131,1.00,19),(7667,4,13130,0.00,19),(7666,4,13129,0.00,19),(7665,4,13128,0.00,19),(7664,4,13127,0.00,19),(7663,4,13126,0.00,19),(7662,4,13125,0.00,19),(7661,4,13124,0.00,19),(7660,4,13123,0.00,19),(7659,4,13122,0.00,19),(7658,4,13121,0.00,19),(7657,4,13120,0.00,19),(7656,4,13119,0.00,19),(7655,4,13118,0.00,19),(7654,4,13117,0.00,19),(7653,4,13116,0.00,19),(7652,4,13115,0.00,19),(7651,4,13114,0.00,19),(7650,4,13113,0.00,19),(7649,4,13112,0.00,19),(7648,4,13111,0.00,19),(7647,4,13110,0.00,19),(7646,4,13109,0.00,19),(7645,4,13108,0.00,19),(7644,4,13107,0.00,19),(7643,4,13106,0.00,19),(7642,4,13105,0.00,19),(7641,4,13104,0.00,19),(7640,4,13103,0.00,19),(7639,4,13102,0.00,19),(7638,4,13101,0.00,19),(7637,4,13100,0.00,19),(7636,4,13099,0.00,19),(7635,4,13098,0.00,19),(7634,4,13097,0.00,19),(7633,4,13096,0.00,19),(7632,4,13095,0.00,19),(7631,4,13094,0.00,19),(7630,4,13093,0.00,19),(7629,4,13092,0.00,19),(7628,4,13091,0.00,19),(7627,4,13090,0.00,19),(7626,4,13089,0.00,19),(7625,4,13088,0.00,19),(7624,4,13087,0.00,19),(7623,4,13086,0.00,19),(7622,4,13085,0.00,19),(7621,4,13084,0.00,19),(7620,4,13083,0.00,19),(7619,4,13082,0.00,19),(7618,4,13081,0.00,19),(7617,4,13080,0.00,19),(7616,4,13079,0.00,19),(7615,4,13078,0.00,19),(7614,4,13077,0.00,19),(7613,4,13076,0.00,19),(7612,4,13075,0.00,19),(7611,4,13074,0.00,19),(7610,4,13073,0.00,19),(7609,4,13072,0.00,19),(7608,4,13071,0.00,19),(7607,4,13070,0.00,19),(7606,4,13069,0.00,19),(7605,4,13068,0.00,19),(7604,4,13067,0.00,19),(7603,4,13066,0.00,19),(7602,4,13065,0.00,19),(7601,4,13064,0.00,19),(7600,4,13063,0.00,19),(7599,4,13062,0.00,19),(7598,4,13061,0.00,19),(7597,4,13060,0.00,19),(7596,4,13059,0.00,19),(7595,4,13058,0.00,19),(7594,4,13057,0.00,19),(7593,4,13056,0.00,19),(7592,4,13055,0.00,19),(7591,4,13054,0.00,19),(7590,4,13053,0.00,19),(7589,4,13052,0.00,19),(7588,4,13051,0.00,19),(7587,4,13050,0.00,19),(7586,4,13049,0.00,19),(7585,4,13048,0.00,19),(7584,4,13047,0.00,19),(7583,4,13046,0.00,19),(7582,4,13045,0.00,19),(7581,4,13044,0.00,19),(7580,4,13043,0.00,19),(7579,4,13042,0.00,19),(7578,4,13041,0.00,19),(7577,4,13040,0.00,19),(7576,4,13039,0.00,19),(7575,4,13038,0.00,19),(7574,4,13037,0.00,19),(7573,4,13036,0.00,19),(7572,4,13035,0.00,19),(7571,4,13034,0.00,19),(7570,4,13033,0.00,19),(7569,4,13032,0.00,19),(7568,4,13031,0.00,19),(6295,4,11758,1.00,19),(6291,4,11754,1.00,19),(6293,4,11756,1.00,19),(6292,4,11755,0.00,19),(6294,4,11757,1.00,19),(6279,4,11742,1.00,19),(6281,4,11744,1.00,19),(6290,4,11753,0.00,19),(6280,4,11743,0.00,19),(6289,4,11752,1.00,19),(6284,4,11747,0.00,19),(6282,4,11745,1.00,19),(6286,4,11749,0.00,19),(6285,4,11748,0.00,19),(6283,4,11746,0.00,19),(6288,4,11751,0.00,19),(6287,4,11750,0.00,19),(6274,4,11737,0.00,19),(6273,4,11736,1.00,19),(6272,4,11735,1.00,19),(6265,4,11728,0.00,19),(6277,4,11740,0.00,19),(6276,4,11739,0.00,19),(6275,4,11738,0.00,19),(6266,4,11729,0.00,19),(6267,4,11730,1.00,19),(6278,4,11741,0.00,19),(7567,4,13030,0.00,19),(6271,4,11734,1.00,19),(6270,4,11733,1.00,19),(7566,4,13029,0.00,19),(7565,4,13028,0.00,19),(7564,4,13027,0.00,19),(7563,4,13026,0.00,19),(7562,4,13025,0.00,19),(7561,4,13024,0.00,19),(7560,4,13023,0.00,19),(7559,4,13022,0.00,19),(7558,4,13021,0.00,19),(7557,4,13020,0.00,19),(7556,4,13019,0.00,19),(7555,4,13018,0.00,19),(7554,4,13017,0.00,19),(7553,4,13016,0.00,19),(7552,4,13015,0.00,19),(7551,4,13014,0.00,19),(7550,4,13013,0.00,19),(7549,4,13012,0.00,19),(6264,4,11727,1.00,19),(7111,4,12574,0.00,19),(7116,4,12579,1.00,19),(7115,4,12578,1.00,19),(7110,4,12573,0.00,19),(7114,4,12577,1.00,19),(7113,4,12576,1.00,19),(7109,4,12572,0.00,19),(7112,4,12575,1.00,19),(7105,4,12568,0.00,19),(7103,4,12566,0.00,19),(7102,4,12565,0.00,19),(7104,4,12567,0.00,19),(7106,4,12569,0.00,19),(7100,4,12563,0.00,19),(7101,4,12564,0.00,19),(7548,4,13011,0.00,19),(7547,4,13010,0.00,19),(7546,4,13009,0.00,19),(7545,4,13008,0.00,19),(7544,4,13007,0.00,19),(7108,4,12571,0.00,19),(7107,4,12570,0.00,19),(7543,4,13006,0.00,19),(7542,4,13005,0.00,19),(7541,4,13004,0.00,19),(7089,4,12552,0.00,19),(7093,4,12556,0.00,19),(7092,4,12555,0.00,19),(7090,4,12553,0.00,19),(7540,4,13003,1.00,19),(7091,4,12554,0.00,19),(7098,4,12561,1.00,19),(7099,4,12562,1.00,19),(7096,4,12559,1.00,19),(7095,4,12558,1.00,19),(7097,4,12560,1.00,19),(7094,4,12557,0.00,19),(7085,4,12548,0.00,19),(7087,4,12550,0.00,19),(7088,4,12551,0.00,19),(7081,4,12544,0.00,19),(7080,4,12543,0.00,19),(7079,4,12542,0.00,19),(7078,4,12541,0.00,19),(7077,4,12540,0.00,19),(7076,4,12539,0.00,19),(7075,4,12538,0.00,19),(7084,4,12547,0.00,19),(7083,4,12546,0.00,19),(7082,4,12545,0.00,19),(7086,4,12549,0.00,19),(7539,4,13002,1.00,19),(7538,4,13001,1.00,19),(5713,4,11176,1.00,19),(5714,4,11177,0.00,19),(5715,4,11178,1.00,19),(5712,4,11175,1.00,19),(5699,4,11162,0.00,19),(5698,4,11161,1.00,19),(5697,4,11160,1.00,19),(5696,4,11159,1.00,19),(5695,4,11158,1.00,19),(5694,4,11157,1.00,19),(5693,4,11156,1.00,19),(5692,4,11155,1.00,19),(5690,4,11153,0.00,19),(5689,4,11152,0.00,19),(5688,4,11151,1.00,19),(5687,4,11150,0.00,19),(5686,4,11149,1.00,19),(5685,4,11148,1.00,19),(5684,4,11147,1.00,19),(5683,4,11146,1.00,19),(5682,4,11145,1.00,19),(5680,4,11143,1.00,19),(5679,4,11142,0.00,19),(5678,4,11141,0.00,19),(5677,4,11140,0.00,19),(5676,4,11139,0.00,19),(7537,4,13000,1.00,19),(7536,4,12999,1.00,19),(7535,4,12998,1.00,19),(5709,4,11172,1.00,19),(5708,4,11171,1.00,19),(5707,4,11170,1.00,19),(5705,4,11168,1.00,19),(5704,4,11167,1.00,19),(5703,4,11166,1.00,19),(5702,4,11165,0.00,19),(5700,4,11163,1.00,19),(5711,4,11174,0.00,19),(5710,4,11173,1.00,19),(7534,4,12997,1.00,19),(7533,4,12996,0.00,19),(7532,4,12995,0.00,19),(7531,4,12994,0.00,19),(7530,4,12993,0.00,19),(7529,4,12992,0.00,19),(7528,4,12991,0.00,19),(7527,4,12990,0.00,19),(7526,4,12989,0.00,19),(7525,4,12988,0.00,19),(7524,4,12987,0.00,19),(7523,4,12986,0.00,19),(7522,4,12985,0.00,19),(7521,4,12984,0.00,19),(7520,4,12983,0.00,19),(7519,4,12982,0.00,19),(7518,4,12981,0.00,19),(7517,4,12980,0.00,19),(7516,4,12979,0.00,19),(7515,4,12978,0.00,19),(7514,4,12977,0.00,19),(7513,4,12976,0.00,19),(7512,4,12975,0.00,19),(7511,4,12974,0.00,19),(7510,4,12973,0.00,19),(7509,4,12972,0.00,19),(7508,4,12971,0.00,19),(5667,4,11130,1.00,19),(5668,4,11131,1.00,19),(5666,4,11129,1.00,19),(5672,4,11135,1.00,19),(5671,4,11134,1.00,19),(5673,4,11136,1.00,19),(5674,4,11137,0.00,19),(7507,4,12970,0.00,19),(7074,4,12537,0.00,19),(7073,4,12536,0.00,19),(7072,4,12535,0.00,19),(7071,4,12534,0.00,19),(7070,4,12533,0.00,19),(7069,4,12532,0.00,19),(7068,4,12531,0.00,19),(7067,4,12530,0.00,19),(7066,4,12529,0.00,19),(7065,4,12528,0.00,19),(7064,4,12527,0.00,19),(7063,4,12526,0.00,19),(7062,4,12525,0.00,19),(7061,4,12524,0.00,19),(7060,4,12523,0.00,19),(7059,4,12522,0.00,19),(7058,4,12521,0.00,19),(7057,4,12520,0.00,19),(7056,4,12519,0.00,19),(7055,4,12518,0.00,19),(7054,4,12517,0.00,19),(7053,4,12516,0.00,19),(7052,4,12515,0.00,19),(7051,4,12514,0.00,19),(7050,4,12513,0.00,19),(7049,4,12512,0.00,19),(7048,4,12511,0.00,19),(7047,4,12510,0.00,19),(7046,4,12509,0.00,19),(7045,4,12508,0.00,19),(7044,4,12507,0.00,19),(7043,4,12506,0.00,19),(7042,4,12505,0.00,19),(7041,4,12504,0.00,19),(7040,4,12503,0.00,19),(7039,4,12502,0.00,19),(7038,4,12501,0.00,19),(7037,4,12500,0.00,19),(7036,4,12499,0.00,19),(7035,4,12498,0.00,19),(7034,4,12497,0.00,19),(7033,4,12496,0.00,19),(7032,4,12495,0.00,19),(7031,4,12494,0.00,19),(7030,4,12493,0.00,19),(7029,4,12492,0.00,19),(7028,4,12491,0.00,19),(7027,4,12490,0.00,19),(7026,4,12489,0.00,19),(7025,4,12488,0.00,19),(7024,4,12487,0.00,19),(7023,4,12486,0.00,19),(7022,4,12485,0.00,19),(7021,4,12484,0.00,19),(7020,4,12483,0.00,19),(7019,4,12482,0.00,19),(7018,4,12481,0.00,19),(6998,4,12461,0.00,19),(6999,4,12462,0.00,19),(7000,4,12463,0.00,19),(7017,4,12480,0.00,19),(7016,4,12479,0.00,19),(7506,4,12969,0.00,19),(7505,4,12968,0.00,19),(7504,4,12967,0.00,19),(7503,4,12966,0.00,19),(7502,4,12965,0.00,19),(7501,4,12964,0.00,19),(7500,4,12963,0.00,19),(7499,4,12962,0.00,19),(7498,4,12961,0.00,19),(7497,4,12960,0.00,19),(7496,4,12959,0.00,19),(7495,4,12958,0.00,19),(7494,4,12957,0.00,19),(7493,4,12956,0.00,19),(7492,4,12955,0.00,19),(7491,4,12954,0.00,19),(7490,4,12953,0.00,19),(7489,4,12952,0.00,19),(7488,4,12951,0.00,19),(7487,4,12950,0.00,19),(7486,4,12949,1.00,19),(7485,4,12948,1.00,19),(7484,4,12947,0.00,19),(7483,4,12946,0.00,19),(7482,4,12945,0.00,19),(7481,4,12944,0.00,19),(7480,4,12943,0.00,19),(7479,4,12942,0.00,19),(7478,4,12941,0.00,19),(7477,4,12940,0.00,19),(7476,4,12939,0.00,19),(7475,4,12938,0.00,19),(7474,4,12937,1.00,19),(7473,4,12936,1.00,19),(7472,4,12935,0.00,19),(7471,4,12934,1.00,19),(7470,4,12933,1.00,19),(6988,4,12451,0.00,19),(6987,4,12450,0.00,19),(6986,4,12449,0.00,19),(6985,4,12448,0.00,19),(6984,4,12447,0.00,19),(6983,4,12446,0.00,19),(6982,4,12445,0.00,19),(6981,4,12444,0.00,19),(6980,4,12443,0.00,19),(6979,4,12442,0.00,19),(6978,4,12441,0.00,19),(6977,4,12440,0.00,19),(6976,4,12439,0.00,19),(6975,4,12438,0.00,19),(6974,4,12437,0.00,19),(6973,4,12436,0.00,19),(6972,4,12435,0.00,19),(6971,4,12434,0.00,19),(6970,4,12433,0.00,19),(6969,4,12432,0.00,19),(6968,4,12431,0.00,19),(6967,4,12430,0.00,19),(6966,4,12429,0.00,19),(6965,4,12428,0.00,19),(6963,4,12426,0.00,19),(6962,4,12425,0.00,19),(6961,4,12424,0.00,19),(6960,4,12423,0.00,19),(6959,4,12422,0.00,19),(6958,4,12421,0.00,19),(6957,4,12420,0.00,19),(6956,4,12419,1.00,19),(6955,4,12418,0.00,19),(6954,4,12417,0.00,19),(6953,4,12416,0.00,19),(6952,4,12415,0.00,19),(6951,4,12414,0.00,19),(6950,4,12413,0.00,19),(6949,4,12412,0.00,19),(6948,4,12411,0.00,19),(6947,4,12410,0.00,19),(6946,4,12409,0.00,19),(6945,4,12408,1.00,19),(6944,4,12407,1.00,19),(6943,4,12406,0.00,19),(6942,4,12405,0.00,19),(6941,4,12404,0.00,19),(6940,4,12403,1.00,19),(6938,4,12401,0.00,19),(6937,4,12400,0.00,19),(6936,4,12399,0.00,19),(6935,4,12398,1.00,19),(6934,4,12397,1.00,19),(6933,4,12396,1.00,19),(6932,4,12395,1.00,19),(6931,4,12394,1.00,19),(6930,4,12393,1.00,19),(6929,4,12392,0.00,19),(6928,4,12391,0.00,19),(6927,4,12390,1.00,19),(6925,4,12388,0.00,19),(6924,4,12387,1.00,19),(6923,4,12386,1.00,19),(6922,4,12385,0.00,19),(6921,4,12384,0.00,19),(6920,4,12383,1.00,19),(6919,4,12382,1.00,19),(6918,4,12381,1.00,19),(6917,4,12380,1.00,19),(6916,4,12379,1.00,19),(6915,4,12378,0.00,19),(6914,4,12377,1.00,19),(7469,4,12932,0.00,19),(7468,4,12931,0.00,19),(7467,4,12930,0.00,19),(7466,4,12929,0.00,19),(7465,4,12928,0.00,19),(7464,4,12927,0.00,19),(7463,4,12926,1.00,19),(7462,4,12925,1.00,19),(7461,4,12924,0.00,19),(7460,4,12923,1.00,19),(7459,4,12922,0.00,19),(7458,4,12921,1.00,19),(7457,4,12920,0.00,19),(7456,4,12919,1.00,19),(7455,4,12918,0.00,19),(7454,4,12917,0.00,19),(7453,4,12916,0.00,19),(7452,4,12915,0.00,19),(7451,4,12914,0.00,19),(7450,4,12913,1.00,19),(7449,4,12912,1.00,19),(7448,4,12911,1.00,19),(7447,4,12910,1.00,19),(7446,4,12909,1.00,19),(6997,4,12460,0.00,19),(6996,4,12459,0.00,19),(6995,4,12458,0.00,19),(6994,4,12457,0.00,19),(6993,4,12456,0.00,19),(6992,4,12455,0.00,19),(6991,4,12454,0.00,19),(6990,4,12453,0.00,19),(7445,4,12908,1.00,19),(7444,4,12907,1.00,19),(7443,4,12906,1.00,19),(7442,4,12905,1.00,19),(7441,4,12904,1.00,19),(7440,4,12903,1.00,19),(7439,4,12902,1.00,19),(7438,4,12901,1.00,19),(7437,4,12900,1.00,19),(7436,4,12899,1.00,19),(7435,4,12898,0.00,19),(7434,4,12897,1.00,19),(7433,4,12896,1.00,19),(7432,4,12895,1.00,19),(7431,4,12894,1.00,19),(7430,4,12893,1.00,19),(7429,4,12892,1.00,19),(7428,4,12891,1.00,19),(7427,4,12890,1.00,19),(7426,4,12889,1.00,19),(7425,4,12888,1.00,19),(7424,4,12887,0.00,19),(7423,4,12886,0.00,19),(7422,4,12885,0.00,19),(7421,4,12884,0.00,19),(7420,4,12883,0.00,19),(7419,4,12882,0.00,19),(7418,4,12881,0.00,19),(7417,4,12880,0.00,19),(7416,4,12879,0.00,19),(7415,4,12878,0.00,19),(7414,4,12877,0.00,19),(7413,4,12876,0.00,19),(7412,4,12875,0.00,19),(7411,4,12874,0.00,19),(7410,4,12873,0.00,19),(7409,4,12872,0.00,19),(7408,4,12871,0.00,19),(7407,4,12870,0.00,19),(7406,4,12869,0.00,19),(7405,4,12868,0.00,19),(7404,4,12867,0.00,19),(7403,4,12866,0.00,19),(7402,4,12865,0.00,19),(7401,4,12864,0.00,19),(7400,4,12863,0.00,19),(7399,4,12862,0.00,19),(7398,4,12861,0.00,19),(7397,4,12860,0.00,19),(7396,4,12859,0.00,19),(7395,4,12858,0.00,19),(7394,4,12857,0.00,19),(7393,4,12856,0.00,19),(7392,4,12855,0.00,19),(7391,4,12854,0.00,19),(7390,4,12853,0.00,19),(7389,4,12852,0.00,19),(7388,4,12851,0.00,19),(7387,4,12850,1.00,19),(7386,4,12849,1.00,19),(7385,4,12848,1.00,19),(7384,4,12847,1.00,19),(7383,4,12846,1.00,19),(7382,4,12845,1.00,19),(7381,4,12844,1.00,19),(7380,4,12843,1.00,19),(7379,4,12842,1.00,19),(7378,4,12841,1.00,19),(7377,4,12840,1.00,19),(7376,4,12839,1.00,19),(7375,4,12838,1.00,19),(7374,4,12837,1.00,19),(7373,4,12836,1.00,19),(7372,4,12835,1.00,19),(7371,4,12834,1.00,19),(7370,4,12833,1.00,19),(7369,4,12832,1.00,19),(7368,4,12831,1.00,19),(7367,4,12830,1.00,19),(7366,4,12829,1.00,19),(7365,4,12828,1.00,19),(7364,4,12827,1.00,19),(7363,4,12826,1.00,19),(7362,4,12825,1.00,19),(7361,4,12824,0.00,19),(7360,4,12823,1.00,19),(7359,4,12822,1.00,19),(7358,4,12821,1.00,19),(7357,4,12820,1.00,19),(7356,4,12819,1.00,19),(7355,4,12818,0.00,19),(7354,4,12817,1.00,19),(7353,4,12816,1.00,19),(7352,4,12815,1.00,19),(7351,4,12814,1.00,19),(7350,4,12813,1.00,19),(7349,4,12812,1.00,19),(7348,4,12811,1.00,19),(7347,4,12810,1.00,19),(7346,4,12809,1.00,19),(7345,4,12808,1.00,19),(7344,4,12807,1.00,19),(7343,4,12806,1.00,19),(7342,4,12805,1.00,19),(7341,4,12804,1.00,19),(7340,4,12803,1.00,19),(7339,4,12802,0.00,19),(7338,4,12801,1.00,19),(7337,4,12800,0.00,19),(7336,4,12799,1.00,19),(7335,4,12798,1.00,19),(7334,4,12797,1.00,19),(7333,4,12796,1.00,19),(7332,4,12795,1.00,19),(7331,4,12794,0.00,19),(7330,4,12793,1.00,19),(7329,4,12792,1.00,19),(6910,4,12373,1.00,19),(6909,4,12372,1.00,19),(6908,4,12371,1.00,19),(6907,4,12370,1.00,19),(6906,4,12369,1.00,19),(6905,4,12368,1.00,19),(6904,4,12367,1.00,19),(6903,4,12366,1.00,19),(6902,4,12365,1.00,19),(6901,4,12364,1.00,19),(6900,4,12363,0.00,19),(6899,4,12362,1.00,19),(6898,4,12361,1.00,19),(6897,4,12360,1.00,19),(6895,4,12358,1.00,19),(6894,4,12357,1.00,19),(6893,4,12356,0.00,19),(6892,4,12355,1.00,19),(6891,4,12354,1.00,19),(7328,4,12791,1.00,19),(7327,4,12790,1.00,19),(7326,4,12789,1.00,19),(7325,4,12788,1.00,19),(7324,4,12787,1.00,19),(7323,4,12786,1.00,19),(7322,4,12785,1.00,19),(7321,4,12784,1.00,19),(7320,4,12783,1.00,19),(7319,4,12782,1.00,19),(7318,4,12781,1.00,19),(7317,4,12780,1.00,19),(7316,4,12779,1.00,19),(7315,4,12778,1.00,19),(7314,4,12777,1.00,19),(7313,4,12776,1.00,19),(7312,4,12775,1.00,19),(7311,4,12774,1.00,19),(6912,4,12375,0.00,19),(6911,4,12374,1.00,19),(7310,4,12773,0.00,19),(8780,4,14244,1.00,19),(8783,4,14247,0.00,19),(7307,4,12770,1.00,19),(7306,4,12769,1.00,19),(7305,4,12768,1.00,19),(7304,4,12767,0.00,19),(8781,4,14245,1.00,19),(8782,4,14246,1.00,19),(7301,4,12764,0.00,19),(7300,4,12763,0.00,19),(7299,4,12762,0.00,19),(7298,4,12761,0.00,19),(7297,4,12760,0.00,19),(7296,4,12759,0.00,19),(7295,4,12758,0.00,19),(7294,4,12757,0.00,19),(7293,4,12756,0.00,19),(7292,4,12755,0.00,19),(7291,4,12754,0.00,19),(7290,4,12753,0.00,19),(7289,4,12752,0.00,19),(7288,4,12751,0.00,19),(7287,4,12750,0.00,19),(7286,4,12749,0.00,19),(7285,4,12748,0.00,19),(7284,4,12747,0.00,19),(7283,4,12746,0.00,19),(7282,4,12745,0.00,19),(7281,4,12744,0.00,19),(7280,4,12743,0.00,19),(7279,4,12742,0.00,19),(7278,4,12741,0.00,19),(7277,4,12740,0.00,19),(7276,4,12739,0.00,19),(7275,4,12738,0.00,19),(7274,4,12737,0.00,19),(7273,4,12736,0.00,19),(7272,4,12735,0.00,19),(7271,4,12734,0.00,19),(7270,4,12733,0.00,19),(7269,4,12732,0.00,19),(7268,4,12731,0.00,19),(7267,4,12730,0.00,19),(7266,4,12729,0.00,19),(7265,4,12728,0.00,19),(7264,4,12727,0.00,19),(7263,4,12726,0.00,19),(7262,4,12725,0.00,19),(7261,4,12724,0.00,19),(7260,4,12723,0.00,19),(7259,4,12722,0.00,19),(7258,4,12721,0.00,19),(7257,4,12720,0.00,19),(7256,4,12719,0.00,19),(7255,4,12718,0.00,19),(7254,4,12717,0.00,19),(7253,4,12716,1.00,19),(7252,4,12715,1.00,19),(7251,4,12714,1.00,19),(7250,4,12713,0.00,19),(7249,4,12712,1.00,19),(7248,4,12711,1.00,19),(7247,4,12710,0.00,19),(7246,4,12709,0.00,19),(7245,4,12708,1.00,19),(7244,4,12707,0.00,19),(7243,4,12706,0.00,19),(7242,4,12705,0.00,19),(7241,4,12704,0.00,19),(7240,4,12703,0.00,19),(7239,4,12702,0.00,19),(7238,4,12701,0.00,19),(7237,4,12700,1.00,19),(7236,4,12699,1.00,19),(7235,4,12698,0.00,19),(7234,4,12697,0.00,19),(7233,4,12696,1.00,19),(7232,4,12695,1.00,19),(7231,4,12694,0.00,19),(7230,4,12693,0.00,19),(7229,4,12692,0.00,19),(7228,4,12691,1.00,19),(7227,4,12690,1.00,19),(7226,4,12689,1.00,19),(7225,4,12688,1.00,19),(7224,4,12687,0.00,19),(7223,4,12686,1.00,19),(7222,4,12685,0.00,19),(7221,4,12684,1.00,19),(7220,4,12683,1.00,19),(7219,4,12682,1.00,19),(7218,4,12681,0.00,19),(7217,4,12680,0.00,19),(7216,4,12679,1.00,19),(7215,4,12678,1.00,19),(7214,4,12677,0.00,19),(7213,4,12676,1.00,19),(7212,4,12675,0.00,19),(7211,4,12674,0.00,19),(7210,4,12673,1.00,19),(7209,4,12672,0.00,19),(7208,4,12671,1.00,19),(7207,4,12670,1.00,19),(7206,4,12669,1.00,19),(7205,4,12668,1.00,19),(7204,4,12667,1.00,19),(7203,4,12666,1.00,19),(7202,4,12665,1.00,19),(7201,4,12664,1.00,19),(7200,4,12663,1.00,19),(7199,4,12662,1.00,19),(7198,4,12661,1.00,19),(7197,4,12660,1.00,19),(7196,4,12659,1.00,19),(7195,4,12658,1.00,19),(7194,4,12657,0.00,19),(7193,4,12656,1.00,19),(7192,4,12655,1.00,19),(7191,4,12654,0.00,19),(7190,4,12653,1.00,19),(7189,4,12652,0.00,19),(7188,4,12651,1.00,19),(7187,4,12650,1.00,19),(7186,4,12649,1.00,19),(7185,4,12648,1.00,19),(7184,4,12647,0.00,19),(7183,4,12646,0.00,19),(7182,4,12645,0.00,19),(7181,4,12644,0.00,19),(7180,4,12643,0.00,19),(7179,4,12642,1.00,19),(7178,4,12641,1.00,19),(7177,4,12640,0.00,19),(7176,4,12639,0.00,19),(7175,4,12638,0.00,19),(6756,4,12219,1.00,19),(6755,4,12218,0.00,19),(6754,4,12217,0.00,19),(6753,4,12216,0.00,19),(6752,4,12215,0.00,19),(6751,4,12214,0.00,19),(6750,4,12213,0.00,19),(6749,4,12212,1.00,19),(6748,4,12211,0.00,19),(6747,4,12210,0.00,19),(6746,4,12209,0.00,19),(6745,4,12208,0.00,19),(6744,4,12207,0.00,19),(6743,4,12206,1.00,19),(6742,4,12205,1.00,19),(6741,4,12204,1.00,19),(6740,4,12203,0.00,19),(6739,4,12202,0.00,19),(6738,4,12201,0.00,19),(6737,4,12200,0.00,19),(6736,4,12199,0.00,19),(6735,4,12198,0.00,19),(6734,4,12197,1.00,19),(6733,4,12196,0.00,19),(6732,4,12195,0.00,19),(6731,4,12194,0.00,19),(6730,4,12193,0.00,19),(6729,4,12192,1.00,19),(6728,4,12191,1.00,19),(6727,4,12190,0.00,19),(6726,4,12189,1.00,19),(6725,4,12188,0.00,19),(6724,4,12187,0.00,19),(6723,4,12186,0.00,19),(6722,4,12185,0.00,19),(6721,4,12184,1.00,19),(6720,4,12183,1.00,19),(6719,4,12182,1.00,19),(6718,4,12181,0.00,19),(6717,4,12180,0.00,19),(6716,4,12179,0.00,19),(6715,4,12178,0.00,19),(6714,4,12177,0.00,19),(6713,4,12176,0.00,19),(6712,4,12175,0.00,19),(6711,4,12174,0.00,19),(6710,4,12173,0.00,19),(6709,4,12172,0.00,19),(6708,4,12171,0.00,19),(6890,4,12353,1.00,19),(6889,4,12352,0.00,19),(6888,4,12351,1.00,19),(6887,4,12350,0.00,19),(6886,4,12349,0.00,19),(6885,4,12348,1.00,19),(6884,4,12347,0.00,19),(6883,4,12346,0.00,19),(6882,4,12345,1.00,19),(6881,4,12344,0.00,19),(6880,4,12343,1.00,19),(6879,4,12342,0.00,19),(6878,4,12341,1.00,19),(6877,4,12340,0.00,19),(6876,4,12339,1.00,19),(6875,4,12338,1.00,19),(6874,4,12337,1.00,19),(6873,4,12336,1.00,19),(6872,4,12335,1.00,19),(6871,4,12334,0.00,19),(6870,4,12333,1.00,19),(6869,4,12332,1.00,19),(6868,4,12331,1.00,19),(6867,4,12330,1.00,19),(6866,4,12329,1.00,19),(6865,4,12328,1.00,19),(6864,4,12327,1.00,19),(6863,4,12326,0.00,19),(6862,4,12325,1.00,19),(6861,4,12324,1.00,19),(6860,4,12323,1.00,19),(6859,4,12322,1.00,19),(6858,4,12321,1.00,19),(6857,4,12320,1.00,19),(6856,4,12319,1.00,19),(6855,4,12318,1.00,19),(6854,4,12317,1.00,19),(6853,4,12316,1.00,19),(6852,4,12315,1.00,19),(6851,4,12314,1.00,19),(6850,4,12313,1.00,19),(6849,4,12312,1.00,19),(6848,4,12311,1.00,19),(6847,4,12310,1.00,19),(6846,4,12309,1.00,19),(6845,4,12308,0.00,19),(6844,4,12307,1.00,19),(6843,4,12306,1.00,19),(6842,4,12305,1.00,19),(6841,4,12304,1.00,19),(6840,4,12303,1.00,19),(6839,4,12302,1.00,19),(6838,4,12301,1.00,19),(6837,4,12300,1.00,19),(6836,4,12299,1.00,19),(6835,4,12298,1.00,19),(6834,4,12297,0.00,19),(6833,4,12296,0.00,19),(6832,4,12295,1.00,19),(6831,4,12294,0.00,19),(6830,4,12293,0.00,19),(6829,4,12292,0.00,19),(6828,4,12291,0.00,19),(6827,4,12290,0.00,19),(6826,4,12289,0.00,19),(6825,4,12288,0.00,19),(6824,4,12287,1.00,19),(6823,4,12286,1.00,19),(6822,4,12285,1.00,19),(6821,4,12284,1.00,19),(6820,4,12283,1.00,19),(6819,4,12282,1.00,19),(6818,4,12281,1.00,19),(6817,4,12280,1.00,19),(6816,4,12279,1.00,19),(6815,4,12278,1.00,19),(6814,4,12277,1.00,19),(6813,4,12276,1.00,19),(6812,4,12275,0.00,19),(6811,4,12274,0.00,19),(6810,4,12273,0.00,19),(6809,4,12272,1.00,19),(6808,4,12271,1.00,19),(6807,4,12270,0.00,19),(6806,4,12269,0.00,19),(6805,4,12268,1.00,19),(6804,4,12267,0.00,19),(6803,4,12266,0.00,19),(6802,4,12265,0.00,19),(6800,4,12263,1.00,19),(6799,4,12262,0.00,19),(6798,4,12261,0.00,19),(6797,4,12260,0.00,19),(6796,4,12259,0.00,19),(6795,4,12258,0.00,19),(6794,4,12257,0.00,19),(6793,4,12256,1.00,19),(6792,4,12255,1.00,19),(6791,4,12254,0.00,19),(6790,4,12253,1.00,19),(6782,4,12245,1.00,19),(6781,4,12244,1.00,19),(6780,4,12243,1.00,19),(6779,4,12242,1.00,19),(6778,4,12241,0.00,19),(6777,4,12240,0.00,19),(6776,4,12239,0.00,19),(6775,4,12238,0.00,19),(6774,4,12237,0.00,19),(7174,4,12637,0.00,19),(7173,4,12636,0.00,19),(7172,4,12635,1.00,19),(7171,4,12634,1.00,19),(7170,4,12633,0.00,19),(7169,4,12632,1.00,19),(7168,4,12631,1.00,19),(7167,4,12630,1.00,19),(7166,4,12629,1.00,19),(7165,4,12628,1.00,19),(7164,4,12627,1.00,19),(7163,4,12626,1.00,19),(7162,4,12625,1.00,19),(7161,4,12624,1.00,19),(7160,4,12623,1.00,19),(7159,4,12622,1.00,19),(7158,4,12621,1.00,19),(7157,4,12620,1.00,19),(7156,4,12619,0.00,19),(7155,4,12618,0.00,19),(7154,4,12617,0.00,19),(7153,4,12616,0.00,19),(7152,4,12615,0.00,19),(7151,4,12614,0.00,19),(7150,4,12613,0.00,19),(6702,4,12165,0.00,19),(6701,4,12164,0.00,19),(6700,4,12163,0.00,19),(6703,4,12166,0.00,19),(7149,4,12612,0.00,19),(6696,4,12159,0.00,19),(6695,4,12158,0.00,19),(6693,4,12156,0.00,19),(6692,4,12155,0.00,19),(6697,4,12160,0.00,19),(7148,4,12611,0.00,19),(7147,4,12610,0.00,19),(6691,4,12154,1.00,19),(6690,4,12153,0.00,19),(6689,4,12152,1.00,19),(6688,4,12151,0.00,19),(6667,4,12130,1.00,19),(6666,4,12129,0.00,19),(6669,4,12132,0.00,19),(6660,4,12123,1.00,19),(7146,4,12609,0.00,19),(6687,4,12150,0.00,19),(6686,4,12149,1.00,19),(6685,4,12148,0.00,19),(6684,4,12147,0.00,19),(6683,4,12146,0.00,19),(6682,4,12145,1.00,19),(6681,4,12144,1.00,19),(6680,4,12143,0.00,19),(6679,4,12142,0.00,19),(6678,4,12141,1.00,19),(6677,4,12140,0.00,19),(6676,4,12139,0.00,19),(6674,4,12137,1.00,19),(6673,4,12136,0.00,19),(6672,4,12135,0.00,19),(6671,4,12134,0.00,19),(6659,4,12122,0.00,19),(6658,4,12121,0.00,19),(6657,4,12120,0.00,19),(6663,4,12126,0.00,19),(6662,4,12125,0.00,19),(6664,4,12127,1.00,19),(6668,4,12131,0.00,19),(6655,4,12118,0.00,19),(5970,4,11433,1.00,19),(5966,4,11429,0.00,19),(5962,4,11425,0.00,19),(5958,4,11421,0.00,19),(5954,4,11417,0.00,19),(5950,4,11413,1.00,19),(5946,4,11409,1.00,19),(5942,4,11405,0.00,19),(5986,4,11449,0.00,19),(5978,4,11441,1.00,19),(5982,4,11445,1.00,19),(5974,4,11437,1.00,19),(5868,4,11331,1.00,19),(5864,4,11327,1.00,19),(5862,4,11325,1.00,19),(5912,4,11375,1.00,19),(5910,4,11373,1.00,19),(5791,4,11254,0.00,19),(5811,4,11274,0.00,19),(5800,4,11263,0.00,19),(5733,4,11196,1.00,19),(6225,4,11688,0.00,19),(8703,4,14166,1.00,19),(6239,4,11702,0.00,19),(8705,4,14168,1.00,19),(8707,4,14170,1.00,19),(6242,4,11705,1.00,19),(6174,4,11637,1.00,19),(6168,4,11631,1.00,19),(6155,4,11618,1.00,19),(6164,4,11627,1.00,19),(6188,4,11651,0.00,19),(6130,4,11593,0.00,19),(8734,4,14197,1.00,24),(6136,4,11599,0.00,19),(6103,4,11566,0.00,19),(6065,4,11528,0.00,19),(6062,4,11525,1.00,19),(5716,4,11179,1.00,19),(5691,4,11154,0.00,19),(5681,4,11144,1.00,19),(5675,4,11138,0.00,19),(5706,4,11169,1.00,19),(5701,4,11164,1.00,19),(5670,4,11133,1.00,19),(6964,4,12427,0.00,19),(6939,4,12402,0.00,19),(6926,4,12389,1.00,19),(6913,4,12376,1.00,19),(6989,4,12452,0.00,19),(6896,4,12359,1.00,19),(6705,4,12168,1.00,19),(6801,4,12264,0.00,19),(6785,4,12248,0.00,19),(6759,4,12222,1.00,19),(6694,4,12157,0.00,19),(6665,4,12128,1.00,19),(6675,4,12138,0.00,19),(6670,4,12133,1.00,19),(6656,4,12119,0.00,19),(6661,4,12124,0.00,19),(5899,4,11362,0.00,19),(5898,4,11361,0.00,19),(5897,4,11360,0.00,19),(5896,4,11359,0.00,19),(5895,4,11358,0.00,19),(5894,4,11357,0.00,19),(5893,4,11356,0.00,19),(5892,4,11355,1.00,19),(5891,4,11354,1.00,19),(5890,4,11353,1.00,19),(5889,4,11352,1.00,19),(5888,4,11351,1.00,19),(5887,4,11350,1.00,19),(5886,4,11349,1.00,19),(5885,4,11348,1.00,19),(5884,4,11347,1.00,19),(5883,4,11346,1.00,19),(5882,4,11345,1.00,19),(5881,4,11344,1.00,19),(5901,4,11364,0.00,19),(6083,4,11546,0.00,19),(6094,4,11557,0.00,19),(8732,4,14195,1.00,24),(6195,4,11658,0.00,19),(6199,4,11662,0.00,19),(6197,4,11660,0.00,19),(8720,4,14183,1.00,19),(8717,4,14180,1.00,19),(6259,4,11722,1.00,19),(6148,4,11611,1.00,19),(6182,4,11645,0.00,19),(6000,4,11463,1.00,19),(5854,4,11317,1.00,19),(5856,4,11319,1.00,19),(5857,4,11320,1.00,19),(6269,4,11732,1.00,19),(5880,4,11343,1.00,19),(5918,4,11381,0.00,19),(5879,4,11342,1.00,19),(5878,4,11341,1.00,19),(5877,4,11340,1.00,19),(5876,4,11339,1.00,19),(5875,4,11338,1.00,19),(5874,4,11337,1.00,19),(5873,4,11336,1.00,19),(5872,4,11335,1.00,19),(5973,4,11436,0.00,19),(5972,4,11435,0.00,19),(5971,4,11434,1.00,19),(5999,4,11462,1.00,19),(5998,4,11461,0.00,19),(5997,4,11460,1.00,19),(5996,4,11459,1.00,19),(5995,4,11458,0.00,19),(5994,4,11457,1.00,19),(5993,4,11456,1.00,19),(5992,4,11455,1.00,19),(5991,4,11454,0.00,19),(5990,4,11453,1.00,19),(5861,4,11324,1.00,19),(5860,4,11323,1.00,19),(5859,4,11322,1.00,19),(5858,4,11321,1.00,19),(5909,4,11372,1.00,19),(5908,4,11371,1.00,19),(5907,4,11370,1.00,19),(5906,4,11369,0.00,19),(5916,4,11379,0.00,19),(5915,4,11378,1.00,19),(5905,4,11368,0.00,19),(5904,4,11367,0.00,19),(5903,4,11366,0.00,19),(5902,4,11365,0.00,19),(5867,4,11330,1.00,19),(5900,4,11363,0.00,19),(5822,4,11285,0.00,19),(5799,4,11262,0.00,19),(5821,4,11284,0.00,19),(8074,4,13537,1.00,19),(6237,4,11700,0.00,19),(6236,4,11699,0.00,19),(6235,4,11698,0.00,19),(6234,4,11697,0.00,19),(6233,4,11696,0.00,19),(6232,4,11695,0.00,19),(6231,4,11694,0.00,19),(6230,4,11693,0.00,19),(6229,4,11692,0.00,19),(6228,4,11691,0.00,19),(6227,4,11690,0.00,19),(6226,4,11689,0.00,19),(6224,4,11687,0.00,19),(6223,4,11686,0.00,19),(6222,4,11685,0.00,19),(6221,4,11684,0.00,19),(6220,4,11683,0.00,19),(6219,4,11682,0.00,19),(6218,4,11681,0.00,19),(6217,4,11680,0.00,19),(8699,4,14162,1.00,19),(8700,4,14163,1.00,19),(8701,4,14164,1.00,19),(8702,4,14165,1.00,19),(6238,4,11701,0.00,19),(8073,4,13536,1.00,19),(6167,4,11630,1.00,19),(6166,4,11629,1.00,19),(6165,4,11628,1.00,19),(6163,4,11626,0.00,19),(6162,4,11625,1.00,19),(6161,4,11624,1.00,19),(6179,4,11642,0.00,19),(8722,4,14185,1.00,19),(8723,4,14186,1.00,19),(6176,4,11639,0.00,19),(6175,4,11638,0.00,19),(6173,4,11636,0.00,19),(6172,4,11635,1.00,19),(6171,4,11634,1.00,19),(6170,4,11633,1.00,19),(6169,4,11632,1.00,19),(6160,4,11623,1.00,19),(6159,4,11622,0.00,19),(6158,4,11621,1.00,19),(6157,4,11620,1.00,19),(6156,4,11619,1.00,19),(6154,4,11617,1.00,19),(6153,4,11616,1.00,19),(6152,4,11615,1.00,19),(6151,4,11614,1.00,19),(6150,4,11613,1.00,19),(6193,4,11656,0.00,19),(6192,4,11655,0.00,19),(6191,4,11654,0.00,19),(6190,4,11653,0.00,19),(6189,4,11652,0.00,19),(6187,4,11650,0.00,19),(6186,4,11649,0.00,19),(6185,4,11648,0.00,19),(6184,4,11647,0.00,19),(6183,4,11646,0.00,19),(6135,4,11598,0.00,19),(6134,4,11597,0.00,19),(6133,4,11596,0.00,19),(6132,4,11595,0.00,19),(6131,4,11594,0.00,19),(6129,4,11592,0.00,19),(6128,4,11591,0.00,19),(6127,4,11590,0.00,19),(6126,4,11589,0.00,19),(6125,4,11588,0.00,19),(6194,4,11657,0.00,19),(6198,4,11661,0.00,19),(6147,4,11610,1.00,19),(8731,4,14194,1.00,24),(8730,4,14193,1.00,24),(8735,4,14198,1.00,24),(6143,4,11606,1.00,19),(6141,4,11604,1.00,19),(6140,4,11603,1.00,19),(6139,4,11602,0.00,19),(6138,4,11601,0.00,19),(6137,4,11600,0.00,19),(6196,4,11659,0.00,19),(6181,4,11644,0.00,19),(6180,4,11643,0.00,19),(8718,4,14181,1.00,19),(6200,4,11663,0.00,19),(8719,4,14182,1.00,19),(8072,4,13535,0.00,19),(8071,4,13534,0.00,19),(8070,4,13533,0.00,19),(8069,4,13532,0.00,19),(8068,4,13531,0.00,19),(8067,4,13530,0.00,19),(8066,4,13529,0.00,19),(8065,4,13528,1.00,19),(8064,4,13527,1.00,19),(8063,4,13526,1.00,19),(8062,4,13525,1.00,19),(8061,4,13524,0.00,19),(6102,4,11565,0.00,19),(6123,4,11586,0.00,19),(6072,4,11535,1.00,19),(6084,4,11547,0.00,19),(6085,4,11548,0.00,19),(6088,4,11551,0.00,19),(6091,4,11554,0.00,19),(8479,4,13942,0.00,19),(8478,4,13941,0.00,19),(8477,4,13940,0.00,19),(8476,4,13939,0.00,19),(8475,4,13938,0.00,19),(8474,4,13937,0.00,19),(8473,4,13936,0.00,19),(8472,4,13935,0.00,19),(8471,4,13934,0.00,19),(8470,4,13933,0.00,19),(8469,4,13932,0.00,19),(8468,4,13931,0.00,19),(8467,4,13930,0.00,19),(8466,4,13929,0.00,19),(8465,4,13928,0.00,19),(8464,4,13927,0.00,19),(8463,4,13926,0.00,19),(8462,4,13925,0.00,19),(8461,4,13924,0.00,19),(8460,4,13923,0.00,19),(8459,4,13922,0.00,19),(8458,4,13921,0.00,19),(8457,4,13920,0.00,19),(8456,4,13919,0.00,19),(6306,4,11769,0.00,19),(6305,4,11768,1.00,19),(6304,4,11767,0.00,19),(6303,4,11766,1.00,19),(6302,4,11765,0.00,19),(6301,4,11764,1.00,19),(8455,4,13918,0.00,19),(8454,4,13917,0.00,19),(8453,4,13916,0.00,19),(8452,4,13915,0.00,19),(8451,4,13914,0.00,19),(8450,4,13913,0.00,19),(8060,4,13523,0.00,19),(8059,4,13522,0.00,19),(8058,4,13521,0.00,19),(8057,4,13520,0.00,19),(8056,4,13519,0.00,19),(8055,4,13518,0.00,19),(8054,4,13517,0.00,19),(6268,4,11731,0.00,19),(8449,4,13912,0.00,19),(8448,4,13911,0.00,19),(8447,4,13910,0.00,19),(8446,4,13909,0.00,19),(8445,4,13908,0.00,19),(8444,4,13907,0.00,19),(8443,4,13906,0.00,19),(8442,4,13905,0.00,19),(8053,4,13516,0.00,19),(8052,4,13515,0.00,19),(8051,4,13514,0.00,19),(8050,4,13513,0.00,19),(8441,4,13904,0.00,19),(8440,4,13903,0.00,19),(8439,4,13902,0.00,19),(8438,4,13901,0.00,19),(8437,4,13900,0.00,19),(8436,4,13899,0.00,19),(8435,4,13898,0.00,19),(8434,4,13897,0.00,19),(8049,4,13512,0.00,19),(8048,4,13511,0.00,19),(8047,4,13510,0.00,19),(8046,4,13509,0.00,19),(8045,4,13508,0.00,19),(8044,4,13507,0.00,19),(5669,4,11132,1.00,19),(7015,4,12478,0.00,19),(7014,4,12477,0.00,19),(7013,4,12476,0.00,19),(7012,4,12475,0.00,19),(7011,4,12474,0.00,19),(7010,4,12473,0.00,19),(7009,4,12472,0.00,19),(7008,4,12471,0.00,19),(7007,4,12470,0.00,19),(7006,4,12469,0.00,19),(7005,4,12468,0.00,19),(7004,4,12467,0.00,19),(7003,4,12466,0.00,19),(7002,4,12465,0.00,19),(7001,4,12464,0.00,19),(8043,4,13506,0.00,19),(8042,4,13505,0.00,19),(8433,4,13896,0.00,19),(8432,4,13895,0.00,19),(8431,4,13894,0.00,19),(8430,4,13893,0.00,19),(8041,4,13504,0.00,19),(8040,4,13503,0.00,19),(8039,4,13502,0.00,19),(8038,4,13501,0.00,19),(8037,4,13500,0.00,19),(8036,4,13499,0.00,19),(8429,4,13892,0.00,19),(8428,4,13891,0.00,19),(8035,4,13498,0.00,19),(8034,4,13497,0.00,19),(8033,4,13496,0.00,19),(8032,4,13495,0.00,19),(8031,4,13494,0.00,19),(8030,4,13493,0.00,19),(8029,4,13492,0.00,19),(8028,4,13491,0.00,19),(8427,4,13890,0.00,19),(8426,4,13889,0.00,19),(8425,4,13888,0.00,19),(8424,4,13887,0.00,19),(8423,4,13886,0.00,19),(8422,4,13885,0.00,19),(8421,4,13884,0.00,19),(8420,4,13883,0.00,19),(8419,4,13882,0.00,19),(8418,4,13881,0.00,19),(8417,4,13880,0.00,19),(6707,4,12170,0.00,19),(6706,4,12169,1.00,19),(6704,4,12167,0.00,19),(6784,4,12247,1.00,19),(6789,4,12252,0.00,19),(6788,4,12251,1.00,19),(6787,4,12250,1.00,19),(6783,4,12246,1.00,19),(6786,4,12249,1.00,19),(6773,4,12236,1.00,19),(6772,4,12235,1.00,19),(6771,4,12234,0.00,19),(6770,4,12233,1.00,19),(6769,4,12232,1.00,19),(6768,4,12231,0.00,19),(6767,4,12230,0.00,19),(6766,4,12229,0.00,19),(6765,4,12228,0.00,19),(6764,4,12227,0.00,19),(6763,4,12226,1.00,19),(6762,4,12225,1.00,19),(6761,4,12224,1.00,19),(6758,4,12221,1.00,19),(6760,4,12223,1.00,19),(6757,4,12220,0.00,19),(8416,4,13879,0.00,19),(8415,4,13878,0.00,19),(8414,4,13877,0.00,19),(8413,4,13876,0.00,19),(8412,4,13875,0.00,19),(8027,4,13490,0.00,19),(6699,4,12162,0.00,19),(6698,4,12161,0.00,19),(8411,4,13874,0.00,19),(8410,4,13873,0.00,19),(8409,4,13872,0.00,19),(8408,4,13871,0.00,19),(8407,4,13870,0.00,19),(8406,4,13869,0.00,19),(8405,4,13868,0.00,19),(8404,4,13867,0.00,19),(8403,4,13866,0.00,19),(8402,4,13865,0.00,19),(8026,4,13489,0.00,19),(8025,4,13488,0.00,19),(8024,4,13487,0.00,19),(8401,4,13864,0.00,19),(8400,4,13863,0.00,19),(8399,4,13862,0.00,19),(8398,4,13861,0.00,19),(8397,4,13860,0.00,19),(8396,4,13859,0.00,19),(8395,4,13858,0.00,19),(8394,4,13857,0.00,19),(8393,4,13856,0.00,19),(8392,4,13855,0.00,19),(8391,4,13854,0.00,19),(8390,4,13853,0.00,19),(8389,4,13852,0.00,19),(8388,4,13851,0.00,19),(8387,4,13850,0.00,19),(8386,4,13849,0.00,19),(8385,4,13848,0.00,19),(8384,4,13847,0.00,19),(8383,4,13846,0.00,19),(8382,4,13845,0.00,19),(8381,4,13844,0.00,19),(8380,4,13843,0.00,19),(8379,4,13842,0.00,19),(8378,4,13841,0.00,19),(8377,4,13840,0.00,19),(8376,4,13839,0.00,19),(8375,4,13838,0.00,19),(8374,4,13837,0.00,19),(8373,4,13836,0.00,19),(8372,4,13835,0.00,19),(8371,4,13834,0.00,19),(8370,4,13833,0.00,19),(8369,4,13832,0.00,19),(8023,4,13486,0.00,19),(8022,4,13485,0.00,19),(8021,4,13484,0.00,19),(8368,4,13831,0.00,19),(8367,4,13830,0.00,19),(8366,4,13829,0.00,19),(8365,4,13828,0.00,19),(8364,4,13827,0.00,19),(8363,4,13826,0.00,19),(8362,4,13825,0.00,19),(8361,4,13824,0.00,19),(8360,4,13823,0.00,19),(8359,4,13822,0.00,19),(8358,4,13821,0.00,19),(8357,4,13820,0.00,19),(8356,4,13819,0.00,19),(8355,4,13818,0.00,19),(8354,4,13817,0.00,19),(8353,4,13816,0.00,19),(8352,4,13815,0.00,19),(8351,4,13814,0.00,19),(8350,4,13813,0.00,19),(8349,4,13812,0.00,19),(8348,4,13811,0.00,19),(8347,4,13810,0.00,19),(8346,4,13809,0.00,19),(8345,4,13808,0.00,19),(8344,4,13807,0.00,19),(8343,4,13806,0.00,19),(8342,4,13805,0.00,19),(8341,4,13804,0.00,19),(8340,4,13803,0.00,19),(8339,4,13802,0.00,19),(8338,4,13801,0.00,19),(7117,4,12580,1.00,19),(8337,4,13800,0.00,19),(8336,4,13799,0.00,19),(8020,4,13483,1.00,19),(8019,4,13482,0.00,19),(8018,4,13481,0.00,19),(8017,4,13480,0.00,19),(8016,4,13479,0.00,19),(8015,4,13478,0.00,19),(8014,4,13477,0.00,19),(8013,4,13476,0.00,19),(8012,4,13475,0.00,19),(8011,4,13474,0.00,19),(8010,4,13473,0.00,19),(8009,4,13472,0.00,19),(8335,4,13798,0.00,19),(8334,4,13797,0.00,19),(8333,4,13796,0.00,19),(8332,4,13795,0.00,19),(8331,4,13794,0.00,19),(8330,4,13793,0.00,19),(8329,4,13792,0.00,19),(8328,4,13791,0.00,19),(8327,4,13790,0.00,19),(8326,4,13789,0.00,19),(8325,4,13788,0.00,19),(8324,4,13787,0.00,19),(8323,4,13786,0.00,19),(8322,4,13785,0.00,19),(8321,4,13784,0.00,19),(8320,4,13783,0.00,19),(8319,4,13782,0.00,19),(8318,4,13781,0.00,19),(8317,4,13780,0.00,19),(8316,4,13779,0.00,19),(8315,4,13778,0.00,19),(8314,4,13777,0.00,19),(8313,4,13776,0.00,19),(8312,4,13775,0.00,19),(8311,4,13774,0.00,19),(8310,4,13773,0.00,19),(8309,4,13772,0.00,19),(8308,4,13771,0.00,19),(8307,4,13770,0.00,19),(8306,4,13769,0.00,19),(8305,4,13768,0.00,19),(8304,4,13767,0.00,19),(8303,4,13766,0.00,19),(8302,4,13765,0.00,19),(8301,4,13764,0.00,19),(8300,4,13763,0.00,19),(8299,4,13762,0.00,19),(8298,4,13761,0.00,19),(8297,4,13760,0.00,19),(8296,4,13759,0.00,19),(8295,4,13758,0.00,19),(8294,4,13757,0.00,19),(8293,4,13756,0.00,19),(8292,4,13755,0.00,19),(8291,4,13754,0.00,19),(8290,4,13753,0.00,19),(8289,4,13752,0.00,19),(8288,4,13751,0.00,19),(8287,4,13750,0.00,19),(8286,4,13749,0.00,19),(8285,4,13748,0.00,19),(8284,4,13747,0.00,19),(8283,4,13746,0.00,19),(8282,4,13745,0.00,19),(8281,4,13744,0.00,19),(8280,4,13743,0.00,19),(8279,4,13742,0.00,19),(8278,4,13741,0.00,19),(8277,4,13740,0.00,19),(8276,4,13739,0.00,19),(8275,4,13738,0.00,19),(8274,4,13737,0.00,19),(8273,4,13736,0.00,19),(8272,4,13735,0.00,19),(8271,4,13734,0.00,19),(8270,4,13733,0.00,19),(8269,4,13732,0.00,19),(8268,4,13731,0.00,19),(8267,4,13730,0.00,19),(8266,4,13729,0.00,19),(8265,4,13728,0.00,19),(8264,4,13727,0.00,19),(8263,4,13726,0.00,19),(8262,4,13725,0.00,19),(8261,4,13724,0.00,19),(8260,4,13723,0.00,19),(8259,4,13722,0.00,19),(8258,4,13721,0.00,19),(8257,4,13720,0.00,19),(8256,4,13719,0.00,19),(8255,4,13718,0.00,19),(8254,4,13717,0.00,19),(8253,4,13716,0.00,19),(8252,4,13715,0.00,19),(8251,4,13714,0.00,19),(8250,4,13713,0.00,19),(8249,4,13712,0.00,19),(8248,4,13711,0.00,19),(8247,4,13710,0.00,19),(8246,4,13709,0.00,19),(8245,4,13708,0.00,19),(8244,4,13707,0.00,19),(8243,4,13706,0.00,19),(8242,4,13705,0.00,19),(8241,4,13704,0.00,19),(8240,4,13703,0.00,19),(8239,4,13702,0.00,19),(8238,4,13701,0.00,19),(8237,4,13700,0.00,19),(8236,4,13699,0.00,19),(8235,4,13698,0.00,19),(8234,4,13697,0.00,19),(8233,4,13696,0.00,19),(8232,4,13695,0.00,19),(8231,4,13694,0.00,19),(8230,4,13693,0.00,19),(8229,4,13692,0.00,19),(8228,4,13691,0.00,19),(8227,4,13690,0.00,19),(8226,4,13689,0.00,19),(8225,4,13688,0.00,19),(8224,4,13687,0.00,19),(8223,4,13686,0.00,19),(8222,4,13685,0.00,19),(8221,4,13684,0.00,19),(8220,4,13683,0.00,19),(8219,4,13682,0.00,19),(8218,4,13681,0.00,19),(8217,4,13680,0.00,19),(8216,4,13679,0.00,19),(8215,4,13678,0.00,19),(8214,4,13677,0.00,19),(8213,4,13676,0.00,19),(8212,4,13675,0.00,19),(8211,4,13674,0.00,19),(8210,4,13673,0.00,19),(8209,4,13672,0.00,19),(8208,4,13671,0.00,19),(8207,4,13670,0.00,19),(8206,4,13669,0.00,19),(8205,4,13668,0.00,19),(8204,4,13667,0.00,19),(8203,4,13666,0.00,19),(8202,4,13665,0.00,19),(8201,4,13664,0.00,19),(8200,4,13663,0.00,19),(8199,4,13662,0.00,19),(8198,4,13661,0.00,19),(8197,4,13660,0.00,19),(8196,4,13659,0.00,19),(8195,4,13658,0.00,19),(8194,4,13657,0.00,19),(8193,4,13656,0.00,19),(8192,4,13655,0.00,19),(8191,4,13654,0.00,19),(8190,4,13653,0.00,19),(8189,4,13652,0.00,19),(8188,4,13651,0.00,19),(8187,4,13650,0.00,19),(8186,4,13649,0.00,19),(8185,4,13648,0.00,19),(8184,4,13647,0.00,19),(8183,4,13646,0.00,19),(8182,4,13645,0.00,19),(8181,4,13644,0.00,19),(8180,4,13643,0.00,19),(8179,4,13642,0.00,19),(8178,4,13641,0.00,19),(8177,4,13640,0.00,19),(8176,4,13639,0.00,19),(8175,4,13638,0.00,19),(8174,4,13637,0.00,19),(8173,4,13636,0.00,19),(8172,4,13635,0.00,19),(8171,4,13634,0.00,19),(8170,4,13633,0.00,19),(8169,4,13632,0.00,19),(8168,4,13631,0.00,19),(8167,4,13630,0.00,19),(8166,4,13629,0.00,19),(8165,4,13628,0.00,19),(8164,4,13627,0.00,19),(8163,4,13626,0.00,19),(8162,4,13625,0.00,19),(8161,4,13624,0.00,19),(8160,4,13623,0.00,19),(8159,4,13622,0.00,19),(8158,4,13621,0.00,19),(8157,4,13620,0.00,19),(8156,4,13619,0.00,19),(8155,4,13618,0.00,19),(8154,4,13617,0.00,19),(8153,4,13616,0.00,19),(8152,4,13615,0.00,19),(8151,4,13614,0.00,19),(8150,4,13613,0.00,19),(8149,4,13612,0.00,19),(8148,4,13611,0.00,19),(8147,4,13610,0.00,19),(8146,4,13609,0.00,19),(8145,4,13608,0.00,19),(8144,4,13607,0.00,19),(8143,4,13606,0.00,19),(8142,4,13605,0.00,19),(8141,4,13604,0.00,19),(8140,4,13603,0.00,19),(8139,4,13602,0.00,19),(8138,4,13601,0.00,19),(8137,4,13600,0.00,19),(8136,4,13599,0.00,19),(8135,4,13598,0.00,19),(8134,4,13597,0.00,19),(8133,4,13596,0.00,19),(8132,4,13595,0.00,19),(8131,4,13594,0.00,19),(8130,4,13593,0.00,19),(8129,4,13592,0.00,19),(8128,4,13591,0.00,19),(8127,4,13590,0.00,19),(8126,4,13589,0.00,19),(8125,4,13588,0.00,19),(8124,4,13587,0.00,19),(8123,4,13586,0.00,19),(8122,4,13585,0.00,19),(8121,4,13584,0.00,19),(8120,4,13583,0.00,19),(8119,4,13582,0.00,19),(8118,4,13581,0.00,19),(8117,4,13580,0.00,19),(8116,4,13579,0.00,19),(8115,4,13578,1.00,19),(8114,4,13577,1.00,19),(8113,4,13576,1.00,19),(8112,4,13575,0.00,19),(8111,4,13574,1.00,19),(8110,4,13573,1.00,19),(8109,4,13572,1.00,19),(8108,4,13571,1.00,19),(8107,4,13570,1.00,19),(8106,4,13569,1.00,19),(8105,4,13568,1.00,19),(8104,4,13567,1.00,19),(8103,4,13566,1.00,19),(8102,4,13565,0.00,19),(8101,4,13564,1.00,19),(8100,4,13563,1.00,19),(8099,4,13562,1.00,19),(8098,4,13561,1.00,19),(8097,4,13560,1.00,19),(8096,4,13559,0.00,19),(8095,4,13558,1.00,19),(8094,4,13557,0.00,19),(8093,4,13556,1.00,19),(8092,4,13555,0.00,19),(8091,4,13554,0.00,19),(8090,4,13553,1.00,19),(8089,4,13552,1.00,19),(8708,4,14171,1.00,19),(8087,4,13550,1.00,19),(8709,4,14172,1.00,19),(8085,4,13548,1.00,19),(8084,4,13547,1.00,19),(8008,4,13471,0.00,19),(8007,4,13470,0.00,19),(8006,4,13469,0.00,19),(8083,4,13546,1.00,19),(8082,4,13545,0.00,19),(8081,4,13544,0.00,19),(8080,4,13543,0.00,19),(8079,4,13542,0.00,19),(8078,4,13541,0.00,19),(8077,4,13540,1.00,19),(8076,4,13539,0.00,19),(8075,4,13538,1.00,19),(8005,4,13468,0.00,19),(8004,4,13467,0.00,19),(8003,4,13466,0.00,19),(8002,4,13465,0.00,19),(8001,4,13464,0.00,19),(8480,4,13943,1.00,19),(8481,4,13944,0.00,19),(8482,4,13945,0.00,19),(8483,4,13946,0.00,19),(8484,4,13947,0.00,19),(8485,4,13948,0.00,19),(8486,4,13949,0.00,19),(8487,4,13950,0.00,19),(8488,4,13951,0.00,19),(8489,4,13952,0.00,19),(8490,4,13953,0.00,19),(8491,4,13954,0.00,19),(8492,4,13955,0.00,19),(8493,4,13956,1.00,19),(8494,4,13957,1.00,19),(8495,4,13958,1.00,19),(8496,4,13959,1.00,19),(8497,4,13960,1.00,19),(8498,4,13961,1.00,19),(8499,4,13962,1.00,19),(8500,4,13963,1.00,19),(8501,4,13964,1.00,19),(8502,4,13965,1.00,19),(8503,4,13966,1.00,19),(8504,4,13967,1.00,19),(8505,4,13968,1.00,19),(8506,4,13969,1.00,19),(8507,4,13970,1.00,19),(8508,4,13971,1.00,19),(8509,4,13972,0.00,19),(8510,4,13973,0.00,19),(8511,4,13974,0.00,19),(8512,4,13975,0.00,19),(8513,4,13976,0.00,19),(8514,4,13977,0.00,19),(8515,4,13978,0.00,19),(8516,4,13979,0.00,19),(8517,4,13980,0.00,19),(8518,4,13981,0.00,19),(8519,4,13982,0.00,19),(8520,4,13983,0.00,19),(8521,4,13984,0.00,19),(8522,4,13985,0.00,19),(8523,4,13986,0.00,19),(8524,4,13987,0.00,19),(8525,4,13988,0.00,19),(8526,4,13989,0.00,19),(8527,4,13990,0.00,19),(8528,4,13991,0.00,19),(8529,4,13992,0.00,19),(8530,4,13993,0.00,19),(8531,4,13994,0.00,19),(8532,4,13995,0.00,19),(8533,4,13996,0.00,19),(8534,4,13997,0.00,19),(8535,4,13998,0.00,19),(8536,4,13999,0.00,19),(8537,4,14000,0.00,19),(8538,4,14001,0.00,19),(8539,4,14002,0.00,19),(8540,4,14003,0.00,19),(8541,4,14004,0.00,19),(8542,4,14005,0.00,19),(8543,4,14006,1.00,19),(8544,4,14007,1.00,19),(8545,4,14008,0.00,19),(8546,4,14009,0.00,19),(8547,4,14010,0.00,19),(8548,4,14011,0.00,19),(8549,4,14012,0.00,19),(8550,4,14013,0.00,19),(8551,4,14014,1.00,19),(8552,4,14015,1.00,19),(8553,4,14016,1.00,19),(8554,4,14017,1.00,19),(8555,4,14018,1.00,19),(9033,4,14497,0.00,19),(9032,4,14496,0.00,19),(9031,4,14495,0.00,19),(9030,4,14494,0.00,19),(9029,4,14493,0.00,19),(9028,4,14492,0.00,19),(9027,4,14491,0.00,19),(9026,4,14490,0.00,19),(9025,4,14489,0.00,19),(9024,4,14488,0.00,19),(9023,4,14487,0.00,19),(9022,4,14486,0.00,19),(9021,4,14485,0.00,19),(9020,4,14484,0.00,19),(9019,4,14483,0.00,19),(9018,4,14482,0.00,19),(9017,4,14481,0.00,19),(9016,4,14480,0.00,19),(9015,4,14479,0.00,19),(9012,4,14476,0.00,19),(8576,4,14039,1.00,19),(9358,4,14822,1.00,19),(8578,4,14041,1.00,19),(8579,4,14042,1.00,19),(8580,4,14043,1.00,19),(8581,4,14044,0.00,19),(8582,4,14045,0.00,19),(8583,4,14046,0.00,19),(8584,4,14047,0.00,19),(8585,4,14048,0.00,19),(8586,4,14049,0.00,19),(8587,4,14050,0.00,19),(8588,4,14051,0.00,19),(8589,4,14052,0.00,19),(8590,4,14053,0.00,19),(8591,4,14054,0.00,19),(8592,4,14055,0.00,19),(8593,4,14056,0.00,19),(8594,4,14057,0.00,19),(8595,4,14058,0.00,19),(8596,4,14059,0.00,19),(8597,4,14060,0.00,19),(8598,4,14061,1.00,19),(8599,4,14062,0.00,19),(8600,4,14063,0.00,19),(8601,4,14064,0.00,19),(8602,4,14065,0.00,19),(8603,4,14066,0.00,19),(8604,4,14067,0.00,19),(8605,4,14068,0.00,19),(8606,4,14069,0.00,19),(8607,4,14070,0.00,19),(8608,4,14071,1.00,19),(8609,4,14072,1.00,19),(8610,4,14073,0.00,19),(8611,4,14074,0.00,19),(8612,4,14075,0.00,19),(8613,4,14076,0.00,19),(8614,4,14077,0.00,19),(8615,4,14078,0.00,19),(8616,4,14079,0.00,19),(8617,4,14080,0.00,19),(8618,4,14081,0.00,19),(8619,4,14082,0.00,19),(8620,4,14083,0.00,19),(8621,4,14084,0.00,19),(8622,4,14085,1.00,19),(8623,4,14086,1.00,19),(8624,4,14087,1.00,19),(8625,4,14088,1.00,19),(8626,4,14089,1.00,19),(8627,4,14090,1.00,19),(8733,4,14196,1.00,24),(8629,4,14092,1.00,19),(8630,4,14093,1.00,19),(8631,4,14094,1.00,19),(8632,4,14095,1.00,19),(8633,4,14096,1.00,19),(8634,4,14097,1.00,19),(8635,4,14098,0.00,19),(8636,4,14099,1.00,19),(8637,4,14100,2.00,19),(8642,4,14105,0.00,19),(8641,4,14104,1.00,19),(8643,4,14106,0.00,19),(8644,4,14107,0.00,19),(8645,4,14108,0.00,19),(8646,4,14109,0.00,19),(8647,4,14110,0.00,19),(8648,4,14111,0.00,19),(8649,4,14112,0.00,19),(8650,4,14113,0.00,19),(8651,4,14114,0.00,19),(8652,4,14115,0.00,19),(8653,4,14116,0.00,19),(8654,4,14117,0.00,19),(8655,4,14118,0.00,19),(8656,4,14119,1.00,19),(8657,4,14120,1.00,19),(8658,4,14121,1.00,19),(8659,4,14122,1.00,19),(8660,4,14123,1.00,19),(8661,4,14124,1.00,19),(8662,4,14125,1.00,19),(8663,4,14126,1.00,19),(8664,4,14127,0.00,19),(8665,4,14128,1.00,21),(8666,4,14129,1.00,21),(8667,4,14130,0.00,19),(8668,4,14131,0.00,19),(8669,4,14132,0.00,19),(8670,4,14133,0.00,19),(8671,4,14134,0.00,19),(8672,4,14135,0.00,19),(8673,4,14136,0.00,19),(8674,4,14137,0.00,19),(8675,4,14138,0.00,19),(8676,4,14139,0.00,19),(8677,4,14140,0.00,19),(8678,4,14141,0.00,19),(8679,4,14142,0.00,19),(8680,4,14143,0.00,19),(8681,4,14144,0.00,19),(8682,4,14145,1.00,19),(8683,4,14146,0.00,19),(8684,4,14147,0.00,19),(8685,4,14148,0.00,19),(8686,4,14149,0.00,19),(8687,4,14150,1.00,19),(8688,4,14151,1.00,19),(8689,4,14152,1.00,19),(8690,4,14153,1.00,19),(8691,4,14154,1.00,19),(8692,4,14155,1.00,19),(8693,4,14156,1.00,19),(8694,4,14157,1.00,19),(8695,4,14158,1.00,19),(8696,4,14159,1.00,19),(8697,4,14160,1.00,19),(8698,4,14161,1.00,19),(8736,4,14199,1.00,19),(8737,4,14200,0.00,19),(8738,4,14201,0.00,19),(8739,4,14202,0.00,19),(8740,4,14203,0.00,19),(8741,4,14204,0.00,19),(8742,4,14205,0.00,19),(8743,4,14206,0.00,19),(8744,4,14207,0.00,19),(8745,4,14208,0.00,19),(8746,4,14209,0.00,19),(8747,4,14210,0.00,19),(8748,4,14211,0.00,19),(8749,4,14213,1.00,19),(8750,4,14214,1.00,19),(8751,4,14215,1.00,19),(8752,4,14216,1.00,19),(8753,4,14217,1.00,19),(8754,4,14218,1.00,19),(8755,4,14219,0.00,19),(8756,4,14220,0.00,19),(8759,4,14223,1.00,19),(8760,4,14224,0.00,19),(8761,4,14225,0.00,19),(8762,4,14226,0.00,19),(8763,4,14227,0.00,19),(8764,4,14228,1.00,19),(8765,4,14229,1.00,19),(8766,4,14230,0.00,19),(8767,4,14231,0.00,19),(8768,4,14232,0.00,19),(8769,4,14233,0.00,19),(8770,4,14234,0.00,19),(8771,4,14235,0.00,19),(8772,4,14236,0.00,19),(8773,4,14237,0.00,19),(8774,4,14238,0.00,19),(8775,4,14239,0.00,19),(8776,4,14240,0.00,19),(8777,4,14241,0.00,19),(8778,4,14242,0.00,19),(8779,4,14243,0.00,19),(8784,4,14248,1.00,19),(8785,4,14249,1.00,19),(8786,4,14250,1.00,19),(8787,4,14251,1.00,19),(8788,4,14252,1.00,19),(8789,4,14253,1.00,19),(8790,4,14254,1.00,19),(8791,4,14255,1.00,19),(8792,4,14256,0.00,19),(8793,4,14257,1.00,19),(8794,4,14258,0.00,19),(8795,4,14259,0.00,19),(8796,4,14260,1.00,21),(8797,4,14261,0.00,21),(8798,4,14262,1.00,19),(8799,4,14263,1.00,19),(8800,4,14264,1.00,19),(8801,4,14265,1.00,19),(8802,4,14266,1.00,19),(8803,4,14267,1.00,19),(8804,4,14268,1.00,19),(8805,4,14269,1.00,19),(8806,4,14270,1.00,19),(8807,4,14271,1.00,19),(8808,4,14272,1.00,19),(8809,4,14273,1.00,19),(8810,4,14274,1.00,19),(8811,4,14275,1.00,19),(8812,4,14276,1.00,19),(8813,4,14277,1.00,19),(8814,4,14278,1.00,19),(8815,4,14279,1.00,19),(8816,4,14280,1.00,19),(8817,4,14281,1.00,19),(8818,4,14282,1.00,19),(8819,4,14283,1.00,19),(8820,4,14284,1.00,19),(8821,4,14285,1.00,19),(8822,4,14286,1.00,19),(8823,4,14287,1.00,19),(8824,4,14288,1.00,19),(8825,4,14289,1.00,19),(8826,4,14290,1.00,19),(8827,4,14291,0.00,19),(8828,4,14292,1.00,19),(8829,4,14293,1.00,19),(8830,4,14294,1.00,19),(8831,4,14295,1.00,19),(8832,4,14296,1.00,19),(8833,4,14297,1.00,19),(8834,4,14298,1.00,19),(8835,4,14299,1.00,19),(8836,4,14300,1.00,19),(8837,4,14301,1.00,19),(8838,4,14302,1.00,19),(8839,4,14303,1.00,19),(8840,4,14304,1.00,19),(8841,4,14305,1.00,19),(8842,4,14306,1.00,19),(8843,4,14307,1.00,19),(8844,4,14308,1.00,19),(8845,4,14309,1.00,19),(8846,4,14310,1.00,19),(8847,4,14311,1.00,19),(8848,4,14312,0.00,19),(8849,4,14313,0.00,19),(8850,4,14314,0.00,19),(8851,4,14315,1.00,19),(8852,4,14316,1.00,19),(8853,4,14317,1.00,19),(8854,4,14318,1.00,19),(8855,4,14319,1.00,19),(8856,4,14320,0.00,19),(8857,4,14321,0.00,19),(8858,4,14322,1.00,19),(8859,4,14323,1.00,19),(8860,4,14324,1.00,19),(8861,4,14325,1.00,19),(8862,4,14326,1.00,19),(8863,4,14327,1.00,19),(8864,4,14328,1.00,19),(8865,4,14329,1.00,19),(8866,4,14330,1.00,19),(8867,4,14331,1.00,19),(8868,4,14332,1.00,19),(8869,4,14333,1.00,19),(8870,4,14334,1.00,19),(8871,4,14335,1.00,19),(8872,4,14336,1.00,19),(8873,4,14337,1.00,19),(8874,4,14338,1.00,19),(8875,4,14339,1.00,19),(8876,4,14340,1.00,19),(8877,4,14341,1.00,19),(8878,4,14342,1.00,19),(8879,4,14343,1.00,19),(8880,4,14344,1.00,19),(8881,4,14345,1.00,19),(8882,4,14346,1.00,19),(8883,4,14347,1.00,19),(8884,4,14348,1.00,19),(8885,4,14349,1.00,19),(8886,4,14350,1.00,19),(8887,4,14351,1.00,19),(8888,4,14352,1.00,19),(8889,4,14353,1.00,19),(8890,4,14354,1.00,19),(8891,4,14355,1.00,19),(8892,4,14356,1.00,19),(8893,4,14357,1.00,19),(8894,4,14358,1.00,19),(8895,4,14359,1.00,19),(8896,4,14360,1.00,19),(8897,4,14361,1.00,19),(8898,4,14362,1.00,19),(8899,4,14363,1.00,19),(8900,4,14364,1.00,19),(8901,4,14365,1.00,19),(8902,4,14366,1.00,19),(8903,4,14367,1.00,19),(8904,4,14368,1.00,19),(8905,4,14369,1.00,19),(8906,4,14370,1.00,19),(8907,4,14371,1.00,19),(8908,4,14372,1.00,19),(8909,4,14373,1.00,19),(8910,4,14374,1.00,19),(8911,4,14375,1.00,19),(8912,4,14376,1.00,19),(8913,4,14377,1.00,19),(8914,4,14378,1.00,19),(8915,4,14379,1.00,19),(8916,4,14380,1.00,19),(8917,4,14381,1.00,19),(8918,4,14382,1.00,19),(8919,4,14383,1.00,19),(8920,4,14384,1.00,19),(8921,4,14385,1.00,19),(8922,4,14386,1.00,19),(8923,4,14387,1.00,19),(8924,4,14388,1.00,19),(8925,4,14389,1.00,19),(8926,4,14390,1.00,19),(8927,4,14391,1.00,19),(8928,4,14392,1.00,19),(8929,4,14393,1.00,19),(8930,4,14394,1.00,19),(8931,4,14395,1.00,19),(8932,4,14396,0.00,19),(8933,4,14397,1.00,19),(8934,4,14398,1.00,19),(8935,4,14399,1.00,19),(8936,4,14400,1.00,19),(8937,4,14401,1.00,19),(8938,4,14402,1.00,19),(8939,4,14403,1.00,19),(8940,4,14404,1.00,19),(8941,4,14405,1.00,19),(8942,4,14406,1.00,19),(8943,4,14407,1.00,19),(8944,4,14408,1.00,19),(8945,4,14409,1.00,19),(8946,4,14410,1.00,19),(8947,4,14411,1.00,19),(8948,4,14412,1.00,19),(8949,4,14413,1.00,19),(8950,4,14414,1.00,19),(8951,4,14415,1.00,19),(8952,4,14416,1.00,19),(8953,4,14417,1.00,19),(8954,4,14418,1.00,19),(8955,4,14419,1.00,19),(8956,4,14420,1.00,19),(8957,4,14421,1.00,19),(8958,4,14422,1.00,19),(8959,4,14423,1.00,19),(8960,4,14424,1.00,19),(8961,4,14425,1.00,19),(8962,4,14426,1.00,19),(8963,4,14427,1.00,19),(8964,4,14428,1.00,19),(8965,4,14429,1.00,19),(8966,4,14430,1.00,19),(8967,4,14431,1.00,19),(8968,4,14432,1.00,19),(8969,4,14433,1.00,19),(8970,4,14434,1.00,19),(8971,4,14435,1.00,19),(8972,4,14436,1.00,19),(8973,4,14437,1.00,19),(8974,4,14438,1.00,19),(8975,4,14439,1.00,19),(8976,4,14440,1.00,19),(8977,4,14441,1.00,19),(8978,4,14442,1.00,19),(8979,4,14443,1.00,19),(8980,4,14444,1.00,19),(8981,4,14445,1.00,19),(8982,4,14446,1.00,19),(8983,4,14447,1.00,19),(8984,4,14448,1.00,19),(8985,4,14449,1.00,19),(8986,4,14450,1.00,19),(8987,4,14451,1.00,19),(8988,4,14452,1.00,19),(8989,4,14453,1.00,19),(8990,4,14454,1.00,19),(8991,4,14455,1.00,19),(8992,4,14456,1.00,19),(8993,4,14457,1.00,19),(8994,4,14458,1.00,19),(8995,4,14459,1.00,19),(8996,4,14460,1.00,19),(8997,4,14461,1.00,19),(8998,4,14462,1.00,19),(8999,4,14463,1.00,19),(9000,4,14464,1.00,19),(9001,4,14465,1.00,19),(9002,4,14466,1.00,19),(9003,4,14467,1.00,19),(9004,4,14468,1.00,19),(9005,4,14469,1.00,19),(9006,4,14470,1.00,19),(9007,4,14471,1.00,19),(9008,4,14472,1.00,19),(9009,4,14473,1.00,19),(9010,4,14474,1.00,19),(9014,4,14478,0.00,19),(9034,4,14498,0.00,19),(9035,4,14499,0.00,19),(9036,4,14500,0.00,19),(9037,4,14501,0.00,19),(9038,4,14502,0.00,19),(9039,4,14503,0.00,19),(9040,4,14504,0.00,19),(9041,4,14505,0.00,19),(9042,4,14506,0.00,19),(9043,4,14507,0.00,19),(9044,4,14508,0.00,19),(9045,4,14509,0.00,19),(9046,4,14510,0.00,19),(9047,4,14511,0.00,19),(9048,4,14512,0.00,19),(9049,4,14513,0.00,19),(9050,4,14514,0.00,19),(9051,4,14515,0.00,19),(9052,4,14516,0.00,19),(9053,4,14517,0.00,19),(9054,4,14518,0.00,19),(9055,4,14519,0.00,19),(9056,4,14520,0.00,19),(9057,4,14521,0.00,19),(9058,4,14522,0.00,19),(9059,4,14523,0.00,19),(9060,4,14524,0.00,19),(9061,4,14525,0.00,19),(9062,4,14526,0.00,19),(9063,4,14527,0.00,19),(9064,4,14528,0.00,19),(9065,4,14529,0.00,19),(9066,4,14530,0.00,19),(9067,4,14531,0.00,19),(9068,4,14532,0.00,19),(9069,4,14533,0.00,19),(9070,4,14534,0.00,19),(9071,4,14535,0.00,19),(9072,4,14536,0.00,19),(9073,4,14537,0.00,19),(9074,4,14538,0.00,19),(9075,4,14539,0.00,19),(9076,4,14540,0.00,19),(9077,4,14541,0.00,19),(9078,4,14542,0.00,19),(9079,4,14543,0.00,19),(9080,4,14544,0.00,19),(9081,4,14545,0.00,19),(9082,4,14546,0.00,19),(9083,4,14547,0.00,19),(9084,4,14548,0.00,19),(9085,4,14549,0.00,19),(9086,4,14550,0.00,19),(9087,4,14551,0.00,19),(9088,4,14552,0.00,19),(9089,4,14553,0.00,19),(9090,4,14554,0.00,19),(9091,4,14555,0.00,19),(9092,4,14556,0.00,19),(9093,4,14557,0.00,19),(9094,4,14558,0.00,19),(9095,4,14559,0.00,19),(9096,4,14560,0.00,19),(9097,4,14561,0.00,19),(9098,4,14562,0.00,19),(9099,4,14563,0.00,19),(9100,4,14564,0.00,19),(9101,4,14565,0.00,19),(9102,4,14566,0.00,19),(9103,4,14567,0.00,19),(9104,4,14568,0.00,19),(9105,4,14569,0.00,19),(9106,4,14570,0.00,19),(9107,4,14571,0.00,19),(9108,4,14572,0.00,19),(9109,4,14573,0.00,19),(9110,4,14574,0.00,19),(9111,4,14575,0.00,19),(9112,4,14576,0.00,19),(9113,4,14577,0.00,19),(9114,4,14578,0.00,19),(9115,4,14579,0.00,19),(9116,4,14580,0.00,19),(9117,4,14581,0.00,19),(9118,4,14582,0.00,19),(9119,4,14583,0.00,19),(9121,4,14585,0.00,19),(9122,4,14586,0.00,19),(9123,4,14587,0.00,19),(9124,4,14588,0.00,19),(9125,4,14589,0.00,19),(9126,4,14590,0.00,19),(9127,4,14591,0.00,19),(9128,4,14592,0.00,19),(9129,4,14593,0.00,19),(9130,4,14594,0.00,19),(9131,4,14595,0.00,19),(9132,4,14596,0.00,19),(9133,4,14597,0.00,19),(9134,4,14598,0.00,19),(9135,4,14599,0.00,19),(9136,4,14600,0.00,19),(9137,4,14601,0.00,19),(9138,4,14602,0.00,19),(9139,4,14603,0.00,19),(9140,4,14604,0.00,19),(9141,4,14605,0.00,19),(9142,4,14606,0.00,19),(9143,4,14607,0.00,19),(9144,4,14608,0.00,19),(9145,4,14609,0.00,19),(9146,4,14610,0.00,19),(9147,4,14611,0.00,19),(9148,4,14612,0.00,19),(9149,4,14613,0.00,19),(9150,4,14614,0.00,19),(9151,4,14615,0.00,19),(9152,4,14616,0.00,19),(9153,4,14617,0.00,19),(9154,4,14618,0.00,19),(9155,4,14619,0.00,19),(9156,4,14620,0.00,19),(9157,4,14621,0.00,19),(9158,4,14622,0.00,19),(9159,4,14623,0.00,19),(9160,4,14624,0.00,19),(9161,4,14625,0.00,19),(9162,4,14626,0.00,19),(9163,4,14627,0.00,19),(9164,4,14628,0.00,19),(9165,4,14629,0.00,19),(9166,4,14630,0.00,19),(9167,4,14631,0.00,19),(9168,4,14632,0.00,19),(9169,4,14633,0.00,19),(9170,4,14634,0.00,19),(9171,4,14635,0.00,19),(9172,4,14636,0.00,19),(9173,4,14637,0.00,19),(9174,4,14638,0.00,19),(9175,4,14639,0.00,19),(9176,4,14640,0.00,19),(9177,4,14641,0.00,19),(9178,4,14642,0.00,19),(9179,4,14643,0.00,19),(9180,4,14644,0.00,19),(9181,4,14645,0.00,19),(9182,4,14646,0.00,19),(9183,4,14647,0.00,19),(9184,4,14648,0.00,19),(9185,4,14649,0.00,19),(9186,4,14650,0.00,19),(9187,4,14651,0.00,19),(9188,4,14652,0.00,19),(9189,4,14653,0.00,19),(9190,4,14654,0.00,19),(9191,4,14655,0.00,19),(9192,4,14656,0.00,19),(9193,4,14657,0.00,19),(9194,4,14658,0.00,19),(9195,4,14659,0.00,19),(9196,4,14660,0.00,19),(9197,4,14661,0.00,19),(9198,4,14662,0.00,19),(9199,4,14663,0.00,19),(9200,4,14664,0.00,19),(9201,4,14665,0.00,19),(9202,4,14666,0.00,19),(9203,4,14667,0.00,19),(9204,4,14668,0.00,19),(9205,4,14669,0.00,19),(9206,4,14670,0.00,19),(9207,4,14671,0.00,19),(9208,4,14672,0.00,19),(9209,4,14673,0.00,19),(9210,4,14674,0.00,19),(9211,4,14675,0.00,19),(9212,4,14676,0.00,19),(9213,4,14677,0.00,19),(9214,4,14678,0.00,19),(9215,4,14679,0.00,19),(9216,4,14680,0.00,19),(9217,4,14681,0.00,19),(9218,4,14682,0.00,19),(9219,4,14683,0.00,19),(9220,4,14684,0.00,19),(9221,4,14685,0.00,19),(9222,4,14686,0.00,19),(9223,4,14687,0.00,19),(9224,4,14688,0.00,19),(9225,4,14689,0.00,19),(9226,4,14690,0.00,19),(9227,4,14691,0.00,19),(9228,4,14692,0.00,19),(9229,4,14693,0.00,19),(9230,4,14694,0.00,19),(9231,4,14695,0.00,19),(9232,4,14696,0.00,19),(9233,4,14697,0.00,19),(9234,4,14698,0.00,19),(9235,4,14699,0.00,19),(9236,4,14700,0.00,19),(9237,4,14701,0.00,19),(9238,4,14702,0.00,19),(9239,4,14703,0.00,19),(9240,4,14704,0.00,19),(9241,4,14705,0.00,19),(9242,4,14706,1.00,19),(9243,4,14707,0.00,19),(9244,4,14708,0.00,19),(9245,4,14709,0.00,19),(9246,4,14710,0.00,19),(9247,4,14711,1.00,19),(9248,4,14712,1.00,19),(9249,4,14713,1.00,19),(9250,4,14714,0.00,21),(9251,4,14715,1.00,19),(9252,4,14716,1.00,19),(9253,4,14717,0.00,19),(9254,4,14718,0.00,19),(9255,4,14719,0.00,19),(9256,4,14720,0.00,19),(9257,4,14721,0.00,19),(9258,4,14722,0.00,19),(9259,4,14723,0.00,19),(9260,4,14724,0.00,19),(9261,4,14725,0.00,19),(9262,4,14726,0.00,19),(9263,4,14727,0.00,19),(9264,4,14728,0.00,19),(9265,4,14729,0.00,19),(9266,4,14730,0.00,19),(9267,4,14731,0.00,19),(9268,4,14732,0.00,19),(9269,4,14733,0.00,19),(9270,4,14734,0.00,19),(9271,4,14735,0.00,19),(9272,4,14736,0.00,19),(9273,4,14737,0.00,19),(9274,4,14738,0.00,19),(9275,4,14739,0.00,19),(9276,4,14740,0.00,19),(9277,4,14741,0.00,19),(9278,4,14742,0.00,19),(9279,4,14743,0.00,19),(9280,4,14744,0.00,19),(9281,4,14745,0.00,19),(9282,4,14746,0.00,19),(9283,4,14747,0.00,19),(9284,4,14748,0.00,19),(9285,4,14749,0.00,19),(9286,4,14750,0.00,19),(9287,4,14751,0.00,19),(9288,4,14752,0.00,19),(9289,4,14753,0.00,19),(9290,4,14754,0.00,19),(9291,4,14755,0.00,19),(9292,4,14756,0.00,19),(9293,4,14757,0.00,19),(9294,4,14758,0.00,19),(9295,4,14759,0.00,19),(9296,4,14760,0.00,19),(9297,4,14761,0.00,19),(9298,4,14762,0.00,19),(9299,4,14763,0.00,19),(9300,4,14764,0.00,19),(9301,4,14765,0.00,19),(9302,4,14766,0.00,19),(9303,4,14767,0.00,19),(9304,4,14768,0.00,19),(9305,4,14769,0.00,19),(9306,4,14770,0.00,19),(9307,4,14771,0.00,19),(9308,4,14772,0.00,19),(9309,4,14773,0.00,19),(9310,4,14774,0.00,19),(9311,4,14775,0.00,19),(9312,4,14776,0.00,19),(9313,4,14777,0.00,19),(9314,4,14778,0.00,19),(9315,4,14779,0.00,19),(9316,4,14780,0.00,19),(9317,4,14781,0.00,19),(9318,4,14782,0.00,19),(9319,4,14783,0.00,19),(9320,4,14784,0.00,19),(9321,4,14785,0.00,19),(9322,4,14786,0.00,19),(9323,4,14787,0.00,19),(9324,4,14788,0.00,19),(9325,4,14789,0.00,19),(9326,4,14790,0.00,19),(9327,4,14791,0.00,19),(9328,4,14792,0.00,19),(9329,4,14793,0.00,19),(9330,4,14794,0.00,19),(9331,4,14795,0.00,19),(9332,4,14796,0.00,19),(9333,4,14797,0.00,19),(9334,4,14798,0.00,19),(9335,4,14799,0.00,19),(9336,4,14800,0.00,19),(9337,4,14801,0.00,19),(9338,4,14802,0.00,19),(9339,4,14803,0.00,19),(9340,4,14804,0.00,19),(9341,4,14805,0.00,19),(9342,4,14806,0.00,19),(9343,4,14807,0.00,19),(9344,4,14808,0.00,19),(9345,4,14809,0.00,19),(9346,4,14810,0.00,19),(9347,4,14811,0.00,19),(9348,4,14812,0.00,19),(9349,4,14813,0.00,19),(9350,4,14814,0.00,19),(9351,4,14815,1.00,19),(9352,4,14816,1.00,19),(9353,4,14817,1.00,19),(9354,4,14818,1.00,19),(9355,4,14819,0.00,19),(9356,4,14820,0.00,19),(9357,4,14821,0.00,19),(9359,4,14823,1.00,19),(9360,4,14824,1.00,19),(9361,4,14825,1.00,19),(9362,4,14826,1.00,19),(9363,4,14827,1.00,19),(9364,4,14828,1.00,19),(9365,4,14829,1.00,19),(9366,4,14830,1.00,19),(9367,4,14831,1.00,19),(9368,4,14832,1.00,19),(9369,4,14833,1.00,19),(9370,4,14834,1.00,19),(9371,4,14835,1.00,19),(9372,4,14836,1.00,19),(9373,4,14837,1.00,19),(9374,4,14838,1.00,19),(9375,4,14839,1.00,19),(9376,4,14840,1.00,19),(9377,4,14841,1.00,19),(9378,4,14842,1.00,19),(9379,4,14843,1.00,19),(9380,4,14844,1.00,19),(9381,4,14845,1.00,19),(9398,4,14862,1.00,19),(9383,4,14847,1.00,19),(9384,4,14848,1.00,19),(9385,4,14849,1.00,19),(9386,4,14850,1.00,19),(9387,4,14851,1.00,19),(9388,4,14852,1.00,19),(9389,4,14853,1.00,19),(9390,4,14854,1.00,19),(9391,4,14855,1.00,19),(9392,4,14856,1.00,19),(9393,4,14857,1.00,19),(9394,4,14858,1.00,19),(9395,4,14859,1.00,19),(9396,4,14860,1.00,19),(9397,4,14861,1.00,19),(9399,4,14863,1.00,19),(9400,4,14864,1.00,19),(9401,4,14865,1.00,19),(9402,4,14866,1.00,19),(9403,4,14867,1.00,19),(9404,4,14868,1.00,19),(9405,4,14869,1.00,19),(9406,4,14870,1.00,19),(9407,4,14871,1.00,19),(9408,4,14872,1.00,19),(9409,4,14873,1.00,19),(9410,4,14874,1.00,19),(9411,4,14875,1.00,19),(9412,4,14876,1.00,19),(9413,4,14877,1.00,19),(9414,4,14878,1.00,19),(9415,4,14879,1.00,19),(9416,4,14880,1.00,19),(9417,4,14881,1.00,19),(9418,4,14882,1.00,19),(9419,4,14883,1.00,19),(9420,4,14884,1.00,19),(9421,4,14885,1.00,19),(9422,4,14886,1.00,19),(9423,4,14887,1.00,19),(9424,4,14888,1.00,19),(9425,4,14889,1.00,19),(9426,4,14890,1.00,19),(9427,4,14891,1.00,19),(9428,4,14892,1.00,19),(9429,4,14893,1.00,19),(9430,4,14894,1.00,19),(9431,4,14895,1.00,19),(9432,4,14896,1.00,19),(9433,4,14897,1.00,19),(9434,4,14898,1.00,19),(9435,4,14899,1.00,19),(9436,4,14900,1.00,19),(9437,4,14901,1.00,19),(9438,4,14902,1.00,19),(9439,4,14903,1.00,19),(9440,4,14904,1.00,19),(9441,4,14905,1.00,19),(9442,4,14906,1.00,19),(9443,4,14907,1.00,19),(9444,4,14908,1.00,19),(9445,4,14909,1.00,19),(9446,4,14910,1.00,19),(9447,4,14911,1.00,19),(9448,4,14912,1.00,19),(9449,4,14913,1.00,19),(9450,4,14914,1.00,19),(9451,4,14915,0.00,19),(9452,4,14916,0.00,19),(9453,4,14917,0.00,19),(9454,4,14918,0.00,19),(9455,4,14919,0.00,19),(9456,4,14920,0.00,19),(9457,4,14921,0.00,19),(9458,4,14922,0.00,19),(9459,4,14923,0.00,19),(9460,4,14924,0.00,19),(9461,4,14925,0.00,19),(9462,4,14926,0.00,19),(9463,4,14927,0.00,19),(9464,4,14928,0.00,19),(9465,4,14929,0.00,19),(9466,4,14930,0.00,19),(9467,4,14931,0.00,19),(9468,4,14932,0.00,19),(9469,4,14933,0.00,19),(9470,4,14934,0.00,19),(9471,4,14935,0.00,19),(9472,4,14936,0.00,19),(9473,4,14937,0.00,19),(9474,4,14938,0.00,19),(9475,4,14939,0.00,19),(9476,4,14940,0.00,19),(9477,4,14941,0.00,19),(9478,4,14942,0.00,19),(9479,4,14943,0.00,19),(9480,4,14944,0.00,19),(9481,4,14945,0.00,19),(9482,4,14946,0.00,19),(9483,4,14947,0.00,19),(9484,4,14948,0.00,19),(9485,4,14949,0.00,19),(9486,4,14950,0.00,19),(9487,4,14951,0.00,19),(9488,4,14952,0.00,19),(9489,4,14953,0.00,19),(9490,4,14954,0.00,19),(9491,4,14955,0.00,19),(9492,4,14956,0.00,19),(9493,4,14957,0.00,19),(9494,4,14958,0.00,19),(9495,4,14959,0.00,19),(9496,4,14960,0.00,19),(9497,4,14961,0.00,19),(9498,4,14962,0.00,19),(9499,4,14963,0.00,19),(9500,4,14964,0.00,19),(9501,4,14965,0.00,19),(9502,4,14966,0.00,19),(9503,4,14967,0.00,19),(9504,4,14968,0.00,19),(9505,4,14969,0.00,19),(9506,4,14970,0.00,19),(9507,4,14971,0.00,19),(9508,4,14972,0.00,19),(9509,4,14973,0.00,19),(9510,4,14974,0.00,19),(9511,4,14975,0.00,19),(9512,4,14976,0.00,19),(9513,4,14977,0.00,19),(9514,4,14978,0.00,19),(9515,4,14979,0.00,19),(9516,4,14980,0.00,19),(9517,4,14981,0.00,19),(9518,4,14982,0.00,19),(9519,4,14983,0.00,19),(9520,4,14984,0.00,19),(9521,4,14985,0.00,19),(9522,4,14986,0.00,19),(9523,4,14987,0.00,19),(9524,4,14988,0.00,19),(9525,4,14989,0.00,19),(9526,4,14990,0.00,19),(9527,4,14991,0.00,19),(9528,4,14992,0.00,19),(9529,4,14993,0.00,19),(9530,4,14994,0.00,19),(9531,4,14995,0.00,19),(9532,4,14996,0.00,19),(9533,4,14997,0.00,19),(9534,4,14998,0.00,19),(9535,4,14999,0.00,19),(9536,4,15000,0.00,19),(9537,4,15001,0.00,19),(9538,4,15002,0.00,19),(9539,4,15003,0.00,19),(9540,4,15004,0.00,19),(9541,4,15005,0.00,19),(9542,4,15006,0.00,19),(9543,4,15007,0.00,19),(9544,4,15008,0.00,19),(9545,4,15009,0.00,19),(9546,4,15010,0.00,19),(9547,4,15011,1.00,19),(9548,4,15012,0.00,19),(9549,4,15013,0.00,19),(9550,4,15014,0.00,19),(9551,4,15015,0.00,19),(9552,4,15016,0.00,19),(9553,4,15017,0.00,19),(9554,4,15018,0.00,19),(9555,4,15019,0.00,19),(9556,4,15020,0.00,19),(9557,4,15021,0.00,19),(9558,4,15022,0.00,19),(9559,4,15023,0.00,19),(9560,4,15024,0.00,19),(9561,4,15025,0.00,19),(9562,4,15026,0.00,19),(9563,4,15027,0.00,19),(9564,4,15028,0.00,19),(9565,4,15029,0.00,19),(9566,4,15030,0.00,19),(9567,4,15031,0.00,19),(9568,4,15032,0.00,19),(9569,4,15033,0.00,19),(9570,4,15034,0.00,19),(9571,4,15035,0.00,19),(9572,4,15036,0.00,19),(9573,4,15037,0.00,19),(9574,4,15038,0.00,19),(9575,4,15039,0.00,19),(9576,4,15040,0.00,19),(9577,4,15041,0.00,19),(9578,4,15042,0.00,19),(9579,4,15043,0.00,19),(9580,4,15044,0.00,19),(9581,4,15045,0.00,19),(9582,4,15046,0.00,19),(9583,4,15047,0.00,19),(9584,4,15048,0.00,19),(9585,4,15049,0.00,19),(9586,4,15050,0.00,19),(9587,4,15051,0.00,19),(9588,4,15052,0.00,19),(9589,4,15053,0.00,19),(9590,4,15054,0.00,19),(9591,4,15055,0.00,19),(9592,4,15056,0.00,19),(9593,4,15057,0.00,19),(9594,4,15058,0.00,19),(9595,4,15059,0.00,19),(9596,4,15060,0.00,19),(9597,4,15061,0.00,19),(9598,4,15062,0.00,19),(9599,4,15063,0.00,19),(9600,4,15064,0.00,19),(9601,4,15065,0.00,19),(9602,4,15066,0.00,19),(9603,4,15067,0.00,19),(9604,4,15068,0.00,19),(9605,4,15069,0.00,19),(9606,4,15070,0.00,19),(9607,4,15071,0.00,19),(9608,4,15072,0.00,19),(9609,4,15073,0.00,19),(9610,4,15074,0.00,19),(9611,4,15075,0.00,19),(9612,4,15076,0.00,19),(9613,4,15077,0.00,19),(9614,4,15078,0.00,19),(9615,4,15079,0.00,19),(9616,4,15080,0.00,19),(9617,4,15081,0.00,19),(9618,4,15082,0.00,19),(9619,4,15083,0.00,19),(9620,4,15084,0.00,19),(9621,4,15085,0.00,19),(9622,4,15086,0.00,19),(9623,4,15087,0.00,19),(9624,4,15088,0.00,19),(9625,4,15089,0.00,19),(9626,4,15090,0.00,19),(9627,4,15091,0.00,19),(9628,4,15092,0.00,19),(9629,4,15093,0.00,19),(9630,4,15094,0.00,19),(9631,4,15095,0.00,19),(9632,4,15096,0.00,19),(9633,4,15097,0.00,19),(9634,4,15098,0.00,19),(9635,4,15099,0.00,19),(9636,4,15100,0.00,19),(9637,4,15101,0.00,19),(9638,4,15102,0.00,19),(9639,4,15103,0.00,19),(9640,4,15104,0.00,19),(9641,4,15105,0.00,19),(9642,4,15106,0.00,19),(9643,4,15107,0.00,19),(9644,4,15108,0.00,19),(9645,4,15109,0.00,19),(9646,4,15110,0.00,19),(9647,4,15111,0.00,19),(9648,4,15112,0.00,19),(9649,4,15113,0.00,19),(9650,4,15114,0.00,19),(9651,4,15115,0.00,19),(9652,4,15116,0.00,19),(9653,4,15117,0.00,19),(9654,4,15118,0.00,19),(9655,4,15119,0.00,19),(9656,4,15120,0.00,19),(9657,4,15121,0.00,19),(9658,4,15122,0.00,19),(9659,4,15123,0.00,19),(9660,4,15124,0.00,19),(9661,4,15125,0.00,19),(9662,4,15126,0.00,19),(9663,4,15127,0.00,19),(9664,4,15128,0.00,19),(9665,4,15129,0.00,19),(9666,4,15130,0.00,19),(9667,4,15131,0.00,19),(9668,4,15132,0.00,19),(9669,4,15133,0.00,19),(9670,4,15134,0.00,19),(9671,4,15135,0.00,19),(9672,4,15136,0.00,19),(9673,4,15137,0.00,19),(9674,4,15138,0.00,19),(9675,4,15139,0.00,19),(9676,4,15140,0.00,19),(9677,4,15141,0.00,19),(9678,4,15142,0.00,19),(9679,4,15143,0.00,19),(9680,4,15144,0.00,19),(9681,4,15145,0.00,19),(9682,4,15146,0.00,19),(9684,4,15148,0.00,19),(9685,4,15149,0.00,19),(9686,4,15150,0.00,19),(9687,4,15151,0.00,19),(9688,4,15152,0.00,19),(9689,4,15153,0.00,19),(9690,4,15154,0.00,19),(9691,4,15155,0.00,19),(9692,4,15156,0.00,19),(9693,4,15157,0.00,19),(9694,4,15158,0.00,19),(9695,4,15159,0.00,19),(9696,4,15160,0.00,19),(9697,4,15161,0.00,19),(9698,4,15162,0.00,19),(9699,4,15163,0.00,19),(9700,4,15164,0.00,19),(9701,4,15165,0.00,19),(9702,4,15166,0.00,19),(9703,4,15167,0.00,19),(9704,4,15168,0.00,19),(9705,4,15169,0.00,19),(9706,4,15170,0.00,19),(9707,4,15171,0.00,19),(9708,4,15172,0.00,19),(9709,4,15173,0.00,19),(9710,4,15174,0.00,19),(9711,4,15175,0.00,19),(9712,4,15176,0.00,19),(9713,4,15177,0.00,19),(9714,4,15178,0.00,19),(9715,4,15179,0.00,19),(9716,4,15180,0.00,19),(9717,4,15181,0.00,19),(9718,4,15182,0.00,19),(9719,4,15183,0.00,19),(9720,4,15184,0.00,19),(9721,4,15185,0.00,19),(9722,4,15186,0.00,19),(9723,4,15187,0.00,19),(9724,4,15188,0.00,19),(9725,4,15189,0.00,19),(9726,4,15190,0.00,19),(9727,4,15191,0.00,19),(9728,4,15192,0.00,19),(9729,4,15193,0.00,19),(9730,4,15194,0.00,19),(9731,4,15195,0.00,19),(9732,4,15196,0.00,19),(9733,4,15197,0.00,19),(9734,4,15198,0.00,19),(9735,4,15199,0.00,19),(9737,4,15201,0.00,19),(9738,4,15202,0.00,19),(9739,4,15203,0.00,19),(9740,4,15204,0.00,19),(9741,4,15205,0.00,19),(9742,4,15206,0.00,19),(9743,4,15207,0.00,19),(9744,4,15208,0.00,19),(9745,4,15209,0.00,19),(9746,4,15210,1.00,19),(9747,4,15211,0.00,19),(9748,4,15212,0.00,19),(9749,4,15213,0.00,19),(9750,4,15214,0.00,19),(9751,4,15215,0.00,19),(9752,4,15216,0.00,19),(9753,4,15217,0.00,19),(9754,4,15218,0.00,19),(9755,4,15219,0.00,19),(9756,4,15220,0.00,19),(9757,4,15221,0.00,19),(9758,4,15222,0.00,19),(9759,4,15223,0.00,19),(9760,4,15224,0.00,19),(9761,4,15225,0.00,19),(9762,4,15226,0.00,19),(9763,4,15227,0.00,19),(9764,4,15228,0.00,19),(9765,4,15229,0.00,19),(9766,4,15230,0.00,19),(9767,4,15231,0.00,19),(9768,4,15232,0.00,19),(9769,4,15233,0.00,19),(9770,4,15234,0.00,19),(9771,4,15235,0.00,19),(9772,4,15236,0.00,19),(9773,4,15237,0.00,19),(9774,4,15238,0.00,19),(9775,4,15239,0.00,19),(9776,4,15240,0.00,19),(9777,4,15241,0.00,19),(9778,4,15242,0.00,19),(9779,4,15243,0.00,19),(9780,4,15244,0.00,19),(9781,4,15245,0.00,19),(9782,4,15246,0.00,19),(9783,4,15247,0.00,19),(9784,4,15248,0.00,19),(9785,4,15249,0.00,19),(9786,4,15250,0.00,19),(9787,4,15251,0.00,19),(9788,4,15252,0.00,19),(9789,4,15253,0.00,19),(9790,4,15254,0.00,19),(9791,4,15255,0.00,19),(9792,4,15256,0.00,19),(9793,4,15257,0.00,19),(9794,4,15258,0.00,19),(9795,4,15259,0.00,19),(9796,4,15260,0.00,19),(9797,4,15261,0.00,19),(9798,4,15262,0.00,19),(9799,4,15263,0.00,19),(9800,4,15264,0.00,19),(9801,4,15265,0.00,19),(9802,4,15266,0.00,19),(9803,4,15267,0.00,19),(9804,4,15268,0.00,19),(9805,4,15269,0.00,19),(9806,4,15270,0.00,19),(9807,4,15271,0.00,19),(9813,4,15277,0.00,19),(9812,4,15276,0.00,19),(9810,4,15274,0.00,19),(9811,4,15275,0.00,19),(9814,4,15278,0.00,19),(9815,4,15279,0.00,19),(9816,4,15280,0.00,19),(9817,4,15281,0.00,19),(9818,4,15282,0.00,19),(9819,4,15283,0.00,19),(9820,4,15284,0.00,19),(9821,4,15285,0.00,19),(9822,4,15286,0.00,19),(9823,4,15287,0.00,19),(9824,4,15288,0.00,19),(9825,4,15289,0.00,19),(9826,4,15290,0.00,19),(9827,4,15291,0.00,19),(9828,4,15292,0.00,19),(9829,4,15293,0.00,19),(9830,4,15294,0.00,19),(9831,4,15295,0.00,19),(9832,4,15296,0.00,19),(9833,4,15297,0.00,19),(9834,4,15298,0.00,19),(9835,4,15299,0.00,19),(9836,4,15300,0.00,19),(9837,4,15301,0.00,19),(9838,4,15302,0.00,19),(9839,4,15303,0.00,19),(9840,4,15304,0.00,19),(9841,4,15305,0.00,19),(9842,4,15306,0.00,19),(9843,4,15307,0.00,19),(9844,4,15308,0.00,19),(9845,4,15309,0.00,19),(9846,4,15310,0.00,19),(9847,4,15311,0.00,19),(9848,4,15312,0.00,19),(9849,4,15313,0.00,19),(9850,4,15314,0.00,19),(9851,4,15315,0.00,19),(9852,4,15316,0.00,19),(9853,4,15317,0.00,19),(9854,4,15318,0.00,19),(9855,4,15319,0.00,19),(9856,4,15320,0.00,19),(9857,4,15321,0.00,19),(9858,4,15322,0.00,19),(9859,4,15323,0.00,19),(9860,4,15324,0.00,19),(9861,4,15325,0.00,19),(9862,4,15326,0.00,19),(9863,4,15327,0.00,19),(9864,4,15328,0.00,19),(9865,4,15329,0.00,19),(9866,4,15330,0.00,19),(9867,4,15331,0.00,19),(9868,4,15332,0.00,19),(9869,4,15333,0.00,19),(9870,4,15334,0.00,19),(9871,4,15335,0.00,19),(9872,4,15336,0.00,19),(9873,4,15337,0.00,19),(9874,4,15338,0.00,19),(9875,4,15339,0.00,19),(9876,4,15340,0.00,19),(9877,4,15341,0.00,19),(9878,4,15342,0.00,19),(9879,4,15343,0.00,19),(9880,4,15344,0.00,19),(9881,4,15345,0.00,19),(9882,4,15346,0.00,19),(9883,4,15347,0.00,19),(9884,4,15348,0.00,19),(9885,4,15349,0.00,19),(9886,4,15350,0.00,19),(9887,4,15351,0.00,19),(9888,4,15352,0.00,19),(9889,4,15353,0.00,19),(9890,4,15354,0.00,19),(9891,4,15355,0.00,19),(9892,4,15356,0.00,19),(9896,4,15360,0.00,19),(9897,4,15361,0.00,19),(9898,4,15362,0.00,19),(9899,4,15363,0.00,19),(9900,4,15364,0.00,19),(9901,4,15365,0.00,19),(9902,4,15366,0.00,19),(9903,4,15367,0.00,19),(9904,4,15368,0.00,19),(9905,4,15369,0.00,19),(9906,4,15370,0.00,19),(9907,4,15371,0.00,19),(9908,4,15372,0.00,19),(9909,4,15373,0.00,19),(9910,4,15374,0.00,19),(9911,4,15375,0.00,19),(9912,4,15376,0.00,19),(9913,4,15377,0.00,19),(9914,4,15378,0.00,19),(9915,4,15379,0.00,19),(9916,4,15380,0.00,19),(9917,4,15381,0.00,19),(9918,4,15382,0.00,19),(9919,4,15383,0.00,19),(9920,4,15384,0.00,19),(9921,4,15385,0.00,19),(9922,4,15386,0.00,19),(9937,4,15401,0.00,19),(9936,4,15400,0.00,19),(9925,4,15389,0.00,19),(9926,4,15390,0.00,19),(9928,4,15392,0.00,19),(9929,4,15393,0.00,19),(9930,4,15394,0.00,19),(9931,4,15395,0.00,19),(9932,4,15396,0.00,19),(9938,4,15402,0.00,19),(9939,4,15403,0.00,19),(9940,4,15404,0.00,19),(9941,4,15405,0.00,19),(9942,4,15406,0.00,19),(9943,4,15407,0.00,19),(9944,4,15408,0.00,19),(9945,4,15409,0.00,19),(9946,4,15410,0.00,19),(9947,4,15411,0.00,19),(9948,4,15412,0.00,19),(9949,4,15413,0.00,19),(9950,4,15414,0.00,19),(9951,4,15415,0.00,19),(9952,4,15416,0.00,19),(9953,4,15417,0.00,19),(9954,4,15418,0.00,19),(9955,4,15419,0.00,19),(9956,4,15420,0.00,19),(9957,4,15421,0.00,19),(9958,4,15422,0.00,19),(9959,4,15423,0.00,19),(9960,4,15424,0.00,19),(9961,4,15425,0.00,19),(9962,4,15426,0.00,19),(9963,4,15427,0.00,19),(9964,4,15428,0.00,19),(9965,4,15429,0.00,19),(9966,4,15430,0.00,19),(9967,4,15431,0.00,19),(9968,4,15432,0.00,19),(9970,4,15434,0.00,19),(9971,4,15435,0.00,19),(9972,4,15436,0.00,19),(9973,4,15437,0.00,19),(9974,4,15438,0.00,19),(9975,4,15439,0.00,19),(9976,4,15440,0.00,19),(9977,4,15441,0.00,19),(9978,4,15442,0.00,19),(9979,4,15443,0.00,19),(9980,4,15444,0.00,19),(9981,4,15445,0.00,19),(9982,4,15446,0.00,19),(9983,4,15447,0.00,19),(9984,4,15448,0.00,19),(9985,4,15449,0.00,19),(9986,4,15450,0.00,19),(9987,4,15451,0.00,19),(9988,4,15452,0.00,19),(9989,4,15453,0.00,19),(9990,4,15454,0.00,19),(9991,4,15455,0.00,19),(9992,4,15456,0.00,19),(9993,4,15457,0.00,19),(9994,4,15458,0.00,19),(9995,4,15459,0.00,19),(9996,4,15460,0.00,19),(9997,4,15461,0.00,19),(9998,4,15462,0.00,19),(9999,4,15463,0.00,19),(10000,4,15464,0.00,19),(10002,4,15466,0.00,19),(10003,4,15467,0.00,19),(10004,4,15468,0.00,19),(10005,4,15469,0.00,19),(10006,4,15470,0.00,19),(10007,4,15471,0.00,19),(10008,4,15472,0.00,19),(10009,4,15473,0.00,19),(10010,4,15474,0.00,19),(10011,4,15475,0.00,19),(10012,4,15476,0.00,19),(10013,4,15477,0.00,19),(10014,4,15478,0.00,19),(10015,4,15479,0.00,19),(10016,4,15480,0.00,19),(10017,4,15481,0.00,19),(10018,4,15482,0.00,19),(10019,4,15483,0.00,19),(10020,4,15484,0.00,19),(10021,4,15485,0.00,19),(10022,4,15486,0.00,19),(10023,4,15487,0.00,19),(10024,4,15488,0.00,19),(10025,4,15489,0.00,19),(10026,4,15490,0.00,19),(10027,4,15491,0.00,19),(10028,4,15492,0.00,19),(10029,4,15493,0.00,19);

--
-- Table structure for table `shop_warehouse_table`
--

CREATE TABLE `shop_warehouse_table` (
  `shop_warehouse_id` int(11) NOT NULL AUTO_INCREMENT,
  `shop_shops_id` int(11) NOT NULL DEFAULT '0',
  `shop_warehouse_name` varchar(255) DEFAULT NULL,
  `shop_warehouse_activity` tinyint(1) NOT NULL DEFAULT '1',
  `shop_country_id` int(11) NOT NULL DEFAULT '0',
  `shop_location_id` int(11) NOT NULL DEFAULT '0',
  `shop_city_id` int(11) NOT NULL DEFAULT '0',
  `shop_city_area_id` int(11) NOT NULL DEFAULT '0',
  `shop_warehouse_address` varchar(255) NOT NULL DEFAULT '',
  `users_id` int(11) NOT NULL DEFAULT '0',
  `shop_warehouse_order` int(11) NOT NULL DEFAULT '0',
  `shop_warehouse_default` tinyint(1) NOT NULL DEFAULT '0',
  PRIMARY KEY (`shop_warehouse_id`),
  KEY `shop_shops_id` (`shop_shops_id`,`shop_warehouse_activity`)
) ENGINE=MyISAM AUTO_INCREMENT=6 DEFAULT CHARSET=utf8;

--
-- Dumping data for table `shop_warehouse_table`
--

INSERT INTO `shop_warehouse_table` VALUES (1,1,'Основной',1,0,0,0,0,'',19,0,1),(2,2,'Основной',1,0,0,0,0,'',19,0,1),(3,3,'Основной',1,0,0,0,0,'',19,0,1),(4,4,'Основной',1,0,0,0,0,'',19,0,1),(5,5,'Основной',1,0,0,0,0,'',19,0,1);

--
-- Table structure for table `site_alias_table`
--

CREATE TABLE `site_alias_table` (
  `alias_id` int(11) NOT NULL AUTO_INCREMENT,
  `site_id` int(11) DEFAULT NULL,
  `alias_name` varchar(255) NOT NULL DEFAULT '',
  `alias_current` int(1) NOT NULL DEFAULT '0',
  `users_id` int(10) unsigned NOT NULL DEFAULT '0',
  PRIMARY KEY (`alias_id`),
  KEY `site_id` (`site_id`),
  KEY `alias_name` (`alias_name`),
  KEY `users_id` (`users_id`)
) ENGINE=MyISAM AUTO_INCREMENT=10 DEFAULT CHARSET=utf8;

--
-- Dumping data for table `site_alias_table`
--

INSERT INTO `site_alias_table` VALUES (5,1,'www.nailservice.com.ua',0,19),(4,1,'nailservice.com.ua',1,19),(8,3,'nails.ua',1,19),(9,3,'www.nails.ua',0,19);

--
-- Table structure for table `site_table`
--

CREATE TABLE `site_table` (
  `site_id` int(11) NOT NULL AUTO_INCREMENT,
  `site_name` varchar(255) DEFAULT NULL,
  `site_is_active` tinyint(4) DEFAULT NULL,
  `site_coding` varchar(100) DEFAULT NULL,
  `site_order` smallint(6) DEFAULT NULL,
  `site_locale` varchar(30) DEFAULT NULL,
  `site_timezone` varchar(50) NOT NULL DEFAULT '',
  `site_max_size_load_image` smallint(6) DEFAULT NULL,
  `site_max_size_load_image_big` smallint(6) DEFAULT NULL,
  `site_admin_email` varchar(100) DEFAULT NULL,
  `site_send_attendance_report` tinyint(4) NOT NULL DEFAULT '1',
  `site_chmod` varchar(5) DEFAULT NULL,
  `site_files_chmod` varchar(5) DEFAULT NULL,
  `site_date_format` varchar(20) DEFAULT NULL,
  `site_date_time_format` varchar(20) DEFAULT NULL,
  `site_error` varchar(50) DEFAULT NULL,
  `site_error404` int(11) NOT NULL DEFAULT '0',
  `site_access_denied` int(11) NOT NULL DEFAULT '0',
  `site_robots` mediumtext NOT NULL,
  `site_key` mediumtext,
  `users_id` int(10) unsigned NOT NULL DEFAULT '0',
  `site_is_close` int(11) unsigned NOT NULL DEFAULT '0',
  `site_safe_email` tinyint(4) NOT NULL DEFAULT '1',
  `site_html_cache_use` tinyint(1) NOT NULL DEFAULT '0',
  `site_html_cache_with` mediumtext,
  `site_html_cache_without` mediumtext,
  `site_css_left` varchar(20) DEFAULT NULL,
  `site_css_right` varchar(20) DEFAULT NULL,
  `site_html_cache_clear_probability` int(11) NOT NULL DEFAULT '10000',
  `site_notes` mediumtext,
  `site_uploaddir` varchar(255) NOT NULL DEFAULT '',
  `site_nesting_level` tinyint(3) unsigned NOT NULL DEFAULT '3',
  PRIMARY KEY (`site_id`),
  KEY `users_id` (`users_id`)
) ENGINE=MyISAM AUTO_INCREMENT=4 DEFAULT CHARSET=utf8;

--
-- Dumping data for table `site_table`
--

INSERT INTO `site_table` VALUES (1,'Салоны красоты Ногтевой Сервис',1,'UTF-8',0,'ru_RU.utf8','',200,225,'infonails@ukr.net',1,'0777','0777','%d.%m.%Y','%d.%m.%Y %H:%M:%S','E_ALL',0,0,'','ST-D9F91-1BEDA-FDXA0-97C4C-BF2B2\r\nST-34A2A-D3061-F3X4F-62EF5-4E458',19,0,0,0,'/*','/news/*','','',10000,NULL,'upload/',3),(3,'Магазин Ногтевой Сервис',1,'UTF-8',0,'ru_RU.utf8','',1000,1000,'infonails@ukr.net',1,'0777','0777','%d.%m.%Y','%d.%m.%Y %H:%M:%S','E_ALL',0,0,'','ST-34A2A-D3061-F3X4F-62EF5-4E458',19,0,0,0,'/*','/news/*','','',10000,NULL,'upload/',3);

--
-- Table structure for table `site_users_group_table`
--

CREATE TABLE `site_users_group_table` (
  `site_users_group_id` int(10) unsigned NOT NULL AUTO_INCREMENT,
  `site_id` int(11) NOT NULL DEFAULT '0',
  `site_users_group_name` varchar(255) DEFAULT NULL,
  `site_users_group_comment` varchar(255) DEFAULT NULL,
  `site_users_group_default` smallint(5) unsigned NOT NULL DEFAULT '0',
  `users_id` int(10) unsigned NOT NULL DEFAULT '0',
  PRIMARY KEY (`site_users_group_id`),
  KEY `site_id` (`site_id`)
) ENGINE=MyISAM DEFAULT CHARSET=utf8;

--
-- Dumping data for table `site_users_group_table`
--


--
-- Table structure for table `structure_propertys_table`
--

CREATE TABLE `structure_propertys_table` (
  `structure_propertys_id` int(11) NOT NULL AUTO_INCREMENT,
  `site_id` int(11) NOT NULL DEFAULT '0',
  `structure_propertys_name` varchar(255) DEFAULT NULL,
  `structure_propertys_type` tinyint(4) DEFAULT NULL,
  `structure_propertys_order` smallint(6) DEFAULT NULL,
  `structure_propertys_define_value` varchar(255) DEFAULT NULL,
  `structure_propertys_xml_name` varchar(255) NOT NULL DEFAULT '',
  `structure_propertys_lists_id` int(11) NOT NULL DEFAULT '0',
  `structure_propertys_information_systems_id` int(11) NOT NULL DEFAULT '0',
  `users_id` int(10) unsigned NOT NULL DEFAULT '0',
  PRIMARY KEY (`structure_propertys_id`),
  KEY `site_id` (`site_id`),
  KEY `users_id` (`users_id`)
) ENGINE=MyISAM AUTO_INCREMENT=13 DEFAULT CHARSET=utf8;

--
-- Dumping data for table `structure_propertys_table`
--

INSERT INTO `structure_propertys_table` VALUES (3,1,'Строка1-тестовое свойство',1,10,'','string1_test',1,2,19),(4,1,'Список1-тестовое свойство',3,20,'','list_test',1,2,19),(5,1,'Визуальный редактор1-тестовое свойство',6,30,'','wysywig1_test',1,2,19),(6,1,'Информационная система1-тестовое свойство',5,40,'','inf_sys_test1',1,1,19),(7,1,'Список2-тестовое свойство',3,40,'','list2_test',2,2,19),(8,3,'Строка1-тестовое свойство',1,10,'','string1_test',1,2,19),(9,3,'Список1-тестовое свойство',3,20,'','list_test',1,2,19),(10,3,'Визуальный редактор1-тестовое свойство',6,30,'','wysywig1_test',1,2,19),(11,3,'Информационная система1-тестовое свойство',5,40,'','inf_sys_test1',1,1,19),(12,3,'Список2-тестовое свойство',3,40,'','list2_test',2,2,19);

--
-- Table structure for table `structure_propertys_values_table`
--

CREATE TABLE `structure_propertys_values_table` (
  `structure_propertys_values_id` int(11) NOT NULL AUTO_INCREMENT,
  `structure_id` int(11) DEFAULT NULL,
  `structure_propertys_id` int(11) DEFAULT NULL,
  `structure_propertys_values_value` mediumtext,
  `structure_propertys_values_file` varchar(255) NOT NULL DEFAULT '',
  `structure_propertys_values_value_small` varchar(255) NOT NULL DEFAULT '',
  `structure_propertys_values_file_small` varchar(255) NOT NULL DEFAULT '',
  PRIMARY KEY (`structure_propertys_values_id`),
  KEY `structure_id` (`structure_id`),
  KEY `structure_propertys_id` (`structure_propertys_id`)
) ENGINE=MyISAM AUTO_INCREMENT=796 DEFAULT CHARSET=utf8;

--
-- Dumping data for table `structure_propertys_values_table`
--

INSERT INTO `structure_propertys_values_table` VALUES (6,37,4,'18','','',''),(164,118,6,'0','','',''),(57,84,6,'0','','',''),(59,23,6,'0','','',''),(28,37,7,'4','','',''),(25,33,4,'19','','',''),(26,33,7,'4','','',''),(29,55,4,'19','','',''),(30,55,7,'4','','',''),(31,79,4,'19','','',''),(34,30,4,'19','','',''),(33,79,7,'4','','',''),(35,30,7,'4','','',''),(37,42,4,'19','','',''),(38,42,7,'4','','',''),(39,29,4,'19','','',''),(40,29,7,'4','','',''),(41,42,6,'0','','',''),(60,43,6,'0','','',''),(47,81,6,'0','','',''),(44,80,6,'0','','',''),(53,83,6,'0','','',''),(50,82,6,'0','','',''),(55,1,6,'0','','',''),(66,86,6,'0','','',''),(63,85,6,'0','','',''),(69,87,6,'0','','',''),(72,88,6,'0','','',''),(75,89,6,'0','','',''),(78,90,6,'0','','',''),(81,91,6,'0','','',''),(84,92,6,'0','','',''),(87,93,6,'0','','',''),(90,94,6,'0','','',''),(95,89,5,'<p><strong>г. Кривой Рог</strong></p>\r\n<p>ул. Кобылянского, 219</p>\r\n<p>магазин<span style=\"margin-right: 0.3em\"> </span> <span style=\"margin-left: -0.3em\">&laquo;Ногтевой</span> сервис&raquo;</p>\r\n<p><span style=\"margin-right: 0.3em\"> </span> <span style=\"margin-left: -0.3em\">(056</span>) 401 59 22</p>','','',''),(96,90,5,'<p><strong>г. Мелитополь</strong></p>\r\n<p>ул. Шмидта,6</p>\r\n<p><span style=\"margin-right: 0.3em\"> </span> <span style=\"margin-left: -0.3em\">(0619</span>) 43 42 80</p>','','',''),(101,97,6,'0','','',''),(98,96,6,'0','','',''),(411,299,6,'0','','',''),(103,22,6,'0','','',''),(105,98,6,'0','','',''),(414,300,6,'0','','',''),(107,37,6,'0','','',''),(109,99,6,'0','','',''),(272,184,6,'0','','',''),(137,109,6,'0','','',''),(134,108,6,'0','','',''),(118,102,6,'0','','',''),(238,150,6,'0','','',''),(155,115,6,'0','','',''),(237,149,6,'0','','',''),(161,117,6,'0','','',''),(236,148,6,'0','','',''),(158,116,6,'0','','',''),(173,121,6,'0','','',''),(170,120,6,'0','','',''),(370,278,6,'0','','',''),(365,276,6,'0','','',''),(176,122,6,'0','','',''),(368,277,6,'0','','',''),(178,74,6,'0','','',''),(387,289,6,'0','','',''),(180,123,6,'0','','',''),(386,288,6,'0','','',''),(385,287,6,'0','','',''),(377,284,6,'0','','',''),(186,125,6,'0','','',''),(407,296,6,'0','','',''),(189,126,6,'0','','',''),(408,297,6,'0','','',''),(192,127,6,'0','','',''),(409,298,6,'0','','',''),(198,129,6,'0','','',''),(195,128,6,'0','','',''),(392,291,6,'0','','',''),(204,131,6,'0','','',''),(201,130,6,'0','','',''),(406,295,7,'0','','',''),(207,132,6,'0','','',''),(404,295,4,'0','','',''),(216,135,6,'0','','',''),(210,133,6,'0','','',''),(405,295,6,'0','','',''),(213,134,6,'0','','',''),(400,293,7,'0','','',''),(399,293,6,'0','','',''),(219,136,6,'0','','',''),(398,293,4,'0','','',''),(275,187,6,'0','','',''),(274,186,6,'0','','',''),(246,158,6,'0','','',''),(273,185,6,'0','','',''),(247,159,6,'0','','',''),(245,157,6,'0','','',''),(244,156,6,'0','','',''),(253,165,6,'0','','',''),(254,166,6,'0','','',''),(255,167,6,'0','','',''),(256,168,6,'0','','',''),(424,303,7,'0','','',''),(423,303,6,'0','','',''),(422,303,4,'0','','',''),(419,302,6,'0','','',''),(262,174,6,'0','','',''),(263,175,6,'0','','',''),(264,176,6,'0','','',''),(265,177,6,'0','','',''),(416,301,6,'0','','',''),(415,300,7,'0','','',''),(413,300,4,'0','','',''),(396,292,6,'0','','',''),(383,286,6,'0','','',''),(271,183,6,'0','','',''),(394,79,6,'0','','',''),(380,285,6,'0','','',''),(402,294,6,'0','','',''),(281,193,6,'0','','',''),(318,230,6,'0','','',''),(319,231,6,'0','','',''),(320,232,6,'0','','',''),(321,233,6,'0','','',''),(375,283,6,'0','','',''),(374,282,6,'0','','',''),(373,281,6,'0','','',''),(372,280,6,'0','','',''),(371,279,6,'0','','',''),(327,239,6,'0','','',''),(430,307,4,'18','','',''),(426,304,6,'0','','',''),(429,306,11,'0','','',''),(431,307,7,'4','','',''),(432,307,6,'0','','',''),(433,308,6,'0','','',''),(434,309,6,'0','','',''),(435,310,4,'19','','',''),(436,310,7,'4','','',''),(437,310,6,'0','','',''),(438,311,6,'0','','',''),(439,312,4,'19','','',''),(440,312,7,'4','','',''),(441,317,6,'0','','',''),(442,318,6,'0','','',''),(443,319,6,'0','','',''),(444,320,6,'0','','',''),(445,321,6,'0','','',''),(446,322,6,'0','','',''),(447,323,6,'0','','',''),(448,324,6,'0','','',''),(449,325,6,'0','','',''),(450,326,6,'0','','',''),(451,326,5,'<p><strong>г. Кривой Рог</strong></p>\r\n<p>ул. Кобылянского, 219</p>\r\n<p>магазин<span style=\"margin-right: 0.3em\"> </span> <span style=\"margin-left: -0.3em\">&laquo;Ногтевой</span> сервис&raquo;</p>\r\n<p><span style=\"margin-right: 0.3em\"> </span> <span style=\"margin-left: -0.3em\">(056</span>) 401 59 22</p>','','',''),(452,327,6,'0','','',''),(453,327,5,'<p><strong>г. Мелитополь</strong></p>\r\n<p>ул. Шмидта,6</p>\r\n<p><span style=\"margin-right: 0.3em\"> </span> <span style=\"margin-left: -0.3em\">(0619</span>) 43 42 80</p>','','',''),(454,328,6,'0','','',''),(455,329,6,'0','','',''),(456,330,6,'0','','',''),(457,331,6,'0','','',''),(461,333,6,'0','','',''),(462,334,6,'0','','',''),(463,335,6,'0','','',''),(687,456,11,'0','','',''),(465,340,11,'0','','',''),(466,341,9,'19','','',''),(467,341,12,'4','','',''),(468,341,11,'0','','',''),(571,337,11,'0','','',''),(572,338,11,'0','','',''),(573,317,11,'0','','',''),(576,311,11,'0','','',''),(602,329,11,'0','','',''),(606,333,11,'0','','',''),(604,331,11,'0','','',''),(603,330,11,'0','','',''),(681,454,11,'0','','',''),(599,326,11,'0','','',''),(598,325,11,'0','','',''),(656,443,11,'0','','',''),(597,324,11,'0','','',''),(596,323,11,'0','','',''),(584,316,11,'0','','',''),(595,322,11,'0','','',''),(583,314,11,'0','','',''),(600,327,11,'0','','',''),(582,315,11,'0','','',''),(581,313,11,'0','','',''),(577,318,11,'0','','',''),(551,418,11,'0','','',''),(552,419,4,'0','','',''),(553,419,6,'0','','',''),(554,419,7,'0','','',''),(555,420,4,'0','','',''),(556,420,6,'0','','',''),(557,420,7,'0','','',''),(558,310,11,'0','','',''),(601,328,11,'0','','',''),(560,320,11,'0','','',''),(561,319,11,'0','','',''),(562,321,11,'0','','',''),(563,334,11,'0','','',''),(564,335,11,'0','','',''),(565,309,11,'0','','',''),(566,307,11,'0','','',''),(567,308,11,'0','','',''),(569,421,11,'0','','',''),(608,427,11,'0','','',''),(684,455,11,'0','','',''),(611,428,11,'0','','',''),(679,453,12,'0','','',''),(678,453,11,'0','','',''),(614,429,11,'0','','',''),(677,453,9,'0','','',''),(617,430,11,'0','','',''),(629,434,11,'0','','',''),(653,442,11,'0','','',''),(620,431,11,'0','','',''),(662,446,11,'0','','',''),(626,433,11,'0','','',''),(623,432,11,'0','','',''),(650,441,11,'0','','',''),(632,435,11,'0','','',''),(661,445,11,'0','','',''),(635,436,11,'0','','',''),(665,447,11,'0','','',''),(659,444,11,'0','','',''),(638,437,11,'0','','',''),(644,439,11,'0','','',''),(641,438,11,'0','','',''),(670,450,11,'0','','',''),(669,449,11,'0','','',''),(668,448,11,'0','','',''),(673,451,11,'0','','',''),(676,452,11,'0','','',''),(690,457,11,'0','','',''),(693,458,11,'0','','',''),(699,460,11,'0','','',''),(696,459,11,'0','','',''),(702,461,11,'0','','',''),(705,462,11,'0','','',''),(744,483,11,'0','','',''),(711,464,11,'0','','',''),(714,465,11,'0','','',''),(717,466,11,'0','','',''),(720,467,11,'0','','',''),(726,470,11,'0','','',''),(725,469,11,'0','','',''),(727,471,11,'0','','',''),(728,472,11,'0','','',''),(729,473,11,'0','','',''),(731,475,11,'0','','',''),(733,476,11,'0','','',''),(735,477,6,'0','','',''),(736,477,11,'0','','',''),(737,478,11,'0','','',''),(741,480,11,'0','','',''),(740,479,11,'0','','',''),(742,481,11,'0','','',''),(743,482,11,'0','','',''),(745,484,11,'0','','',''),(746,485,6,'0','','',''),(747,485,11,'0','','',''),(755,488,11,'0','','',''),(754,488,4,'0','','',''),(753,488,6,'0','','',''),(752,488,7,'0','','',''),(756,489,11,'0','','',''),(757,490,11,'0','','',''),(758,491,11,'0','','',''),(768,496,11,'0','','',''),(763,494,11,'0','','',''),(762,493,11,'0','','',''),(765,495,11,'0','','',''),(767,496,6,'0','','',''),(769,497,11,'0','','',''),(770,498,11,'0','','',''),(771,499,11,'0','','',''),(772,500,11,'0','','',''),(773,500,6,'0','','',''),(774,501,11,'0','','',''),(775,502,11,'0','','',''),(776,503,11,'0','','',''),(777,504,11,'0','','',''),(778,505,11,'0','','',''),(779,506,11,'0','','',''),(780,507,11,'0','','',''),(781,508,11,'0','','',''),(782,509,11,'0','','',''),(783,510,11,'0','','',''),(784,511,11,'0','','',''),(785,512,11,'0','','',''),(789,514,11,'0','','',''),(792,515,11,'0','','','');

--
-- Table structure for table `structure_table`
--

CREATE TABLE `structure_table` (
  `structure_id` int(11) NOT NULL AUTO_INCREMENT,
  `menu_id` int(11) NOT NULL DEFAULT '0',
  `templates_id` int(11) NOT NULL DEFAULT '0',
  `data_templates_id` int(11) NOT NULL DEFAULT '0',
  `site_id` int(11) NOT NULL DEFAULT '0',
  `documents_id` int(11) DEFAULT NULL,
  `lib_id` int(10) unsigned NOT NULL DEFAULT '0',
  `structure_parent_id` int(11) DEFAULT NULL,
  `structure_show` tinyint(4) DEFAULT NULL,
  `structure_menu_name` varchar(255) DEFAULT NULL,
  `structure_title` mediumtext,
  `structure_description` mediumtext,
  `structure_keywords` mediumtext,
  `structure_external_link` varchar(255) DEFAULT NULL,
  `structure_order` int(11) DEFAULT NULL,
  `structure_path_name` varchar(255) DEFAULT NULL,
  `structure_type` tinyint(4) DEFAULT NULL,
  `structure_access` int(11) NOT NULL DEFAULT '-1',
  `structure_access_protocol` int(11) NOT NULL,
  `structure_activity` tinyint(1) NOT NULL DEFAULT '0',
  `structure_allow_indexation` tinyint(1) NOT NULL DEFAULT '0',
  `structure_change_frequency` smallint(6) NOT NULL DEFAULT '0',
  `structure_priority` float NOT NULL DEFAULT '0',
  `users_id` int(10) unsigned NOT NULL DEFAULT '0',
  PRIMARY KEY (`structure_id`),
  KEY `users_id` (`users_id`),
  KEY `menu_id` (`menu_id`),
  KEY `site_id` (`site_id`),
  KEY `data_templates_id` (`data_templates_id`),
  KEY `documents_id` (`documents_id`),
  KEY `templates_id` (`templates_id`),
  KEY `structure_parent_id` (`structure_parent_id`,`site_id`,`structure_path_name`(20),`structure_activity`)
) ENGINE=MyISAM AUTO_INCREMENT=517 DEFAULT CHARSET=utf8;

--
-- Dumping data for table `structure_table`
--

INSERT INTO `structure_table` VALUES (1,3,0,8,1,2,0,0,0,'Интернет-магазин','','большой ассортимент материалов для наращивания ногтей, нейл-дизайна, маникюра, педикюра. Самые низкие цены на рынке Украины! ','','',2000,'shop',0,0,0,0,0,2,1,19),(10,1,1,1,1,5,0,0,0,'Ошибка 404','Ошибка 404','Ошибка 404','Ошибка 404','',999,'404',0,0,0,1,0,2,0.5,19),(37,3,1,1,1,0,5,1,0,'Карта сайта','Карта сайта','Карта сайта','Карта сайта','',888,'map',2,-1,0,1,1,2,0.5,19),(38,1,1,1,1,4,0,0,0,'Ошибка 403','Ошибка 403','Ошибка 403','Ошибка 403','',999,'403',0,-1,0,1,0,2,0.5,19),(22,3,1,1,1,0,3,1,0,'Поиск','Поиск','Поиск','Поиск','',888,'search',2,0,0,1,1,2,0.5,19),(23,3,1,1,1,0,18,1,1,'Написать нам','Обратная связь','Обратная связь','Обратная связь','',60,'feedback',2,0,0,1,1,2,0.5,19),(32,1,1,1,1,0,21,0,0,'Переход по ссылке баннера','Переход по ссылке баннера','Переход по ссылке баннера','Переход по ссылке баннера','',3000,'showbanner',2,0,0,0,0,2,0.5,19),(42,3,1,2,1,0,6,1,1,'Интернет-магазин','Интернет-магазин','Интернет-магазин','Интернет-магазин','',30,'catalog',2,0,0,0,0,2,0.5,19),(43,3,1,1,1,0,7,42,0,'Корзина','Корзина','Корзина','Корзина','',10,'cart',2,-1,0,0,0,2,0.5,19),(48,3,1,1,1,0,9,42,0,'Продавцы','Продавцы','Продавцы товара','Продавцы','',888,'sallers',2,0,0,0,0,2,0.5,19),(63,3,1,1,1,0,12,42,0,'Экспорт в Яндекс.Маркет','','','','',999,'yandex_market',2,-1,0,0,0,2,0.5,19),(52,3,1,1,1,0,10,42,0,'Сравнение товаров','Сравнение товаров','Сравнение выбранных товаров','','',888,'compare_items',2,-1,0,0,0,2,0.5,19),(55,3,6,9,1,0,8,43,0,'Версия для печати','Версия для печати','Версия для печати','','',0,'print',2,-1,0,1,1,2,0.5,19),(117,5,46,29,1,0,1,98,1,'Статьи','','','','',40,'stati',2,0,0,1,1,0,0.5,19),(118,5,46,29,1,0,1,98,1,'Новости и акции','','','','',30,'novosti',2,0,0,1,1,0,0.5,19),(71,3,1,1,1,0,13,42,0,'Экспорт Рамблер.Покупки','Экспорт Рамблер.Покупки','Экспорт Рамблер.Покупки','Экспорт Рамблер.Покупки','',999,'rambler.pokupki',2,-1,0,0,0,2,0.5,19),(74,4,1,1,1,0,29,0,0,'Google SiteMap','','','','',888,'sitemap',2,0,0,1,0,0,1,19),(76,1,1,1,1,0,31,75,1,'Пополнение лицевого счета','Пополнение лицевого счета','Пополнение лицевого счета','Пополнение лицевого счета','',0,'pay',2,0,0,0,0,0,0.5,19),(84,3,1,1,1,0,1,1,1,'Новости','','','','',15,'news',2,0,0,1,1,0,0.5,19),(79,1,49,1,1,6,0,0,0,'Сайт временно недоступен','Сайт временно недоступен','Сайт временно недоступен','Сайт временно недоступен','',999,'503',1,0,0,1,0,0,0.5,19),(80,3,0,1,1,7,0,1,1,'О компании','','','','',10,'about',0,0,0,1,1,0,0.5,19),(81,3,0,1,1,8,0,42,0,'Как заказать','','','','',40,'info',0,0,0,0,0,0,0.5,19),(82,3,0,1,1,9,0,1,1,'Наши магазины','','','','',20,'city',0,0,0,1,1,0,0.5,19),(83,3,0,1,1,10,0,1,0,'Наши дилеры','','','','',30,'partners',0,0,0,0,0,0,0.5,19),(85,3,0,1,1,11,0,82,1,'Днепропетровск','','','','',0,'dnepropetrovsk',0,0,0,1,1,0,0.5,19),(86,3,0,1,1,12,0,82,1,'Донецк','','','','',0,'donetsk',0,0,0,1,1,0,0.5,19),(87,3,0,1,1,13,0,82,1,'Запорожье','','','','',0,'zaporojye',0,0,0,1,1,0,0.5,19),(88,3,0,1,1,14,0,82,1,'Днепродзержинск','','','','',0,'dneprodzerzhinsk',0,0,0,1,1,0,0.5,19),(89,3,0,1,1,15,0,82,1,'Кривой Рог','','','','',0,'krivoi_rog',0,0,0,1,1,0,0.5,19),(90,3,0,1,1,16,0,82,1,'Мелитополь','','','','',0,'melitopol',0,0,0,1,1,0,0.5,19),(91,3,0,1,1,17,0,82,1,'Одесса','','','','',0,'odessa',0,0,0,1,1,0,0.5,19),(92,3,0,1,1,18,0,82,1,'Павлоград','','','','',0,'pavlograd',0,0,0,1,1,0,0.5,19),(93,3,0,1,1,19,0,82,1,'Полтава','','','','',0,'poltava',0,0,0,1,1,0,0.5,19),(94,3,0,1,1,20,0,82,1,'Харьков','','','','',0,'kharkov',0,0,0,1,1,0,0.5,19),(96,3,0,1,1,0,0,1,1,'Обучение','','','','/school/',50,'obuchenie',0,0,0,1,1,0,0.5,19),(97,1,0,10,1,21,0,0,0,'Ногтевой Сервис','Ногтевой Сервис® – сеть салонов красоты, учебных центров и магазинов.','Национальный лидер в моделировании ногтей предлагает великолепные салонные услуги, качественное обучение и широкий спектр профессиональной продукции.','','',10,'/',0,0,0,1,1,0,0.5,19),(98,1,0,29,1,22,0,0,0,'Салоны красоты','','','','',0,'salon',0,0,0,1,0,0,0.5,19),(99,4,0,1,1,0,0,98,0,'Днепропетровск','','','','',10,'dnepropetrovsk',0,0,0,1,1,0,0.5,19),(185,4,0,1,1,0,0,184,0,'Панфилова 21','','','','',10,'panfilova-21',0,0,0,1,1,0,0.5,19),(184,4,0,1,1,0,0,98,0,'Донецк','','','','',10,'donetsk',0,0,0,1,1,0,0.5,19),(102,4,0,1,1,0,0,99,0,'Мост-Сити','','','','',10,'most-siti',0,0,0,1,1,0,0.5,19),(149,8,0,29,1,51,0,148,1,'О салоне','','','','',10,'o-salone',0,0,0,1,1,0,0.5,19),(148,4,0,1,1,0,0,99,0,'Короленко 2д','','','','',10,'korolenko-2d',0,0,0,0,1,0,0.5,19),(108,8,0,29,1,23,0,102,1,'О салоне','','','','',10,'o-salone',0,0,0,1,1,0,0.5,19),(109,8,0,29,1,24,0,102,1,'Услуги','','','','',20,'uslugi',0,0,0,1,1,0,0.5,19),(302,4,0,37,1,113,0,133,1,'Новости и акции','','','','',0,'novosti-i-aktsii',0,0,0,1,1,0,0.5,19),(301,4,0,37,1,112,0,132,1,'Новости и акции','','','','',0,'novosti-i-aktsii',0,0,0,1,1,0,0.5,19),(299,4,0,29,1,110,0,98,0,'О нас','','','','',80,'o-nas',0,0,0,1,1,0,0.5,19),(298,9,0,37,1,100,0,133,1,'Контакты','','','','',30,'kontakty',0,0,0,1,1,0,0.5,19),(300,4,0,37,1,111,0,131,1,'Новости и акции','','','','',0,'novosti-i-aktsii',0,0,0,1,1,0,0.5,19),(115,8,0,29,1,27,0,102,1,'Контакты','','','','',40,'kontakty',0,0,0,1,1,0,0.5,19),(116,4,1,1,1,0,11,42,1,'Прайс-лист','','','','',0,'pricelist',2,0,0,0,0,0,0.5,19),(120,5,0,29,1,26,0,98,1,'Видео о нас','','','','',60,'video-o-nas',0,0,0,1,1,0,0.5,19),(121,5,46,29,1,0,2,98,1,'Гостевая книга','','','','',70,'gostevaja-kniga',2,0,0,1,1,0,0.5,19),(122,5,46,29,1,0,1,98,1,'Фотогалерея','','','','',50,'fotogalereja',2,0,0,1,1,0,0.5,19),(123,4,0,37,1,87,0,0,0,'Обучение','','','','',4000,'school',0,0,0,0,0,0,0.5,19),(125,12,0,1,1,0,0,123,1,'Интернет-магазин','','','','http://nailservice.com.ua/shop/',50,'internet-magazin',0,0,0,1,1,0,0.5,19),(126,6,47,1,1,0,1,123,1,'Наши инструкторы','','','','',30,'nashi-instruktora',2,0,0,1,1,0,0.5,19),(127,6,47,1,1,0,1,123,1,'Галерея работ','','','','',40,'galereja-rabot',2,0,0,1,1,0,0.5,19),(128,6,47,37,1,88,1,123,1,'Виртуальный мастер-класс','','','','',20,'virtualnyjj-master-klass',2,0,0,1,1,0,0.5,19),(129,12,47,1,1,0,2,123,1,'Отзывы учеников','','','','',60,'otzyvy-uchenikov',2,0,0,1,1,0,0.5,19),(130,12,47,37,1,0,18,123,1,'Написать нам','','','','',70,'napisat-nam',2,0,0,1,1,0,0.5,19),(131,7,0,1,1,0,0,123,1,'Днепропетровск','','','','',15,'dnepropetrovsk',0,0,0,1,1,0,0.5,19),(132,7,0,1,1,0,0,123,1,'Донецк','','','','',15,'donetsk',0,0,0,1,1,0,0.5,19),(133,7,0,1,1,0,0,123,1,'Запорожье','','','','',15,'zaporozhe',0,0,0,1,1,0,0.5,19),(134,4,0,1,1,0,0,123,1,'Кривой Рог','','','','',15,'krivojj-rog',0,0,0,1,1,0,0.5,19),(135,4,0,1,1,0,0,123,1,'Полтава','','','','',15,'poltava',0,0,0,1,1,0,0.5,19),(136,4,0,1,1,91,0,123,1,'Харьков','','','','',15,'kharkov',0,0,0,1,1,0,0.5,19),(186,8,0,29,1,75,0,185,1,'О салоне','','','','',10,'o-salone',0,0,0,1,1,0,0.5,19),(156,8,0,29,1,53,0,148,1,'Контакты','','','','',80,'kontakty',0,0,0,1,1,0,0.5,19),(277,8,42,29,1,0,1,102,1,'Наши мастера','','','','',30,'nashi-mastera',2,0,0,1,1,0,0.5,19),(278,8,42,29,1,0,1,157,1,'Наши мастера','','','','',30,'nashi-mastera',2,0,0,1,1,0,0.5,19),(279,8,42,29,1,0,1,148,1,'Наши мастера','','','','',30,'nashi-mastera',2,0,0,1,1,0,0.5,19),(284,9,0,37,1,98,0,131,1,'Курс моделирования ногтей','','','','',10,'kurs-modelirovanija-nogtejj',0,0,0,1,1,0,0.5,19),(280,8,42,29,1,0,1,175,1,'Наши мастера','','','','',30,'nashi-mastera',2,0,0,1,1,0,0.5,19),(150,8,0,29,1,52,0,148,1,'Услуги','','','','',20,'uslugi',0,0,0,1,1,0,0.5,19),(276,5,0,29,1,22,0,98,1,'Главная','','','','',20,'/',0,0,0,1,1,0,0.5,19),(157,4,0,1,1,0,0,99,0,'Короленко 18','','','','',10,'korolenko-18',0,0,0,1,1,0,0.5,19),(187,8,0,29,1,76,0,185,1,'Услуги','','','','',20,'uslugi',0,0,0,1,1,0,0.5,19),(158,8,0,29,1,57,0,157,1,'О салоне','','','','',10,'o-salone',0,0,0,1,1,0,0.5,19),(159,8,0,29,1,58,0,157,1,'Услуги','','','','',20,'uslugi',0,0,0,1,1,0,0.5,19),(297,9,0,37,1,99,0,133,1,'Мастер-классы и семинары','','','','',20,'master-klassy-i-seminary',0,0,0,1,1,0,0.5,19),(296,9,0,37,1,95,0,133,1,'Курс моделирования ногтей','','','','',10,'kurs-modelirovanija-nogtejj',0,0,0,1,1,0,0.5,19),(295,12,0,37,1,91,0,136,1,'Общая информация','','','','',0,'obshhaja-informatsija',0,0,0,1,1,0,0.5,19),(294,4,0,37,1,90,0,135,0,'Общая информация','','','','',0,'obshhaja-informatsija',0,0,0,1,1,0,0.5,19),(165,8,0,29,1,59,0,157,1,'Контакты','','','','',80,'kontakty',0,0,0,1,1,0,0.5,19),(166,4,0,1,1,0,0,99,0,'Рондо','','','','',10,'rondo',0,0,0,1,1,0,0.5,19),(167,8,0,29,1,63,0,166,1,'О салоне','','','','',10,'o-salone',0,0,0,1,1,0,0.5,19),(168,8,0,29,1,64,0,166,1,'Услуги','','','','',20,'uslugi',0,0,0,1,1,0,0.5,19),(293,12,0,42,1,89,0,134,1,'Общая информация','','','','',0,'obshhaja-informatsija',0,0,0,1,1,0,0.5,19),(174,8,0,29,1,65,0,166,1,'Контакты','','','','',80,'kontakty',0,0,0,1,1,0,0.5,19),(175,4,0,1,1,0,0,99,0,'Ноктюрн','','','','',10,'noktjurn',0,0,0,1,1,0,0.5,19),(176,8,0,29,1,69,0,175,1,'О салоне','','','','',10,'o-salone',0,0,0,1,1,0,0.5,19),(177,8,0,29,1,70,0,175,1,'Услуги','','','','',20,'uslugi',0,0,0,1,1,0,0.5,19),(289,9,0,37,1,97,0,132,1,'Контакты','','','','',30,'kontakty',0,0,0,1,1,0,0.5,19),(292,3,0,8,1,2,0,1,1,'Главная','','','','',0,'/',0,0,0,1,1,0,0.5,19),(288,9,0,37,1,96,0,132,1,'Мастер-классы и семинары','','','','',20,'master-klassy-i-seminary',0,0,0,1,1,0,0.5,19),(287,9,0,37,1,92,0,132,1,'Курс моделирования ногтей','','','','',10,'kurs-modelirovanija-nogtejj',0,0,0,1,1,0,0.5,19),(183,8,0,29,1,71,0,175,1,'Контакты','','','','',80,'kontakty',0,0,0,1,1,0,0.5,19),(291,6,0,12,1,87,0,123,1,'Главная страница','','','','',0,'/',0,0,0,1,1,0,0.5,19),(286,9,0,37,1,94,0,131,1,'Контакты','','','','',30,'kontakty',0,0,0,1,1,0,0.5,19),(285,9,0,37,1,93,0,131,1,'Мастер-классы и семинары','','','','',20,'master-klassy-i-seminary',0,0,0,1,1,0,0.5,19),(193,8,0,29,1,77,0,185,1,'Контакты','','','','',80,'kontakty',0,0,0,1,1,0,0.5,19),(230,4,0,1,1,0,0,98,0,'Запорожье','','','','',10,'zaporozhe',0,0,0,1,1,0,0.5,19),(231,4,0,1,1,0,0,230,0,'40 лет Советской Украины','','','','',10,'40-let-sovetskojj-ukrainy',0,0,0,1,1,0,0.5,19),(232,8,0,29,1,81,0,231,1,'О салоне','','','','',10,'o-salone',0,0,0,1,1,0,0.5,19),(233,8,0,29,1,82,0,231,1,'Услуги','','','','',20,'uslugi',0,0,0,1,1,0,0.5,19),(283,8,42,29,1,0,1,166,1,'Наши мастера','','','','',30,'nashi-mastera',2,0,0,1,1,0,0.5,19),(282,8,42,29,1,0,1,185,1,'Наши мастера','','','','',30,'nashi-mastera',2,0,0,1,1,0,0.5,19),(281,8,42,29,1,0,1,231,1,'Наши мастера','','','','',30,'nashi-mastera',2,0,0,1,1,0,0.5,19),(239,8,0,29,1,83,0,231,1,'Контакты','','','','',80,'kontakty',0,0,0,1,1,0,0.5,19),(303,2,0,1,1,114,0,82,1,'Симферополь','','','','',0,'simferopol',0,0,0,1,1,0,0.5,19),(304,2,0,1,1,115,0,82,1,'Киев','','','','',0,'kiev',0,0,0,1,1,0,0.5,19),(306,20,0,54,3,168,0,0,0,'старый Интернет-магазин','','большой ассортимент материалов для наращивания ногтей, нейл-дизайна, маникюра, педикюра. Самые низкие цены на рынке Украины! ','','',999,'old_shopmainpage',0,0,0,0,0,2,1,19),(307,20,57,84,3,0,5,0,0,'Карта сайта','Карта сайта','Карта сайта','Карта сайта','',888,'map',2,-1,0,1,1,2,0.5,19),(308,20,0,84,3,241,0,0,0,'Поиск','Поиск','Поиск','Поиск','',888,'search',0,0,0,1,1,2,0.5,19),(309,20,57,84,3,0,18,0,1,'Контакты','Обратная связь','Обратная связь','Обратная связь','',90,'feedback',2,0,0,1,1,2,0.5,19),(310,20,57,84,3,0,6,0,1,'Главная','BLAZE NAILS гели гель-лаки акрилы пудры мономеры','Интернет магазин Blaze Nails. Материалы для наращивания гелем и акрилом  Ногтевой Сервис','Blaze Nails, Материалы для наращивания ногтей, Интернет магазин, гель, акрил, Blaze, уф-лампы, Nail Tek, гель-лаки ','',10,'/',2,0,0,1,1,2,0.5,19),(311,19,57,84,3,0,7,0,0,'Корзина','Корзина','Корзина','Корзина','',200,'cart',2,-1,0,1,1,2,0.5,19),(312,19,6,49,3,0,8,311,0,'Версия для печати','Версия для печати','Версия для печати','','',0,'print',2,-1,0,1,1,2,0.5,19),(313,20,61,56,3,0,9,0,0,'Продавцы','Продавцы','Продавцы товара','Продавцы','',888,'sallers',2,0,0,0,0,2,0.5,19),(314,20,57,84,3,0,12,436,0,'Экспорт в Яндекс.Маркет','','','','',999,'yandex_market',2,-1,0,1,1,2,0.5,19),(315,20,61,56,3,0,10,0,0,'Сравнение товаров','Сравнение товаров','Сравнение выбранных товаров','','',888,'compare_items',2,-1,0,0,0,2,0.5,19),(316,20,61,56,3,0,13,0,0,'Экспорт Рамблер.Покупки','Экспорт Рамблер.Покупки','Экспорт Рамблер.Покупки','Экспорт Рамблер.Покупки','',999,'rambler.pokupki',2,-1,0,0,0,2,0.5,19),(317,20,0,84,3,169,0,0,1,'Доставка и оплата','Оплата и доставка','Наши менеджеры проконсультируют Вас по любым вопросам, связанным с товарами, оформлением заказа, оплатой, доставкой и пр. по телефонам: Киевстар (098) 6-160-160 МТС (066) 6-160-160 Life (063) 6-160-160','оплата, доставка, заказ, товар.','',70,'pay',0,0,0,1,1,0,0.5,19),(318,19,61,53,3,0,11,0,1,'Прайс-лист','','','','',999,'pricelist',2,0,0,0,0,0,0.5,19),(319,20,57,84,3,0,1,0,1,'Новости и акции','Новости и акции','Свежие новости и акции Ногтевой Сервис','новости, акции','',30,'news',2,0,0,1,1,0,0.5,19),(320,20,0,84,3,173,0,0,1,'О компании','Компания Ногтевой Сервис. Blaze Nails','Ногтевой Сервис. О компании и о TM Blaze Nails','Ногтевой сервис, компания, Blaze','',20,'about',0,0,0,1,1,0,0.5,19),(321,20,0,90,3,172,0,0,1,'Магазины','Магазины Ногтевой Сервис.','Ногтевой Сервис в регионах. Днепр Донецк Запорожье Харьков Днепродзержинск Кривой Рог Мелитополь Одесса Павлоград Полтава  Мариуполь Никополь Краматорск Новомосковск','Ногтевой Сервис Днепр, Донецк, Запорожье, Харьков, Днепродзержинск, Кривой Рог, Мелитополь, Одесса, Павлоград, Полтава,  Мариуполь, Никополь, Краматорск, Новомосковск','',50,'shops',0,0,0,1,1,0,0.5,19),(322,20,0,84,3,175,0,321,1,'Днепропетровск','','','материалы для наращивания ногтей Днепропетровск, наращивание ногтей Днепропетровск, купить материалы для наращивания ногтей Днепропетровск, мономеры Днепропетровск, гели Днепропетровск, материалы для салонов красоты Днепропетровск','',0,'dnepropetrovsk',0,0,0,1,1,0,0.5,19),(323,20,0,84,3,176,0,321,1,'Донецк','','','материалы для наращивания ногтей Донецк, наращивание ногтей Донецк, купить материалы для наращивания ногтей Донецк, мономеры Донецк, гели Донецк, материалы для салонов красоты Донецк','',0,'donetsk',0,0,0,1,1,0,0.5,19),(324,20,0,84,3,177,0,321,1,'Запорожье','','','материалы для наращивания ногтей Запорожье, наращивание ногтей Запорожье, купить материалы для наращивания ногтей Запорожье, мономеры Запорожье, гели Запорожье, материалы для салонов красоты Запорожье','',0,'zaporojye',0,0,0,1,1,0,0.5,19),(325,20,0,84,3,174,0,321,1,'Днепродзержинск','','','материалы для наращивания ногтей Днепродзержинск, наращивание ногтей Днепродзержинск, купить материалы для наращивания ногтей Днепродзержинск, мономеры Днепродзержинск, гели Днепродзержинск','',0,'dneprodzerzhinsk',0,0,0,1,1,0,0.5,19),(326,20,0,84,3,179,0,321,1,'Кривой Рог','','','материалы для наращивания ногтей Кривой Рог, наращивание ногтей Кривой Рог, купить материалы для наращивания ногтей Кривой Рог, мономеры Кривой Рог, гели Кривой Рог, материалы для салонов красоты Кривой Рог','',0,'krivoi_rog',0,0,0,1,1,0,0.5,19),(327,21,0,84,3,273,0,321,1,'Кременчуг','','','материалы для наращивания ногтей Кременчуг, наращивание ногтей Кременчуг, купить материалы для наращивания ногтей Кременчуг, мономеры Кременчуг, гели Кременчуг, материалы для салонов красоты Кременчуг','',0,'kremenchug',0,0,0,1,1,0,0.5,19),(328,20,0,84,3,181,0,321,1,'Одесса','','','материалы для наращивания ногтей Одесса, наращивание ногтей Одесса, купить материалы для наращивания ногтей Одесса, мономеры Одесса, гели Одесса, материалы для салонов красоты Одесса','',0,'odessa',0,0,0,1,1,0,0.5,19),(329,20,0,84,3,182,0,321,1,'Павлоград','','','материалы для наращивания ногтей Павлоград, наращивание ногтей Павлоград, купить материалы для наращивания ногтей Павлоград, мономеры Павлоград, гели Павлоград, материалы для салонов красоты Павлоград','',0,'pavlograd',0,0,0,1,1,0,0.5,19),(330,20,0,84,3,183,0,321,1,'Полтава','','','материалы для наращивания ногтей Полтава, наращивание ногтей Полтава, купить материалы для наращивания ногтей Полтава, мономеры Полтава, гели Полтава, материалы для салонов красоты Полтава','',0,'poltava',0,0,0,1,1,0,0.5,19),(331,20,0,84,3,185,0,321,1,'Харьков','','','материалы для наращивания ногтей Харьков, наращивание ногтей Харьков, купить материалы для наращивания ногтей Харьков, мономеры Харьков, гели Харьков, материалы для салонов красоты Харьков','',0,'kharkov',0,0,0,1,1,0,0.5,19),(333,21,0,84,3,178,0,321,1,'Киев','','','материалы для наращивания ногтей Киев, наращивание ногтей Киев, купить материалы для наращивания ногтей Киева, мономеры Киев, гели Киев, материалы для салонов красоты Киев','',0,'kiev',0,0,0,1,1,0,0.5,19),(334,20,57,84,3,171,18,0,1,'Партнерам','Партнерам','Мы всегда рады выслушать ваши предложения и комментарии. Приглашаем к сотрудничеству!','партнерам, предложения, комментарии.','',80,'partners',2,0,0,0,0,0,0.5,19),(335,20,0,88,3,186,0,0,1,'Обучение','Учебный центр Ногтевой Сервис: школа, курсы, обучение, семинары. Наращивание ногтей.','Ногтевой Сервис- обучение наращиванию ногтей акрилом и гелем. Учебный центр, курсы, семинары.','Учебный центр, ногтевой сервис, школа, курсы, обучение, семинары, наращивание ногтей.','',60,'school',0,0,0,1,1,0,0.5,19),(337,19,0,84,3,119,0,0,0,'Ошибка 404','Ошибка 404','Ошибка 404','Ошибка 404','',998,'404',0,0,0,1,0,2,0.5,19),(338,19,0,53,3,118,0,0,0,'Ошибка 403','Ошибка 403','Ошибка 403','Ошибка 403','',998,'403',0,-1,0,1,0,2,0.5,19),(339,22,57,53,3,0,21,0,0,'Переход по ссылке баннера','Переход по ссылке баннера','Переход по ссылке баннера','Переход по ссылке баннера','',888,'showbanner',2,0,0,0,0,2,0.5,19),(340,19,57,84,3,0,29,0,0,'Google SiteMap','','','','',888,'sitemap',2,0,0,1,0,0,1,19),(341,19,55,53,3,120,0,0,0,'Сайт временно недоступен','Сайт временно недоступен','Сайт временно недоступен','Сайт временно недоступен','',998,'503',1,0,0,1,0,0,0.5,19),(442,16,0,88,3,188,0,427,1,'Программа школы','','','','',10,'/',0,0,0,1,1,0,0.5,19),(418,19,57,53,3,116,0,0,0,'test','','','','',999,'test',1,0,0,0,0,0,0.5,19),(419,7,0,40,1,0,0,123,1,'Симфрерополь','','','','',0,'simfreropol',0,0,0,1,1,0,0.5,19),(420,12,0,37,1,210,0,419,1,'Общая информация','','','','',0,'obshhaja-informatsija',0,0,0,1,1,0,0.5,19),(421,20,57,84,3,0,1,0,0,'Скидки','Скидки','Система скидок в нашем интернет-магазине','скидки, акции','',40,'discount',2,0,0,1,1,0,0.5,19),(427,16,0,88,3,188,0,335,1,'Днепр','','','','',60,'dnepropetrovsk',0,0,0,1,1,0,0.5,19),(428,16,0,88,3,192,0,335,1,'Донецк','','','','',65,'donetsk',0,0,0,0,0,0,0.5,19),(429,16,0,88,3,196,0,335,1,'Запорожье','','','','',70,'zaporozhe',0,0,0,1,1,0,0.5,19),(430,16,0,88,3,199,0,335,1,'Кривой Рог','','','','',90,'krivojj-rog',0,0,0,1,1,0,0.5,19),(435,17,75,88,3,0,1,335,1,'Галерея работ','','','','',30,'gallery',2,0,0,1,1,0,0.5,19),(431,16,0,88,3,200,0,335,1,'Полтава','','','','',77,'poltava',0,0,0,1,1,0,0.5,19),(434,17,67,84,3,0,1,335,1,'Наши инструкторы','','','','',3333,'nashi-instruktory',2,0,0,0,0,0,0.5,19),(432,16,0,88,3,201,0,335,1,'Харьков','','','','',110,'kharkov',0,0,0,1,1,0,0.5,19),(433,17,75,88,3,0,1,335,1,'Мастер-классы','','','','',20,'virtualnyjj-master-klass',2,0,0,1,1,0,0.5,19),(436,17,0,88,3,0,0,335,1,'Интернет-магазин','','','','http://nails.ua',50,'internet-magazin',0,0,0,1,1,0,0.5,19),(437,13,67,74,3,0,2,335,1,'Отзывы учеников','','','','',160,'otzyvy-uchenikov',2,0,0,0,0,0,0.5,19),(438,17,75,88,3,0,18,335,1,'Написать нам','','','','',40,'napisat-nam',2,0,0,1,1,0,0.5,19),(439,16,0,88,3,212,0,335,1,'Симферополь','','','','',105,'simferopol',0,0,0,0,0,0,0.5,19),(453,17,0,74,3,186,0,335,1,'Главная','','','','',10,'/',0,0,0,1,1,0,0.5,19),(441,16,0,88,3,190,0,427,1,'Новости и акции','','','','',20,'novosti-i-aktsii',0,0,0,1,1,0,0.5,19),(443,16,0,88,3,189,0,427,1,'Наши инструкторы','','','','',30,'instr',0,0,0,0,1,0,0.5,19),(444,16,0,88,3,187,0,427,1,'Контакты','','','','',40,'kontakty',0,0,0,1,1,0,0.5,19),(445,16,0,88,3,192,0,428,1,'Программа школы','','','','',10,'/',0,0,0,1,1,0,0.5,19),(446,16,0,88,3,194,0,428,1,'Новости и акции','','','','',20,'novosti-i-aktsii',0,0,0,0,1,0,0.5,19),(447,16,0,74,3,193,0,428,1,'Мастер-классы и семинары','','','','',30,'master-klassy-i-seminary',0,0,0,0,0,0,0.5,19),(448,16,0,88,3,191,0,428,1,'Контакты','','','','',40,'kontakty',0,0,0,1,1,0,0.5,19),(449,16,0,88,3,196,0,429,1,'Программа школы','','','','',10,'/',0,0,0,1,1,0,0.5,19),(454,16,0,88,3,199,0,430,1,'Программа школы','','','','',0,'/',0,0,0,1,1,0,0.5,19),(450,16,0,88,3,198,0,429,1,'Новости и акции','','','','',20,'novosti-i-aktsii',0,0,0,1,1,0,0.5,19),(451,14,0,74,3,197,0,429,1,'Мастер-классы и семинары','','','','',30,'master-klassy-i-seminary',0,0,0,0,0,0,0.5,19),(452,16,0,88,3,195,0,429,1,'Контакты','','','','',40,'kontakty',0,0,0,1,1,0,0.5,19),(455,16,0,88,3,200,0,431,1,'Программа школы','','','','',0,'/',0,0,0,1,1,0,0.5,19),(456,16,0,88,3,201,0,432,1,'Программа школы','','','','',0,'/',0,0,0,1,1,0,0.5,19),(457,16,0,88,3,212,0,439,1,'Программа школы','','','','',0,'/',0,0,0,1,1,0,0.5,19),(458,17,0,88,3,216,0,335,1,'Задать вопрос','','','','',35,'voprosy-spetsialistam',0,0,0,1,1,0,0.5,19),(459,21,0,84,3,218,0,321,1,'Мариуполь','','','материалы для наращивания ногтей Мариуполь, наращивание ногтей Мариуполь, купить материалы для наращивания ногтей Мариуполь, мономеры Мариуполь, гели Мариуполь, материалы для салонов красоты Мариуполь','',0,'mariupol',0,0,0,1,1,0,0.5,20),(460,21,0,84,3,219,0,321,1,'Никополь','','','материалы для наращивания ногтей Никополь, наращивание ногтей Никополь, купить материалы для наращивания ногтей Никополь, мономеры Никополь, гели Никополь, материалы для салонов красоты Никополь','',0,'nikopol',0,0,0,1,1,0,0.5,20),(461,21,0,84,3,220,0,321,1,'Краматорск','','','материалы для наращивания ногтей Краматорск, наращивание ногтей Краматорск, купить материалы для наращивания ногтей Краматорск, мономеры Краматорск, гели Краматорск, материалы для салонов красоты Краматорск','',0,'kramatorsk',0,0,0,1,1,0,0.5,20),(462,21,0,84,3,221,0,321,1,'Новомосковск','','','материалы для наращивания ногтей Новомосковск, наращивание ногтей Новомосковск, купить материалы для наращивания ногтей Новомосковск, мономеры Новомосковск, гели Новомосковск, материалы для салонов красоты Новомосковск','',0,'novomoskovsk',0,0,0,1,1,0,0.5,20),(464,21,0,84,3,222,0,321,1,'Горловка','','','материалы для наращивания ногтей Горловка, наращивание ногтей Горловка, купить материалы для наращивания ногтей Горловка, мономеры Горловка, гели Горловка, материалы для салонов красоты Горловка','',0,'gorlovka',0,0,0,1,1,0,0.5,19),(465,16,0,88,3,224,0,335,1,'Никополь','','','','',95,'nikopol',0,0,0,1,1,0,0.5,19),(466,16,0,88,3,224,0,465,1,'Общая информация','','','','',0,'obshhaja-informatsija',0,0,0,1,1,0,0.5,19),(467,20,57,84,3,225,1,0,1,'Статьи','Статьи о ногтях и материалах для наращивания ногтей','Практические статьи о наращивании для мастеров ногтевого сервиса.','статьи о ногтях, статьи о наращивании, статьи для мастеров','',55,'article',2,0,0,1,1,0,0.5,19),(469,16,0,88,3,227,0,335,1,'Севастополь','','','','',107,'sevastopol',0,0,0,0,0,0,0.5,19),(471,16,0,88,3,230,0,335,1,'Киев','Ногтевой Сервис в Киеве - учебный центр','','','',75,'kiev',0,0,0,1,1,0,0.5,19),(470,16,0,88,3,227,0,469,1,'Общая информация','','','','',0,'obshhaja-informatsija',0,0,0,1,1,0,0.5,19),(472,16,0,88,3,228,0,471,1,'Программа школы','','','','',10,'programm_school',0,0,0,1,1,0,0.5,19),(473,16,0,88,3,230,0,471,1,'Контакты','','','','',40,'kontakty',0,0,0,1,1,0,0.5,19),(476,21,0,84,3,231,0,321,1,'Константиновка','','','материалы для наращивания ногтей Константиновка, наращивание ногтей Константиновка, купить материалы для наращивания ногтей Константиновка, мономеры Константиновка, гели Контантиновка, материалы для салонов красоты Кировоград','',0,'konstantinovka',0,0,0,1,1,0,0.5,20),(475,16,0,88,3,229,0,471,1,'Новости и акции','','','','',20,'novosti-i-aktsii',0,0,0,0,1,0,0.5,19),(477,20,0,84,3,232,0,0,1,'Оптовые поставки','Оптовые поставки материалов для наращивания ногтей Blaze Nails, купить оптом материалы для наращивания ногтей','Опт материалов для наращивания ногтей Blaze Nails. Материалы для наращивания ногтей купиь','партнерам, предложения, комментарии, оптовые поставки, дилерам, купить оптом, для салона красоты','',80,'opt',0,0,0,1,1,0,0.5,19),(478,21,0,84,3,233,0,321,1,'Кировоград','Ногтевой Сервис Кировоград','','материалы для наращивания ногтей Кировоград, наращивание ногтей Кировоград, купить материалы для наращивания ногтей Кировоград,  гели Кировоград, материалы для салонов красоты Кировоград','',0,'kirovograd',0,0,0,1,1,0,0.5,20),(479,21,0,84,3,234,0,321,1,'Винница','Ногтевой Сервис Винница','','материалы для наращивания ногтей Винница, наращивание ногтей Винница, купить материалы для наращивания ногтей Винница, мономеры Винница, гели Винница,материалы для салонов красоты Винница','',0,'vinnica',0,0,0,1,1,0,0.5,20),(480,21,0,84,3,235,0,321,1,'Кировское','Ногтевой Сервис Кировское','','материалы для наращивания ногтей Кировское, наращивание ногтей Кировское, купить материалы для наращивания ногтей Кировское, мономеры Кировское, гели Кировское, материалы для салонов красоты Кировское','',0,'kirovskoe',0,0,0,1,1,0,0.5,20),(481,21,0,84,3,236,0,321,1,'Чернигов','Ногтевой Сервис Чернигов','','материалы для наращивания ногтей Чернигов, наращивание ногтей Чернигов, купить материалы для наращивания ногтей Чернигов, мономеры Чернигов, гели Чернигов, материалы для салонов красоты Чернигов','',0,'chernigov',0,0,0,1,1,0,0.5,20),(482,21,0,84,3,237,0,321,1,'Сумы','Ногтевой Сервис Сумы','','материалы для наращивания ногтей Сумы, наращивание ногтей Сумы, купить материалы для наращивания ногтей Сумы, мономеры Сумы, гели Сумы, материалы для салонов красоты Сумы','',0,'sumy',0,0,0,1,1,0,0.5,20),(483,21,0,84,3,240,0,321,1,'Черкассы','Ногтевой Сервис Черкассы','','материалы для наращивания ногтей Черкассы, наращивание ногтей Черкассы, купить материалы для наращивания ногтей Черкассы, мономеры Черкассы, гели Черкассы, материалы для салонов красоты Черкассы','',0,'cherkassy',0,0,0,1,1,0,0.5,20),(484,21,0,84,3,246,0,321,1,'Ровненская область','Ногтевой Сервис Ровненская область','','материалы для наращивания ногтей Ровненская область, наращивание ногтей Ровненская область, купить материалы для наращивания ногтей Ровненская область, мономеры Ровненская область, гели Ровненская область, материалы для салонов красоты Ровненская область','',0,'rovnoobl',0,0,0,1,1,0,0.5,20),(485,21,0,84,3,247,0,321,1,'Заказ временно nails-ua.com.ua','','','материалы для наращивания ногтей Киев, наращивание ногтей Киев, купить материалы для наращивания ногтей Киева, мономеры Киев, гели Киев, материалы для салонов красоты Киев','',0,'temporary',0,0,0,0,1,0,0.5,19),(489,21,0,84,3,248,0,321,1,'Херсон','','Материалы для наращивания ногтей, гель-лаки Blaze Nails купить','материалы для наращивания ногтей Херсон, наращивание ногтей Херсон, купить материалы для наращивания ногтей Херсон, мономеры Херсон, гели Херсон, материалы для салонов красоты Херсон','',0,'kherson',0,0,0,1,1,0,0.5,20),(488,21,0,84,3,249,0,321,1,'Хмельницкий','','Купить материалы для ногтей, гель-лаки, гели Ногтевой Сервис Хмельницкий','материалы для наращивания ногтей Хмельницкий, наращивание ногтей Хмельницкий, купить материалы для наращивания ногтей Хмельницкий, мономеры Хмельницкий, гели Хмельницкий, материалы для салонов красоты Хмельницкий','',0,'khmelnitsky',0,0,0,1,1,0,0.5,19),(490,16,0,88,3,252,0,335,1,'Горловка','','','','',86,'gorlovka',0,0,0,0,0,0,0.5,19),(491,16,0,88,3,201,0,490,1,'Программа школы','','','','',0,'/',0,0,0,1,1,0,0.5,19),(493,16,0,88,3,0,0,335,1,'________________________________________','','','','',80,'________________________________________',0,0,0,1,1,0,0.5,19),(494,16,0,88,3,201,0,493,1,'Программа школы','','','','',0,'/',0,0,0,1,1,0,0.5,19),(495,24,0,84,3,253,0,0,0,'Отзывы','','','','',15,'otzyvy',0,0,0,1,1,0,0.5,19),(496,20,0,84,3,254,0,321,1,'Львов','Ногтевой Сервис Blaze Nails Львов','','материалы для наращивания ногтей Львов, гель-лаки Львов, наращивание ногтей Львов, купить материалы для наращивания ногтей Львов, мономеры Львов, гели Львов, материалы для салонов красоты Львов','',0,'lvov',0,0,0,1,1,0,0.5,19),(497,21,0,84,3,255,0,321,1,'Ровно','Ногтевой Сервис Ровно','','гель-лаки Ровно, Blaze Ровно, материалы для наращивания ногтей Ровно, наращивание ногтей Ровно, купить материалы для наращивания ногтей Ровно, мономеры Ровно, гели Ровно, материалы для салонов красоты Ровно','',0,'rovno',0,0,0,1,1,0,0.5,20),(498,16,0,88,3,256,0,335,1,'Тернополь','','','','',108,'ternopol',0,0,0,0,1,0,0.5,19),(500,21,0,84,3,257,0,321,1,'Николаев','Николаев','','материалы для наращивания ногтей Николаев, гель-лаки Николаев','',0,'nikolaev',0,0,0,1,1,0,0.5,19),(499,16,0,88,3,201,0,498,1,'Программа школы','','','','',0,'/',0,0,0,1,1,0,0.5,19),(501,17,75,88,3,0,1,335,1,'Статьи','','','','',20,'stati',2,0,0,0,1,0,0.5,19),(502,16,0,88,3,258,0,335,1,'Николаев','Ногтевой Сервис в Киеве - учебный центр','','','',75,'nikolaev',0,0,0,1,1,0,0.5,19),(506,21,0,84,3,263,0,321,1,'Житомир','Ногтевой Сервис Житомир','','материалы для наращивания ногтей Житомир, наращивание ногтей Житомир, купить материалы для наращивания ногтей Житомир, мономеры Житомир, гели Житомир, материалы для салонов красоты Житомир','',0,'zhytomyr',0,0,0,1,1,0,0.5,20),(503,16,0,88,3,260,0,502,1,'Контакты','','','','',40,'kontakty',0,0,0,1,1,0,0.5,19),(504,16,0,88,3,259,0,502,1,'Новости и акции','','','','',20,'novosti-i-aktsii',0,0,0,0,1,0,0.5,19),(505,16,0,88,3,258,0,502,1,'Программа школы','','','','',10,'programm_school',0,0,0,1,1,0,0.5,19),(507,21,0,84,3,266,0,321,1,'Артемовск','','','материалы для наращивания ногтей Артемовск, наращивание ногтей Артемовск, купить материалы для наращивания ногтей Артемовск, мономеры Артемовск, гели Артемовск, материалы для салонов красоты Артемовск','',0,'artemovsk',0,0,0,1,1,0,0.5,20),(508,21,0,84,3,267,0,321,1,'Славянск','','','материалы для наращивания ногтей Славянск, наращивание ногтей Славянск, купить материалы для наращивания ногтей Славянск, мономеры Славянск, гели Славянск, материалы для салонов красоты Славянск','',0,'slavyansk',0,0,0,1,1,0,0.5,20),(509,21,0,84,3,268,0,321,1,'Тернополь','','','','',0,'ternopol',0,0,0,1,1,0,0.5,20),(511,21,0,84,3,270,0,321,1,'Черновцы','','','','',0,'chernovci',0,0,0,1,1,0,0.5,20),(510,21,0,84,3,269,0,321,1,'Умань','','','','',0,'uman',0,0,0,1,1,0,0.5,20),(512,21,0,84,3,271,0,321,1,'Ивано-Франковск','','','','',0,'ivano-frankovsk',0,0,0,1,1,0,0.5,20),(514,20,57,84,3,0,0,436,1,'Экспорт в Яндекс.Маркет','','','','',999,'C1A8FC07-E6E8-BF76-0180-01E876183296',2,0,0,1,1,0,0.5,19),(515,20,91,84,3,211,12,436,1,'Экспорт в Яндекс.Маркет','','','','',0,'A24C714E-7A6C-E2EF-D20F-2E1FF23F2022',2,0,0,1,1,0,0.5,19);

--
-- Table structure for table `tags_group_table`
--

CREATE TABLE `tags_group_table` (
  `tags_group_id` int(11) NOT NULL AUTO_INCREMENT,
  `tags_group_parent_id` int(11) NOT NULL DEFAULT '0',
  `tags_group_name` varchar(255) NOT NULL,
  `tags_group_description` mediumtext,
  `tags_group_order` smallint(6) NOT NULL DEFAULT '0',
  `users_id` int(11) NOT NULL DEFAULT '0',
  PRIMARY KEY (`tags_group_id`),
  KEY `tags_group_parent_id` (`tags_group_parent_id`)
) ENGINE=MyISAM DEFAULT CHARSET=utf8;

--
-- Dumping data for table `tags_group_table`
--


--
-- Table structure for table `tags_relation_table`
--

CREATE TABLE `tags_relation_table` (
  `tag_relation_id` int(11) NOT NULL AUTO_INCREMENT,
  `tag_id` int(11) NOT NULL DEFAULT '0',
  `information_items_id` int(11) NOT NULL DEFAULT '0',
  `shop_items_catalog_item_id` int(11) NOT NULL DEFAULT '0',
  `site_id` int(11) DEFAULT NULL,
  PRIMARY KEY (`tag_relation_id`),
  KEY `tag_id` (`tag_id`),
  KEY `information_items_id` (`information_items_id`),
  KEY `shop_items_catalog_item_id` (`shop_items_catalog_item_id`),
  KEY `site_id` (`site_id`)
) ENGINE=MyISAM AUTO_INCREMENT=14639 DEFAULT CHARSET=utf8;

--
-- Dumping data for table `tags_relation_table`
--

INSERT INTO `tags_relation_table` VALUES (3287,135,0,2766,1),(14440,148,0,15175,3),(3089,104,0,2765,1),(3286,135,0,2765,1),(14439,144,0,15175,3),(3086,104,0,2764,1),(3285,135,0,2764,1),(14438,202,0,15174,3),(3083,104,0,2763,1),(3284,135,0,2763,1),(14437,148,0,15174,3),(3080,104,0,2762,1),(3283,135,0,2762,1),(14436,144,0,15174,3),(3077,104,0,2761,1),(3282,135,0,2761,1),(14435,202,0,15173,3),(3074,104,0,2760,1),(14434,148,0,15173,3),(3071,104,0,2759,1),(3280,135,0,2759,1),(3281,135,0,2760,1),(14433,144,0,15173,3),(3279,135,0,2758,1),(3068,104,0,2758,1),(3203,104,0,2803,1),(3209,104,0,2805,1),(3324,135,0,2803,1),(3326,135,0,2805,1),(14432,202,0,15172,3),(14431,148,0,15172,3),(3128,104,0,2778,1),(3313,135,0,2792,1),(14430,144,0,15172,3),(3325,135,0,2804,1),(14429,202,0,15171,3),(14428,148,0,15171,3),(3206,104,0,2804,1),(14427,144,0,15171,3),(3212,104,0,2806,1),(3215,104,0,2807,1),(3328,135,0,2807,1),(3323,135,0,2802,1),(14426,202,0,15170,3),(3327,135,0,2806,1),(14425,148,0,15170,3),(14424,144,0,15170,3),(3200,104,0,2802,1),(3191,104,0,2799,1),(3320,135,0,2799,1),(14423,202,0,15169,3),(3194,104,0,2800,1),(3167,104,0,2791,1),(3312,135,0,2791,1),(3317,135,0,2796,1),(14422,148,0,15169,3),(14421,144,0,15169,3),(3188,104,0,2798,1),(3179,104,0,2795,1),(3316,135,0,2795,1),(14420,202,0,15168,3),(3182,104,0,2796,1),(3185,104,0,2797,1),(3318,135,0,2797,1),(3319,135,0,2798,1),(14419,148,0,15168,3),(3197,104,0,2801,1),(3322,135,0,2801,1),(3321,135,0,2800,1),(14418,144,0,15168,3),(3315,135,0,2794,1),(14417,202,0,15167,3),(14416,148,0,15167,3),(3176,104,0,2794,1),(14415,144,0,15167,3),(3170,104,0,2792,1),(3113,104,0,2773,1),(3294,135,0,2773,1),(3293,135,0,2772,1),(14414,202,0,15166,3),(3107,104,0,2771,1),(3292,135,0,2771,1),(14413,148,0,15166,3),(3116,104,0,2774,1),(3119,104,0,2775,1),(3296,135,0,2775,1),(3295,135,0,2774,1),(14412,144,0,15166,3),(14411,202,0,15165,3),(3110,104,0,2772,1),(3161,104,0,2789,1),(3310,135,0,2789,1),(14410,148,0,15165,3),(3158,104,0,2788,1),(3311,135,0,2790,1),(14409,144,0,15165,3),(3155,104,0,2787,1),(3308,135,0,2787,1),(3307,135,0,2786,1),(14408,202,0,15164,3),(14407,148,0,15164,3),(3152,104,0,2786,1),(3309,135,0,2788,1),(14406,144,0,15164,3),(3305,135,0,2784,1),(14405,202,0,15163,3),(3143,104,0,2783,1),(3304,135,0,2783,1),(14404,148,0,15163,3),(3140,104,0,2782,1),(14403,144,0,15163,3),(3134,104,0,2780,1),(3137,104,0,2781,1),(3302,135,0,2781,1),(3303,135,0,2782,1),(14402,202,0,15162,3),(14401,148,0,15162,3),(3146,104,0,2784,1),(3297,135,0,2776,1),(14400,144,0,15162,3),(3301,135,0,2780,1),(3125,104,0,2777,1),(14399,202,1293,0,3),(3122,104,0,2776,1),(14398,148,1293,0,3),(3298,135,0,2777,1),(3173,104,0,2793,1),(3314,135,0,2793,1),(14397,144,1293,0,3),(3164,104,0,2790,1),(3131,104,0,2779,1),(3300,135,0,2779,1),(3299,135,0,2778,1),(14396,155,1283,0,3),(14395,141,1283,0,3),(3092,104,0,2766,1),(3095,104,0,2767,1),(3288,135,0,2767,1),(3291,135,0,2770,1),(14394,155,1282,0,3),(14393,141,1282,0,3),(3098,104,0,2768,1),(3101,104,0,2769,1),(3290,135,0,2769,1),(3289,135,0,2768,1),(14392,155,0,15137,3),(14391,141,0,15137,3),(3104,104,0,2770,1),(3149,104,0,2785,1),(3306,135,0,2785,1),(3065,104,0,2757,1),(14390,155,0,15136,3),(3063,104,0,2756,1),(14389,141,0,15136,3),(3061,104,0,2755,1),(14388,155,0,15135,3),(3059,104,0,2754,1),(3057,104,0,2753,1),(3056,104,0,2548,1),(14588,155,1365,0,3),(14587,141,1365,0,3),(14586,155,1364,0,3),(3052,133,0,2581,1),(14387,141,0,15135,3),(235,103,0,1450,1),(236,104,0,1450,1),(238,104,0,1451,1),(237,103,0,1451,1),(239,103,0,1452,1),(240,104,0,1452,1),(241,103,0,1453,1),(242,104,0,1453,1),(243,103,0,1454,1),(244,104,0,1454,1),(245,103,0,1455,1),(246,104,0,1455,1),(247,103,0,1456,1),(248,104,0,1456,1),(249,103,0,1457,1),(250,104,0,1457,1),(14386,102,0,15134,3),(252,104,0,1458,1),(14385,102,0,15133,3),(254,104,0,1459,1),(14384,102,0,15132,3),(256,104,0,1460,1),(14383,102,0,15131,3),(258,104,0,1461,1),(14382,102,0,15130,3),(260,104,0,1462,1),(14381,102,0,15129,3),(262,104,0,1463,1),(14380,102,0,15128,3),(264,104,0,1464,1),(14379,102,0,15127,3),(266,104,0,1465,1),(14378,102,0,15126,3),(268,104,0,1466,1),(14377,102,0,15125,3),(270,104,0,1467,1),(14376,207,0,15113,3),(273,104,0,1468,1),(14375,190,0,15124,3),(275,104,0,1469,1),(14374,190,0,15123,3),(277,104,0,1470,1),(14373,190,0,15122,3),(279,104,0,1471,1),(14372,190,0,15121,3),(281,104,0,1472,1),(14371,190,0,15120,3),(14370,190,0,15119,3),(284,104,0,1473,1),(286,104,0,1474,1),(14369,102,0,15114,3),(288,104,0,1475,1),(14368,102,0,15115,3),(290,104,0,1476,1),(14367,102,0,15117,3),(292,104,0,1477,1),(14366,102,0,15118,3),(294,104,0,1478,1),(14365,102,0,15100,3),(297,104,0,1479,1),(14364,102,0,15098,3),(299,104,0,1480,1),(14363,102,0,15097,3),(301,104,0,1481,1),(14362,102,0,15096,3),(303,104,0,1482,1),(14361,102,0,15095,3),(305,104,0,1483,1),(14360,102,0,15094,3),(307,104,0,1484,1),(14359,102,0,15093,3),(310,104,0,1485,1),(14358,102,0,15092,3),(312,104,0,1486,1),(14357,102,0,15091,3),(314,104,0,1487,1),(14356,102,0,15090,3),(316,104,0,1488,1),(14355,102,0,15088,3),(318,104,0,1489,1),(14354,102,0,15087,3),(321,104,0,1490,1),(14353,102,0,15086,3),(323,104,0,1491,1),(14352,102,0,15085,3),(325,104,0,1492,1),(14351,102,0,15084,3),(327,104,0,1493,1),(328,107,0,1519,1),(329,104,0,1519,1),(330,107,0,1520,1),(331,104,0,1520,1),(332,107,0,1521,1),(333,104,0,1521,1),(334,107,0,1522,1),(335,104,0,1522,1),(336,107,0,1523,1),(337,104,0,1523,1),(338,107,0,1524,1),(339,104,0,1524,1),(340,107,0,1525,1),(341,104,0,1525,1),(342,107,0,1526,1),(343,104,0,1526,1),(344,107,0,1527,1),(345,104,0,1527,1),(346,107,0,1528,1),(347,104,0,1528,1),(348,107,0,1529,1),(349,104,0,1529,1),(350,107,0,1530,1),(351,104,0,1530,1),(352,107,0,1531,1),(353,104,0,1531,1),(354,107,0,1532,1),(355,104,0,1532,1),(356,107,0,1533,1),(357,104,0,1533,1),(358,107,0,1534,1),(359,104,0,1534,1),(360,107,0,1535,1),(361,104,0,1535,1),(362,108,0,1542,1),(363,104,0,1542,1),(364,108,0,1543,1),(365,104,0,1543,1),(367,104,0,1544,1),(369,104,0,1545,1),(371,104,0,1546,1),(373,104,0,1547,1),(375,104,0,1548,1),(376,103,0,1549,1),(377,104,0,1549,1),(378,104,0,1550,1),(14581,141,0,15284,3),(380,112,0,1550,1),(381,112,0,1549,1),(382,112,0,1542,1),(383,112,0,1543,1),(384,112,0,1544,1),(385,112,0,1545,1),(386,112,0,1546,1),(387,112,0,1547,1),(388,112,0,1548,1),(14113,148,0,14844,3),(14112,202,0,14844,3),(14111,202,0,14843,3),(14110,148,0,14843,3),(14109,148,0,14842,3),(14108,202,0,14842,3),(14107,202,0,14841,3),(14106,148,0,14841,3),(14105,202,0,14840,3),(420,108,0,1560,1),(423,102,0,1561,1),(14580,155,0,15283,3),(14104,148,0,14840,3),(14103,202,0,14839,3),(14102,148,0,14839,3),(14101,202,0,14838,3),(14100,148,0,14838,3),(14099,148,0,14837,3),(458,107,0,1641,1),(460,107,0,1642,1),(462,107,0,1643,1),(464,104,0,1692,1),(467,104,0,1693,1),(469,104,0,1694,1),(471,104,0,1695,1),(473,104,0,1696,1),(475,104,0,1697,1),(477,104,0,1698,1),(479,104,0,1699,1),(482,102,0,1701,1),(14579,141,0,15283,3),(486,102,0,1702,1),(14578,155,0,15282,3),(489,102,0,1703,1),(14577,141,0,15282,3),(492,102,0,1704,1),(14576,155,0,15281,3),(14575,141,0,15281,3),(14574,155,0,15280,3),(502,119,0,1721,1),(505,119,0,1722,1),(508,119,0,1723,1),(511,119,0,1724,1),(514,119,0,1725,1),(517,119,0,1726,1),(520,119,0,1727,1),(523,119,0,1728,1),(526,119,0,1729,1),(528,119,0,1730,1),(530,119,0,1731,1),(532,119,0,1732,1),(534,119,0,1733,1),(537,119,0,1734,1),(540,119,0,1735,1),(543,119,0,1736,1),(545,119,0,1737,1),(547,119,0,1738,1),(550,119,0,1739,1),(14638,142,0,15383,3),(14637,142,0,15382,3),(14636,142,0,15381,3),(14635,142,0,15380,3),(952,122,0,2723,1),(562,122,0,2705,1),(566,122,0,2706,1),(14634,144,0,15379,3),(951,122,0,2722,1),(14633,141,0,15379,3),(570,122,0,2707,1),(14632,144,0,15378,3),(573,122,0,2708,1),(949,122,0,2720,1),(950,122,0,2721,1),(948,122,0,2719,1),(584,122,0,2711,1),(586,122,0,2712,1),(947,122,0,2718,1),(946,122,0,2717,1),(600,122,0,2713,1),(609,122,0,2725,1),(945,122,0,2716,1),(611,125,0,2752,1),(612,125,0,2748,1),(613,125,0,2749,1),(615,102,0,2281,1),(617,102,0,2282,1),(14098,202,0,14837,3),(621,125,0,2747,1),(623,102,0,2283,1),(624,127,0,2283,1),(626,127,0,2284,1),(634,125,0,2589,1),(628,125,0,2588,1),(925,131,0,2752,1),(631,127,0,2285,1),(632,125,0,2285,1),(633,125,0,2284,1),(850,128,0,2646,1),(637,125,0,2590,1),(849,128,0,2640,1),(639,127,0,2286,1),(640,125,0,2286,1),(642,125,0,2591,1),(644,127,0,2287,1),(645,102,0,2287,1),(646,125,0,2287,1),(647,125,0,2592,1),(14097,202,0,14836,3),(649,125,0,2593,1),(14096,148,0,14836,3),(652,127,0,2288,1),(653,125,0,2288,1),(656,127,0,2595,1),(657,127,0,2289,1),(658,127,0,2596,1),(668,125,0,2291,1),(661,127,0,2290,1),(662,125,0,2290,1),(663,102,0,2290,1),(664,125,0,2289,1),(665,102,0,2289,1),(667,127,0,2597,1),(669,127,0,2291,1),(671,127,0,2292,1),(672,125,0,2292,1),(673,102,0,2292,1),(675,127,0,2293,1),(676,125,0,2293,1),(677,102,0,2293,1),(678,125,0,2295,1),(679,127,0,2295,1),(680,125,0,2297,1),(681,127,0,2297,1),(682,125,0,2296,1),(683,127,0,2296,1),(684,125,0,2298,1),(685,127,0,2298,1),(3870,138,0,2306,1),(687,125,0,2299,1),(688,127,0,2299,1),(690,125,0,2300,1),(691,127,0,2300,1),(693,125,0,2301,1),(694,127,0,2301,1),(702,125,0,2304,1),(697,127,0,2303,1),(699,127,0,2304,1),(3869,127,0,2306,1),(706,125,0,2306,1),(708,127,0,2307,1),(709,102,0,2307,1),(710,125,0,2307,1),(711,127,0,2308,1),(712,125,0,2308,1),(714,127,0,2309,1),(715,102,0,2309,1),(716,125,0,2309,1),(718,127,0,2310,1),(719,102,0,2310,1),(720,125,0,2310,1),(722,127,0,2311,1),(723,102,0,2311,1),(724,125,0,2311,1),(725,125,0,2605,1),(930,125,0,2606,1),(727,127,0,2312,1),(728,125,0,2312,1),(729,128,0,2608,1),(731,127,0,2313,1),(732,125,0,2313,1),(733,128,0,2609,1),(735,127,0,2314,1),(736,125,0,2314,1),(737,128,0,2610,1),(739,127,0,2315,1),(740,125,0,2315,1),(741,128,0,2611,1),(743,127,0,2316,1),(744,125,0,2316,1),(745,128,0,2612,1),(747,127,0,2317,1),(748,125,0,2317,1),(749,128,0,2613,1),(751,128,0,2614,1),(753,104,0,2318,1),(754,125,0,2318,1),(756,127,0,2319,1),(758,125,0,2319,1),(759,102,0,2319,1),(760,128,0,2617,1),(761,128,0,2618,1),(762,128,0,2619,1),(763,128,0,2620,1),(764,128,0,2621,1),(765,128,0,2622,1),(766,128,0,2623,1),(767,128,0,2624,1),(768,128,0,2625,1),(769,128,0,2627,1),(770,128,0,2631,1),(771,128,0,2639,1),(772,128,0,2643,1),(773,128,0,2645,1),(774,128,0,2651,1),(776,125,0,2653,1),(779,125,0,2655,1),(778,125,0,2654,1),(781,125,0,2656,1),(782,125,0,2665,1),(784,125,0,2666,1),(785,125,0,2667,1),(786,107,0,2495,1),(787,102,0,2495,1),(788,125,0,2668,1),(789,128,0,2668,1),(790,125,0,2669,1),(791,125,0,2670,1),(792,107,0,2496,1),(793,125,0,2697,1),(794,102,0,2496,1),(795,125,0,2698,1),(796,125,0,2699,1),(797,107,0,2497,1),(798,102,0,2497,1),(799,125,0,2700,1),(800,107,0,2498,1),(801,102,0,2498,1),(802,125,0,2701,1),(803,128,0,2702,1),(3051,133,0,2746,1),(805,128,0,2703,1),(3050,133,0,2578,1),(807,102,0,2546,1),(809,102,0,2545,1),(814,102,0,2543,1),(812,102,0,2542,1),(14095,148,0,14835,3),(816,102,0,2544,1),(818,104,0,2547,1),(819,125,0,2547,1),(820,131,0,2547,1),(821,131,0,2548,1),(822,125,0,2548,1),(825,104,0,2549,1),(826,125,0,2549,1),(827,128,0,2549,1),(828,131,0,2549,1),(835,104,0,2746,1),(833,104,0,2578,1),(834,131,0,2578,1),(836,131,0,2746,1),(837,131,0,2581,1),(838,128,0,2626,1),(839,128,0,2628,1),(943,122,0,2714,1),(842,122,0,2710,1),(944,122,0,2715,1),(846,122,0,2709,1),(847,128,0,2733,1),(848,128,0,2632,1),(851,104,0,1509,1),(852,104,0,1510,1),(853,104,0,1511,1),(854,104,0,1512,1),(855,104,0,1513,1),(856,104,0,1514,1),(857,104,0,1515,1),(858,104,0,1506,1),(859,104,0,1507,1),(860,104,0,1508,1),(861,104,0,1516,1),(862,104,0,1517,1),(863,104,0,1518,1),(864,112,0,1539,1),(865,104,0,1539,1),(866,112,0,1540,1),(867,104,0,1540,1),(868,112,0,1541,1),(869,104,0,1541,1),(870,112,0,1538,1),(871,104,0,1538,1),(872,103,0,1538,1),(878,107,0,1630,1),(12131,135,901,0,3),(880,107,0,1631,1),(12130,141,895,0,3),(882,107,0,1632,1),(910,104,0,2580,1),(911,131,0,2580,1),(14094,202,0,14835,3),(913,125,0,2583,1),(14093,202,0,14834,3),(915,125,0,2584,1),(14092,148,0,14834,3),(917,125,0,2585,1),(14091,148,0,14833,3),(919,125,0,2586,1),(14090,202,0,14833,3),(921,125,0,2587,1),(928,125,0,2750,1),(929,125,0,2751,1),(931,125,0,2617,1),(932,125,0,2618,1),(933,128,0,2644,1),(934,125,0,2652,1),(937,128,0,2665,1),(939,125,0,2671,1),(940,125,0,2672,1),(941,128,0,2700,1),(942,128,0,2701,1),(953,122,0,2724,1),(14350,102,0,15083,3),(14349,102,0,15081,3),(14348,102,0,15082,3),(14347,102,0,15080,3),(14346,102,0,15079,3),(14345,102,0,15078,3),(14344,102,0,15077,3),(14343,102,0,15076,3),(14342,102,0,15075,3),(14341,102,0,15073,3),(14340,207,0,15112,3),(14339,102,0,15112,3),(966,104,0,1494,1),(967,104,0,1495,1),(968,104,0,1496,1),(969,104,0,1497,1),(970,104,0,1498,1),(971,104,0,1499,1),(972,104,0,1500,1),(973,104,0,1501,1),(974,104,0,1502,1),(975,104,0,1503,1),(976,104,0,1504,1),(977,104,0,1505,1),(978,102,0,1494,1),(979,102,0,1495,1),(980,102,0,1496,1),(981,102,0,1497,1),(982,102,0,1498,1),(983,102,0,1499,1),(984,102,0,1502,1),(985,102,0,1503,1),(986,102,0,1504,1),(987,102,0,1505,1),(988,102,0,2432,1),(989,125,0,2704,1),(990,102,0,2417,1),(991,102,0,2418,1),(992,102,0,2419,1),(993,102,0,2420,1),(994,102,0,2421,1),(995,102,0,2422,1),(996,102,0,2423,1),(997,102,0,2424,1),(998,102,0,2425,1),(999,102,0,2426,1),(1000,102,0,2427,1),(1001,102,0,2428,1),(1002,102,0,2429,1),(1003,102,0,2430,1),(1004,102,0,2431,1),(1005,102,0,2454,1),(1006,102,0,2455,1),(1007,102,0,2447,1),(1008,102,0,2448,1),(1009,102,0,2449,1),(1010,102,0,2450,1),(1011,102,0,2456,1),(1012,102,0,2457,1),(1013,102,0,2458,1),(1014,102,0,2459,1),(1015,102,0,2460,1),(1016,102,0,2461,1),(1017,102,0,2462,1),(1018,102,0,2463,1),(1019,102,0,2464,1),(1020,102,0,2465,1),(1021,102,0,2466,1),(1022,102,0,2444,1),(1023,102,0,2445,1),(1024,102,0,2446,1),(1025,102,0,2433,1),(1026,102,0,2434,1),(1027,102,0,2435,1),(1028,102,0,2436,1),(1029,102,0,2437,1),(1030,102,0,2438,1),(1031,102,0,2439,1),(1032,102,0,2440,1),(1033,102,0,2441,1),(1034,102,0,2442,1),(1035,125,0,2689,1),(1036,125,0,2690,1),(1037,125,0,2691,1),(1038,125,0,2692,1),(1039,125,0,2693,1),(1040,125,0,2694,1),(1041,102,0,2400,1),(1042,125,0,2695,1),(1043,125,0,2696,1),(1044,102,0,2401,1),(1045,102,0,2402,1),(1046,102,0,2403,1),(1047,125,0,2657,1),(1048,125,0,2658,1),(1049,125,0,2659,1),(1050,125,0,2660,1),(1051,125,0,2661,1),(1052,102,0,2404,1),(1053,125,0,2662,1),(1054,125,0,2663,1),(1055,125,0,2664,1),(1056,102,0,2405,1),(1057,102,0,2406,1),(1058,102,0,2407,1),(1059,102,0,2366,1),(1060,102,0,2367,1),(1061,102,0,2368,1),(1062,102,0,2369,1),(1063,102,0,2370,1),(1064,102,0,2371,1),(1065,102,0,2372,1),(1066,102,0,2373,1),(1067,102,0,2374,1),(1068,102,0,2375,1),(1069,102,0,2376,1),(1070,102,0,2377,1),(1071,102,0,2378,1),(1072,102,0,2379,1),(1073,102,0,2380,1),(1074,102,0,2381,1),(1075,102,0,2382,1),(1076,102,0,2383,1),(1077,102,0,2384,1),(1078,102,0,2385,1),(1079,102,0,2386,1),(1080,102,0,2387,1),(1081,102,0,2388,1),(1082,102,0,2389,1),(1083,102,0,2390,1),(1084,102,0,2391,1),(1085,102,0,2392,1),(1086,102,0,2393,1),(1087,102,0,2394,1),(1088,102,0,2395,1),(1089,102,0,2396,1),(1090,102,0,2397,1),(1091,102,0,2398,1),(1092,102,0,2399,1),(1093,102,0,2408,1),(14573,141,0,15280,3),(1209,104,0,1646,1),(14572,155,0,15279,3),(1211,104,0,1647,1),(14571,141,0,15279,3),(1213,104,0,1648,1),(14570,155,0,15278,3),(1215,104,0,1649,1),(14569,141,0,15278,3),(1217,104,0,1650,1),(14568,155,0,15277,3),(1219,104,0,1651,1),(14567,141,0,15277,3),(1221,104,0,1652,1),(14566,155,1363,0,3),(1223,104,0,1653,1),(14565,141,1363,0,3),(1225,104,0,1654,1),(14564,144,1361,0,3),(1227,104,0,1655,1),(14563,204,0,15276,3),(1229,104,0,1658,1),(14562,144,0,15276,3),(1231,104,0,1659,1),(14561,181,0,15269,3),(1233,104,0,1660,1),(14560,181,0,15268,3),(1235,104,0,1661,1),(14559,181,0,15267,3),(1237,104,0,1662,1),(14558,141,0,15266,3),(1239,104,0,1663,1),(14557,141,0,15265,3),(1241,104,0,1664,1),(14556,141,0,15264,3),(1243,104,0,1665,1),(14555,141,0,15263,3),(1245,104,0,1666,1),(14554,144,0,15262,3),(1247,104,0,1667,1),(14553,144,1353,0,3),(1249,104,0,1670,1),(14552,144,0,15258,3),(1251,104,0,1671,1),(14551,144,0,15257,3),(1253,104,0,1672,1),(14550,144,0,15256,3),(1255,104,0,1673,1),(14549,144,0,15255,3),(1257,104,0,1674,1),(14548,144,0,15254,3),(1259,104,0,1675,1),(14547,144,0,15253,3),(1261,104,0,1676,1),(14546,144,0,15252,3),(1263,104,0,1677,1),(14545,144,0,15251,3),(1265,104,0,1678,1),(14544,144,0,15250,3),(1267,104,0,1679,1),(14543,144,0,15249,3),(1269,104,0,1682,1),(14542,202,1350,0,3),(1271,104,0,1683,1),(14541,144,1350,0,3),(1273,104,0,1684,1),(14540,144,0,15197,3),(1275,104,0,1685,1),(14539,107,0,15197,3),(1277,104,0,1686,1),(14538,144,0,15196,3),(1279,104,0,1687,1),(14537,107,0,15196,3),(1281,104,0,1688,1),(14536,122,0,15233,3),(1283,104,0,1689,1),(14535,122,0,15232,3),(1285,104,0,1690,1),(14534,202,1347,0,3),(1287,104,0,1691,1),(14533,144,1347,0,3),(1289,104,0,2735,1),(14532,122,1346,0,3),(1291,104,0,2736,1),(14531,102,1346,0,3),(1293,104,0,2737,1),(14530,122,0,15231,3),(1295,104,0,2738,1),(14529,122,0,15230,3),(1297,104,0,2739,1),(14528,122,0,15229,3),(1299,104,0,2740,1),(14527,122,0,15228,3),(1301,104,0,2741,1),(14526,122,0,15227,3),(1303,104,0,2742,1),(14525,122,0,15226,3),(1305,104,0,2743,1),(14524,122,0,15225,3),(1307,104,0,2744,1),(14523,122,0,15224,3),(1309,104,0,2745,1),(3460,137,0,1833,1),(3459,137,0,2092,1),(3458,137,0,1879,1),(1315,102,0,1760,1),(3363,104,0,1644,1),(14522,122,0,15223,3),(3361,104,0,1645,1),(1321,102,0,1762,1),(1324,102,0,1763,1),(1327,102,0,1764,1),(1330,102,0,1765,1),(1333,102,0,1766,1),(14521,122,0,15222,3),(3365,104,0,1657,1),(14520,122,0,15221,3),(1339,102,0,1768,1),(1342,102,0,1769,1),(3867,138,0,2302,1),(1345,102,0,1770,1),(3862,138,0,2299,1),(1348,102,0,1771,1),(3803,137,0,1835,1),(1351,102,0,1772,1),(3744,137,0,1984,1),(1354,102,0,1773,1),(3743,137,0,1810,1),(1357,102,0,1774,1),(3741,137,0,1969,1),(1360,102,0,1775,1),(3801,137,0,2032,1),(1363,102,0,1776,1),(3735,137,0,2013,1),(1366,102,0,1777,1),(3734,137,0,2054,1),(1369,102,0,1778,1),(3727,137,0,1877,1),(1372,102,0,1779,1),(3726,137,0,1823,1),(1375,102,0,1780,1),(3725,137,0,1824,1),(1378,102,0,1781,1),(3415,102,0,6830,1),(1381,102,0,1782,1),(3795,137,0,1843,1),(1384,102,0,1783,1),(3770,137,0,1857,1),(1387,102,0,1784,1),(3692,137,0,1865,1),(1390,102,0,1785,1),(1393,102,0,1786,1),(1396,102,0,1787,1),(3618,137,0,2073,1),(1399,102,0,1788,1),(3807,137,0,1930,1),(1402,102,0,1789,1),(3773,137,0,1890,1),(1405,102,0,1790,1),(1408,102,0,1791,1),(3669,137,0,2045,1),(1411,102,0,1792,1),(3755,137,0,1828,1),(1414,102,0,1793,1),(3636,137,0,1888,1),(1417,102,0,1794,1),(3781,137,0,6834,1),(1420,102,0,1795,1),(1423,102,0,1796,1),(1426,102,0,1797,1),(3746,137,0,2100,1),(1429,102,0,1798,1),(1432,102,0,1799,1),(3615,137,0,1847,1),(1435,102,0,1800,1),(1438,102,0,1801,1),(3805,137,0,1948,1),(1441,102,0,1802,1),(3705,137,0,1954,1),(1444,102,0,1803,1),(3683,137,0,6831,1),(1447,102,0,1804,1),(3837,137,0,2128,1),(1450,102,0,1805,1),(3704,137,0,1859,1),(1453,102,0,1806,1),(3732,137,0,1861,1),(1456,102,0,1807,1),(1459,102,0,1808,1),(3439,102,0,6842,1),(1462,102,0,1809,1),(3656,137,0,1912,1),(1465,102,0,1810,1),(3858,138,0,2295,1),(1468,102,0,1811,1),(3685,137,0,1983,1),(1471,102,0,1812,1),(3838,137,0,2130,1),(1474,102,0,1813,1),(3836,137,0,2121,1),(1477,102,0,1814,1),(3630,137,0,2039,1),(1480,102,0,1815,1),(3860,138,0,2297,1),(1483,102,0,1816,1),(3733,137,0,1851,1),(1486,102,0,1817,1),(1489,102,0,1818,1),(1492,102,0,1819,1),(3841,137,0,2131,1),(1495,102,0,1820,1),(1498,102,0,1821,1),(3825,137,0,2120,1),(1501,102,0,1822,1),(3673,137,0,1856,1),(1504,102,0,1823,1),(3674,137,0,1998,1),(1507,102,0,1824,1),(1510,102,0,1825,1),(1513,102,0,1826,1),(1516,102,0,1827,1),(3644,137,0,1853,1),(1519,102,0,1828,1),(3662,137,0,2002,1),(1522,102,0,1829,1),(3700,137,0,1989,1),(1525,102,0,1830,1),(3621,137,0,2004,1),(1528,102,0,1831,1),(3842,137,0,2123,1),(1531,102,0,1832,1),(1534,102,0,1833,1),(1537,102,0,1834,1),(3629,137,0,1855,1),(1540,102,0,1835,1),(3728,137,0,1913,1),(1543,102,0,1836,1),(3821,137,0,1765,1),(1546,102,0,1837,1),(3437,102,0,6841,1),(1549,102,0,1838,1),(3852,137,0,2141,1),(1552,102,0,1839,1),(3729,137,0,2044,1),(1555,102,0,1840,1),(3777,137,0,2053,1),(1558,102,0,1841,1),(3427,102,0,6836,1),(1561,102,0,1842,1),(3637,137,0,1952,1),(1564,102,0,1843,1),(3421,102,0,6833,1),(1567,102,0,1844,1),(3806,137,0,2037,1),(1570,102,0,1845,1),(3853,137,0,2142,1),(1573,102,0,1846,1),(3778,137,0,1886,1),(1576,102,0,1847,1),(3851,137,0,2140,1),(1579,102,0,1848,1),(3668,137,0,1781,1),(1582,102,0,1849,1),(1585,102,0,1850,1),(3666,137,0,1779,1),(1588,102,0,1851,1),(3829,137,0,2119,1),(1591,102,0,1852,1),(3749,137,0,2104,1),(1594,102,0,1853,1),(3688,137,0,1980,1),(1597,102,0,1854,1),(3764,137,0,1985,1),(1600,102,0,1855,1),(3720,137,0,1939,1),(1603,102,0,1856,1),(1606,102,0,1857,1),(3771,137,0,1925,1),(1609,102,0,1858,1),(3695,137,0,1806,1),(1612,102,0,1859,1),(3417,102,0,6831,1),(1615,102,0,1860,1),(3667,137,0,1780,1),(1618,102,0,1861,1),(3754,137,0,2108,1),(1621,102,0,1862,1),(3800,137,0,1897,1),(1624,102,0,1863,1),(3828,137,0,2116,1),(1627,102,0,1864,1),(3707,137,0,1785,1),(1630,102,0,1865,1),(3817,137,0,1800,1),(1633,102,0,1866,1),(3745,137,0,2099,1),(1636,102,0,1867,1),(3684,137,0,1997,1),(1639,102,0,1868,1),(3792,137,0,2005,1),(1642,102,0,1869,1),(3802,137,0,1815,1),(1645,102,0,1870,1),(3617,137,0,1926,1),(1648,102,0,1871,1),(1651,102,0,1872,1),(3937,102,0,6850,1),(1654,102,0,1873,1),(3717,137,0,1935,1),(1657,102,0,1874,1),(3804,137,0,2009,1),(1660,102,0,1875,1),(3750,137,0,2105,1),(1663,102,0,1876,1),(3672,137,0,1882,1),(1666,102,0,1877,1),(1669,102,0,1878,1),(3940,125,0,6851,1),(1672,102,0,1879,1),(3759,137,0,1838,1),(1675,102,0,1880,1),(3753,137,0,2103,1),(1678,102,0,1881,1),(3721,137,0,2098,1),(1681,102,0,1882,1),(1684,102,0,1883,1),(3620,137,0,1790,1),(1687,102,0,1884,1),(3623,137,0,1784,1),(1690,102,0,1885,1),(1693,102,0,1886,1),(3779,137,0,6832,1),(1696,102,0,1887,1),(3757,137,0,1809,1),(1699,102,0,1888,1),(3834,137,0,6847,1),(1702,102,0,1889,1),(3423,102,0,6834,1),(1705,102,0,1890,1),(3832,137,0,6845,1),(1708,102,0,1891,1),(3824,137,0,2115,1),(1711,102,0,1892,1),(1714,102,0,1893,1),(3868,138,0,2304,1),(1717,102,0,1894,1),(1720,102,0,1895,1),(1723,102,0,1896,1),(3632,137,0,1936,1),(1726,102,0,1897,1),(3854,137,0,2143,1),(1729,102,0,1898,1),(1732,102,0,1899,1),(3830,137,0,6843,1),(1735,102,0,1900,1),(3810,137,0,2014,1),(1738,102,0,1901,1),(3835,137,0,2124,1),(1741,102,0,1902,1),(3698,137,0,1905,1),(1744,102,0,1903,1),(1747,102,0,1904,1),(3701,137,0,1903,1),(1750,102,0,1905,1),(3845,137,0,2122,1),(1753,102,0,1906,1),(3783,137,0,6836,1),(1756,102,0,1907,1),(3641,137,0,1973,1),(1759,102,0,1908,1),(1762,102,0,1909,1),(3703,137,0,2072,1),(1765,102,0,1910,1),(3782,137,0,6835,1),(1768,102,0,1911,1),(3737,137,0,1829,1),(1771,102,0,1912,1),(3671,137,0,1967,1),(1774,102,0,1913,1),(3687,137,0,2077,1),(1777,102,0,1914,1),(3823,137,0,2117,1),(1780,102,0,1915,1),(3681,137,0,2080,1),(1783,102,0,1916,1),(3820,137,0,1961,1),(1786,102,0,1917,1),(3811,137,0,1831,1),(1789,102,0,1918,1),(1792,102,0,1919,1),(3689,137,0,2088,1),(1795,102,0,1920,1),(3616,137,0,1841,1),(1798,102,0,1921,1),(3848,137,0,2134,1),(1801,102,0,1922,1),(3796,137,0,1794,1),(1804,102,0,1923,1),(1807,102,0,1924,1),(3425,102,0,6835,1),(1810,102,0,1925,1),(3776,137,0,2003,1),(1813,102,0,1926,1),(3614,137,0,1887,1),(1816,102,0,1927,1),(3861,138,0,2298,1),(1819,102,0,1928,1),(3818,137,0,1927,1),(1822,102,0,1929,1),(3625,137,0,2052,1),(1825,102,0,1930,1),(3758,137,0,1796,1),(1828,102,0,1931,1),(3808,137,0,1994,1),(1831,102,0,1932,1),(3844,137,0,2125,1),(1834,102,0,1933,1),(3843,137,0,2127,1),(1837,102,0,1934,1),(3682,137,0,6830,1),(1840,102,0,1935,1),(3761,137,0,2084,1),(1843,102,0,1936,1),(1846,102,0,1937,1),(3680,137,0,1782,1),(1849,102,0,1938,1),(3679,137,0,1947,1),(1852,102,0,1939,1),(3431,102,0,6838,1),(1855,102,0,1940,1),(1858,102,0,1941,1),(3429,102,0,6837,1),(1861,102,0,1942,1),(3827,137,0,2114,1),(1864,102,0,1943,1),(3866,127,0,2302,1),(1867,102,0,1944,1),(1870,102,0,1945,1),(3813,137,0,1982,1),(1873,102,0,1946,1),(1876,102,0,1947,1),(3627,137,0,2025,1),(1879,102,0,1948,1),(3723,137,0,1953,1),(1882,102,0,1949,1),(3634,137,0,1880,1),(1885,102,0,1950,1),(3812,137,0,1884,1),(1888,102,0,1951,1),(3756,137,0,2008,1),(1891,102,0,1952,1),(3676,137,0,1874,1),(1894,102,0,1953,1),(3694,137,0,1803,1),(1897,102,0,1954,1),(1900,102,0,1955,1),(3791,137,0,1908,1),(1903,102,0,1956,1),(3748,137,0,2102,1),(1906,102,0,1957,1),(3859,138,0,2296,1),(1909,102,0,1958,1),(1912,102,0,1959,1),(3691,137,0,1977,1),(1915,102,0,1960,1),(3449,102,0,6847,1),(1918,102,0,1961,1),(3693,137,0,1975,1),(1921,102,0,1962,1),(3856,137,0,2136,1),(1924,102,0,1963,1),(3661,137,0,1807,1),(1927,102,0,1964,1),(1930,102,0,1965,1),(1933,102,0,1966,1),(3722,137,0,2029,1),(1936,102,0,1967,1),(3686,137,0,2034,1),(1939,102,0,1968,1),(3658,137,0,1777,1),(1942,102,0,1969,1),(3865,125,0,2302,1),(1945,102,0,1970,1),(3787,137,0,6840,1),(1948,102,0,1971,1),(3822,137,0,2118,1),(1951,102,0,1972,1),(3752,137,0,2107,1),(1954,102,0,1973,1),(1957,102,0,1974,1),(3706,137,0,1962,1),(1960,102,0,1975,1),(3765,137,0,1940,1),(1963,102,0,1976,1),(3708,137,0,1960,1),(1966,102,0,1977,1),(3833,137,0,6846,1),(1969,102,0,1978,1),(3784,137,0,6837,1),(1972,102,0,1979,1),(3711,137,0,1854,1),(1975,102,0,1980,1),(1978,102,0,1981,1),(3619,137,0,2038,1),(1981,102,0,1982,1),(3714,137,0,1812,1),(1984,102,0,1983,1),(3655,137,0,2082,1),(1987,102,0,1984,1),(1990,102,0,1985,1),(1993,102,0,1986,1),(3433,102,0,6839,1),(1996,102,0,1987,1),(1999,102,0,1988,1),(3699,137,0,1830,1),(2002,102,0,1989,1),(3798,137,0,1950,1),(2005,102,0,1990,1),(3762,137,0,1986,1),(2008,102,0,1991,1),(3736,137,0,2081,1),(2011,102,0,1992,1),(3814,137,0,1788,1),(2014,102,0,1993,1),(3624,137,0,2055,1),(2017,102,0,1994,1),(3816,137,0,1921,1),(2020,102,0,1995,1),(3785,137,0,6838,1),(2023,102,0,1996,1),(3715,137,0,1868,1),(2026,102,0,1997,1),(3719,137,0,1938,1),(2029,102,0,1998,1),(3847,137,0,2139,1),(2032,102,0,1999,1),(2035,102,0,2000,1),(2038,102,0,2001,1),(3731,137,0,1849,1),(2041,102,0,2002,1),(2044,102,0,2003,1),(3772,137,0,1797,1),(2047,102,0,2004,1),(3640,137,0,1881,1),(2050,102,0,2005,1),(3730,137,0,1792,1),(2053,102,0,2006,1),(3718,137,0,1916,1),(2056,102,0,2007,1),(3643,137,0,1876,1),(2059,102,0,2008,1),(3628,137,0,1976,1),(2062,102,0,2009,1),(3659,137,0,1778,1),(2065,102,0,2010,1),(3742,137,0,2110,1),(2068,102,0,2011,1),(2071,102,0,2012,1),(3664,137,0,1840,1),(2074,102,0,2013,1),(3622,137,0,1858,1),(2077,102,0,2014,1),(3815,137,0,1871,1),(2080,102,0,2015,1),(3739,137,0,2095,1),(2083,102,0,2016,1),(3639,137,0,1862,1),(2086,102,0,2017,1),(2089,102,0,2018,1),(3850,137,0,2133,1),(2092,102,0,2019,1),(3840,137,0,2126,1),(2095,102,0,2020,1),(3809,137,0,1885,1),(2098,102,0,2021,1),(3638,137,0,1793,1),(2101,102,0,2022,1),(2104,102,0,2023,1),(2107,102,0,2024,1),(3766,137,0,1974,1),(2110,102,0,2025,1),(3633,137,0,2094,1),(2113,102,0,2026,1),(2116,102,0,2027,1),(3751,137,0,2106,1),(2119,102,0,2028,1),(3677,137,0,2040,1),(2122,102,0,2029,1),(3863,138,0,2300,1),(2125,102,0,2030,1),(3794,137,0,2022,1),(2128,102,0,2031,1),(3631,137,0,1991,1),(2131,102,0,2032,1),(3799,137,0,2026,1),(2134,102,0,2033,1),(3713,137,0,1968,1),(2137,102,0,2034,1),(3788,137,0,6841,1),(2140,102,0,2035,1),(3936,125,0,6850,1),(2143,102,0,2036,1),(3626,137,0,2065,1),(2146,102,0,2037,1),(3774,137,0,1786,1),(2149,102,0,2038,1),(3763,137,0,1987,1),(2152,102,0,2039,1),(3716,137,0,1804,1),(2155,102,0,2040,1),(3613,137,0,2063,1),(2158,102,0,2041,1),(3797,137,0,2086,1),(2161,102,0,2042,1),(3819,137,0,2041,1),(2164,102,0,2043,1),(3670,137,0,1949,1),(2167,102,0,2044,1),(3724,137,0,2066,1),(2170,102,0,2045,1),(2173,102,0,2046,1),(3789,137,0,6842,1),(2176,102,0,2047,1),(2179,102,0,2048,1),(3849,137,0,2137,1),(2182,102,0,2049,1),(3740,137,0,2010,1),(2185,102,0,2050,1),(3839,137,0,2132,1),(2188,102,0,2051,1),(3768,137,0,1988,1),(2191,102,0,2052,1),(3419,102,0,6832,1),(2194,102,0,2053,1),(3665,137,0,1836,1),(2197,102,0,2054,1),(3769,137,0,1842,1),(2200,102,0,2055,1),(3790,137,0,2079,1),(2203,102,0,2056,1),(3793,137,0,2017,1),(2206,102,0,2057,1),(2209,102,0,2058,1),(3747,137,0,2101,1),(2212,102,0,2059,1),(2215,102,0,2060,1),(2218,102,0,2061,1),(3786,137,0,6839,1),(2221,102,0,2062,1),(3780,137,0,6833,1),(2224,102,0,2063,1),(3702,137,0,2076,1),(2227,102,0,2064,1),(3767,137,0,1942,1),(2230,102,0,2065,1),(3675,137,0,2007,1),(2233,102,0,2066,1),(2236,102,0,2067,1),(3864,138,0,2301,1),(2239,102,0,2068,1),(3690,137,0,2091,1),(2242,102,0,2069,1),(2245,102,0,2070,1),(2248,102,0,2071,1),(3696,137,0,1910,1),(2251,102,0,2072,1),(3775,137,0,1844,1),(2254,102,0,2073,1),(3857,137,0,2138,1),(2257,102,0,2074,1),(3846,137,0,2129,1),(2260,102,0,2075,1),(3697,137,0,2064,1),(2263,102,0,2076,1),(3712,137,0,1914,1),(2266,102,0,2077,1),(2269,102,0,2078,1),(3642,137,0,2028,1),(2272,102,0,2079,1),(2275,102,0,2080,1),(3663,137,0,2006,1),(2278,102,0,2081,1),(3738,137,0,1964,1),(2281,102,0,2082,1),(2284,102,0,2083,1),(3435,102,0,6840,1),(2287,102,0,2084,1),(3831,137,0,6844,1),(2290,102,0,2085,1),(3635,137,0,1931,1),(2293,102,0,2086,1),(2296,102,0,2087,1),(3710,137,0,1920,1),(2299,102,0,2088,1),(2302,102,0,2089,1),(3855,137,0,2135,1),(2305,102,0,2090,1),(3709,137,0,2069,1),(2308,102,0,2091,1),(2311,102,0,2092,1),(2314,102,0,2093,1),(3760,137,0,2109,1),(2317,102,0,2094,1),(3660,137,0,1817,1),(2320,102,0,2095,1),(3826,137,0,2113,1),(2323,102,0,2096,1),(2326,102,0,2097,1),(3678,137,0,1860,1),(2329,102,0,2098,1),(3654,137,0,2016,1),(2332,102,0,2099,1),(3653,137,0,2050,1),(2335,102,0,2100,1),(3652,137,0,1775,1),(2338,102,0,2101,1),(3651,137,0,2011,1),(2341,102,0,2102,1),(3646,137,0,2059,1),(2344,102,0,2103,1),(3650,137,0,1774,1),(2347,102,0,2104,1),(3649,137,0,1773,1),(2350,102,0,2105,1),(3648,137,0,1867,1),(2353,102,0,2106,1),(3647,137,0,1798,1),(2356,102,0,2107,1),(3645,137,0,1957,1),(2359,102,0,2108,1),(2362,102,0,2109,1),(3657,137,0,1992,1),(2365,102,0,2110,1),(2368,102,0,2111,1),(2371,102,0,2112,1),(3443,102,0,6844,1),(2374,102,0,2113,1),(2377,102,0,2114,1),(3445,102,0,6845,1),(2380,102,0,2115,1),(3441,102,0,6843,1),(2383,102,0,2116,1),(2386,102,0,2117,1),(3447,102,0,6846,1),(2389,102,0,2118,1),(2392,102,0,2119,1),(2395,102,0,2120,1),(3611,137,0,1911,1),(2398,102,0,2121,1),(3602,137,0,1956,1),(2401,102,0,2122,1),(3605,137,0,2035,1),(2404,102,0,2123,1),(3612,137,0,1795,1),(2407,102,0,2124,1),(3603,137,0,2056,1),(2410,102,0,2125,1),(3607,137,0,2062,1),(2413,102,0,2126,1),(3604,137,0,2047,1),(2416,102,0,2127,1),(3610,137,0,1907,1),(2419,102,0,2128,1),(3601,137,0,1869,1),(2422,102,0,2129,1),(3609,137,0,1979,1),(2425,102,0,2130,1),(3606,137,0,1971,1),(2428,102,0,2131,1),(3608,137,0,1996,1),(2431,102,0,2132,1),(3597,137,0,1923,1),(2434,102,0,2133,1),(3599,137,0,2031,1),(2437,102,0,2134,1),(3592,137,0,1776,1),(2440,102,0,2135,1),(3591,137,0,1870,1),(2443,102,0,2136,1),(3598,137,0,1783,1),(2446,102,0,2137,1),(3590,137,0,1772,1),(2449,102,0,2138,1),(3600,137,0,2057,1),(2452,102,0,2139,1),(3596,137,0,2042,1),(2455,102,0,2140,1),(3595,137,0,1990,1),(2458,102,0,2141,1),(3594,137,0,2033,1),(2461,102,0,2142,1),(3593,137,0,1863,1),(2464,102,0,2143,1),(3519,137,0,1769,1),(2467,102,0,2144,1),(3508,137,0,2060,1),(2470,102,0,2145,1),(3474,137,0,1904,1),(2473,102,0,2146,1),(3531,137,0,1771,1),(2476,102,0,2147,1),(3543,137,0,2019,1),(2479,102,0,2148,1),(3478,137,0,2018,1),(2482,102,0,2149,1),(3550,137,0,1934,1),(2485,102,0,2150,1),(3530,137,0,2030,1),(2488,102,0,2151,1),(3555,137,0,1813,1),(2491,102,0,2152,1),(3504,137,0,1872,1),(2494,102,0,2153,1),(3535,137,0,1811,1),(2497,102,0,2154,1),(3507,137,0,1821,1),(2500,102,0,2155,1),(3482,137,0,1883,1),(2503,102,0,2156,1),(3501,137,0,1826,1),(2506,102,0,2157,1),(3502,137,0,2023,1),(2509,102,0,2158,1),(3540,137,0,1846,1),(2512,102,0,2159,1),(3464,137,0,1895,1),(2515,102,0,2160,1),(3566,137,0,1943,1),(2518,102,0,2161,1),(3523,137,0,1899,1),(2521,102,0,2162,1),(3497,137,0,1924,1),(2524,102,0,2163,1),(3503,137,0,2046,1),(2527,102,0,2164,1),(3569,137,0,1892,1),(2530,102,0,2165,1),(3485,137,0,1945,1),(2533,102,0,2166,1),(3583,137,0,1901,1),(2536,102,0,2167,1),(3536,137,0,2074,1),(2539,102,0,2168,1),(3551,137,0,1832,1),(2542,102,0,2169,1),(3529,137,0,2068,1),(2545,102,0,2170,1),(3574,137,0,2043,1),(2548,102,0,2171,1),(3526,137,0,1770,1),(2551,102,0,2172,1),(3494,137,0,2070,1),(2554,102,0,2173,1),(3581,137,0,1951,1),(2557,102,0,2174,1),(3572,137,0,1837,1),(2560,102,0,2175,1),(3520,137,0,2048,1),(2563,102,0,2176,1),(3545,137,0,1922,1),(2566,102,0,2177,1),(3544,137,0,2049,1),(2569,102,0,2178,1),(3558,137,0,1902,1),(2572,102,0,2179,1),(3465,137,0,2093,1),(2575,102,0,2180,1),(3546,137,0,1999,1),(2578,102,0,2181,1),(3561,137,0,1891,1),(2581,102,0,2182,1),(3565,137,0,1864,1),(2584,102,0,2183,1),(3547,137,0,2075,1),(2587,102,0,2184,1),(3559,137,0,1889,1),(2590,102,0,2185,1),(3489,137,0,1791,1),(2593,102,0,2186,1),(3488,137,0,1818,1),(2596,102,0,2187,1),(3518,137,0,1827,1),(2599,102,0,2188,1),(3496,137,0,2012,1),(2602,102,0,2189,1),(3463,137,0,1893,1),(2605,102,0,2190,1),(3549,137,0,1933,1),(2608,102,0,2191,1),(3512,137,0,1941,1),(2611,102,0,2192,1),(3571,137,0,1972,1),(2614,102,0,2193,1),(3473,137,0,2061,1),(2617,102,0,2194,1),(3509,137,0,1762,1),(2620,102,0,2195,1),(3528,137,0,1970,1),(2623,102,0,2196,1),(3481,137,0,2024,1),(2626,102,0,2197,1),(3517,137,0,1768,1),(2629,102,0,2198,1),(3493,137,0,1787,1),(2632,102,0,2199,1),(3541,137,0,1839,1),(2635,102,0,2200,1),(3527,137,0,1944,1),(2638,102,0,2201,1),(3479,137,0,1919,1),(2641,102,0,2202,1),(3548,137,0,1906,1),(2644,102,0,2203,1),(3578,137,0,2015,1),(2647,102,0,2204,1),(3586,137,0,1789,1),(2650,102,0,2205,1),(3587,137,0,1845,1),(2653,102,0,2206,1),(3469,137,0,1760,1),(2656,102,0,2207,1),(3513,137,0,1763,1),(2659,102,0,2208,1),(3468,137,0,1981,1),(2662,102,0,2209,1),(3505,137,0,1801,1),(2665,102,0,2210,1),(3470,137,0,1965,1),(2668,102,0,2211,1),(3511,137,0,2111,1),(2671,102,0,2212,1),(3487,137,0,2067,1),(2674,102,0,2213,1),(3483,137,0,1966,1),(2677,102,0,2214,1),(3522,137,0,2058,1),(2680,102,0,2215,1),(3471,137,0,1834,1),(2683,102,0,2216,1),(3577,137,0,1995,1),(2686,102,0,2217,1),(3568,137,0,1822,1),(2689,102,0,2218,1),(3499,137,0,1819,1),(2692,102,0,2219,1),(3563,137,0,1900,1),(2695,102,0,2220,1),(3495,137,0,1955,1),(2698,102,0,2221,1),(3521,137,0,2000,1),(2701,102,0,2222,1),(3477,137,0,1825,1),(2704,102,0,2223,1),(3472,137,0,2083,1),(2707,102,0,2224,1),(3514,137,0,1764,1),(2710,102,0,2225,1),(3480,137,0,2078,1),(2713,102,0,2226,1),(3584,137,0,2021,1),(2716,102,0,2227,1),(3524,137,0,2097,1),(2719,102,0,2228,1),(3476,137,0,1878,1),(2722,102,0,2229,1),(3475,137,0,1850,1),(2725,102,0,2230,1),(3539,137,0,1898,1),(2728,102,0,2231,1),(3556,137,0,1805,1),(2731,102,0,2232,1),(3484,137,0,2071,1),(2734,102,0,2233,1),(3498,137,0,1959,1),(2737,102,0,2234,1),(3576,137,0,1866,1),(2740,102,0,2235,1),(3564,137,0,1852,1),(2743,102,0,2236,1),(3570,137,0,1915,1),(2746,102,0,2237,1),(3506,137,0,2089,1),(2749,102,0,2238,1),(3532,137,0,1928,1),(2752,102,0,2239,1),(3538,137,0,2090,1),(2755,102,0,2240,1),(3552,137,0,1820,1),(2758,102,0,2241,1),(3466,137,0,1799,1),(2761,102,0,2242,1),(3553,137,0,2020,1),(2764,102,0,2243,1),(3516,137,0,2001,1),(2767,102,0,2244,1),(3515,137,0,1766,1),(2770,102,0,2245,1),(3510,137,0,1909,1),(2773,102,0,2246,1),(3573,137,0,1917,1),(2776,102,0,2247,1),(3560,137,0,1978,1),(2779,102,0,2248,1),(3491,137,0,1937,1),(2782,102,0,2249,1),(3557,137,0,1814,1),(2785,102,0,2250,1),(3562,137,0,2085,1),(2788,102,0,2251,1),(3490,137,0,2112,1),(2791,102,0,2252,1),(3585,137,0,1932,1),(2794,102,0,2253,1),(3589,137,0,1875,1),(2797,102,0,2254,1),(3486,137,0,1896,1),(2800,102,0,2255,1),(3582,137,0,1918,1),(2803,102,0,2256,1),(3580,137,0,1946,1),(2806,102,0,2257,1),(3467,137,0,1808,1),(2809,102,0,2258,1),(3579,137,0,1993,1),(2812,102,0,2259,1),(3588,137,0,1802,1),(2815,102,0,2260,1),(3575,137,0,1929,1),(2818,102,0,2261,1),(3567,137,0,2096,1),(2821,102,0,2262,1),(3500,137,0,2027,1),(2824,102,0,2263,1),(3542,137,0,1848,1),(2827,102,0,2264,1),(3537,137,0,1963,1),(2830,102,0,2265,1),(3533,137,0,1816,1),(2833,102,0,2266,1),(3554,137,0,2051,1),(2836,102,0,2267,1),(3534,137,0,1958,1),(2839,102,0,2268,1),(3525,137,0,1894,1),(2842,102,0,2269,1),(3492,137,0,2087,1),(2845,102,0,2270,1),(2848,102,0,2271,1),(2851,102,0,2272,1),(2854,102,0,2273,1),(2857,102,0,2274,1),(3461,137,0,1873,1),(2860,102,0,2275,1),(2863,102,0,2276,1),(2866,102,0,2277,1),(3462,137,0,2036,1),(2869,102,0,2278,1),(2872,102,0,2279,1),(2875,102,0,2280,1),(2876,102,0,2320,1),(2877,102,0,2321,1),(2878,102,0,2322,1),(2879,102,0,2323,1),(2880,102,0,2324,1),(2881,102,0,2325,1),(2882,102,0,2326,1),(2883,102,0,2327,1),(2884,102,0,2328,1),(2885,102,0,2329,1),(2886,102,0,2330,1),(2887,102,0,2331,1),(2888,102,0,2332,1),(2889,102,0,2333,1),(2890,102,0,2334,1),(2891,102,0,2335,1),(2892,102,0,2336,1),(2893,102,0,2337,1),(2894,102,0,2338,1),(2895,102,0,2339,1),(2896,102,0,2340,1),(2897,102,0,2341,1),(2898,102,0,2342,1),(2899,102,0,2343,1),(2900,102,0,2344,1),(2901,102,0,2345,1),(2902,102,0,2346,1),(2903,102,0,2347,1),(2904,102,0,2348,1),(2905,102,0,2349,1),(2906,102,0,2350,1),(2907,102,0,2351,1),(2908,102,0,2352,1),(2909,102,0,2353,1),(2910,102,0,2354,1),(2911,102,0,2355,1),(2912,102,0,2356,1),(2913,102,0,2357,1),(2914,102,0,2358,1),(2915,102,0,2359,1),(2916,102,0,2360,1),(2917,102,0,2361,1),(2918,102,0,2362,1),(2919,102,0,2363,1),(2920,102,0,2364,1),(2921,102,0,2365,1),(2922,102,0,2467,1),(2923,102,0,2468,1),(2924,102,0,2469,1),(2925,102,0,2470,1),(2926,102,0,2471,1),(2927,102,0,2472,1),(2928,102,0,2473,1),(2929,102,0,2474,1),(2930,102,0,2475,1),(2931,102,0,2476,1),(2932,102,0,2477,1),(2933,102,0,2478,1),(2934,102,0,2479,1),(2935,102,0,2480,1),(2936,102,0,2481,1),(2937,102,0,2482,1),(2938,102,0,2483,1),(2939,102,0,2484,1),(2940,102,0,2485,1),(2941,102,0,2486,1),(2942,102,0,2487,1),(2943,102,0,2488,1),(2944,102,0,2489,1),(2945,102,0,2490,1),(2946,102,0,2491,1),(2947,102,0,2492,1),(2948,125,0,2499,1),(2949,102,0,2499,1),(2950,125,0,2500,1),(2951,102,0,2500,1),(2952,125,0,2501,1),(2953,102,0,2501,1),(2954,125,0,2502,1),(2955,102,0,2502,1),(2956,125,0,2503,1),(2957,102,0,2503,1),(2958,125,0,2504,1),(2959,102,0,2504,1),(2960,125,0,2505,1),(2961,102,0,2505,1),(2962,125,0,2506,1),(2963,102,0,2506,1),(2964,125,0,2507,1),(2965,102,0,2507,1),(2966,125,0,2508,1),(2967,102,0,2508,1),(2968,125,0,2509,1),(2969,102,0,2509,1),(2970,125,0,2510,1),(2971,102,0,2510,1),(2972,125,0,2511,1),(2973,102,0,2511,1),(2974,125,0,2512,1),(2975,102,0,2512,1),(2976,125,0,2513,1),(2977,102,0,2513,1),(2978,125,0,2514,1),(2979,102,0,2514,1),(2980,125,0,2515,1),(2981,102,0,2515,1),(2982,125,0,2516,1),(2983,102,0,2516,1),(2984,125,0,2517,1),(2985,102,0,2517,1),(2986,125,0,2518,1),(2987,102,0,2518,1),(2988,125,0,2519,1),(2989,102,0,2519,1),(2990,125,0,2520,1),(2991,102,0,2520,1),(2992,125,0,2521,1),(2993,102,0,2521,1),(2994,125,0,2522,1),(2995,102,0,2522,1),(2996,125,0,2523,1),(2997,102,0,2523,1),(2998,125,0,2524,1),(2999,102,0,2524,1),(3000,125,0,2525,1),(3001,102,0,2525,1),(3002,125,0,2526,1),(3003,102,0,2526,1),(3004,125,0,2527,1),(3005,102,0,2527,1),(3006,125,0,2528,1),(3007,102,0,2528,1),(3008,125,0,2529,1),(3009,102,0,2529,1),(3010,125,0,2530,1),(3011,102,0,2530,1),(3012,125,0,2531,1),(3013,102,0,2531,1),(3014,125,0,2532,1),(3015,102,0,2532,1),(3016,125,0,2533,1),(3017,102,0,2533,1),(3018,125,0,2534,1),(3019,102,0,2534,1),(3020,125,0,2535,1),(3021,102,0,2535,1),(3022,125,0,2536,1),(3023,102,0,2536,1),(3024,125,0,2537,1),(3025,102,0,2537,1),(3026,125,0,2538,1),(3027,102,0,2538,1),(3028,125,0,2539,1),(3029,102,0,2539,1),(3030,125,0,2540,1),(3031,102,0,2540,1),(3032,125,0,2541,1),(3033,102,0,2541,1),(3034,125,0,2673,1),(3035,125,0,2674,1),(3036,125,0,2675,1),(3037,125,0,2676,1),(3038,125,0,2677,1),(3039,125,0,2678,1),(3040,125,0,2679,1),(3041,125,0,2680,1),(3042,125,0,2681,1),(3043,125,0,2682,1),(3044,125,0,2683,1),(3045,125,0,2684,1),(3046,125,0,2685,1),(3047,125,0,2686,1),(3048,125,0,2687,1),(3049,125,0,2688,1),(14338,207,0,15111,3),(3329,135,0,2808,1),(3218,104,0,2808,1),(14337,102,0,15111,3),(3330,135,0,2809,1),(3221,104,0,2809,1),(14336,207,0,15110,3),(3331,135,0,1526,1),(3224,128,0,2633,1),(3225,128,0,2634,1),(3226,128,0,2641,1),(3227,128,0,2642,1),(3228,128,0,2649,1),(3229,128,0,2650,1),(3230,135,0,1450,1),(3231,135,0,1451,1),(3232,135,0,1452,1),(3233,135,0,1453,1),(3234,135,0,1454,1),(3235,135,0,1455,1),(3236,135,0,1456,1),(3237,135,0,1457,1),(3238,135,0,1458,1),(3239,135,0,1459,1),(3240,135,0,1460,1),(3241,135,0,1461,1),(3242,135,0,1462,1),(3243,135,0,1463,1),(3244,135,0,1464,1),(3245,135,0,1465,1),(3246,135,0,1466,1),(3247,135,0,1467,1),(3248,135,0,1468,1),(3249,135,0,1469,1),(3250,135,0,1470,1),(3251,135,0,1471,1),(3252,135,0,1472,1),(3253,135,0,1473,1),(3254,135,0,1474,1),(3255,135,0,1475,1),(3256,135,0,1476,1),(3257,135,0,1477,1),(3258,135,0,1478,1),(3259,135,0,1479,1),(3260,135,0,1480,1),(3261,135,0,1481,1),(3262,135,0,1482,1),(3263,135,0,1483,1),(3264,135,0,1484,1),(3265,135,0,1485,1),(3266,135,0,1486,1),(3267,135,0,1487,1),(3268,135,0,1488,1),(3269,135,0,1489,1),(3270,135,0,1490,1),(3271,135,0,1491,1),(3272,135,0,1492,1),(3273,135,0,1493,1),(3274,135,0,2753,1),(3275,135,0,2754,1),(3276,135,0,2755,1),(3277,135,0,2756,1),(3278,135,0,2757,1),(3332,135,0,1527,1),(3333,135,0,1528,1),(3334,135,0,1529,1),(3335,107,0,2847,1),(3336,104,0,2847,1),(3337,135,0,2847,1),(3338,135,0,1531,1),(3339,135,0,1532,1),(3340,135,0,1542,1),(3341,135,0,1543,1),(3342,135,0,1544,1),(3343,135,0,1545,1),(3344,135,0,1546,1),(3345,135,0,1547,1),(3346,135,0,1548,1),(3347,135,0,1550,1),(3348,135,0,1549,1),(3349,135,0,1634,1),(3350,135,0,1635,1),(3351,135,0,1636,1),(3352,135,0,1637,1),(3353,135,0,1638,1),(3354,135,0,1639,1),(3355,135,0,1640,1),(3356,135,0,1641,1),(3357,135,0,1642,1),(3358,135,0,1643,1),(3359,135,0,2495,1),(3360,135,0,2496,1),(3367,104,0,1656,1),(14519,122,0,15220,3),(3369,104,0,1669,1),(14518,122,0,15219,3),(3371,104,0,1668,1),(14517,122,0,15210,1),(3373,104,0,1681,1),(14516,192,0,15210,3),(3375,104,0,1680,1),(14515,122,0,15209,3),(3377,104,0,2734,1),(14514,122,0,15208,3),(3389,122,197,0,1),(3395,128,203,0,1),(4181,104,383,0,1),(3941,102,0,6851,1),(14447,202,0,15177,3),(3944,125,0,6852,1),(3945,102,0,6852,1),(3948,125,0,6853,1),(3949,102,0,6853,1),(3952,125,0,6854,1),(3953,102,0,6854,1),(3956,125,0,6855,1),(3957,102,0,6855,1),(3960,125,0,6856,1),(3961,102,0,6856,1),(3964,125,0,6857,1),(3965,102,0,6857,1),(3968,125,0,6858,1),(3969,102,0,6858,1),(3972,125,0,6859,1),(3973,102,0,6859,1),(3976,125,0,6860,1),(3977,102,0,6860,1),(3982,125,0,6861,1),(3983,102,0,6861,1),(3986,125,0,6862,1),(3987,102,0,6862,1),(4009,125,0,2615,1),(4010,128,0,2615,1),(4011,141,0,2615,1),(4012,125,0,2616,1),(4013,128,0,2616,1),(4014,141,0,2616,1),(4015,141,0,2617,1),(4016,141,0,2618,1),(4017,125,0,2619,1),(4018,141,0,2619,1),(4019,125,0,2620,1),(4020,141,0,2620,1),(4021,125,0,2621,1),(4022,141,0,2621,1),(4023,125,0,2622,1),(4024,141,0,2622,1),(4025,125,0,2623,1),(4026,141,0,2623,1),(4027,125,0,2624,1),(4028,141,0,2624,1),(4029,125,0,2625,1),(4030,141,0,2625,1),(4031,125,0,2626,1),(4032,141,0,2626,1),(4033,125,0,2627,1),(4034,141,0,2627,1),(4035,125,0,2628,1),(4036,141,0,2628,1),(4037,125,0,2631,1),(4038,141,0,2631,1),(4039,125,0,2632,1),(4040,141,0,2632,1),(4041,125,0,2629,1),(4042,128,0,2629,1),(4043,141,0,2629,1),(4044,125,0,2630,1),(4045,128,0,2630,1),(4046,141,0,2630,1),(4047,125,0,2633,1),(4048,141,0,2633,1),(4049,125,0,2634,1),(4050,141,0,2634,1),(4051,125,0,2635,1),(4052,128,0,2635,1),(4053,141,0,2635,1),(4054,125,0,2636,1),(4055,128,0,2636,1),(4056,141,0,2636,1),(4057,125,0,2637,1),(4058,128,0,2637,1),(4059,141,0,2637,1),(4060,125,0,2638,1),(4061,128,0,2638,1),(4062,141,0,2638,1),(4063,125,0,2639,1),(4064,141,0,2639,1),(4065,125,0,2640,1),(4066,141,0,2640,1),(4067,125,0,2641,1),(4068,141,0,2641,1),(4069,125,0,2642,1),(4070,141,0,2642,1),(4071,125,0,2643,1),(4072,141,0,2643,1),(4073,125,0,2644,1),(4074,141,0,2644,1),(4075,125,0,2645,1),(4076,141,0,2645,1),(4077,125,0,2646,1),(4078,141,0,2646,1),(4079,125,0,2651,1),(4080,141,0,2651,1),(4081,125,0,2650,1),(4082,141,0,2650,1),(4083,125,0,2648,1),(4084,128,0,2648,1),(4085,141,0,2648,1),(4086,125,0,2649,1),(4087,141,0,2649,1),(4088,125,0,2647,1),(4089,128,0,2647,1),(4090,141,0,2647,1),(4091,125,0,3044,1),(4092,128,0,3044,1),(4093,141,0,3044,1),(4180,102,383,0,1),(4188,135,395,0,3),(6708,143,0,11211,1),(5282,135,0,11293,3),(5271,135,0,11241,3),(5193,135,0,11163,3),(5257,135,0,11227,3),(5258,135,0,11228,3),(5195,135,0,11165,3),(5194,135,0,11164,3),(5256,135,0,11226,3),(5255,135,0,11225,3),(5260,135,0,11230,3),(5259,135,0,11229,3),(6707,143,0,11210,1),(6760,103,0,11134,1),(5541,141,0,11713,3),(5491,141,0,11616,3),(5492,141,0,11617,3),(5496,141,0,11621,3),(5497,141,0,11622,3),(5648,181,0,11875,3),(5647,181,0,11874,3),(5543,141,0,11715,3),(5552,141,0,11724,3),(5542,141,0,11714,3),(5551,141,0,11723,3),(5546,141,0,11718,3),(5544,141,0,11716,3),(5549,141,0,11721,3),(5550,141,0,11722,3),(5545,141,0,11717,3),(5534,141,0,11706,3),(5533,141,0,11705,3),(5532,141,0,11704,3),(5540,141,0,11712,3),(5539,141,0,11711,3),(6759,103,0,11133,1),(5538,141,0,11710,3),(5537,141,0,11709,3),(5536,141,0,11708,3),(13063,141,0,14170,3),(6758,103,0,11132,1),(6757,103,0,11131,1),(6756,103,0,11130,1),(5644,181,0,11871,3),(5645,181,0,11872,3),(6605,143,0,1489,1),(6604,143,0,1463,1),(6603,143,0,1465,1),(6602,143,0,1466,1),(5570,141,0,11742,3),(5569,141,0,11741,3),(5573,141,0,11745,3),(5560,141,0,11732,3),(6601,143,0,1467,1),(6600,143,0,1459,1),(6599,143,0,1460,1),(6762,103,0,11136,1),(6761,103,0,11135,1),(13064,128,0,14170,1),(14613,144,0,15363,3),(5600,141,0,11772,3),(14615,141,0,15365,3),(14617,141,0,15367,3),(5597,141,0,11769,3),(5596,141,0,11768,3),(5595,141,0,11767,3),(5594,141,0,11766,3),(5593,141,0,11765,3),(5592,141,0,11764,3),(5591,141,0,11763,3),(5590,141,0,11762,3),(5589,141,0,11761,3),(5588,141,0,11760,3),(5587,141,0,11759,3),(5586,141,0,11758,3),(5585,141,0,11757,3),(5584,141,0,11756,3),(5572,141,0,11744,3),(5571,141,0,11743,3),(5269,135,0,11239,3),(5268,135,0,11238,3),(5267,135,0,11237,3),(5266,135,0,11236,3),(5270,135,0,11240,3),(5265,135,0,11235,3),(5261,135,0,11231,3),(5498,141,0,11623,3),(5499,141,0,11624,3),(5501,141,0,11626,3),(5500,141,0,11625,3),(5502,141,0,11627,3),(5165,135,0,11129,3),(6755,103,0,11129,1),(6754,103,0,6891,1),(5547,141,0,11719,3),(5548,141,0,11720,3),(5181,135,0,11151,3),(5180,135,0,11150,3),(5179,135,0,11149,3),(5178,135,0,11148,3),(5177,135,0,11147,3),(5176,135,0,11146,3),(5175,135,0,11145,3),(5174,135,0,11144,3),(5172,135,0,11136,3),(5173,135,0,11143,3),(5171,135,0,11135,3),(5183,135,0,11153,3),(5182,135,0,11152,3),(5186,135,0,11156,3),(5185,135,0,11155,3),(5184,135,0,11154,3),(5188,135,0,11158,3),(5646,181,0,11873,3),(5167,135,0,11131,3),(5166,135,0,11130,3),(5168,135,0,11132,3),(14335,102,0,15110,3),(5649,181,0,11876,3),(5170,135,0,11134,3),(5169,135,0,11133,3),(5582,141,0,11754,3),(5581,141,0,11753,3),(5580,141,0,11752,3),(5579,141,0,11751,3),(5578,141,0,11750,3),(5577,141,0,11749,3),(5576,141,0,11748,3),(5575,141,0,11747,3),(5557,141,0,11729,3),(5556,141,0,11728,3),(5555,141,0,11727,3),(5554,141,0,11726,3),(5565,141,0,11737,3),(5564,141,0,11736,3),(5563,141,0,11735,3),(5562,141,0,11734,3),(5559,141,0,11731,3),(5558,141,0,11730,3),(5567,141,0,11739,3),(5566,141,0,11738,3),(5264,135,0,11234,3),(5206,135,0,11176,3),(5205,135,0,11175,3),(5204,135,0,11174,3),(5203,135,0,11173,3),(5202,135,0,11172,3),(5201,135,0,11171,3),(5200,135,0,11170,3),(5199,135,0,11169,3),(5245,135,0,11215,3),(5197,135,0,11167,3),(5196,135,0,11166,3),(5254,135,0,11224,3),(5253,135,0,11223,3),(5252,135,0,11222,3),(5251,135,0,11221,3),(5250,135,0,11220,3),(5249,135,0,11219,3),(5248,135,0,11218,3),(5247,135,0,11217,3),(5198,135,0,11168,3),(5244,135,0,11214,3),(5243,135,0,11213,3),(5219,135,0,11189,3),(5218,135,0,11188,3),(5217,135,0,11187,3),(5216,135,0,11186,3),(5215,135,0,11185,3),(5214,135,0,11184,3),(5213,135,0,11183,3),(5212,135,0,11182,3),(5211,135,0,11181,3),(5210,135,0,11180,3),(5209,135,0,11179,3),(5208,135,0,11178,3),(5241,135,0,11211,3),(5240,135,0,11210,3),(5238,135,0,11208,3),(5237,135,0,11207,3),(5236,135,0,11206,3),(5235,135,0,11205,3),(5233,135,0,11203,3),(5232,135,0,11202,3),(5231,135,0,11201,3),(5242,135,0,11212,3),(5234,135,0,11204,3),(5246,135,0,11216,3),(4441,141,452,0,3),(4445,135,453,0,3),(13075,137,0,14176,3),(5486,141,0,11611,3),(13079,192,0,14178,3),(13081,122,0,14179,1),(5481,141,0,11606,3),(13083,122,0,14180,1),(5479,141,0,11604,3),(5478,141,0,11603,3),(6705,143,0,11208,1),(6704,143,0,11207,1),(6703,143,0,11206,1),(6702,143,0,11205,1),(6701,143,0,11204,1),(6700,143,0,11203,1),(6699,143,0,11202,1),(5485,141,0,11610,3),(5643,181,0,11870,3),(5642,181,0,11869,3),(5641,181,0,11868,3),(5640,181,0,11867,3),(5639,181,0,11866,3),(5638,181,0,11865,3),(5637,181,0,11864,3),(14334,207,0,15109,3),(14333,102,0,15109,3),(6598,143,0,1462,1),(14332,207,0,15108,3),(6710,143,0,11213,1),(14331,102,0,15108,3),(14330,207,0,15107,3),(14329,102,0,15107,3),(14328,207,0,15105,3),(14327,102,0,15105,3),(6597,143,0,1468,1),(6596,143,0,1469,1),(6595,143,0,1470,1),(6594,143,0,1472,1),(6593,143,0,1485,1),(6592,143,0,1486,1),(14326,207,0,15104,3),(14325,102,0,15104,3),(6591,143,0,1487,1),(14324,207,0,15103,3),(14323,102,0,15103,3),(5190,135,0,11160,3),(5189,135,0,11159,3),(13077,122,0,14177,3),(6618,143,0,6899,1),(14322,207,0,15102,3),(6590,143,0,1488,1),(6589,143,0,1493,1),(5272,135,0,11281,3),(5230,135,0,11200,3),(5229,135,0,11199,3),(5228,135,0,11198,3),(5227,135,0,11197,3),(5226,135,0,11196,3),(5225,135,0,11195,3),(5224,135,0,11194,3),(5223,135,0,11193,3),(5222,135,0,11192,3),(5221,135,0,11191,3),(4522,131,478,0,3),(4526,135,511,0,3),(6698,143,0,11201,1),(6697,143,0,11200,1),(6696,143,0,11199,1),(6695,143,0,11198,1),(6694,143,0,11197,1),(6693,143,0,11196,1),(6692,143,0,11195,1),(6691,143,0,11194,1),(6690,143,0,11193,1),(6689,143,0,11192,1),(6688,143,0,11191,1),(5263,135,0,11233,3),(5220,135,0,11190,3),(5207,135,0,11177,3),(6753,103,0,6890,1),(6752,103,0,6889,1),(6751,103,0,6888,1),(6750,103,0,6887,1),(6749,103,0,6886,1),(6608,143,0,1473,1),(14321,102,0,15102,3),(14320,207,0,15101,3),(14319,102,0,15101,3),(6607,143,0,1479,1),(5503,141,0,11628,3),(5505,141,0,11630,3),(5504,141,0,11629,3),(5192,135,0,11162,3),(5568,141,0,11740,3),(5583,141,0,11755,3),(5574,141,0,11746,3),(5553,141,0,11725,3),(5561,141,0,11733,3),(4560,135,506,0,3),(4561,142,395,0,3),(4562,143,395,0,3),(4563,144,395,0,3),(4565,142,511,0,3),(14165,202,0,14870,3),(4568,144,511,0,3),(4569,148,511,0,3),(4570,142,506,0,3),(4571,149,506,0,3),(4575,144,453,0,3),(4578,142,453,0,3),(4579,154,452,0,3),(4580,155,452,0,3),(4582,142,452,0,3),(4583,125,452,0,3),(4584,128,452,0,3),(4730,148,514,0,3),(14164,148,0,14870,3),(4726,144,514,0,3),(4725,125,514,0,3),(4724,135,514,0,3),(6687,143,0,11190,1),(6686,143,0,11189,1),(6685,143,0,11188,1),(6684,143,0,11187,1),(6683,143,0,11186,1),(4743,149,522,0,3),(4742,142,522,0,3),(5187,135,0,11157,3),(14318,144,1265,0,3),(6711,143,0,11214,1),(6606,143,0,1491,1),(6748,103,0,6885,1),(14317,144,1228,0,3),(6723,143,0,11226,1),(6747,103,0,6884,1),(6746,103,0,1450,1),(4771,144,523,0,3),(4770,142,523,0,3),(4772,148,523,0,3),(14463,144,0,15183,3),(14462,202,0,15182,3),(4792,144,524,0,3),(4791,142,524,0,3),(6682,143,0,11185,1),(6681,143,0,11184,1),(6680,143,0,11183,1),(4831,142,534,0,3),(4830,135,534,0,3),(4829,107,534,0,3),(5281,135,0,11292,3),(5280,135,0,11291,3),(5279,135,0,11290,3),(5278,135,0,11289,3),(5277,135,0,11288,3),(5276,135,0,11287,3),(6679,143,0,11182,1),(6678,143,0,11181,1),(5262,135,0,11232,3),(5490,141,0,11615,3),(5489,141,0,11614,3),(5495,141,0,11620,3),(5494,141,0,11619,3),(5493,141,0,11618,3),(6677,143,0,11180,1),(6676,143,0,11179,1),(6675,143,0,11178,1),(6674,143,0,11177,1),(6673,143,0,11176,1),(6672,143,0,11175,1),(5273,135,0,11282,3),(5274,135,0,11283,3),(5275,135,0,11286,3),(6671,143,0,11174,1),(6670,143,0,11173,1),(6669,143,0,11172,1),(6668,143,0,11171,1),(6667,143,0,11170,1),(6666,143,0,11169,1),(6665,143,0,11168,1),(6664,143,0,11167,1),(6663,143,0,11166,1),(6662,143,0,11165,1),(6661,143,0,11164,1),(6660,143,0,11163,1),(6659,143,0,11162,1),(6658,143,0,11161,1),(6657,143,0,11160,1),(6656,143,0,11159,1),(6655,143,0,11158,1),(6654,143,0,11157,1),(6653,143,0,11156,1),(6652,143,0,11155,1),(6651,143,0,11154,1),(6588,143,0,1475,1),(6732,143,0,11235,1),(6731,143,0,11234,1),(6714,143,0,11217,1),(6713,143,0,11216,1),(6587,143,0,1474,1),(6586,143,0,1476,1),(6585,143,0,1477,1),(6718,143,0,11221,1),(6717,143,0,11220,1),(6716,143,0,11219,1),(14316,144,0,15072,3),(6584,143,0,1478,1),(14315,144,0,15071,3),(6583,143,0,1480,1),(6582,143,0,1490,1),(14314,144,0,15070,3),(6581,143,0,1492,1),(6580,143,0,1482,1),(14313,144,0,15069,3),(6579,143,0,1481,1),(6578,143,0,1483,1),(14312,144,0,15068,3),(6577,143,0,1484,1),(6576,143,0,11459,1),(6575,143,0,11458,1),(6574,143,0,11436,1),(14311,195,0,15063,3),(6573,143,0,11435,1),(6572,143,0,11434,1),(6571,143,0,11433,1),(6570,143,0,11432,1),(6569,143,0,11378,1),(6568,143,0,11136,1),(6567,143,0,11135,1),(6566,143,0,11134,1),(6565,143,0,11133,1),(6564,143,0,11132,1),(6563,143,0,11131,1),(6562,143,0,11130,1),(6561,143,0,11129,1),(6560,143,0,7006,1),(6715,143,0,11218,1),(6730,143,0,11233,1),(6735,143,0,11238,1),(6734,143,0,11237,1),(6733,143,0,11236,1),(5370,135,0,11412,3),(5369,135,0,11411,3),(5368,135,0,11410,3),(5367,135,0,11409,3),(5366,135,0,11408,3),(5365,135,0,11407,3),(5364,135,0,11406,3),(5363,135,0,11397,3),(5362,135,0,11396,3),(5361,135,0,11395,3),(5360,135,0,11394,3),(5359,135,0,11393,3),(5358,135,0,11392,3),(5357,135,0,11391,3),(5356,135,0,11390,3),(5355,135,0,11389,3),(5354,135,0,11388,3),(5353,135,0,11378,3),(5352,135,0,11377,3),(5351,135,0,11376,3),(5350,135,0,11375,3),(5349,135,0,11374,3),(5348,135,0,11373,3),(5347,135,0,11372,3),(5346,135,0,11371,3),(5345,135,0,11370,3),(5344,135,0,11355,3),(5343,135,0,11354,3),(5342,135,0,11353,3),(5341,135,0,11352,3),(5340,135,0,11351,3),(5339,135,0,11350,3),(5338,135,0,11349,3),(5337,135,0,11348,3),(6745,103,0,1452,1),(5191,135,0,11161,3),(4980,148,534,0,3),(4982,144,534,0,3),(5336,135,0,11347,3),(5335,135,0,11346,3),(5334,135,0,11345,3),(5333,135,0,11344,3),(5332,135,0,11343,3),(5331,135,0,11342,3),(6650,143,0,11153,1),(6649,143,0,11152,1),(5330,135,0,11341,3),(5329,135,0,11340,3),(5328,135,0,11339,3),(5327,135,0,11338,3),(5326,135,0,11337,3),(5325,135,0,11336,3),(5324,135,0,11335,3),(5323,135,0,11334,3),(5322,135,0,11333,3),(5321,135,0,11332,3),(5320,135,0,11331,3),(5319,135,0,11330,3),(5318,135,0,11329,3),(5317,135,0,11328,3),(5316,135,0,11327,3),(5315,135,0,11326,3),(5314,135,0,11325,3),(5313,135,0,11324,3),(5312,135,0,11323,3),(5311,135,0,11322,3),(5310,135,0,11321,3),(5309,135,0,11320,3),(5308,135,0,11319,3),(5307,135,0,11318,3),(5306,135,0,11317,3),(5305,135,0,11316,3),(5304,135,0,11315,3),(5303,135,0,11314,3),(5302,135,0,11313,3),(5301,135,0,11312,3),(5300,135,0,11311,3),(5299,135,0,11310,3),(5298,135,0,11309,3),(5297,135,0,11308,3),(5296,135,0,11307,3),(5295,135,0,11306,3),(5294,135,0,11305,3),(5293,135,0,11304,3),(5292,135,0,11303,3),(5291,135,0,11302,3),(5290,135,0,11301,3),(5289,135,0,11300,3),(5288,135,0,11299,3),(5287,135,0,11298,3),(5286,135,0,11297,3),(5285,135,0,11296,3),(5284,135,0,11295,3),(5283,135,0,11294,3),(5153,149,609,0,3),(5152,142,609,0,3),(5151,125,609,0,3),(5150,104,609,0,3),(5149,102,609,0,3),(5160,142,610,0,3),(5488,141,0,11613,3),(14309,122,0,15067,3),(14308,202,0,15062,3),(14307,148,0,15062,3),(14306,144,0,15062,3),(14305,148,0,15061,3),(14304,202,0,15061,3),(14303,144,1226,0,3),(14302,144,1225,0,3),(14301,135,1225,0,3),(6722,143,0,11225,1),(6721,143,0,11224,1),(6720,143,0,11223,1),(6719,143,0,11222,1),(14300,204,0,15031,3),(5665,137,0,12008,3),(5666,137,0,12009,3),(5667,137,0,12010,3),(5668,137,0,12011,3),(5669,137,0,12013,3),(5670,137,0,12014,3),(5671,137,0,12015,3),(5672,137,0,12016,3),(5673,137,0,12017,3),(5674,137,0,12018,3),(5675,137,0,12019,3),(5676,137,0,12020,3),(5677,137,0,12021,3),(5678,137,0,12022,3),(5679,137,0,12023,3),(5680,137,0,12024,3),(5681,137,0,12025,3),(5682,137,0,12026,3),(5683,137,0,12027,3),(5684,137,0,12028,3),(5685,137,0,12029,3),(5686,137,0,12030,3),(5687,137,0,12032,3),(5688,137,0,12034,3),(5689,137,0,12035,3),(5690,137,0,12036,3),(5691,137,0,12037,3),(5692,137,0,12039,3),(5693,137,0,12040,3),(5694,137,0,12041,3),(5695,137,0,12042,3),(5696,137,0,12043,3),(5697,137,0,12044,3),(5698,137,0,12045,3),(5699,137,0,12046,3),(5700,137,0,12047,3),(5701,137,0,12048,3),(5702,137,0,12049,3),(5703,137,0,12050,3),(5704,137,0,12051,3),(5705,137,0,12052,3),(5706,137,0,12053,3),(5707,137,0,12054,3),(5708,137,0,12055,3),(5709,137,0,12056,3),(5710,137,0,12057,3),(5711,137,0,12058,3),(5712,137,0,12060,3),(5713,137,0,12061,3),(5714,137,0,12062,3),(5715,137,0,12066,3),(5716,137,0,12068,3),(5717,137,0,12069,3),(5718,137,0,12070,3),(5719,137,0,12072,3),(5720,137,0,12073,3),(5721,137,0,12074,3),(5722,137,0,12075,3),(5723,137,0,12077,3),(5724,137,0,12078,3),(5725,137,0,12079,3),(5726,137,0,12080,3),(5727,137,0,12082,3),(5728,137,0,12083,3),(5729,137,0,12084,3),(5730,137,0,12085,3),(5731,137,0,12086,3),(5732,137,0,12087,3),(5733,137,0,12089,3),(5734,137,0,12090,3),(5735,137,0,12091,3),(5736,137,0,12093,3),(5737,137,0,12094,3),(5738,137,0,12095,3),(5739,137,0,12096,3),(5740,137,0,12097,3),(5741,137,0,12098,3),(5742,137,0,12099,3),(5743,137,0,12100,3),(5744,137,0,12101,3),(5745,137,0,12102,3),(5746,137,0,12103,3),(5747,137,0,12104,3),(5748,137,0,12105,3),(5749,137,0,12106,3),(5750,137,0,12107,3),(5751,137,0,12108,3),(5752,137,0,12109,3),(5753,137,0,12110,3),(5754,137,0,12111,3),(5755,137,0,12113,3),(5756,137,0,12115,3),(5757,137,0,12116,3),(5758,137,0,12117,3),(5759,137,0,12118,3),(5760,137,0,12120,3),(5761,137,0,12121,3),(5762,137,0,12122,3),(5763,137,0,12123,3),(5764,137,0,12124,3),(5765,137,0,12125,3),(5766,137,0,12127,3),(5767,137,0,12128,3),(5768,137,0,12129,3),(5769,137,0,12130,3),(5770,137,0,12131,3),(5771,137,0,12132,3),(5772,137,0,12133,3),(5773,137,0,12134,3),(5774,137,0,12135,3),(5775,137,0,12136,3),(5776,137,0,12137,3),(5777,137,0,12138,3),(5778,137,0,12139,3),(5779,137,0,12141,3),(5780,137,0,12142,3),(5781,137,0,12143,3),(5782,137,0,12144,3),(5783,137,0,12145,3),(5784,137,0,12146,3),(5785,137,0,12147,3),(5786,137,0,12149,3),(5787,137,0,12151,3),(5788,137,0,12152,3),(5789,137,0,12153,3),(5790,137,0,12154,3),(5791,137,0,12155,3),(5792,137,0,12156,3),(5793,137,0,12157,3),(5794,137,0,12159,3),(5795,137,0,12161,3),(5796,137,0,12162,3),(5797,137,0,12163,3),(5798,137,0,12166,3),(5799,137,0,12167,3),(5800,137,0,12168,3),(5801,137,0,12169,3),(5802,137,0,12170,3),(5803,137,0,12171,3),(5804,137,0,12172,3),(5805,137,0,12176,3),(5806,137,0,12182,3),(5807,137,0,12183,3),(5808,137,0,12184,3),(5809,137,0,12185,3),(5810,137,0,12186,3),(5811,137,0,12188,3),(5812,137,0,12189,3),(5813,137,0,12190,3),(5814,137,0,12191,3),(5815,137,0,12192,3),(5816,137,0,12193,3),(5817,137,0,12195,3),(5818,137,0,12196,3),(5819,137,0,12197,3),(5820,137,0,12198,3),(5821,137,0,12203,3),(5822,137,0,12204,3),(5823,137,0,12205,3),(5824,137,0,12206,3),(5825,137,0,12207,3),(5826,137,0,12210,3),(5827,137,0,12211,3),(5828,137,0,12212,3),(5829,137,0,12213,3),(5830,137,0,12215,3),(5831,137,0,12219,3),(5832,137,0,12220,3),(5833,137,0,12221,3),(5834,137,0,12222,3),(5835,137,0,12223,3),(5836,137,0,12224,3),(5837,137,0,12225,3),(5838,137,0,12226,3),(5839,137,0,12227,3),(5840,137,0,12228,3),(5841,137,0,12232,3),(5842,137,0,12233,3),(5843,137,0,12235,3),(5844,137,0,12236,3),(5845,137,0,12237,3),(5846,137,0,12238,3),(5847,137,0,12239,3),(5848,137,0,12242,3),(5849,137,0,12243,3),(5850,137,0,12244,3),(5851,137,0,12245,3),(5852,137,0,12246,3),(5853,137,0,12247,3),(5854,137,0,12248,3),(5855,137,0,12249,3),(5856,137,0,12250,3),(5857,137,0,12251,3),(5858,137,0,12252,3),(5859,137,0,12253,3),(5860,137,0,12254,3),(5861,137,0,12255,3),(5862,137,0,12256,3),(5863,137,0,12258,3),(5864,137,0,12259,3),(5865,137,0,12260,3),(5866,137,0,12262,3),(5867,137,0,12263,3),(5868,137,0,12264,3),(5869,137,0,12265,3),(5870,137,0,12266,3),(5871,137,0,12267,3),(5872,137,0,12268,3),(5873,137,0,12269,3),(5874,137,0,12270,3),(5875,137,0,12271,3),(5876,137,0,12272,3),(5877,137,0,12273,3),(5878,137,0,12274,3),(5879,137,0,12275,3),(5880,137,0,12276,3),(5881,137,0,12277,3),(5882,137,0,12278,3),(5883,137,0,12279,3),(5884,137,0,12280,3),(5885,137,0,12281,3),(5886,137,0,12282,3),(5887,137,0,12283,3),(5888,137,0,12284,3),(5889,137,0,12285,3),(5890,137,0,12286,3),(5891,137,0,12287,3),(5892,137,0,12288,3),(5893,137,0,12289,3),(5894,137,0,12290,3),(5895,137,0,12291,3),(5896,137,0,12292,3),(5897,137,0,12293,3),(5898,137,0,12294,3),(5899,137,0,12295,3),(5900,137,0,12296,3),(5901,137,0,12297,3),(5902,137,0,12298,3),(5903,137,0,12299,3),(5904,137,0,12300,3),(5905,137,0,12301,3),(5906,137,0,12302,3),(5907,137,0,12303,3),(5908,137,0,12304,3),(5909,137,0,12305,3),(5910,137,0,12306,3),(5911,137,0,12307,3),(5912,137,0,12308,3),(5913,137,0,12309,3),(5914,137,0,12310,3),(5915,137,0,12311,3),(5916,137,0,12312,3),(5917,137,0,12313,3),(5918,137,0,12314,3),(5919,137,0,12315,3),(5920,137,0,12316,3),(5921,137,0,12317,3),(5922,137,0,12318,3),(5923,137,0,12319,3),(5924,137,0,12320,3),(5925,137,0,12321,3),(5926,137,0,12322,3),(5927,137,0,12323,3),(5928,137,0,12324,3),(5929,137,0,12325,3),(5930,137,0,12326,3),(5931,137,0,12327,3),(5932,137,0,12328,3),(5933,137,0,12329,3),(5934,137,0,12330,3),(5935,137,0,12331,3),(5936,137,0,12332,3),(5937,137,0,12333,3),(5938,137,0,12334,3),(5939,137,0,12335,3),(5940,137,0,12336,3),(5941,137,0,12337,3),(5942,137,0,12338,3),(5943,137,0,12339,3),(5944,137,0,12340,3),(5945,137,0,12341,3),(5946,137,0,12342,3),(5947,137,0,12343,3),(5948,137,0,12344,3),(5949,137,0,12345,3),(5950,137,0,12346,3),(5951,137,0,12347,3),(5952,137,0,12348,3),(5953,137,0,12349,3),(5954,137,0,12350,3),(5955,137,0,12351,3),(5956,137,0,12352,3),(5957,137,0,12353,3),(5958,137,0,12354,3),(5959,137,0,12355,3),(5960,137,0,12356,3),(5961,137,0,12357,3),(5962,137,0,12358,3),(5963,137,0,12359,3),(5964,137,0,12360,3),(5965,137,0,12361,3),(5966,137,0,12362,3),(5967,137,0,12363,3),(5968,137,0,12364,3),(5969,137,0,12365,3),(5970,137,0,12366,3),(5971,137,0,12367,3),(5972,137,0,12368,3),(5973,137,0,12369,3),(5974,137,0,12370,3),(5975,137,0,12371,3),(5976,137,0,12372,3),(5977,137,0,12373,3),(5978,137,0,12374,3),(5979,137,0,12375,3),(5980,137,0,12376,3),(5981,137,0,12377,3),(5982,137,0,12378,3),(5983,137,0,12379,3),(5984,137,0,12380,3),(5985,137,0,12381,3),(5986,137,0,12382,3),(5987,137,0,12383,3),(5988,137,0,12385,3),(5989,137,0,12386,3),(5990,137,0,12387,3),(5991,137,0,12388,3),(5992,137,0,12389,3),(5993,137,0,12390,3),(5994,137,0,12391,3),(5995,137,0,12392,3),(5996,137,0,12393,3),(5997,137,0,12394,3),(5998,137,0,12395,3),(5999,137,0,12396,3),(6000,137,0,12397,3),(6001,137,0,12398,3),(6002,137,0,12399,3),(6003,137,0,12400,3),(6004,137,0,12401,3),(6005,137,0,12402,3),(6006,137,0,12403,3),(6007,137,0,12404,3),(6008,137,0,12405,3),(6009,137,0,12406,3),(6010,137,0,12407,3),(6011,137,0,12408,3),(6012,137,0,12409,3),(6013,137,0,12410,3),(6014,137,0,12411,3),(6015,137,0,12412,3),(6016,137,0,12413,3),(6017,137,0,12414,3),(6018,137,0,12415,3),(6019,137,0,12416,3),(6020,137,0,12417,3),(6021,137,0,12418,3),(6022,137,0,12419,3),(6023,137,0,12420,3),(6024,135,0,12558,3),(6025,135,0,12559,3),(6026,135,0,12560,3),(6027,135,0,12561,3),(6028,135,0,12562,3),(6029,137,0,12575,3),(6030,137,0,12576,3),(6031,137,0,12577,3),(6032,137,0,12578,3),(6033,137,0,12579,3),(6034,137,0,12580,3),(6035,137,0,12581,3),(6036,137,0,12582,3),(6037,137,0,12583,3),(6038,137,0,12584,3),(6039,137,0,12585,3),(6040,137,0,12586,3),(6041,138,0,12587,3),(6042,138,0,12588,3),(6043,138,0,12589,3),(6044,138,0,12590,3),(6045,138,0,12591,3),(6046,138,0,12592,3),(6047,138,0,12593,3),(6048,138,0,12594,3),(6049,138,0,12595,3),(6050,138,0,12596,3),(6051,138,0,12599,3),(6052,138,0,12600,3),(6053,138,0,12601,3),(14299,197,0,15031,3),(6648,143,0,11151,1),(6647,143,0,11150,1),(6646,143,0,11149,1),(6645,143,0,11148,1),(6644,143,0,11147,1),(6610,143,0,1461,1),(6609,143,0,1471,1),(6729,143,0,11232,1),(6728,143,0,11231,1),(6643,143,0,11146,1),(6642,143,0,11145,1),(6641,143,0,11144,1),(6640,143,0,11143,1),(6639,143,0,13149,1),(6741,103,0,1457,1),(6740,103,0,1456,1),(6739,103,0,1455,1),(6738,143,0,11241,1),(6737,143,0,11240,1),(6736,143,0,11239,1),(14298,148,0,15031,3),(14297,144,0,15031,3),(14296,133,0,15031,3),(6617,143,0,6898,1),(6616,143,0,2756,1),(6615,143,0,2755,1),(6614,143,0,2753,1),(6613,143,0,2754,1),(6612,143,0,1464,1),(6611,143,0,1458,1),(6744,103,0,1451,1),(6743,103,0,1454,1),(6742,103,0,1453,1),(14295,148,0,15020,3),(6712,143,0,11215,1),(6559,143,0,7005,1),(6558,143,0,6991,1),(6557,143,0,6981,1),(6556,143,0,6980,1),(6555,143,0,6891,1),(6554,143,0,6890,1),(6553,143,0,6889,1),(6552,143,0,6888,1),(6551,143,0,6887,1),(6550,143,0,6886,1),(6549,143,0,6885,1),(6548,143,0,6884,1),(6547,143,0,1450,1),(6546,143,0,1452,1),(6545,143,0,1553,1),(6544,143,0,1451,1),(6543,143,0,1454,1),(6542,143,0,1453,1),(6541,143,0,1457,1),(6540,143,0,1456,1),(6539,143,0,1455,1),(6538,143,0,1551,1),(14294,202,0,15020,3),(14293,202,0,15019,3),(14292,148,0,15019,3),(14291,148,0,15018,3),(14290,202,0,15018,3),(14289,202,0,15017,3),(14288,148,0,15017,3),(14287,148,0,15016,3),(14286,202,0,15016,3),(14285,202,0,15015,3),(6727,143,0,11230,1),(6726,143,0,11229,1),(6725,143,0,11228,1),(6724,143,0,11227,1),(6638,143,0,13148,1),(6637,143,0,13147,1),(6636,143,0,13146,1),(6635,143,0,13145,1),(6634,143,0,7223,1),(6633,143,0,7016,1),(6632,143,0,6913,1),(6631,143,0,6912,1),(6630,143,0,6911,1),(6629,143,0,6910,1),(6628,143,0,6909,1),(6627,143,0,6908,1),(6626,143,0,6907,1),(6625,143,0,6906,1),(6624,143,0,6905,1),(6623,143,0,6904,1),(6622,143,0,6903,1),(6621,143,0,6902,1),(6620,143,0,6901,1),(6619,143,0,6900,1),(6219,190,0,12888,3),(6220,190,0,12889,3),(6221,190,0,12890,3),(6222,190,0,12891,3),(6223,190,0,12892,3),(6224,190,0,12893,3),(6225,190,0,12894,3),(6226,190,0,12895,3),(6227,190,0,12896,3),(6228,190,0,12897,3),(6229,190,0,12898,3),(6230,190,0,12899,3),(6231,190,0,12900,3),(6232,190,0,12901,3),(6233,190,0,12902,3),(6234,190,0,12903,3),(6235,190,0,12904,3),(6236,190,0,12905,3),(6237,190,0,12906,3),(6238,190,0,12907,3),(6239,190,0,12908,3),(6240,190,0,12909,3),(6241,190,0,12910,3),(6242,190,0,12911,3),(6243,190,0,12912,3),(6244,190,0,12913,3),(6245,190,0,12914,3),(6246,190,0,12915,3),(6247,190,0,12916,3),(6248,190,0,12917,3),(6249,190,0,12918,3),(6250,190,0,12919,3),(6251,190,0,12920,3),(6252,190,0,12921,3),(6253,190,0,12922,3),(6254,190,0,12923,3),(6255,190,0,12924,3),(6256,190,0,12925,3),(6257,190,0,12926,3),(6258,190,0,12927,3),(6259,190,0,12928,3),(6260,190,0,12929,3),(6261,190,0,12930,3),(6262,190,0,12931,3),(6263,190,0,12932,3),(6264,190,0,12933,3),(6265,190,0,12934,3),(6266,190,0,12935,3),(6267,190,0,12936,3),(6268,190,0,12937,3),(6269,190,0,12938,3),(6270,190,0,12939,3),(6271,190,0,12940,3),(6272,190,0,12941,3),(6273,190,0,12942,3),(6274,190,0,12943,3),(6275,190,0,12944,3),(6276,190,0,12945,3),(6277,190,0,12946,3),(6278,190,0,12947,3),(6279,190,0,12948,3),(6280,190,0,12949,3),(6281,190,0,12950,3),(6282,190,0,12951,3),(6283,190,0,12952,3),(6284,190,0,12953,3),(6285,190,0,12954,3),(6286,190,0,12955,3),(6287,190,0,12956,3),(6288,190,0,12957,3),(6289,190,0,12958,3),(6290,190,0,12959,3),(14284,148,0,15015,3),(14283,202,0,15014,3),(14282,148,0,15014,3),(14281,148,0,15013,3),(14280,202,0,15013,3),(14279,202,0,15012,3),(14278,148,0,15012,3),(14277,148,0,15011,3),(14276,202,0,15011,3),(14275,148,0,15010,3),(14274,202,0,15010,3),(14273,202,0,15009,3),(14272,148,0,15009,3),(14271,148,0,15008,3),(6488,135,0,13525,3),(6489,135,0,13526,3),(6537,143,0,1549,1),(14270,202,0,15008,3),(6536,143,0,1552,1),(6535,143,0,1554,1),(6534,143,0,1555,1),(6533,143,0,1572,1),(14269,202,0,15007,3),(14268,148,0,15007,3),(6532,143,0,1573,1),(6499,192,0,13546,3),(6500,192,0,13547,3),(6501,192,0,13548,3),(14163,202,0,14869,3),(6503,192,0,13550,3),(14162,148,0,14869,3),(6505,192,0,13552,3),(6506,192,0,13553,3),(6507,192,0,13555,3),(6508,192,0,13556,3),(6509,192,0,13557,3),(6510,192,0,13558,3),(6511,192,0,13559,3),(6512,192,0,13560,3),(6513,192,0,13561,3),(6514,192,0,13562,3),(6515,192,0,13563,3),(6516,192,0,13564,3),(6517,192,0,13565,3),(6518,192,0,13566,3),(6519,192,0,13567,3),(6520,192,0,13568,3),(6521,192,0,13569,3),(6522,192,0,13570,3),(6523,192,0,13571,3),(6524,192,0,13572,3),(6525,192,0,13573,3),(6526,192,0,13574,3),(6527,192,0,13575,3),(6528,192,0,13576,3),(6529,192,0,13577,3),(14267,148,0,15006,3),(6709,143,0,11212,1),(14266,202,0,15006,3),(14265,202,0,15005,3),(14264,148,0,15005,3),(14263,148,0,15004,3),(14262,202,0,15004,3),(14261,202,0,15003,3),(14260,148,0,15003,3),(14259,148,0,15002,3),(14258,202,0,15002,3),(14257,202,0,15001,3),(14256,148,0,15001,3),(14255,102,0,14970,3),(14254,102,0,14969,3),(14253,202,0,14914,3),(14252,148,0,14914,3),(14251,202,0,14913,3),(14250,148,0,14913,3),(14249,202,0,14912,3),(14248,148,0,14912,3),(14247,202,0,14911,3),(14246,148,0,14911,3),(14245,202,0,14910,3),(14244,148,0,14910,3),(14243,202,0,14909,3),(14242,148,0,14909,3),(14241,202,0,14908,3),(14240,148,0,14908,3),(14239,202,0,14907,3),(14238,148,0,14907,3),(14237,202,0,14906,3),(14236,148,0,14906,3),(14235,202,0,14905,3),(14234,148,0,14905,3),(14233,202,0,14904,3),(14232,148,0,14904,3),(14231,202,0,14903,3),(14230,148,0,14903,3),(14229,202,0,14902,3),(14228,148,0,14902,3),(14227,202,0,14901,3),(14226,148,0,14901,3),(14225,202,0,14900,3),(14224,148,0,14900,3),(14223,202,0,14899,3),(14222,148,0,14899,3),(14221,202,0,14898,3),(14220,148,0,14898,3),(14219,202,0,14897,3),(14218,148,0,14897,3),(14217,202,0,14896,3),(14216,148,0,14896,3),(14215,202,0,14895,3),(14214,148,0,14895,3),(14213,202,0,14894,3),(14212,148,0,14894,3),(14211,202,0,14893,3),(14210,148,0,14893,3),(14209,202,0,14892,3),(14208,148,0,14892,3),(14207,202,0,14891,3),(14206,148,0,14891,3),(14205,202,0,14890,3),(14204,148,0,14890,3),(14203,202,0,14889,3),(14202,148,0,14889,3),(14201,202,0,14888,3),(14200,148,0,14888,3),(14199,202,0,14887,3),(14198,148,0,14887,3),(14197,202,0,14886,3),(14196,148,0,14886,3),(14195,202,0,14885,3),(14194,148,0,14885,3),(14193,202,0,14884,3),(14192,148,0,14884,3),(14191,202,0,14883,3),(14190,148,0,14883,3),(14189,202,0,14882,3),(14188,148,0,14882,3),(14187,202,0,14881,3),(14186,148,0,14881,3),(14185,202,0,14880,3),(14184,148,0,14880,3),(14183,202,0,14879,3),(14182,148,0,14879,3),(14181,202,0,14878,3),(14180,148,0,14878,3),(14179,202,0,14877,3),(14178,148,0,14877,3),(14177,148,0,14876,3),(14176,202,0,14876,3),(14175,202,0,14875,3),(14174,148,0,14875,3),(6925,144,0,6809,1),(6926,144,0,6810,1),(6927,144,0,6811,1),(6928,144,0,6812,1),(6929,144,0,6813,1),(6930,144,0,6814,1),(6931,144,0,6815,1),(6932,144,0,6816,1),(6933,144,0,6818,1),(6934,144,0,6819,1),(6935,144,0,6925,1),(6936,144,0,6926,1),(6937,144,0,6927,1),(6938,144,0,6928,1),(6939,144,0,6929,1),(6940,144,0,6930,1),(6941,144,0,6931,1),(6942,144,0,6932,1),(6943,144,0,6936,1),(6944,144,0,6937,1),(6945,144,0,7377,1),(6946,144,0,11281,1),(6947,144,0,11282,1),(6948,144,0,11283,1),(6949,144,0,11286,1),(6950,144,0,11287,1),(6951,144,0,11288,1),(6952,144,0,11289,1),(6953,144,0,11290,1),(6954,144,0,11291,1),(6955,144,0,11292,1),(6956,144,0,11293,1),(6957,144,0,11294,1),(6958,144,0,11295,1),(6959,144,0,11296,1),(6960,144,0,11297,1),(6961,144,0,11298,1),(6962,144,0,11299,1),(6963,144,0,11300,1),(6964,144,0,11301,1),(6965,144,0,11302,1),(6966,144,0,11303,1),(6967,144,0,11304,1),(6968,144,0,11305,1),(6969,144,0,11306,1),(6970,144,0,11307,1),(6971,144,0,11308,1),(6972,144,0,11309,1),(6973,144,0,11310,1),(6974,144,0,11311,1),(6975,144,0,11312,1),(6976,144,0,11313,1),(6977,144,0,11314,1),(6978,144,0,11315,1),(6979,144,0,11316,1),(6980,144,0,11317,1),(6981,144,0,11318,1),(6982,144,0,11319,1),(6983,144,0,11320,1),(6984,144,0,11321,1),(6985,144,0,11322,1),(6986,144,0,11323,1),(6987,144,0,11324,1),(6988,144,0,11325,1),(6989,144,0,11327,1),(6990,144,0,11328,1),(6991,144,0,11329,1),(6992,144,0,11330,1),(6993,144,0,11331,1),(6994,144,0,11332,1),(6995,144,0,11333,1),(6996,144,0,11334,1),(6997,144,0,11335,1),(6998,144,0,11336,1),(6999,144,0,11337,1),(7000,144,0,11338,1),(7001,144,0,11339,1),(7002,144,0,11340,1),(7003,144,0,11341,1),(7004,144,0,11342,1),(7005,144,0,11343,1),(7006,144,0,11344,1),(7007,144,0,11345,1),(7008,144,0,11346,1),(7009,144,0,11347,1),(7010,144,0,11348,1),(7011,144,0,11349,1),(7012,144,0,11350,1),(7013,144,0,11351,1),(7014,144,0,11352,1),(7015,144,0,11353,1),(7016,144,0,11354,1),(7017,144,0,11355,1),(7018,144,0,11754,1),(7019,144,0,11755,1),(7020,148,0,11327,1),(7021,148,0,11328,1),(7022,148,0,11329,1),(7023,148,0,11330,1),(7024,148,0,11331,1),(7025,148,0,11332,1),(7026,148,0,11333,1),(7027,148,0,11334,1),(7028,148,0,11335,1),(7029,148,0,11336,1),(7030,148,0,11337,1),(7031,148,0,11338,1),(7032,148,0,11339,1),(7033,148,0,11340,1),(7034,148,0,11341,1),(7035,148,0,11342,1),(7036,148,0,11343,1),(7037,148,0,11344,1),(7038,148,0,11345,1),(7039,148,0,11346,1),(7040,148,0,11347,1),(7041,148,0,11348,1),(7042,148,0,11349,1),(7043,148,0,11350,1),(7044,148,0,11351,1),(7045,148,0,11352,1),(7046,148,0,11353,1),(7047,148,0,11354,1),(7048,148,0,11355,1),(7078,108,0,1560,1),(7079,108,0,1543,1),(7080,108,0,1542,1),(7081,108,0,6972,1),(7082,108,0,6973,1),(7083,108,0,7007,1),(7084,108,0,11370,1),(7085,108,0,11371,1),(7086,108,0,11451,1),(7087,108,0,1544,1),(7088,108,0,6974,1),(7089,108,0,11372,1),(7090,144,0,11327,1),(7091,144,0,11328,1),(7092,144,0,11329,1),(7093,144,0,11330,1),(7094,144,0,11331,1),(7095,144,0,11332,1),(7096,144,0,11333,1),(7097,144,0,11334,1),(7098,144,0,11335,1),(7099,144,0,11336,1),(7100,144,0,11337,1),(7101,144,0,11338,1),(7102,144,0,11339,1),(7103,144,0,11340,1),(7104,144,0,11341,1),(7105,144,0,11342,1),(7106,144,0,11343,1),(7107,144,0,11344,1),(7108,144,0,11345,1),(7109,144,0,11346,1),(7110,144,0,11347,1),(7111,144,0,11348,1),(7112,144,0,11349,1),(7113,144,0,11350,1),(7114,144,0,11351,1),(7115,144,0,11352,1),(7116,144,0,11353,1),(7117,144,0,11354,1),(7118,144,0,11355,1),(13061,141,0,14168,3),(14631,141,0,15378,3),(14630,141,0,15377,3),(14629,141,0,15376,3),(14628,144,0,15375,3),(14627,141,0,15375,3),(14626,144,0,15374,3),(14625,141,0,15374,3),(14624,144,0,15373,3),(14623,141,0,15373,3),(14622,141,0,15372,3),(14621,141,0,15371,3),(14620,141,0,15370,3),(14619,141,0,15369,3),(14618,141,0,15368,3),(14611,141,0,15356,3),(14610,133,1370,0,3),(14609,202,1369,0,3),(14608,148,1369,0,3),(14607,144,1369,0,3),(14606,142,0,14975,3),(14605,142,0,14974,3),(14604,142,0,14973,3),(14603,142,0,14972,3),(14602,142,0,14971,3),(14601,204,1367,0,3),(14600,144,1367,0,3),(14599,133,1367,0,3),(14598,204,0,15288,3),(14597,144,0,15288,3),(14596,133,0,15288,3),(14595,204,0,15287,3),(14594,144,0,15287,3),(14593,133,0,15287,3),(14592,202,1366,0,3),(14591,148,1366,0,3),(14590,144,1366,0,3),(7264,119,0,7096,1),(7265,119,0,1721,1),(7266,119,0,12621,1),(7267,119,0,7097,1),(7268,119,0,1722,1),(7269,119,0,12622,1),(7270,119,0,7098,1),(7271,119,0,1723,1),(7272,119,0,12623,1),(7273,119,0,7103,1),(7274,119,0,1724,1),(7275,119,0,12627,1),(7276,119,0,7104,1),(7277,119,0,1725,1),(7278,119,0,12628,1),(7279,119,0,7102,1),(7280,119,0,1726,1),(7281,119,0,12626,1),(7282,119,0,7100,1),(7283,119,0,2884,1),(7284,119,0,7099,1),(7285,119,0,1727,1),(7286,119,0,12624,1),(7287,119,0,7101,1),(7288,119,0,1728,1),(7289,119,0,12625,1),(7290,119,0,7109,1),(7291,119,0,1729,1),(7292,119,0,12633,1),(7293,119,0,7106,1),(7294,119,0,1730,1),(7295,119,0,12630,1),(7296,119,0,7107,1),(7297,119,0,1731,1),(7298,119,0,12631,1),(7299,119,0,7108,1),(7300,119,0,1732,1),(7301,119,0,12632,1),(7302,119,0,7105,1),(7303,119,0,1733,1),(7304,119,0,12629,1),(7305,119,0,7110,1),(7306,119,0,1734,1),(7307,119,0,12634,1),(7308,119,0,7111,1),(7309,119,0,1735,1),(7310,119,0,12635,1),(7311,119,0,7113,1),(7312,119,0,6824,1),(7313,119,0,12637,1),(7314,119,0,7121,1),(7315,119,0,2885,1),(7316,119,0,12645,1),(7317,119,0,7114,1),(7318,119,0,6825,1),(7319,119,0,12638,1),(7320,119,0,7115,1),(7321,119,0,6826,1),(7322,119,0,12639,1),(7323,119,0,7116,1),(7324,119,0,6827,1),(7325,119,0,12640,1),(7326,119,0,7112,1),(7327,119,0,6823,1),(7328,119,0,12636,1),(7329,119,0,7117,1),(7330,119,0,1736,1),(7331,119,0,12641,1),(7332,119,0,7118,1),(7333,119,0,1737,1),(7334,119,0,12642,1),(7335,119,0,7120,1),(7336,119,0,1738,1),(7337,119,0,12644,1),(7338,119,0,7119,1),(7339,119,0,1739,1),(7340,119,0,12643,1),(7341,119,0,12646,1),(7342,119,0,12647,1),(7343,119,0,7133,1),(7344,119,0,1748,1),(7345,119,0,12671,1),(7346,119,0,7134,1),(7347,119,0,1749,1),(7348,119,0,12672,1),(7349,119,0,7132,1),(7350,119,0,1750,1),(7351,119,0,12660,1),(7352,119,0,7143,1),(7353,119,0,1751,1),(7354,119,0,12673,1),(7355,119,0,7883,1),(7356,119,0,7763,1),(7357,119,0,12663,1),(7358,119,0,7135,1),(7359,119,0,1752,1),(7360,119,0,12664,1),(7361,119,0,7136,1),(7362,119,0,1753,1),(7363,119,0,12665,1),(7364,119,0,7142,1),(7365,119,0,1754,1),(7366,119,0,12670,1),(7367,119,0,7137,1),(7368,119,0,1755,1),(7369,119,0,12666,1),(7370,119,0,7138,1),(7371,119,0,6829,1),(7372,119,0,12667,1),(7373,119,0,7139,1),(7374,119,0,1756,1),(7375,119,0,12668,1),(7376,119,0,7140,1),(7377,119,0,1757,1),(7378,119,0,12669,1),(7379,119,0,7141,1),(7380,119,0,1758,1),(7381,119,0,12661,1),(7382,119,0,7884,1),(7383,119,0,7764,1),(7384,119,0,12662,1),(7385,119,0,7144,1),(7386,119,0,2887,1),(7387,119,0,12674,1),(7388,119,0,7145,1),(7389,119,0,2888,1),(7390,119,0,12675,1),(8494,125,0,7386,1),(8495,125,0,2653,1),(8496,125,0,11693,1),(8497,125,0,7387,1),(8498,125,0,2654,1),(8499,125,0,11694,1),(8500,125,0,7376,1),(8501,125,0,2655,1),(8502,125,0,11643,1),(8503,125,0,7377,1),(8504,125,0,2656,1),(8505,125,0,11644,1),(8506,125,0,7378,1),(8507,125,0,2661,1),(8508,125,0,11645,1),(8509,125,0,2657,1),(8510,125,0,11646,1),(8511,125,0,2659,1),(8512,125,0,11647,1),(8513,125,0,2663,1),(8514,125,0,11648,1),(8515,125,0,2660,1),(8516,125,0,11649,1),(8517,125,0,2662,1),(8518,125,0,11650,1),(8519,125,0,2664,1),(8520,125,0,11651,1),(8521,125,0,2658,1),(8522,125,0,11652,1),(8523,125,0,7379,1),(8524,125,0,2665,1),(8525,125,0,11653,1),(8526,125,0,7375,1),(8527,125,0,2666,1),(8528,125,0,11642,1),(8529,125,0,7374,1),(8530,125,0,2667,1),(13073,137,0,14175,3),(8532,125,0,7388,1),(8533,125,0,3065,1),(8534,125,0,11695,1),(8535,125,0,7365,1),(8536,125,0,2668,1),(8537,125,0,11631,1),(8538,125,0,11627,1),(8539,125,0,11628,1),(8540,125,0,11629,1),(8541,125,0,11630,1),(8542,125,0,11603,1),(8543,125,0,11604,1),(13082,192,0,14180,3),(8545,125,0,11606,1),(13080,192,0,14179,3),(13078,192,0,14177,3),(14161,202,0,14868,3),(8549,125,0,11610,1),(8550,125,0,11611,1),(14160,148,0,14868,3),(8552,125,0,11613,1),(8553,125,0,11614,1),(8554,125,0,11615,1),(8555,125,0,11616,1),(8556,125,0,11617,1),(8557,125,0,11618,1),(8558,125,0,11619,1),(8559,125,0,11620,1),(8560,125,0,11621,1),(8561,125,0,11622,1),(8562,125,0,11623,1),(8563,125,0,11624,1),(8564,125,0,11625,1),(8565,125,0,11626,1),(8566,125,0,7380,1),(8567,125,0,2669,1),(8568,125,0,11654,1),(14616,141,0,15366,3),(8570,125,0,7381,1),(8571,125,0,2670,1),(8572,125,0,11655,1),(8573,125,0,11772,1),(14614,141,0,15364,3),(8575,125,0,7382,1),(8576,125,0,2671,1),(8577,125,0,7383,1),(8578,125,0,2672,1),(14612,141,0,15363,3),(8580,125,0,7941,1),(8581,125,0,7867,1),(8582,125,0,11656,1),(8583,125,0,7868,1),(8584,125,0,11657,1),(8585,125,0,7869,1),(8586,125,0,11658,1),(8587,125,0,7870,1),(8588,125,0,11659,1),(8589,125,0,7871,1),(8590,125,0,11660,1),(8591,125,0,7872,1),(8592,125,0,11661,1),(8593,125,0,7873,1),(8594,125,0,11662,1),(8595,125,0,7874,1),(8596,125,0,11663,1),(8597,125,0,7384,1),(8598,125,0,2684,1),(13071,137,0,14174,3),(8600,125,0,2674,1),(14159,202,0,14867,3),(8602,125,0,2683,1),(13069,137,0,14173,3),(8604,125,0,2685,1),(13059,141,1080,0,3),(8606,125,0,2681,1),(13058,197,1077,0,3),(8608,125,0,2675,1),(13057,133,1077,0,3),(8610,125,0,2680,1),(13056,141,0,14166,3),(8612,125,0,2677,1),(13055,125,0,14166,1),(8614,125,0,2678,1),(13054,125,0,14165,1),(8616,125,0,2686,1),(13053,141,0,14165,3),(8618,125,0,2673,1),(13052,141,0,14164,3),(8620,125,0,2682,1),(13051,125,0,14164,1),(8622,125,0,2676,1),(13050,141,0,14163,3),(8624,125,0,2679,1),(13049,125,0,14163,1),(8626,125,0,2688,1),(13048,125,0,14162,1),(8628,125,0,2687,1),(13047,141,0,14162,3),(8630,125,0,7385,1),(8631,125,0,3062,1),(8632,125,0,11680,1),(8633,125,0,3053,1),(8634,125,0,11681,1),(8635,125,0,3061,1),(8636,125,0,11682,1),(8637,125,0,3063,1),(8638,125,0,11683,1),(8639,125,0,3059,1),(8640,125,0,11684,1),(8641,125,0,3054,1),(8642,125,0,11685,1),(8643,125,0,3056,1),(8644,125,0,11686,1),(8645,125,0,3057,1),(8646,125,0,11687,1),(8647,125,0,3064,1),(8648,125,0,11688,1),(8649,125,0,3052,1),(8650,125,0,11689,1),(8651,125,0,3060,1),(8652,125,0,11690,1),(8653,125,0,3055,1),(8654,125,0,11691,1),(8655,125,0,3058,1),(8656,125,0,11692,1),(8657,125,0,7389,1),(8658,125,0,2694,1),(8659,125,0,11696,1),(8660,125,0,2691,1),(8661,125,0,11697,1),(8662,125,0,2689,1),(8663,125,0,11698,1),(8664,125,0,2690,1),(8665,125,0,11699,1),(8666,125,0,2695,1),(8667,125,0,11700,1),(8668,125,0,2696,1),(8669,125,0,11701,1),(8670,125,0,2692,1),(8671,125,0,11702,1),(8672,125,0,2693,1),(8673,125,0,11703,1),(13060,141,0,14167,3),(8675,125,0,7371,1),(8676,125,0,2697,1),(8677,125,0,11637,1),(8678,125,0,7372,1),(8679,125,0,2698,1),(8680,125,0,11638,1),(8681,125,0,7373,1),(8682,125,0,2699,1),(8683,125,0,11639,1),(8684,125,0,7366,1),(8685,125,0,2700,1),(8686,125,0,11632,1),(8687,125,0,7367,1),(8688,125,0,2701,1),(8689,125,0,11633,1),(8690,125,0,7369,1),(8691,125,0,2702,1),(8692,125,0,11635,1),(8693,125,0,7368,1),(8694,125,0,2703,1),(8695,125,0,11634,1),(8696,125,0,7370,1),(8697,125,0,6874,1),(8698,125,0,11636,1),(14158,148,0,14867,3),(8700,125,0,7390,1),(8701,125,0,2704,1),(8702,125,0,7300,1),(8703,125,0,2748,1),(8704,125,0,11890,1),(8705,125,0,7304,1),(8706,125,0,2749,1),(8707,125,0,7301,1),(8708,125,0,6869,1),(8709,125,0,11891,1),(8710,125,0,6870,1),(8711,125,0,11892,1),(8712,125,0,7302,1),(8713,125,0,2750,1),(8714,125,0,11893,1),(8715,125,0,2751,1),(8716,125,0,11894,1),(8717,125,0,7303,1),(8718,125,0,6871,1),(8719,125,0,11895,1),(8720,125,0,7299,1),(8721,125,0,2752,1),(8722,125,0,11889,1),(8723,125,0,7364,1),(8724,125,0,3051,1),(8725,125,0,11850,1),(8726,125,0,7363,1),(8727,125,0,2652,1),(8728,125,0,11824,1),(8729,125,0,7406,1),(8730,125,0,6880,1),(8731,125,0,11879,1),(8732,125,0,7407,1),(8733,125,0,6881,1),(8734,125,0,11880,1),(8735,125,0,11878,1),(8736,125,0,7408,1),(8737,125,0,6882,1),(8738,125,0,11881,1),(8739,125,0,7409,1),(8740,125,0,6883,1),(8741,125,0,11882,1),(8742,125,0,7412,1),(8743,125,0,3067,1),(8744,125,0,11887,1),(8745,125,0,7411,1),(8746,125,0,3066,1),(8747,125,0,11883,1),(8748,125,0,7405,1),(8749,125,0,2732,1),(8750,125,0,11884,1),(8751,125,0,11885,1),(8752,125,0,7410,1),(8753,125,0,2733,1),(8754,125,0,11886,1),(8755,125,0,7413,1),(8756,125,0,3068,1),(8757,125,0,11888,1),(8758,125,0,7943,1),(8759,125,0,7749,1),(8760,125,0,11864,1),(8761,125,0,7944,1),(8762,125,0,7750,1),(8763,125,0,11865,1),(8764,125,0,7945,1),(8765,125,0,7751,1),(8766,125,0,11866,1),(8767,125,0,7946,1),(8768,125,0,7752,1),(8769,125,0,11867,1),(8770,125,0,7947,1),(8771,125,0,7753,1),(8772,125,0,11868,1),(8773,125,0,7948,1),(8774,125,0,7754,1),(8775,125,0,11869,1),(8776,125,0,7949,1),(8777,125,0,7755,1),(8778,125,0,11870,1),(8779,125,0,7955,1),(8780,125,0,11871,1),(8781,125,0,7950,1),(8782,125,0,7756,1),(8783,125,0,11872,1),(8784,125,0,7951,1),(8785,125,0,7757,1),(8786,125,0,11874,1),(8787,125,0,11875,1),(8788,125,0,7956,1),(8789,125,0,11876,1),(8790,125,0,11873,1),(8791,125,0,11877,1),(8792,128,0,7357,1),(8793,128,0,3045,1),(8794,128,0,11817,1),(8795,128,0,7358,1),(8796,128,0,3046,1),(8797,128,0,11818,1),(8798,128,0,7359,1),(8799,128,0,3047,1),(8800,128,0,11819,1),(8801,128,0,7360,1),(8802,128,0,3048,1),(8803,128,0,11820,1),(8804,128,0,7361,1),(8805,128,0,3049,1),(8806,128,0,11821,1),(8807,128,0,7362,1),(8808,128,0,3050,1),(8809,128,0,11822,1),(8810,128,0,11710,1),(8811,128,0,11711,1),(8812,128,0,11712,1),(8813,128,0,11713,1),(8814,128,0,11714,1),(8815,128,0,11715,1),(8816,128,0,11716,1),(8817,128,0,11717,1),(8818,128,0,11718,1),(8819,128,0,11719,1),(8820,128,0,7355,1),(8821,128,0,3044,1),(8822,128,0,11803,1),(8823,128,0,7356,1),(8824,128,0,6873,1),(8825,128,0,11804,1),(8826,128,0,11704,1),(8827,128,0,11705,1),(8828,128,0,11706,1),(13062,141,0,14169,3),(8830,128,0,11708,1),(8831,128,0,11709,1),(8832,128,0,11720,1),(8833,128,0,11721,1),(8834,128,0,11722,1),(8835,128,0,11723,1),(8836,128,0,11724,1),(8837,128,0,11725,1),(8838,128,0,11726,1),(8839,128,0,11727,1),(8840,128,0,11728,1),(8841,128,0,11729,1),(8842,128,0,11766,1),(8843,128,0,11767,1),(8844,128,0,11756,1),(8845,128,0,11757,1),(8846,128,0,11758,1),(8847,128,0,11759,1),(8848,128,0,11760,1),(8849,128,0,11761,1),(8850,128,0,11762,1),(8851,128,0,11763,1),(8852,128,0,11764,1),(8853,128,0,11765,1),(8854,128,0,11768,1),(8855,128,0,11769,1),(8856,128,0,11730,1),(8857,128,0,11731,1),(8858,128,0,11732,1),(8859,128,0,11733,1),(8860,128,0,11734,1),(8861,128,0,11735,1),(8862,128,0,11736,1),(8863,128,0,11737,1),(8864,128,0,11738,1),(8865,128,0,11739,1),(8866,128,0,11740,1),(8867,128,0,11741,1),(8868,128,0,11752,1),(8869,128,0,11753,1),(8870,128,0,11742,1),(8871,128,0,11743,1),(8872,128,0,11744,1),(8873,128,0,11745,1),(8874,128,0,11746,1),(8875,128,0,11747,1),(8876,128,0,11748,1),(8877,128,0,11749,1),(8878,128,0,11750,1),(8879,128,0,11751,1),(8880,128,0,11754,1),(8881,128,0,11755,1),(8882,128,0,7318,1),(8883,128,0,2615,1),(8884,128,0,11775,1),(8885,128,0,7319,1),(8886,128,0,2616,1),(8887,128,0,11776,1),(8888,128,0,7320,1),(8889,128,0,2617,1),(8890,128,0,11777,1),(8891,128,0,7321,1),(8892,128,0,2618,1),(8893,128,0,11778,1),(8894,128,0,7322,1),(8895,128,0,2619,1),(8896,128,0,11779,1),(8897,128,0,7323,1),(8898,128,0,2620,1),(8899,128,0,11780,1),(8900,128,0,7324,1),(8901,128,0,2621,1),(8902,128,0,11781,1),(8903,128,0,7325,1),(8904,128,0,2622,1),(8905,128,0,11782,1),(8906,128,0,7326,1),(8907,128,0,2623,1),(8908,128,0,11783,1),(8909,128,0,7327,1),(8910,128,0,2624,1),(8911,128,0,11784,1),(8912,128,0,7328,1),(8913,128,0,2625,1),(8914,128,0,11785,1),(8915,128,0,7329,1),(8916,128,0,2626,1),(8917,128,0,11786,1),(8918,128,0,7330,1),(8919,128,0,2627,1),(8920,128,0,11787,1),(8921,128,0,11806,1),(8922,128,0,11807,1),(8923,128,0,11808,1),(8924,128,0,11809,1),(8925,128,0,11810,1),(8926,128,0,11811,1),(8927,128,0,11812,1),(8928,128,0,11813,1),(8929,128,0,11814,1),(8930,128,0,11815,1),(8931,128,0,11805,1),(8932,128,0,11816,1),(8933,128,0,7331,1),(8934,128,0,2628,1),(8935,128,0,11788,1),(8936,128,0,7334,1),(8937,128,0,2629,1),(8938,128,0,7335,1),(8939,128,0,2630,1),(8940,128,0,7332,1),(8941,128,0,2631,1),(8942,128,0,11789,1),(8943,128,0,7333,1),(8944,128,0,2632,1),(8945,128,0,11790,1),(8946,128,0,7336,1),(8947,128,0,2633,1),(8948,128,0,11791,1),(8949,128,0,7337,1),(8950,128,0,2634,1),(8951,128,0,11792,1),(8952,128,0,7338,1),(8953,128,0,2635,1),(8954,128,0,7339,1),(8955,128,0,2636,1),(8956,128,0,7340,1),(8957,128,0,2637,1),(8958,128,0,7341,1),(8959,128,0,2638,1),(8960,128,0,7342,1),(8961,128,0,2639,1),(8962,128,0,11793,1),(8963,128,0,7343,1),(8964,128,0,2640,1),(8965,128,0,7344,1),(8966,128,0,2641,1),(8967,128,0,11794,1),(8968,128,0,7345,1),(8969,128,0,2642,1),(8970,128,0,11795,1),(8971,128,0,7346,1),(8972,128,0,2643,1),(8973,128,0,11796,1),(8974,128,0,7347,1),(8975,128,0,2644,1),(8976,128,0,11797,1),(8977,128,0,7348,1),(8978,128,0,2645,1),(8979,128,0,11798,1),(8980,128,0,7349,1),(8981,128,0,2646,1),(8982,128,0,11799,1),(8983,128,0,7354,1),(8984,128,0,2647,1),(8985,128,0,7352,1),(8986,128,0,2648,1),(8987,128,0,11801,1),(8988,128,0,7353,1),(8989,128,0,2649,1),(8990,128,0,11802,1),(8991,128,0,7351,1),(8992,128,0,2650,1),(8993,128,0,7350,1),(8994,128,0,2651,1),(8995,128,0,11800,1),(8996,128,0,7933,1),(8997,128,0,7745,1),(8998,128,0,11823,1),(8999,128,0,7934,1),(9000,128,0,7746,1),(9001,128,0,7935,1),(9002,128,0,7747,1),(9003,128,0,7936,1),(9004,128,0,7748,1),(9005,128,0,7937,1),(9006,128,0,7863,1),(9007,128,0,7938,1),(9008,128,0,7864,1),(9009,128,0,7939,1),(9010,128,0,7865,1),(9011,128,0,7940,1),(9012,128,0,7866,1),(9013,128,0,7315,1),(9014,128,0,2607,1),(9015,128,0,11856,1),(9016,128,0,7317,1),(9017,128,0,2608,1),(9018,128,0,11858,1),(9019,128,0,7313,1),(9020,128,0,2609,1),(9021,128,0,11863,1),(9022,128,0,7314,1),(9023,128,0,2610,1),(9024,128,0,11862,1),(9025,128,0,7311,1),(9026,128,0,2611,1),(9027,128,0,11860,1),(9028,128,0,7312,1),(9029,128,0,2612,1),(9030,128,0,11861,1),(9031,128,0,7309,1),(9032,128,0,2613,1),(9033,128,0,11854,1),(9034,128,0,7310,1),(9035,128,0,2614,1),(9036,128,0,11855,1),(9037,128,0,7308,1),(9038,128,0,3043,1),(9039,128,0,7316,1),(9040,128,0,6872,1),(9041,128,0,11857,1),(9042,128,0,11859,1),(9043,195,0,7406,1),(9044,195,0,6880,1),(9045,195,0,11879,1),(9046,195,0,7407,1),(9047,195,0,6881,1),(9048,195,0,11880,1),(9049,195,0,11878,1),(9050,195,0,7408,1),(9051,195,0,6882,1),(9052,195,0,11881,1),(9053,195,0,7409,1),(9054,195,0,6883,1),(9055,195,0,11882,1),(9056,195,0,7412,1),(9057,195,0,3067,1),(9058,195,0,11887,1),(9059,195,0,7411,1),(9060,195,0,3066,1),(9061,195,0,11883,1),(9062,195,0,7405,1),(9063,195,0,2732,1),(9064,195,0,11884,1),(9065,195,0,11885,1),(9066,195,0,7410,1),(9067,195,0,2733,1),(9068,195,0,11886,1),(9069,195,0,7413,1),(9070,195,0,3068,1),(9071,195,0,11888,1),(9072,195,0,7943,1),(9073,195,0,7749,1),(9074,195,0,11864,1),(9075,195,0,7944,1),(9076,195,0,7750,1),(9077,195,0,11865,1),(9078,195,0,7945,1),(9079,195,0,7751,1),(9080,195,0,11866,1),(9081,195,0,7946,1),(9082,195,0,7752,1),(9083,195,0,11867,1),(9084,195,0,7947,1),(9085,195,0,7753,1),(9086,195,0,11868,1),(9087,195,0,7948,1),(9088,195,0,7754,1),(9089,195,0,11869,1),(9090,195,0,7949,1),(9091,195,0,7755,1),(9092,195,0,11870,1),(9093,195,0,7955,1),(9094,195,0,11871,1),(9095,195,0,7950,1),(9096,195,0,7756,1),(9097,195,0,11872,1),(9098,195,0,7951,1),(9099,195,0,7757,1),(9100,195,0,11874,1),(9101,195,0,11875,1),(9102,195,0,7956,1),(9103,195,0,11876,1),(9104,195,0,11873,1),(9105,195,0,11877,1),(9106,196,0,7256,1),(9107,196,0,2547,1),(9108,196,0,12677,1),(9109,196,0,7257,1),(9110,196,0,2548,1),(9111,196,0,12678,1),(9112,196,0,7255,1),(9113,196,0,2549,1),(9114,196,0,12676,1),(9115,196,0,12679,1),(9116,196,0,7261,1),(9117,196,0,2551,1),(9118,196,0,12704,1),(9119,196,0,2552,1),(9120,196,0,12705,1),(9121,196,0,2550,1),(9122,196,0,12706,1),(9123,196,0,7258,1),(9124,196,0,2555,1),(9125,196,0,12682,1),(9126,196,0,2558,1),(9127,196,0,12683,1),(9128,196,0,2556,1),(9129,196,0,12684,1),(9130,196,0,2554,1),(9131,196,0,12685,1),(9132,196,0,2553,1),(9133,196,0,12686,1),(9134,196,0,2560,1),(9135,196,0,12687,1),(9136,196,0,2559,1),(9137,196,0,12688,1),(9138,196,0,2557,1),(9139,196,0,12689,1),(9140,196,0,12763,1),(9141,196,0,12764,1),(9142,196,0,7259,1),(9143,196,0,2564,1),(9144,196,0,12690,1),(9145,196,0,2567,1),(9146,196,0,12691,1),(9147,196,0,2566,1),(9148,196,0,12692,1),(9149,196,0,2568,1),(9150,196,0,12693,1),(9151,196,0,2563,1),(9152,196,0,12694,1),(9153,196,0,2565,1),(9154,196,0,12695,1),(9155,196,0,2569,1),(9156,196,0,12696,1),(9157,196,0,2561,1),(9158,196,0,12697,1),(9159,196,0,2562,1),(9160,196,0,12698,1),(9161,196,0,7260,1),(9162,196,0,2571,1),(9163,196,0,12699,1),(9164,196,0,2572,1),(9165,196,0,12700,1),(9166,196,0,2570,1),(9167,196,0,12701,1),(9168,196,0,2574,1),(9169,196,0,12702,1),(9170,196,0,2573,1),(9171,196,0,12703,1),(9172,196,0,7266,1),(9173,196,0,2575,1),(9174,196,0,12716,1),(9175,196,0,7264,1),(9176,196,0,2576,1),(9177,196,0,12714,1),(9178,196,0,7265,1),(9179,196,0,2577,1),(9180,196,0,12715,1),(9181,196,0,7262,1),(9182,196,0,6863,1),(9183,196,0,12707,1),(9184,196,0,7853,1),(9185,196,0,12708,1),(9186,196,0,7719,1),(9187,196,0,12709,1),(9188,196,0,7263,1),(9189,196,0,6864,1),(9190,196,0,12710,1),(9191,196,0,6865,1),(9192,196,0,12711,1),(9193,196,0,7854,1),(9194,196,0,12712,1),(9195,196,0,7855,1),(9196,196,0,12713,1),(9197,196,0,7921,1),(9198,196,0,7720,1),(9199,196,0,12717,1),(9200,196,0,12718,1),(9201,196,0,12719,1),(9202,196,0,7721,1),(9203,196,0,12720,1),(9204,196,0,7722,1),(9205,196,0,12721,1),(9206,196,0,7723,1),(9207,196,0,12722,1),(9208,196,0,7724,1),(9209,196,0,12723,1),(9210,196,0,7725,1),(9211,196,0,12724,1),(9212,196,0,12725,1),(9213,196,0,7922,1),(9214,196,0,7726,1),(9215,196,0,12726,1),(9216,196,0,12727,1),(9217,196,0,12728,1),(9218,196,0,7923,1),(9219,196,0,7727,1),(9220,196,0,12729,1),(9221,196,0,7728,1),(9222,196,0,12730,1),(9223,196,0,7924,1),(9224,196,0,7729,1),(9225,196,0,12731,1),(9226,196,0,7730,1),(9227,196,0,12732,1),(9228,196,0,12733,1),(9229,196,0,12734,1),(9230,196,0,12735,1),(9231,196,0,7925,1),(9232,196,0,7731,1),(9233,196,0,12736,1),(9234,196,0,12737,1),(9235,196,0,7732,1),(9236,196,0,12738,1),(9237,196,0,12739,1),(9238,196,0,12740,1),(9239,196,0,12741,1),(9240,196,0,12742,1),(9241,196,0,12743,1),(9242,196,0,12744,1),(9243,196,0,12745,1),(9244,196,0,12759,1),(9245,196,0,12760,1),(9246,196,0,12761,1),(9247,196,0,12762,1),(9248,196,0,7926,1),(9249,196,0,7733,1),(9250,196,0,12746,1),(9251,196,0,7734,1),(9252,196,0,12747,1),(9253,196,0,7735,1),(9254,196,0,12748,1),(9255,196,0,7736,1),(9256,196,0,12749,1),(9257,196,0,7737,1),(9258,196,0,12750,1),(9259,196,0,7738,1),(9260,196,0,12751,1),(9261,196,0,7739,1),(9262,196,0,12752,1),(9263,196,0,7927,1),(9264,196,0,7740,1),(9265,196,0,12753,1),(9266,196,0,7856,1),(9267,196,0,7857,1),(9268,196,0,7928,1),(9269,196,0,7858,1),(9270,196,0,12754,1),(9271,196,0,7267,1),(9272,196,0,3031,1),(9273,196,0,12680,1),(9274,196,0,7930,1),(9275,196,0,7741,1),(9276,196,0,12757,1),(9277,196,0,7742,1),(9278,196,0,12758,1),(9279,196,0,7929,1),(9280,196,0,7743,1),(9281,196,0,12755,1),(9282,196,0,7744,1),(9283,196,0,12756,1),(9284,196,0,7268,1),(9285,196,0,3032,1),(9286,196,0,12681,1),(9287,197,0,7270,1),(9288,197,0,2578,1),(13219,128,1141,0,3),(9290,197,0,7273,1),(9291,197,0,6866,1),(13221,131,1141,0,3),(9293,197,0,7274,1),(9294,197,0,6867,1),(13218,125,1141,0,3),(9296,197,0,7931,1),(9297,197,0,7859,1),(9298,197,0,12769,1),(9299,197,0,7860,1),(9300,197,0,12770,1),(9301,197,0,7271,1),(9302,197,0,2746,1),(9303,197,0,12767,1),(9304,197,0,7272,1),(9305,197,0,2580,1),(9306,197,0,12773,1),(9307,197,0,12768,1),(9308,197,0,7269,1),(9309,197,0,2581,1),(14446,148,0,15177,3),(9311,102,0,7245,1),(9312,102,0,2530,1),(9313,102,0,12774,1),(9314,102,0,2504,1),(9315,102,0,12775,1),(9316,102,0,2516,1),(9317,102,0,12776,1),(9318,102,0,2506,1),(9319,102,0,12777,1),(9320,102,0,2528,1),(9321,102,0,12778,1),(9322,102,0,2508,1),(9323,102,0,12779,1),(9324,102,0,2503,1),(9325,102,0,12780,1),(9326,102,0,2510,1),(9327,102,0,12781,1),(9328,102,0,2505,1),(9329,102,0,12782,1),(9330,102,0,2526,1),(9331,102,0,12783,1),(9332,102,0,2522,1),(9333,102,0,12784,1),(9334,102,0,2519,1),(9335,102,0,12785,1),(9336,102,0,2525,1),(9337,102,0,12786,1),(9338,102,0,2517,1),(9339,102,0,12787,1),(9340,102,0,2520,1),(9341,102,0,12788,1),(9342,102,0,2524,1),(9343,102,0,12789,1),(9344,102,0,2518,1),(9345,102,0,12790,1),(9346,102,0,2515,1),(9347,102,0,12791,1),(9348,102,0,2512,1),(9349,102,0,12792,1),(9350,102,0,2513,1),(9351,102,0,12793,1),(9352,102,0,2514,1),(9353,102,0,12794,1),(9354,102,0,2500,1),(9355,102,0,12795,1),(9356,102,0,2523,1),(9357,102,0,12796,1),(9358,102,0,2527,1),(9359,102,0,12797,1),(9360,102,0,2507,1),(9361,102,0,12798,1),(9362,102,0,2529,1),(9363,102,0,12799,1),(9364,102,0,2521,1),(9365,102,0,12800,1),(9366,102,0,2511,1),(9367,102,0,12801,1),(9368,102,0,2501,1),(9369,102,0,12802,1),(9370,102,0,2509,1),(9371,102,0,12803,1),(9372,102,0,2502,1),(9373,102,0,12804,1),(9374,102,0,2499,1),(9375,102,0,12805,1),(9376,102,0,7847,1),(9377,102,0,12806,1),(9378,102,0,6850,1),(9379,102,0,12807,1),(9380,102,0,6851,1),(9381,102,0,12808,1),(9382,102,0,6852,1),(9383,102,0,12809,1),(9384,102,0,7246,1),(9385,102,0,6853,1),(9386,102,0,12810,1),(9387,102,0,6854,1),(9388,102,0,12811,1),(9389,102,0,6855,1),(9390,102,0,12812,1),(9391,102,0,6856,1),(9392,102,0,12813,1),(9393,102,0,6857,1),(9394,102,0,12814,1),(9395,102,0,6858,1),(9396,102,0,12815,1),(9397,102,0,6859,1),(9398,102,0,12816,1),(9399,102,0,6860,1),(9400,102,0,12817,1),(9401,102,0,2533,1),(9402,102,0,12818,1),(9403,102,0,6861,1),(9404,102,0,12819,1),(9405,102,0,6862,1),(9406,102,0,12820,1),(9407,102,0,2538,1),(9408,102,0,12821,1),(9409,102,0,2534,1),(9410,102,0,12822,1),(9411,102,0,2536,1),(9412,102,0,12823,1),(9413,102,0,2539,1),(9414,102,0,12824,1),(9415,102,0,2540,1),(9416,102,0,12825,1),(9417,102,0,2537,1),(9418,102,0,12826,1),(9419,102,0,2541,1),(9420,102,0,12827,1),(9421,102,0,2535,1),(9422,102,0,12828,1),(9423,102,0,2532,1),(9424,102,0,12829,1),(9425,102,0,2531,1),(9426,102,0,12830,1),(9427,102,0,7247,1),(9428,102,0,3018,1),(9429,102,0,12860,1),(9430,102,0,2992,1),(9431,102,0,12861,1),(9432,102,0,3019,1),(9433,102,0,12862,1),(9434,102,0,2998,1),(9435,102,0,12863,1),(9436,102,0,3000,1),(9437,102,0,12864,1),(9438,102,0,3004,1),(9439,102,0,12865,1),(9440,102,0,3001,1),(9441,102,0,12866,1),(9442,102,0,3017,1),(9443,102,0,12867,1),(9444,102,0,3005,1),(9445,102,0,12868,1),(9446,102,0,2997,1),(9447,102,0,12869,1),(9448,102,0,3014,1),(9449,102,0,12870,1),(9450,102,0,3003,1),(9451,102,0,12871,1),(9452,102,0,3006,1),(9453,102,0,12872,1),(9454,102,0,2994,1),(9455,102,0,12873,1),(9456,102,0,3009,1),(9457,102,0,12874,1),(9458,102,0,2999,1),(9459,102,0,12875,1),(9460,102,0,2995,1),(9461,102,0,12876,1),(9462,102,0,2996,1),(9463,102,0,12877,1),(9464,102,0,2993,1),(9465,102,0,12878,1),(9466,102,0,3010,1),(9467,102,0,12879,1),(9468,102,0,3016,1),(9469,102,0,12880,1),(9470,102,0,3011,1),(9471,102,0,12881,1),(9472,102,0,3012,1),(9473,102,0,12882,1),(9474,102,0,3013,1),(9475,102,0,12883,1),(9476,102,0,3015,1),(9477,102,0,12884,1),(9478,102,0,3007,1),(9479,102,0,12885,1),(9480,102,0,3008,1),(9481,102,0,12886,1),(9482,102,0,3002,1),(9483,102,0,12887,1),(9484,102,0,7248,1),(9485,102,0,3022,1),(9486,102,0,12851,1),(9487,102,0,3025,1),(9488,102,0,12852,1),(9489,102,0,3021,1),(9490,102,0,12853,1),(9491,102,0,3020,1),(9492,102,0,12854,1),(9493,102,0,3026,1),(9494,102,0,12855,1),(9495,102,0,3028,1),(9496,102,0,12856,1),(9497,102,0,3023,1),(9498,102,0,12857,1),(9499,102,0,3027,1),(9500,102,0,12858,1),(9501,102,0,3024,1),(9502,102,0,12859,1),(9503,102,0,7917,1),(9504,102,0,7848,1),(9505,102,0,12831,1),(9506,102,0,7918,1),(9507,102,0,7849,1),(9508,102,0,12832,1),(9509,102,0,7919,1),(9510,102,0,7850,1),(9511,102,0,12833,1),(9512,102,0,7920,1),(9513,102,0,12834,1),(9514,102,0,12835,1),(9515,102,0,12836,1),(9516,102,0,12837,1),(9517,102,0,12838,1),(9518,102,0,12839,1),(9519,102,0,12840,1),(9520,102,0,12841,1),(9521,102,0,12842,1),(9522,102,0,12843,1),(9523,102,0,12844,1),(9524,102,0,12845,1),(9525,102,0,7851,1),(9526,102,0,12846,1),(9527,102,0,12847,1),(9528,102,0,12848,1),(9529,102,0,12849,1),(9530,102,0,7852,1),(9531,102,0,12850,1),(9532,102,0,7212,1),(9533,102,0,2962,1),(9534,102,0,13073,1),(9535,102,0,2944,1),(9536,102,0,13074,1),(9537,102,0,2941,1),(9538,102,0,13075,1),(9539,102,0,2945,1),(9540,102,0,13076,1),(9541,102,0,2961,1),(9542,102,0,13077,1),(9543,102,0,2958,1),(9544,102,0,13078,1),(9545,102,0,2947,1),(9546,102,0,13079,1),(9547,102,0,2955,1),(9548,102,0,13080,1),(9549,102,0,7436,1),(9550,102,0,13081,1),(9551,102,0,2957,1),(9552,102,0,13082,1),(9553,102,0,2940,1),(9554,102,0,13083,1),(9555,102,0,2948,1),(9556,102,0,13084,1),(9557,102,0,2959,1),(9558,102,0,13085,1),(9559,102,0,2946,1),(9560,102,0,13086,1),(9561,102,0,2951,1),(9562,102,0,13087,1),(9563,102,0,2949,1),(9564,102,0,13088,1),(9565,102,0,2956,1),(9566,102,0,13089,1),(9567,102,0,2960,1),(9568,102,0,13090,1),(9569,102,0,2954,1),(9570,102,0,13091,1),(9571,102,0,2942,1),(9572,102,0,13092,1),(9573,102,0,2950,1),(9574,102,0,13093,1),(9575,102,0,2953,1),(9576,102,0,13094,1),(9577,102,0,2952,1),(9578,102,0,13095,1),(9579,102,0,2943,1),(9580,102,0,13096,1),(9581,102,0,7197,1),(9582,102,0,2342,1),(9583,102,0,12912,1),(9584,102,0,2324,1),(9585,102,0,12913,1),(9586,102,0,2321,1),(9587,102,0,12914,1),(9588,102,0,2325,1),(9589,102,0,12915,1),(9590,102,0,2341,1),(9591,102,0,12916,1),(9592,102,0,2338,1),(9593,102,0,12917,1),(9594,102,0,2327,1),(9595,102,0,12918,1),(9596,102,0,2335,1),(9597,102,0,12919,1),(9598,102,0,7435,1),(9599,102,0,12920,1),(9600,102,0,2337,1),(9601,102,0,12921,1),(9602,102,0,2320,1),(9603,102,0,12922,1),(9604,102,0,2328,1),(9605,102,0,12923,1),(9606,102,0,2339,1),(9607,102,0,12924,1),(9608,102,0,2326,1),(9609,102,0,12925,1),(9610,102,0,2331,1),(9611,102,0,12926,1),(9612,102,0,2329,1),(9613,102,0,12927,1),(9614,102,0,2336,1),(9615,102,0,12928,1),(9616,102,0,2340,1),(9617,102,0,12929,1),(9618,102,0,2334,1),(9619,102,0,12930,1),(9620,102,0,2322,1),(9621,102,0,12931,1),(9622,102,0,2330,1),(9623,102,0,12932,1),(9624,102,0,2333,1),(9625,102,0,12933,1),(9626,102,0,2332,1),(9627,102,0,12934,1),(9628,102,0,2323,1),(9629,102,0,12935,1),(9630,102,0,7196,1),(9631,102,0,2365,1),(9632,102,0,12888,1),(9633,102,0,2347,1),(9634,102,0,12889,1),(9635,102,0,2344,1),(9636,102,0,12890,1),(9637,102,0,2348,1),(9638,102,0,12891,1),(9639,102,0,2364,1),(9640,102,0,12892,1),(9641,102,0,2361,1),(9642,102,0,12893,1),(9643,102,0,2350,1),(9644,102,0,12894,1),(9645,102,0,2358,1),(9646,102,0,12895,1),(9647,102,0,7434,1),(9648,102,0,12896,1),(9649,102,0,2360,1),(9650,102,0,12897,1),(9651,102,0,2343,1),(9652,102,0,12898,1),(9653,102,0,2351,1),(9654,102,0,12899,1),(9655,102,0,2362,1),(9656,102,0,12900,1),(9657,102,0,2349,1),(9658,102,0,12901,1),(9659,102,0,2354,1),(9660,102,0,12902,1),(9661,102,0,2352,1),(9662,102,0,12903,1),(9663,102,0,2359,1),(9664,102,0,12904,1),(9665,102,0,2363,1),(9666,102,0,12905,1),(9667,102,0,2357,1),(9668,102,0,12906,1),(9669,102,0,2345,1),(9670,102,0,12907,1),(9671,102,0,2353,1),(9672,102,0,12908,1),(9673,102,0,2356,1),(9674,102,0,12909,1),(9675,102,0,2355,1),(9676,102,0,12910,1),(9677,102,0,2346,1),(9678,102,0,12911,1),(9679,102,0,7213,1),(9680,102,0,2964,1),(9681,102,0,13097,1),(9682,102,0,2971,1),(9683,102,0,13098,1),(9684,102,0,2963,1),(9685,102,0,13099,1),(9686,102,0,2965,1),(9687,102,0,13100,1),(9688,102,0,2966,1),(9689,102,0,13101,1),(9690,102,0,2967,1),(9691,102,0,13102,1),(9692,102,0,2968,1),(9693,102,0,13103,1),(9694,102,0,2969,1),(9695,102,0,13104,1),(9696,102,0,2970,1),(9697,102,0,13105,1),(9698,102,0,2972,1),(9699,102,0,13106,1),(9700,102,0,2973,1),(9701,102,0,13107,1),(9702,102,0,2974,1),(9703,102,0,13108,1),(9704,102,0,7199,1),(9705,102,0,2903,1),(9706,102,0,12948,1),(9707,102,0,2910,1),(9708,102,0,12949,1),(9709,102,0,2902,1),(9710,102,0,12950,1),(9711,102,0,2904,1),(9712,102,0,12951,1),(9713,102,0,2905,1),(9714,102,0,12952,1),(9715,102,0,2906,1),(9716,102,0,12953,1),(9717,102,0,2907,1),(9718,102,0,12954,1),(9719,102,0,2908,1),(9720,102,0,12955,1),(9721,102,0,2909,1),(9722,102,0,12956,1),(9723,102,0,2911,1),(9724,102,0,12957,1),(9725,102,0,2912,1),(9726,102,0,12958,1),(9727,102,0,2913,1),(9728,102,0,12959,1),(9729,102,0,7198,1),(9730,102,0,2891,1),(9731,102,0,12936,1),(9732,102,0,2898,1),(9733,102,0,12937,1),(9734,102,0,2890,1),(9735,102,0,12938,1),(9736,102,0,2892,1),(9737,102,0,12939,1),(9738,102,0,2893,1),(9739,102,0,12940,1),(9740,102,0,2894,1),(9741,102,0,12941,1),(9742,102,0,2895,1),(9743,102,0,12942,1),(9744,102,0,2896,1),(9745,102,0,12943,1),(9746,102,0,2897,1),(9747,102,0,12944,1),(9748,102,0,2899,1),(9749,102,0,12945,1),(9750,102,0,2900,1),(9751,102,0,12946,1),(9752,102,0,2901,1),(9753,102,0,12947,1),(9754,102,0,7205,1),(9755,102,0,2928,1),(9756,102,0,13053,1),(9757,102,0,2929,1),(9758,102,0,13054,1),(9759,102,0,2927,1),(9760,102,0,13055,1),(9761,102,0,2926,1),(9762,102,0,13056,1),(9763,102,0,7206,1),(9764,102,0,2368,1),(9765,102,0,13016,1),(9766,102,0,2369,1),(9767,102,0,13017,1),(9768,102,0,2367,1),(9769,102,0,13018,1),(9770,102,0,2366,1),(9771,102,0,13019,1),(9772,102,0,7207,1),(9773,102,0,2934,1),(9774,102,0,13063,1),(9775,102,0,2935,1),(9776,102,0,13064,1),(9777,102,0,2933,1),(9778,102,0,13065,1),(9779,102,0,2931,1),(9780,102,0,13066,1),(9781,102,0,2932,1),(9782,102,0,13067,1),(9783,102,0,2930,1),(9784,102,0,13068,1),(9785,102,0,7208,1),(9786,102,0,2374,1),(9787,102,0,13020,1),(9788,102,0,2375,1),(9789,102,0,13021,1),(9790,102,0,2373,1),(9791,102,0,13022,1),(9792,102,0,2371,1),(9793,102,0,13023,1),(9794,102,0,2372,1),(9795,102,0,13024,1),(9796,102,0,2370,1),(9797,102,0,13025,1),(9798,102,0,7209,1),(9799,102,0,2937,1),(9800,102,0,13069,1),(9801,102,0,2939,1),(9802,102,0,13070,1),(9803,102,0,2936,1),(9804,102,0,13071,1),(9805,102,0,2938,1),(9806,102,0,13072,1),(9807,102,0,7210,1),(9808,102,0,2377,1),(9809,102,0,13026,1),(9810,102,0,2379,1),(9811,102,0,13027,1),(9812,102,0,2376,1),(9813,102,0,13028,1),(9814,102,0,2378,1),(9815,102,0,13029,1),(9816,102,0,7211,1),(9817,102,0,2381,1),(9818,102,0,13030,1),(9819,102,0,2383,1),(9820,102,0,13031,1),(9821,102,0,2380,1),(9822,102,0,13032,1),(9823,102,0,2384,1),(9824,102,0,13033,1),(9825,102,0,2382,1),(9826,102,0,13034,1),(9827,102,0,2385,1),(9828,102,0,13035,1),(9829,102,0,7214,1),(9830,102,0,2387,1),(9831,102,0,13036,1),(9832,102,0,2389,1),(9833,102,0,13037,1),(9834,102,0,2386,1),(9835,102,0,13038,1),(9836,102,0,2388,1),(9837,102,0,13039,1),(9838,102,0,7215,1),(9839,102,0,2976,1),(9840,102,0,13049,1),(9841,102,0,2978,1),(9842,102,0,13050,1),(9843,102,0,2975,1),(9844,102,0,13051,1),(9845,102,0,2977,1),(9846,102,0,13052,1),(9847,102,0,7216,1),(9848,102,0,2391,1),(9849,102,0,13040,1),(9850,102,0,2393,1),(9851,102,0,13041,1),(9852,102,0,2390,1),(9853,102,0,13042,1),(9854,102,0,2392,1),(9855,102,0,13043,1),(9856,102,0,7201,1),(9857,102,0,2915,1),(9858,102,0,13048,1),(9859,102,0,2917,1),(9860,102,0,2914,1),(9861,102,0,2918,1),(9862,102,0,2916,1),(9863,102,0,2919,1),(9864,102,0,7202,1),(9865,102,0,2395,1),(9866,102,0,13004,1),(9867,102,0,2397,1),(9868,102,0,13005,1),(9869,102,0,2394,1),(9870,102,0,13006,1),(9871,102,0,2398,1),(9872,102,0,13007,1),(9873,102,0,2396,1),(9874,102,0,13008,1),(9875,102,0,2399,1),(9876,102,0,13009,1),(9877,102,0,7203,1),(9878,102,0,2921,1),(9879,102,0,13057,1),(9880,102,0,2923,1),(9881,102,0,13058,1),(9882,102,0,2920,1),(9883,102,0,13059,1),(9884,102,0,2924,1),(9885,102,0,13060,1),(9886,102,0,2922,1),(9887,102,0,13061,1),(9888,102,0,2925,1),(9889,102,0,13062,1),(9890,102,0,7204,1),(9891,102,0,2401,1),(9892,102,0,13010,1),(9893,102,0,2403,1),(9894,102,0,13011,1),(9895,102,0,2400,1),(9896,102,0,13012,1),(9897,102,0,2404,1),(9898,102,0,13013,1),(9899,102,0,2402,1),(9900,102,0,13014,1),(9901,102,0,2405,1),(9902,102,0,13015,1),(9903,102,0,7217,1),(9904,102,0,2406,1),(9905,102,0,13044,1),(9906,102,0,2407,1),(9907,102,0,13045,1),(9908,102,0,7218,1),(9909,102,0,2979,1),(9910,102,0,13046,1),(9911,102,0,7219,1),(9912,102,0,2408,1),(9913,102,0,13047,1),(9914,102,0,7200,1),(9915,102,0,2412,1),(9916,102,0,12996,1),(9917,102,0,2415,1),(9918,102,0,12997,1),(9919,102,0,2410,1),(9920,102,0,12998,1),(9921,102,0,2411,1),(9922,102,0,12999,1),(9923,102,0,2416,1),(9924,102,0,13000,1),(9925,102,0,2414,1),(9926,102,0,13001,1),(9927,102,0,2413,1),(9928,102,0,13002,1),(9929,102,0,2409,1),(9930,102,0,13003,1),(9931,102,0,7897,1),(9932,102,0,7524,1),(9933,102,0,13109,1),(9934,102,0,7525,1),(9935,102,0,13110,1),(9936,102,0,7526,1),(9937,102,0,13111,1),(9938,102,0,7527,1),(9939,102,0,13112,1),(9940,102,0,7528,1),(9941,102,0,13113,1),(9942,102,0,7529,1),(9943,102,0,13114,1),(9944,102,0,7530,1),(9945,102,0,13115,1),(9946,102,0,7531,1),(9947,102,0,13116,1),(9948,102,0,7532,1),(9949,102,0,13117,1),(9950,102,0,7533,1),(9951,102,0,13118,1),(9952,102,0,7898,1),(9953,102,0,7534,1),(9954,102,0,13119,1),(9955,102,0,7899,1),(9956,102,0,7535,1),(9957,102,0,13120,1),(9958,102,0,7894,1),(9959,102,0,7799,1),(9960,102,0,12983,1),(9961,102,0,7896,1),(9962,102,0,7801,1),(9963,102,0,12985,1),(9964,102,0,7893,1),(9965,102,0,7798,1),(9966,102,0,12982,1),(9967,102,0,7895,1),(9968,102,0,7800,1),(9969,102,0,12984,1),(9970,102,0,7892,1),(9971,102,0,7788,1),(9972,102,0,12970,1),(9973,102,0,7789,1),(9974,102,0,12971,1),(9975,102,0,7790,1),(9976,102,0,12972,1),(9977,102,0,7791,1),(9978,102,0,12973,1),(9979,102,0,7792,1),(9980,102,0,12974,1),(9981,102,0,7793,1),(9982,102,0,12975,1),(9983,102,0,7794,1),(9984,102,0,12976,1),(9985,102,0,7795,1),(9986,102,0,12977,1),(9987,102,0,7796,1),(9988,102,0,12978,1),(9989,102,0,7797,1),(9990,102,0,12979,1),(9991,102,0,7891,1),(9992,102,0,7778,1),(9993,102,0,12960,1),(9994,102,0,7779,1),(9995,102,0,12961,1),(9996,102,0,7780,1),(9997,102,0,12962,1),(9998,102,0,7781,1),(9999,102,0,12963,1),(10000,102,0,7782,1),(10001,102,0,12964,1),(10002,102,0,7783,1),(10003,102,0,12965,1),(10004,102,0,7784,1),(10005,102,0,12966,1),(10006,102,0,7785,1),(10007,102,0,12967,1),(10008,102,0,7786,1),(10009,102,0,12968,1),(10010,102,0,7787,1),(10011,102,0,12969,1),(10012,102,0,13121,1),(10013,102,0,13122,1),(10014,102,0,12986,1),(10015,102,0,12987,1),(10016,102,0,12988,1),(10017,102,0,12989,1),(10018,102,0,13123,1),(10019,102,0,13124,1),(10020,102,0,13125,1),(10021,102,0,13126,1),(10022,102,0,13127,1),(10023,102,0,13128,1),(10024,102,0,13129,1),(10025,102,0,13130,1),(10026,102,0,12990,1),(10027,102,0,12991,1),(10028,102,0,12992,1),(10029,102,0,12993,1),(10030,102,0,12994,1),(10031,102,0,12995,1),(10032,102,0,12980,1),(10033,102,0,12981,1),(10034,102,0,7222,1),(10035,102,0,2419,1),(10036,102,0,13135,1),(10037,102,0,2424,1),(10038,102,0,13136,1),(10039,102,0,2423,1),(10040,102,0,13137,1),(10041,102,0,2426,1),(10042,102,0,13138,1),(10043,102,0,2417,1),(10044,102,0,13139,1),(10045,102,0,2420,1),(10046,102,0,13140,1),(10047,102,0,2422,1),(10048,102,0,13141,1),(10049,102,0,2421,1),(10050,102,0,13142,1),(10051,102,0,2425,1),(10052,102,0,13143,1),(10053,102,0,2418,1),(10054,102,0,13144,1),(10055,102,0,7223,1),(10056,102,0,2429,1),(10057,102,0,13145,1),(10058,102,0,2431,1),(10059,102,0,13146,1),(10060,102,0,2430,1),(10061,102,0,13147,1),(10062,102,0,2428,1),(10063,102,0,13148,1),(10064,102,0,2427,1),(10065,102,0,13149,1),(10066,102,0,7224,1),(10067,102,0,2432,1),(10068,102,0,13150,1),(10069,102,0,2434,1),(10070,102,0,13151,1),(10071,102,0,2433,1),(10072,102,0,13152,1),(10073,102,0,7225,1),(10074,102,0,2439,1),(10075,102,0,13153,1),(10076,102,0,2438,1),(10077,102,0,13154,1),(10078,102,0,2440,1),(10079,102,0,13155,1),(10080,102,0,2441,1),(10081,102,0,13156,1),(10082,102,0,2436,1),(10083,102,0,13157,1),(10084,102,0,2435,1),(10085,102,0,13158,1),(10086,102,0,2437,1),(10087,102,0,13159,1),(10088,102,0,2442,1),(10089,102,0,13160,1),(10090,102,0,7220,1),(10091,102,0,2443,1),(10092,102,0,13131,1),(10093,102,0,7226,1),(10094,102,0,2444,1),(10095,102,0,13161,1),(10096,102,0,2445,1),(10097,102,0,13162,1),(10098,102,0,2446,1),(10099,102,0,13163,1),(10100,102,0,7227,1),(10101,102,0,2448,1),(10102,102,0,13164,1),(10103,102,0,2447,1),(10104,102,0,13165,1),(10105,102,0,7228,1),(10106,102,0,2449,1),(10107,102,0,13166,1),(10108,102,0,2450,1),(10109,102,0,13167,1),(10110,102,0,7221,1),(10111,102,0,2451,1),(10112,102,0,13132,1),(10113,102,0,2452,1),(10114,102,0,13133,1),(10115,102,0,2453,1),(10116,102,0,13134,1),(10117,102,0,7236,1),(10118,102,0,2981,1),(10119,102,0,13500,1),(10120,102,0,2982,1),(10121,102,0,13501,1),(10122,102,0,7238,1),(10123,102,0,2984,1),(10124,102,0,13503,1),(10125,102,0,2985,1),(10126,102,0,13504,1),(10127,102,0,7235,1),(10128,102,0,2454,1),(10129,102,0,13208,1),(10130,102,0,2455,1),(10131,102,0,13209,1),(10132,102,0,7232,1),(10133,102,0,2456,1),(10134,102,0,13171,1),(10135,102,0,2457,1),(10136,102,0,13172,1),(10137,102,0,2458,1),(10138,102,0,13173,1),(10139,102,0,2459,1),(10140,102,0,13174,1),(10141,102,0,2460,1),(10142,102,0,13175,1),(10143,102,0,2461,1),(10144,102,0,13176,1),(10145,102,0,2462,1),(10146,102,0,13177,1),(10147,102,0,7233,1),(10148,102,0,2463,1),(10149,102,0,13178,1),(10150,102,0,2464,1),(10151,102,0,13179,1),(10152,102,0,2465,1),(10153,102,0,13180,1),(10154,102,0,2466,1),(10155,102,0,13181,1),(10156,102,0,7237,1),(10157,102,0,2983,1),(10158,102,0,13502,1),(10159,102,0,7239,1),(10160,102,0,2987,1),(10161,102,0,13505,1),(10162,102,0,2990,1),(10163,102,0,13506,1),(10164,102,0,2991,1),(10165,102,0,13507,1),(10166,102,0,2986,1),(10167,102,0,13508,1),(10168,102,0,2989,1),(10169,102,0,13509,1),(10170,102,0,2988,1),(10171,102,0,13510,1),(10172,102,0,7234,1),(10173,102,0,2467,1),(10174,102,0,13182,1),(10175,102,0,2468,1),(10176,102,0,13183,1),(10177,102,0,2469,1),(10178,102,0,13184,1),(10179,102,0,2470,1),(10180,102,0,13185,1),(10181,102,0,2471,1),(10182,102,0,13186,1),(10183,102,0,2472,1),(10184,102,0,13187,1),(10185,102,0,2473,1),(10186,102,0,13188,1),(10187,102,0,2474,1),(10188,102,0,13189,1),(10189,102,0,2475,1),(10190,102,0,13190,1),(10191,102,0,2476,1),(10192,102,0,13191,1),(10193,102,0,2477,1),(10194,102,0,13192,1),(10195,102,0,2478,1),(10196,102,0,13193,1),(10197,102,0,2479,1),(10198,102,0,13194,1),(10199,102,0,2480,1),(10200,102,0,13195,1),(10201,102,0,2481,1),(10202,102,0,13196,1),(10203,102,0,2482,1),(10204,102,0,13197,1),(10205,102,0,2483,1),(10206,102,0,13198,1),(10207,102,0,2484,1),(10208,102,0,13199,1),(10209,102,0,2485,1),(10210,102,0,13200,1),(10211,102,0,2486,1),(10212,102,0,13201,1),(10213,102,0,2487,1),(10214,102,0,13202,1),(10215,102,0,2488,1),(10216,102,0,13203,1),(10217,102,0,2489,1),(10218,102,0,13204,1),(10219,102,0,2490,1),(10220,102,0,13205,1),(10221,102,0,2491,1),(10222,102,0,13206,1),(10223,102,0,2492,1),(10224,102,0,13207,1),(10225,102,0,7229,1),(10226,102,0,2493,1),(10227,102,0,13168,1),(10228,102,0,7230,1),(10229,102,0,2494,1),(10230,102,0,13169,1),(10231,102,0,7231,1),(10232,102,0,2980,1),(10233,102,0,13170,1),(10234,102,0,7916,1),(10235,102,0,7536,1),(10236,102,0,13511,1),(10237,102,0,7537,1),(10238,102,0,13512,1),(10239,102,0,7538,1),(10240,102,0,13513,1),(10241,102,0,7539,1),(10242,102,0,13514,1),(10243,102,0,7437,1),(10244,102,0,7438,1),(10245,102,0,7439,1),(10246,102,0,7905,1),(10247,102,0,7806,1),(10248,102,0,13258,1),(10249,102,0,7540,1),(10250,102,0,13259,1),(10251,102,0,7541,1),(10252,102,0,13260,1),(10253,102,0,7542,1),(10254,102,0,13261,1),(10255,102,0,7440,1),(10256,102,0,13262,1),(10257,102,0,7441,1),(10258,102,0,13263,1),(10259,102,0,7442,1),(10260,102,0,13264,1),(10261,102,0,7443,1),(10262,102,0,13265,1),(10263,102,0,7444,1),(10264,102,0,13266,1),(10265,102,0,7445,1),(10266,102,0,13267,1),(10267,102,0,7446,1),(10268,102,0,13268,1),(10269,102,0,7447,1),(10270,102,0,7448,1),(10271,102,0,7449,1),(10272,102,0,7902,1),(10273,102,0,7543,1),(10274,102,0,13249,1),(10275,102,0,7544,1),(10276,102,0,13250,1),(10277,102,0,7545,1),(10278,102,0,13251,1),(10279,102,0,7450,1),(10280,102,0,7451,1),(10281,102,0,7452,1),(10282,102,0,7903,1),(10283,102,0,7546,1),(10284,102,0,13252,1),(10285,102,0,7547,1),(10286,102,0,13253,1),(10287,102,0,7548,1),(10288,102,0,13254,1),(10289,102,0,7453,1),(10290,102,0,7454,1),(10291,102,0,7455,1),(10292,102,0,7904,1),(10293,102,0,7456,1),(10294,102,0,13255,1),(10295,102,0,7457,1),(10296,102,0,13256,1),(10297,102,0,7458,1),(10298,102,0,13257,1),(10299,102,0,7906,1),(10300,102,0,7549,1),(10301,102,0,13269,1),(10302,102,0,7550,1),(10303,102,0,13270,1),(10304,102,0,7551,1),(10305,102,0,13271,1),(10306,102,0,7552,1),(10307,102,0,13272,1),(10308,102,0,7553,1),(10309,102,0,13273,1),(10310,102,0,7807,1),(10311,102,0,13274,1),(10312,102,0,7808,1),(10313,102,0,13275,1),(10314,102,0,7809,1),(10315,102,0,13276,1),(10316,102,0,7459,1),(10317,102,0,7810,1),(10318,102,0,13277,1),(10319,102,0,7460,1),(10320,102,0,7461,1),(10321,102,0,7462,1),(10322,102,0,7901,1),(10323,102,0,7554,1),(10324,102,0,13232,1),(10325,102,0,7555,1),(10326,102,0,13233,1),(10327,102,0,7556,1),(10328,102,0,13234,1),(10329,102,0,7557,1),(10330,102,0,13235,1),(10331,102,0,7558,1),(10332,102,0,13236,1),(10333,102,0,7559,1),(10334,102,0,13237,1),(10335,102,0,7560,1),(10336,102,0,13238,1),(10337,102,0,7561,1),(10338,102,0,13239,1),(10339,102,0,7562,1),(10340,102,0,13240,1),(10341,102,0,7463,1),(10342,102,0,7464,1),(10343,102,0,13241,1),(10344,102,0,7465,1),(10345,102,0,13242,1),(10346,102,0,7466,1),(10347,102,0,13243,1),(10348,102,0,7467,1),(10349,102,0,13244,1),(10350,102,0,7468,1),(10351,102,0,13245,1),(10352,102,0,7469,1),(10353,102,0,13246,1),(10354,102,0,7470,1),(10355,102,0,13247,1),(10356,102,0,7471,1),(10357,102,0,13248,1),(10358,102,0,7472,1),(10359,102,0,7473,1),(10360,102,0,7474,1),(10361,102,0,7475,1),(10362,102,0,7476,1),(10363,102,0,7477,1),(10364,102,0,7478,1),(10365,102,0,7900,1),(10366,102,0,7507,1),(10367,102,0,13210,1),(10368,102,0,7508,1),(10369,102,0,13211,1),(10370,102,0,7802,1),(10371,102,0,13212,1),(10372,102,0,7803,1),(10373,102,0,13213,1),(10374,102,0,7509,1),(10375,102,0,13214,1),(10376,102,0,7510,1),(10377,102,0,13215,1),(10378,102,0,7511,1),(10379,102,0,13216,1),(10380,102,0,7512,1),(10381,102,0,13217,1),(10382,102,0,7513,1),(10383,102,0,13218,1),(10384,102,0,7514,1),(10385,102,0,13219,1),(10386,102,0,7515,1),(10387,102,0,13220,1),(10388,102,0,7516,1),(10389,102,0,13221,1),(10390,102,0,7804,1),(10391,102,0,13222,1),(10392,102,0,7517,1),(10393,102,0,13223,1),(10394,102,0,7518,1),(10395,102,0,13224,1),(10396,102,0,7519,1),(10397,102,0,13225,1),(10398,102,0,7520,1),(10399,102,0,13226,1),(10400,102,0,7521,1),(10401,102,0,13227,1),(10402,102,0,7805,1),(10403,102,0,13228,1),(10404,102,0,7522,1),(10405,102,0,13229,1),(10406,102,0,13230,1),(10407,102,0,13231,1),(10408,102,0,7907,1),(10409,102,0,7563,1),(10410,102,0,13278,1),(10411,102,0,7564,1),(10412,102,0,13279,1),(10413,102,0,7565,1),(10414,102,0,13280,1),(10415,102,0,7566,1),(10416,102,0,13281,1),(10417,102,0,7567,1),(10418,102,0,13282,1),(10419,102,0,7568,1),(10420,102,0,13283,1),(10421,102,0,7569,1),(10422,102,0,13284,1),(10423,102,0,7570,1),(10424,102,0,13285,1),(10425,102,0,7571,1),(10426,102,0,13286,1),(10427,102,0,7479,1),(10428,102,0,7480,1),(10429,102,0,13287,1),(10430,102,0,7481,1),(10431,102,0,13288,1),(10432,102,0,7482,1),(10433,102,0,13289,1),(10434,102,0,7483,1),(10435,102,0,7484,1),(10436,102,0,7485,1),(10437,102,0,7486,1),(10438,102,0,7487,1),(10439,102,0,7488,1),(10440,102,0,7489,1),(10441,102,0,7908,1),(10442,102,0,7572,1),(10443,102,0,13515,1),(10444,102,0,7573,1),(10445,102,0,13516,1),(10446,102,0,7574,1),(10447,102,0,13517,1),(10448,102,0,7575,1),(10449,102,0,13518,1),(10450,102,0,7576,1),(10451,102,0,13519,1),(10452,102,0,7577,1),(10453,102,0,13520,1),(10454,102,0,7578,1),(10455,102,0,13521,1),(10456,102,0,7490,1),(10457,102,0,7491,1),(10458,102,0,13522,1),(10459,102,0,7492,1),(10460,102,0,13523,1),(10461,102,0,7493,1),(10462,102,0,13524,1),(10463,102,0,7494,1),(10464,102,0,7495,1),(10465,102,0,7496,1),(10466,102,0,7497,1),(10467,102,0,7498,1),(10468,102,0,7909,1),(10469,102,0,7579,1),(10470,102,0,13290,1),(10471,102,0,7580,1),(10472,102,0,13291,1),(10473,102,0,7581,1),(10474,102,0,13292,1),(10475,102,0,7582,1),(10476,102,0,13293,1),(10477,102,0,7583,1),(10478,102,0,13294,1),(10479,102,0,7499,1),(10480,102,0,7500,1),(10481,102,0,7501,1),(10482,102,0,7502,1),(10483,102,0,7910,1),(10484,102,0,7584,1),(10485,102,0,13295,1),(10486,102,0,7585,1),(10487,102,0,13296,1),(10488,102,0,7586,1),(10489,102,0,13297,1),(10490,102,0,7587,1),(10491,102,0,13298,1),(10492,102,0,7503,1),(10493,102,0,7504,1),(10494,102,0,7505,1),(10495,102,0,7506,1),(10496,102,0,7912,1),(10497,102,0,7588,1),(10498,102,0,13317,1),(10499,102,0,7589,1),(10500,102,0,13318,1),(10501,102,0,7590,1),(10502,102,0,13319,1),(10503,102,0,7591,1),(10504,102,0,13320,1),(10505,102,0,7592,1),(10506,102,0,13321,1),(10507,102,0,7593,1),(10508,102,0,13322,1),(10509,102,0,7594,1),(10510,102,0,13323,1),(10511,102,0,7595,1),(10512,102,0,13324,1),(10513,102,0,7596,1),(10514,102,0,13325,1),(10515,102,0,7954,1),(10516,102,0,13326,1),(10517,102,0,7597,1),(10518,102,0,13327,1),(10519,102,0,7598,1),(10520,102,0,13328,1),(10521,102,0,7599,1),(10522,102,0,13329,1),(10523,102,0,7600,1),(10524,102,0,13330,1),(10525,102,0,7601,1),(10526,102,0,13331,1),(10527,102,0,7602,1),(10528,102,0,13332,1),(10529,102,0,7603,1),(10530,102,0,13333,1),(10531,102,0,7604,1),(10532,102,0,13334,1),(10533,102,0,7605,1),(10534,102,0,13335,1),(10535,102,0,7606,1),(10536,102,0,13336,1),(10537,102,0,7607,1),(10538,102,0,13337,1),(10539,102,0,7608,1),(10540,102,0,13338,1),(10541,102,0,7609,1),(10542,102,0,13339,1),(10543,102,0,7610,1),(10544,102,0,13340,1),(10545,102,0,7611,1),(10546,102,0,13341,1),(10547,102,0,7612,1),(10548,102,0,13342,1),(10549,102,0,7613,1),(10550,102,0,13343,1),(10551,102,0,7614,1),(10552,102,0,13344,1),(10553,102,0,7615,1),(10554,102,0,13345,1),(10555,102,0,7616,1),(10556,102,0,13346,1),(10557,102,0,7617,1),(10558,102,0,13347,1),(10559,102,0,7618,1),(10560,102,0,13348,1),(10561,102,0,7619,1),(10562,102,0,13349,1),(10563,102,0,7620,1),(10564,102,0,13350,1),(10565,102,0,7621,1),(10566,102,0,13351,1),(10567,102,0,7622,1),(10568,102,0,13352,1),(10569,102,0,7623,1),(10570,102,0,13353,1),(10571,102,0,7624,1),(10572,102,0,13354,1),(10573,102,0,7625,1),(10574,102,0,13355,1),(10575,102,0,7626,1),(10576,102,0,13356,1),(10577,102,0,7627,1),(10578,102,0,13357,1),(10579,102,0,7628,1),(10580,102,0,13358,1),(10581,102,0,7629,1),(10582,102,0,13359,1),(10583,102,0,7820,1),(10584,102,0,13360,1),(10585,102,0,7821,1),(10586,102,0,13361,1),(10587,102,0,7822,1),(10588,102,0,13362,1),(10589,102,0,13363,1),(10590,102,0,7823,1),(10591,102,0,13364,1),(10592,102,0,7824,1),(10593,102,0,13365,1),(10594,102,0,13366,1),(10595,102,0,7825,1),(10596,102,0,13367,1),(10597,102,0,13368,1),(10598,102,0,7913,1),(10599,102,0,7630,1),(10600,102,0,13369,1),(10601,102,0,7631,1),(10602,102,0,13370,1),(10603,102,0,7632,1),(10604,102,0,13371,1),(10605,102,0,7633,1),(10606,102,0,13372,1),(10607,102,0,7634,1),(10608,102,0,13373,1),(10609,102,0,7635,1),(10610,102,0,13374,1),(10611,102,0,7636,1),(10612,102,0,13375,1),(10613,102,0,7637,1),(10614,102,0,13376,1),(10615,102,0,7638,1),(10616,102,0,13377,1),(10617,102,0,7639,1),(10618,102,0,13378,1),(10619,102,0,7640,1),(10620,102,0,13379,1),(10621,102,0,7641,1),(10622,102,0,13380,1),(10623,102,0,7642,1),(10624,102,0,13381,1),(10625,102,0,7643,1),(10626,102,0,13382,1),(10627,102,0,7644,1),(10628,102,0,13383,1),(10629,102,0,7826,1),(10630,102,0,13384,1),(10631,102,0,7645,1),(10632,102,0,13385,1),(10633,102,0,7646,1),(10634,102,0,13386,1),(10635,102,0,7647,1),(10636,102,0,13387,1),(10637,102,0,7648,1),(10638,102,0,13388,1),(10639,102,0,7649,1),(10640,102,0,13389,1),(10641,102,0,7650,1),(10642,102,0,13390,1),(10643,102,0,7827,1),(10644,102,0,13391,1),(10645,102,0,7651,1),(10646,102,0,13392,1),(10647,102,0,7652,1),(10648,102,0,13393,1),(10649,102,0,7653,1),(10650,102,0,13394,1),(10651,102,0,7654,1),(10652,102,0,13395,1),(10653,102,0,7655,1),(10654,102,0,13396,1),(10655,102,0,7656,1),(10656,102,0,13397,1),(10657,102,0,7657,1),(10658,102,0,13398,1),(10659,102,0,7658,1),(10660,102,0,13399,1),(10661,102,0,7659,1),(10662,102,0,13400,1),(10663,102,0,7660,1),(10664,102,0,13401,1),(10665,102,0,7661,1),(10666,102,0,13402,1),(10667,102,0,7662,1),(10668,102,0,13403,1),(10669,102,0,7663,1),(10670,102,0,13404,1),(10671,102,0,7664,1),(10672,102,0,13405,1),(10673,102,0,7665,1),(10674,102,0,13406,1),(10675,102,0,7666,1),(10676,102,0,13407,1),(10677,102,0,7667,1),(10678,102,0,13408,1),(10679,102,0,7668,1),(10680,102,0,13409,1),(10681,102,0,7669,1),(10682,102,0,13410,1),(10683,102,0,7828,1),(10684,102,0,13411,1),(10685,102,0,7829,1),(10686,102,0,13412,1),(10687,102,0,7830,1),(10688,102,0,13413,1),(10689,102,0,7831,1),(10690,102,0,13414,1),(10691,102,0,7832,1),(10692,102,0,13415,1),(10693,102,0,7833,1),(10694,102,0,13416,1),(10695,102,0,7834,1),(10696,102,0,13417,1),(10697,102,0,7835,1),(10698,102,0,13418,1),(10699,102,0,7836,1),(10700,102,0,13419,1),(10701,102,0,7670,1),(10702,102,0,13420,1),(10703,102,0,7671,1),(10704,102,0,13421,1),(10705,102,0,7672,1),(10706,102,0,13422,1),(10707,102,0,7673,1),(10708,102,0,13423,1),(10709,102,0,7674,1),(10710,102,0,13424,1),(10711,102,0,7675,1),(10712,102,0,13425,1),(10713,102,0,7676,1),(10714,102,0,13426,1),(10715,102,0,7677,1),(10716,102,0,13427,1),(10717,102,0,7678,1),(10718,102,0,13428,1),(10719,102,0,7679,1),(10720,102,0,13429,1),(10721,102,0,7680,1),(10722,102,0,13430,1),(10723,102,0,7681,1),(10724,102,0,13431,1),(10725,102,0,7682,1),(10726,102,0,13432,1),(10727,102,0,7683,1),(10728,102,0,13433,1),(10729,102,0,7684,1),(10730,102,0,13434,1),(10731,102,0,7685,1),(10732,102,0,13435,1),(10733,102,0,7686,1),(10734,102,0,13436,1),(10735,102,0,7687,1),(10736,102,0,13437,1),(10737,102,0,7688,1),(10738,102,0,13438,1),(10739,102,0,7689,1),(10740,102,0,13439,1),(10741,102,0,7690,1),(10742,102,0,13440,1),(10743,102,0,7691,1),(10744,102,0,13441,1),(10745,102,0,7692,1),(10746,102,0,13442,1),(10747,102,0,7693,1),(10748,102,0,13443,1),(10749,102,0,7694,1),(10750,102,0,13444,1),(10751,102,0,7695,1),(10752,102,0,13445,1),(10753,102,0,7696,1),(10754,102,0,13446,1),(10755,102,0,13447,1),(10756,102,0,7697,1),(10757,102,0,13448,1),(10758,102,0,7698,1),(10759,102,0,13449,1),(10760,102,0,7699,1),(10761,102,0,13450,1),(10762,102,0,7700,1),(10763,102,0,13451,1),(10764,102,0,7701,1),(10765,102,0,13452,1),(10766,102,0,7702,1),(10767,102,0,13453,1),(10768,102,0,7703,1),(10769,102,0,13454,1),(10770,102,0,7704,1),(10771,102,0,13455,1),(10772,102,0,7705,1),(10773,102,0,13456,1),(10774,102,0,7706,1),(10775,102,0,13457,1),(10776,102,0,7707,1),(10777,102,0,13458,1),(10778,102,0,7914,1),(10779,102,0,7708,1),(10780,102,0,13459,1),(10781,102,0,7709,1),(10782,102,0,13460,1),(10783,102,0,7710,1),(10784,102,0,13461,1),(10785,102,0,7711,1),(10786,102,0,13462,1),(10787,102,0,7712,1),(10788,102,0,13463,1),(10789,102,0,7713,1),(10790,102,0,13464,1),(10791,102,0,13465,1),(10792,102,0,13466,1),(10793,102,0,7714,1),(10794,102,0,13467,1),(10795,102,0,7715,1),(10796,102,0,13468,1),(10797,102,0,7716,1),(10798,102,0,13469,1),(10799,102,0,13470,1),(10800,102,0,7717,1),(10801,102,0,13471,1),(10802,102,0,13472,1),(10803,102,0,13473,1),(10804,102,0,7837,1),(10805,102,0,13474,1),(10806,102,0,7915,1),(10807,102,0,7718,1),(10808,102,0,7838,1),(10809,102,0,13475,1),(10810,102,0,7839,1),(10811,102,0,13476,1),(10812,102,0,7840,1),(10813,102,0,13477,1),(10814,102,0,7841,1),(10815,102,0,13478,1),(10816,102,0,13479,1),(10817,102,0,13480,1),(10818,102,0,13481,1),(10819,102,0,7842,1),(10820,102,0,13482,1),(10821,102,0,7843,1),(10822,102,0,13483,1),(10823,102,0,13484,1),(10824,102,0,13485,1),(10825,102,0,13486,1),(10826,102,0,13487,1),(10827,102,0,7844,1),(10828,102,0,13488,1),(10829,102,0,7845,1),(10830,102,0,13489,1),(10831,102,0,7846,1),(10832,102,0,13490,1),(10833,102,0,13491,1),(10834,102,0,13492,1),(10835,102,0,13493,1),(10836,102,0,13494,1),(10837,102,0,13495,1),(10838,102,0,13496,1),(10839,102,0,13497,1),(10840,102,0,13498,1),(10841,102,0,13499,1),(10842,102,0,7911,1),(10843,102,0,7811,1),(10844,102,0,13299,1),(10845,102,0,7812,1),(10846,102,0,13300,1),(10847,102,0,7813,1),(10848,102,0,13301,1),(10849,102,0,7814,1),(10850,102,0,13302,1),(10851,102,0,7815,1),(10852,102,0,13303,1),(10853,102,0,7816,1),(10854,102,0,13304,1),(10855,102,0,7817,1),(10856,102,0,13305,1),(10857,102,0,7818,1),(10858,102,0,13306,1),(10859,102,0,7819,1),(10860,102,0,13307,1),(10861,102,0,13308,1),(10862,102,0,13309,1),(10863,102,0,13310,1),(10864,102,0,13311,1),(10865,102,0,13312,1),(10866,102,0,13313,1),(10867,102,0,13314,1),(10868,102,0,13315,1),(10869,102,0,13316,1),(10870,102,0,7240,1),(10871,102,0,2495,1),(10872,102,0,13525,1),(10873,102,0,7241,1),(10874,102,0,2496,1),(10875,102,0,13526,1),(10876,102,0,7244,1),(10877,102,0,2497,1),(10878,102,0,13529,1),(10879,102,0,7242,1),(10880,102,0,2498,1),(10881,102,0,13527,1),(10882,102,0,7243,1),(10883,102,0,6849,1),(10884,102,0,13528,1),(10885,102,0,13530,1),(10886,102,0,13531,1),(10887,102,0,13532,1),(10888,102,0,13533,1),(10889,102,0,13534,1),(10890,102,0,13535,1),(10891,102,0,7250,1),(10892,102,0,2542,1),(10893,102,0,13538,1),(10894,102,0,7251,1),(10895,102,0,2543,1),(10896,102,0,13539,1),(10897,102,0,13540,1),(10898,102,0,13541,1),(10899,102,0,7252,1),(10900,102,0,2544,1),(10901,102,0,13542,1),(10902,102,0,7249,1),(10903,102,0,2546,1),(10904,102,0,13536,1),(10905,102,0,2545,1),(10906,102,0,13537,1),(10907,102,0,13545,1),(10908,102,0,7253,1),(10909,102,0,3029,1),(10910,102,0,13543,1),(10911,102,0,7254,1),(10912,102,0,3030,1),(10913,102,0,13544,1),(10914,122,0,7391,1),(10915,122,0,2705,1),(10916,122,0,13546,1),(10917,122,0,7392,1),(10918,122,0,2706,1),(10919,122,0,13547,1),(10920,122,0,7393,1),(10921,122,0,2707,1),(10922,122,0,13548,1),(10923,122,0,7394,1),(10924,122,0,2708,1),(13067,137,0,14172,3),(10926,122,0,7395,1),(10927,122,0,2710,1),(10928,122,0,13550,1),(10929,122,0,2709,1),(13065,137,0,14171,3),(10931,122,0,7396,1),(10932,122,0,2711,1),(10933,122,0,13552,1),(10934,122,0,7398,1),(10935,122,0,2712,1),(10936,122,0,13554,1),(10937,122,0,7397,1),(10938,122,0,2713,1),(10939,122,0,13553,1),(10940,122,0,7399,1),(10941,122,0,2714,1),(10942,122,0,13555,1),(10943,122,0,2715,1),(10944,122,0,13556,1),(10945,122,0,2716,1),(10946,122,0,13557,1),(10947,122,0,6875,1),(10948,122,0,13558,1),(10949,122,0,2717,1),(10950,122,0,13559,1),(10951,122,0,2718,1),(10952,122,0,13560,1),(10953,122,0,2719,1),(10954,122,0,13561,1),(10955,122,0,2720,1),(10956,122,0,13562,1),(10957,122,0,2721,1),(10958,122,0,13563,1),(10959,122,0,2722,1),(10960,122,0,13564,1),(10961,122,0,2723,1),(10962,122,0,13565,1),(10963,122,0,2724,1),(10964,122,0,13566,1),(10965,122,0,7404,1),(10966,122,0,2725,1),(10967,122,0,13577,1),(10968,122,0,7400,1),(10969,122,0,2726,1),(10970,122,0,13567,1),(10971,122,0,2727,1),(10972,122,0,13568,1),(10973,122,0,2728,1),(10974,122,0,13569,1),(10975,122,0,6876,1),(10976,122,0,13570,1),(10977,122,0,7401,1),(10978,122,0,2730,1),(10979,122,0,13571,1),(10980,122,0,2729,1),(10981,122,0,13572,1),(10982,122,0,6877,1),(10983,122,0,13573,1),(10984,122,0,7402,1),(10985,122,0,6878,1),(10986,122,0,13574,1),(10987,122,0,6879,1),(10988,122,0,13575,1),(10989,122,0,7403,1),(10990,122,0,2731,1),(10991,122,0,13576,1),(10992,122,0,7942,1),(10993,122,0,7875,1),(10994,122,0,13578,1),(10995,107,0,6957,1),(10996,107,0,1519,1),(10997,107,0,11418,1),(10998,107,0,6958,1),(10999,107,0,1520,1),(11000,107,0,11419,1),(11001,107,0,6959,1),(11002,107,0,1521,1),(11003,107,0,11420,1),(11004,107,0,6960,1),(11005,107,0,1522,1),(11006,107,0,11421,1),(11007,107,0,6961,1),(11008,107,0,1523,1),(11009,107,0,11422,1),(11010,107,0,6952,1),(11011,107,0,2848,1),(11012,107,0,11413,1),(11013,107,0,6953,1),(11014,107,0,1524,1),(11015,107,0,11414,1),(11016,107,0,6954,1),(11017,107,0,1525,1),(11018,107,0,11415,1),(11019,107,0,6945,1),(11020,107,0,1526,1),(11021,107,0,11406,1),(11022,107,0,6946,1),(11023,107,0,1527,1),(11024,107,0,11407,1),(11025,107,0,6947,1),(11026,107,0,1528,1),(11027,107,0,11408,1),(11028,107,0,6948,1),(11029,107,0,1529,1),(11030,107,0,11409,1),(11031,107,0,6949,1),(11032,107,0,2847,1),(11033,107,0,11410,1),(11034,107,0,6969,1),(11035,107,0,1530,1),(11036,107,0,11427,1),(11037,107,0,6970,1),(11038,107,0,2853,1),(11039,107,0,6950,1),(11040,107,0,1531,1),(11041,107,0,11411,1),(11042,107,0,6951,1),(11043,107,0,1532,1),(11044,107,0,11412,1),(11045,107,0,6971,1),(11046,107,0,2854,1),(11047,107,0,11428,1),(11048,107,0,6966,1),(11049,107,0,2850,1),(11050,107,0,11424,1),(11051,107,0,6967,1),(11052,107,0,2851,1),(11053,107,0,11425,1),(11054,107,0,6968,1),(11055,107,0,2852,1),(11056,107,0,11426,1),(11057,107,0,7877,1),(11058,107,0,7523,1),(11059,107,0,11429,1),(11060,107,0,11430,1),(11061,107,0,6955,1),(11062,107,0,1533,1),(11063,107,0,11416,1),(11064,107,0,6956,1),(11065,107,0,2849,1),(11066,107,0,11417,1),(11067,107,0,11431,1),(11068,107,0,6962,1),(11069,107,0,1534,1),(11070,107,0,6963,1),(11071,107,0,1535,1),(11072,107,0,6964,1),(11073,107,0,1536,1),(11074,107,0,11423,1),(11075,107,0,6965,1),(11076,107,0,1537,1),(11077,107,0,7240,1),(11078,107,0,2495,1),(11079,107,0,13525,1),(11080,107,0,7241,1),(11081,107,0,2496,1),(11082,107,0,13526,1),(11083,107,0,7244,1),(11084,107,0,2497,1),(11085,107,0,13529,1),(11086,107,0,7242,1),(11087,107,0,2498,1),(11088,107,0,13527,1),(11089,107,0,7243,1),(11090,107,0,6849,1),(11091,107,0,13528,1),(11092,107,0,13530,1),(11093,107,0,13531,1),(11094,107,0,13532,1),(11095,107,0,13533,1),(11096,107,0,13534,1),(11097,107,0,13535,1),(14461,148,0,15182,3),(11108,144,665,0,3),(11107,142,665,0,3),(11111,197,0,13943,1),(11114,102,0,11841,3),(11116,142,693,0,3),(11151,102,0,13956,3),(14585,141,1364,0,3),(11152,142,724,0,3),(11153,181,724,0,3),(11159,196,725,0,3),(11158,142,725,0,3),(14584,155,0,15285,3),(11162,135,0,13957,3),(11163,144,0,13957,1),(11164,135,0,13958,3),(11165,144,0,13958,1),(11166,135,0,13959,3),(11167,144,0,13959,1),(11168,135,0,13960,3),(11169,144,0,13960,1),(11170,135,0,13961,3),(11171,144,0,13961,1),(11172,135,0,13962,3),(11173,144,0,13962,1),(11174,135,0,13963,3),(11175,144,0,13963,1),(11176,135,0,13964,3),(11177,144,0,13964,1),(11178,135,0,13965,3),(11179,144,0,13965,1),(11180,135,0,13966,3),(11181,143,0,13966,1),(14173,202,0,14874,3),(11183,135,0,13967,3),(11184,143,0,13967,1),(14172,148,0,14874,3),(11186,143,0,13968,1),(11187,135,0,13968,3),(14171,202,0,14873,3),(11189,143,0,13969,1),(11190,135,0,13969,3),(14170,148,0,14873,3),(11192,135,0,13970,3),(11193,143,0,13970,1),(14169,202,0,14872,3),(11195,135,0,13971,3),(11196,143,0,13971,1),(14168,148,0,14872,3),(11207,144,739,0,3),(11206,135,739,0,3),(11212,197,744,0,3),(11211,133,744,0,3),(11213,135,745,0,3),(11214,144,745,0,3),(11309,148,746,0,3),(14157,202,0,14866,3),(11305,144,746,0,3),(11304,135,746,0,3),(11321,148,0,13974,3),(11320,202,0,13974,3),(11319,202,0,13973,3),(11314,148,0,13972,3),(11318,148,0,13973,3),(11322,148,0,13975,3),(11317,202,0,13972,3),(11323,202,0,13975,3),(11324,148,0,13976,3),(11325,202,0,13976,3),(11326,148,0,13977,3),(11327,202,0,13977,3),(11328,148,0,13978,3),(11329,202,0,13978,3),(11330,148,0,13979,3),(11331,202,0,13979,3),(11332,148,0,13980,3),(11333,202,0,13980,3),(11334,148,0,13981,3),(11335,202,0,13981,3),(11336,148,0,13982,3),(11337,202,0,13982,3),(11338,148,0,13983,3),(11339,202,0,13983,3),(11340,148,0,13984,3),(11341,202,0,13984,3),(11342,148,0,13985,3),(11343,202,0,13985,3),(11344,148,0,13986,3),(11345,202,0,13986,3),(11346,148,0,13987,3),(11347,202,0,13987,3),(11348,148,0,13988,3),(11349,202,0,13988,3),(11350,148,0,13989,3),(11351,202,0,13989,3),(11352,148,0,13990,3),(11353,202,0,13990,3),(11354,148,0,13991,3),(11355,202,0,13991,3),(11356,148,0,13992,3),(11357,202,0,13992,3),(11358,148,0,13993,3),(11359,202,0,13993,3),(11360,148,0,13994,3),(11361,202,0,13994,3),(11362,148,0,13995,3),(11363,202,0,13995,3),(11364,148,0,13996,3),(11365,202,0,13996,3),(11366,148,0,13997,3),(11367,202,0,13997,3),(11368,148,0,13998,3),(11369,202,0,13998,3),(11370,148,0,13999,3),(11371,202,0,13999,3),(11372,148,0,14000,3),(11373,202,0,14000,3),(11374,148,0,14001,3),(11375,202,0,14001,3),(11376,148,0,14002,3),(11377,202,0,14002,3),(11378,148,0,14003,3),(11379,202,0,14003,3),(11380,148,0,14004,3),(11381,202,0,14004,3),(11382,148,0,14005,3),(11383,202,0,14005,3),(11384,148,0,14006,3),(11385,202,0,14006,3),(11386,148,0,14007,3),(11387,202,0,14007,3),(11388,142,756,0,3),(11389,148,0,14008,3),(11390,202,0,14008,3),(11391,148,0,14009,3),(11392,202,0,14009,3),(11393,148,0,14010,3),(11394,202,0,14010,3),(11395,148,0,14011,3),(11396,202,0,14011,3),(11397,148,0,14012,3),(11398,202,0,14012,3),(11399,148,0,14013,3),(11400,202,0,14013,3),(11432,202,757,0,3),(11430,148,757,0,3),(14156,148,0,14866,3),(11426,144,757,0,3),(11425,142,757,0,3),(11433,135,0,14014,3),(11435,135,0,14015,3),(11437,135,0,14016,3),(11439,135,0,14017,3),(11440,108,0,14017,1),(11441,135,0,14018,3),(11513,202,758,0,3),(11511,148,758,0,3),(14155,202,0,14865,3),(11507,144,758,0,3),(11506,142,758,0,3),(11505,125,758,0,3),(11514,102,761,0,3),(11515,142,761,0,3),(11516,144,761,0,3),(14154,148,0,14865,3),(11519,148,761,0,3),(11561,149,767,0,3),(11560,142,767,0,3),(11559,104,767,0,3),(11586,142,776,0,3),(11591,142,794,0,3),(11593,142,796,0,3),(11595,142,797,0,3),(13629,102,0,14514,3),(13627,102,0,14513,3),(13625,102,0,14512,3),(13623,102,0,14511,3),(13621,102,0,14510,3),(13619,102,0,14509,3),(13617,102,0,14508,3),(13615,102,0,14507,3),(13613,102,0,14506,3),(13610,102,0,14505,3),(13607,102,0,14504,3),(13605,102,0,14503,3),(13603,102,0,14502,3),(13601,102,0,14501,3),(13599,102,0,14500,3),(13597,102,0,14499,3),(13595,102,0,14498,3),(13593,102,0,14497,3),(13591,102,0,14496,3),(13589,102,0,14495,3),(13587,102,0,14494,3),(13585,102,0,14493,3),(13583,102,0,14492,3),(13581,102,0,14491,3),(13578,142,1182,0,3),(13550,142,1179,0,3),(14460,144,0,15182,3),(13546,144,1177,0,3),(13545,142,1177,0,3),(13544,125,1177,0,3),(13535,202,1176,0,3),(14459,202,0,15181,3),(13532,144,1176,0,3),(13531,202,0,14487,3),(13530,148,0,14487,3),(13529,148,0,14486,3),(13528,202,0,14486,3),(13527,202,0,14485,3),(13526,148,0,14485,3),(13525,148,0,14484,3),(13524,202,0,14484,3),(13523,202,0,14483,3),(13522,148,0,14483,3),(13521,148,0,14482,3),(13520,202,0,14482,3),(13519,202,0,14481,3),(13518,148,0,14481,3),(13517,148,0,14480,3),(13516,202,0,14480,3),(13515,202,0,14479,3),(13514,148,0,14479,3),(13509,202,0,14476,3),(13508,148,0,14476,3),(11676,197,0,14039,1),(14068,148,0,14822,3),(11678,133,798,0,3),(11679,144,798,0,3),(14153,202,0,14864,3),(11682,148,798,0,3),(11684,197,798,0,3),(11690,142,810,0,3),(11696,142,821,0,3),(11698,142,826,0,3),(11705,149,832,0,3),(11704,142,832,0,3),(11722,142,836,0,3),(11721,135,836,0,3),(11723,142,837,0,3),(11724,127,0,14044,3),(11730,127,0,14045,3),(11734,127,0,14046,3),(14082,148,0,14829,3),(14081,202,0,14828,3),(11742,127,0,14048,3),(11744,127,0,14047,3),(14080,148,0,14828,3),(14079,202,0,14827,3),(14078,148,0,14827,3),(11753,127,0,14049,3),(14077,202,0,14826,3),(11757,127,0,14050,3),(14076,148,0,14826,3),(11761,127,0,14051,3),(14075,202,0,14825,3),(14074,148,0,14825,3),(14073,202,0,14824,3),(11769,127,0,14052,3),(11773,127,0,14053,3),(11774,135,838,0,3),(11877,144,0,14059,3),(11776,127,838,0,3),(14072,148,0,14824,3),(11876,204,0,14058,3),(11785,142,863,0,3),(11783,142,845,0,3),(11875,144,0,14058,3),(11874,204,0,14057,3),(11873,144,0,14057,3),(11872,204,0,14056,3),(11871,144,0,14056,3),(11870,204,0,14055,3),(11869,144,0,14055,3),(11856,135,864,0,3),(11868,204,0,14054,3),(11867,144,0,14054,3),(11866,204,864,0,3),(11878,204,0,14059,3),(11879,144,0,14060,3),(11880,204,0,14060,3),(11882,119,0,14061,1),(11883,135,875,0,3),(11884,144,875,0,3),(14458,148,0,15181,3),(12077,148,876,0,3),(14152,148,0,14864,3),(12074,144,876,0,3),(12073,135,876,0,3),(12072,108,876,0,3),(12080,148,0,14062,3),(12081,202,0,14062,3),(12082,148,0,14063,3),(12083,202,0,14063,3),(12084,148,0,14064,3),(12085,202,0,14064,3),(12086,148,0,14065,3),(12087,202,0,14065,3),(12088,148,0,14066,3),(12089,202,0,14066,3),(12090,148,0,14067,3),(12091,202,0,14067,3),(12092,138,893,0,3),(12120,202,894,0,3),(12118,144,894,0,3),(12117,135,894,0,3),(12133,135,927,0,3),(12134,148,0,14068,3),(12135,202,0,14068,3),(12136,148,0,14069,3),(12137,202,0,14069,3),(12138,144,932,0,3),(14457,144,0,15181,3),(12141,202,932,0,3),(12148,135,933,0,3),(12149,127,933,0,3),(14071,202,0,14823,3),(12151,144,938,0,3),(12152,202,938,0,3),(12153,128,0,14071,1),(12154,128,0,14072,1),(12155,144,942,0,3),(12156,148,0,14073,3),(12157,202,0,14073,3),(12158,148,0,14074,3),(12159,202,0,14074,3),(12160,148,0,14075,3),(12161,202,0,14075,3),(12162,148,0,14076,3),(12163,202,0,14076,3),(12164,148,0,14077,3),(12165,202,0,14077,3),(12166,148,0,14078,3),(12167,202,0,14078,3),(12168,148,0,14079,3),(12169,202,0,14079,3),(12170,148,0,14080,3),(12171,202,0,14080,3),(12172,148,0,14081,3),(12173,202,0,14081,3),(12174,148,0,14082,3),(12175,202,0,14082,3),(12176,148,0,14083,3),(12177,202,0,14083,3),(12178,148,0,14084,3),(12179,202,0,14084,3),(12180,144,943,0,3),(12181,202,943,0,3),(12192,135,961,0,3),(12195,142,962,0,1),(12196,142,968,0,3),(12197,133,969,0,3),(12198,131,969,0,3),(12203,144,970,0,3),(12202,135,970,0,3),(12204,102,0,14085,3),(14583,141,0,15285,3),(12207,135,0,14087,3),(12208,107,0,14087,1),(12209,135,0,14088,3),(12210,107,0,14088,1),(12211,135,0,14089,3),(12212,107,0,14089,1),(12213,135,0,14090,3),(12214,107,0,14090,1),(12217,141,0,14092,3),(13084,192,0,14181,3),(12220,141,0,14093,3),(12219,128,0,14092,3),(12221,128,0,14093,3),(12222,141,0,14094,3),(12223,128,0,14094,3),(12224,141,0,14095,3),(12225,128,0,14095,3),(12229,202,979,0,3),(12228,144,979,0,3),(12230,135,980,0,3),(12294,135,0,14099,3),(12293,144,0,14098,3),(12290,102,0,14097,1),(12289,202,981,0,3),(12288,144,981,0,3),(12287,135,981,0,3),(12258,148,0,14096,3),(12259,202,0,14096,3),(12295,144,0,14099,1),(14513,133,1336,0,3),(14070,148,0,14823,3),(14456,202,0,15180,3),(12404,137,982,0,3),(12403,135,982,0,3),(12416,142,986,0,3),(12415,135,986,0,3),(12414,102,986,0,3),(12418,135,990,0,3),(12419,142,990,0,3),(12461,202,992,0,3),(14455,148,0,15180,3),(12458,148,992,0,3),(14151,202,0,14863,3),(12446,202,0,14105,3),(12447,202,0,14106,3),(12455,144,992,0,3),(12462,135,1000,0,3),(12463,142,1001,0,3),(12464,135,1001,0,3),(12465,102,1001,0,3),(12582,204,1002,0,3),(14069,202,0,14822,3),(12580,202,1002,0,3),(12579,197,1002,0,3),(12578,195,1002,0,3),(14454,144,0,15180,3),(12575,155,1002,0,3),(12574,154,1002,0,3),(12573,148,1002,0,3),(14150,148,0,14863,3),(12570,144,1002,0,3),(12569,137,1002,0,3),(12568,131,1002,0,3),(14445,144,0,15177,3),(12566,127,1002,0,3),(12563,119,1002,0,3),(14089,202,0,14832,3),(12560,135,1002,0,3),(12489,142,0,14107,3),(12490,142,0,14108,3),(12583,102,1003,0,3),(12584,135,1003,0,3),(12608,155,1006,0,3),(12607,144,1006,0,3),(12606,141,1006,0,3),(14444,202,0,15176,3),(12603,128,1006,0,3),(12602,127,1006,0,3),(12601,119,1006,0,3),(12609,148,0,14109,3),(12610,202,0,14109,3),(12611,148,0,14110,3),(12612,202,0,14110,3),(12613,148,0,14111,3),(12614,202,0,14111,3),(12615,148,0,14112,3),(12616,202,0,14112,3),(12617,148,0,14113,3),(12618,202,0,14113,3),(12619,148,0,14114,3),(12620,202,0,14114,3),(12621,148,0,14115,3),(12622,202,0,14115,3),(12623,148,0,14116,3),(12624,202,0,14116,3),(12625,148,0,14117,3),(12626,202,0,14117,3),(12627,148,0,14118,3),(12628,202,0,14118,3),(12629,144,1008,0,3),(12630,202,1008,0,3),(12631,144,1009,0,3),(12634,102,1012,0,3),(12635,142,1012,0,3),(12642,204,0,14120,3),(12641,144,0,14120,3),(12644,107,0,14122,3),(12645,107,0,14123,3),(12646,107,1014,0,3),(12647,135,1014,0,3),(12806,196,1015,0,3),(12803,142,1015,0,3),(12801,131,1015,0,3),(12800,128,1015,0,3),(12799,125,1015,0,3),(14582,155,0,15284,3),(12809,142,1022,0,3),(12814,127,1037,0,3),(12815,102,0,14126,3),(14512,155,0,15207,3),(12817,144,0,14126,3),(12818,102,0,14127,3),(14511,141,0,15207,3),(12820,144,0,14127,3),(14510,155,0,15206,3),(12822,144,1040,0,3),(14443,148,0,15176,3),(12824,131,1046,0,3),(12825,142,1046,0,3),(12827,135,0,14128,3),(12828,143,0,14128,1),(14167,202,0,14871,3),(12830,135,0,14129,3),(12831,143,0,14129,1),(14166,148,0,14871,3),(14088,148,0,14832,3),(14087,202,0,14831,3),(14086,148,0,14831,3),(14085,202,0,14830,3),(14084,148,0,14830,3),(14509,141,0,15206,3),(14508,133,0,15201,3),(12843,148,0,14130,3),(12844,202,0,14130,3),(12845,148,0,14131,3),(12846,202,0,14131,3),(12847,148,0,14132,3),(12848,202,0,14132,3),(12849,148,0,14133,3),(12850,202,0,14133,3),(12851,148,0,14134,3),(12852,202,0,14134,3),(12853,148,0,14135,3),(12854,202,0,14135,3),(12855,148,0,14136,3),(12856,202,0,14136,3),(12857,148,0,14137,3),(12858,202,0,14137,3),(12859,148,0,14138,3),(12860,202,0,14138,3),(12861,148,0,14139,3),(12862,202,0,14139,3),(12882,202,1047,0,3),(12881,148,1047,0,3),(14147,202,0,14861,3),(12878,144,1047,0,3),(12897,142,1055,0,3),(12896,138,1051,0,3),(12893,142,1049,0,3),(12901,142,1056,0,3),(12905,102,0,14146,3),(14453,202,0,15179,3),(12951,148,1068,0,3),(14146,148,0,14861,3),(12948,144,1068,0,3),(12947,127,1068,0,3),(12956,135,1069,0,3),(12957,142,1069,0,3),(13006,195,1070,0,3),(14452,148,0,15179,3),(13003,144,1070,0,3),(13002,127,1070,0,3),(13000,133,1070,0,3),(13007,142,1071,0,3),(13008,102,1075,0,3),(13009,135,1075,0,3),(13012,141,0,14150,3),(13014,125,0,14150,1),(13015,141,0,14151,3),(13017,125,0,14151,1),(13018,141,0,14152,3),(13020,125,0,14152,1),(13021,141,0,14153,3),(13023,125,0,14153,1),(13024,141,0,14154,3),(13026,125,0,14154,1),(13027,141,0,14155,3),(13029,125,0,14155,1),(13030,141,0,14156,3),(13032,125,0,14156,1),(13033,141,0,14157,3),(13035,125,0,14157,1),(13036,141,0,14158,3),(13038,125,0,14158,1),(13039,141,0,14159,3),(13041,125,0,14159,1),(14442,144,0,15176,3),(13043,141,1076,0,3),(13044,102,1079,0,3),(13085,122,0,14181,1),(13086,192,0,14182,3),(13087,122,0,14182,1),(13088,122,0,14183,3),(13089,192,0,14183,3),(13093,192,0,14185,3),(13092,122,0,14185,3),(13094,192,0,14186,3),(13095,122,0,14186,3),(13096,122,1081,0,3),(13097,192,1081,0,3),(13098,202,0,14196,3),(13099,202,0,14197,3),(13100,142,1089,0,3),(13103,142,1093,0,3),(14506,133,0,15199,3),(14505,133,0,15198,3),(14504,133,1329,0,3),(14503,202,1328,0,3),(14502,144,1328,0,3),(14501,202,0,15195,3),(14500,148,0,15195,3),(14499,144,0,15195,3),(14498,202,0,15194,3),(14497,148,0,15194,3),(14496,144,0,15194,3),(14495,202,0,15193,3),(14494,148,0,15193,3),(14493,144,0,15193,3),(14492,202,0,15192,3),(14491,148,0,15192,3),(14490,144,0,15192,3),(14489,202,0,15191,3),(14488,148,0,15191,3),(14487,144,0,15191,3),(14486,202,0,15190,3),(14485,148,0,15190,3),(14484,144,0,15190,3),(14483,202,0,15189,3),(14482,148,0,15189,3),(14481,144,0,15189,3),(14480,202,0,15188,3),(14479,148,0,15188,3),(14478,144,0,15188,3),(14477,202,0,15187,3),(14476,148,0,15187,3),(14475,144,0,15187,3),(14474,202,0,15186,3),(14473,148,0,15186,3),(14472,144,0,15186,3),(14471,202,0,15185,3),(14470,148,0,15185,3),(14469,144,0,15185,3),(14468,202,0,15184,3),(13148,205,0,14203,3),(13147,205,0,14202,3),(13145,205,0,14201,3),(13146,205,0,14200,3),(13149,205,0,14204,3),(13150,205,0,14205,3),(13151,205,0,14206,3),(13152,205,0,14207,3),(13153,205,0,14208,3),(13154,205,0,14209,3),(13155,205,0,14210,3),(13156,205,0,14211,3),(13170,205,1096,0,3),(13169,144,1096,0,3),(13171,102,1097,0,3),(13172,144,1097,0,3),(13173,202,1097,0,3),(13174,204,1097,0,3),(13175,205,1097,0,3),(13176,133,0,14213,3),(13177,133,0,14214,3),(13178,144,0,14215,3),(13179,144,0,14216,3),(13180,144,0,14217,3),(13181,144,0,14218,3),(13182,144,0,14219,3),(13183,144,0,14220,3),(13186,197,1101,0,3),(13187,102,1103,0,3),(13188,144,1103,0,3),(14145,202,0,14860,3),(13191,148,1103,0,3),(13192,202,1103,0,3),(13193,205,1103,0,3),(13194,135,1104,0,3),(13195,196,0,14223,1),(13199,144,1125,0,3),(13198,102,1125,0,3),(13216,119,1133,0,3),(14589,181,0,15286,3),(13222,142,1141,0,3),(13232,148,0,14244,3),(14144,148,0,14860,3),(13229,144,0,14244,3),(13233,144,0,14245,3),(13234,107,0,14250,3),(13235,148,0,14255,3),(14143,202,0,14859,3),(13238,144,0,14255,3),(14441,202,0,15175,3),(13240,154,0,14256,3),(13241,107,1144,0,3),(13242,144,1144,0,3),(13244,144,1147,0,3),(13246,137,0,14260,3),(13248,137,0,14261,3),(13250,148,0,14262,3),(14142,148,0,14859,3),(13253,144,0,14262,3),(13254,196,0,14264,1),(13255,196,0,14265,1),(13256,196,0,14266,1),(14467,148,0,15184,3),(13258,144,0,14269,3),(14141,202,0,14858,3),(13261,148,0,14269,3),(13262,144,0,14270,3),(14140,148,0,14858,3),(13265,148,0,14270,3),(13266,144,0,14271,3),(14139,202,0,14857,3),(13269,148,0,14271,3),(13270,144,0,14272,3),(14138,148,0,14857,3),(13273,148,0,14272,3),(13274,144,0,14273,3),(14137,202,0,14856,3),(13277,148,0,14273,3),(13278,144,0,14274,3),(14136,148,0,14856,3),(13281,148,0,14274,3),(13282,144,0,14275,3),(14135,144,0,14855,3),(13285,148,0,14275,3),(13286,144,0,14276,3),(14134,148,0,14855,3),(13289,148,0,14276,3),(13290,144,0,14277,3),(14133,202,0,14854,3),(13293,148,0,14277,3),(13294,144,0,14278,3),(14132,148,0,14854,3),(13297,148,0,14278,3),(13298,144,0,14279,3),(14131,202,0,14853,3),(13301,148,0,14279,3),(13302,144,0,14280,3),(14130,148,0,14853,3),(13305,148,0,14280,3),(13306,144,1149,0,3),(14451,144,0,15179,3),(13309,144,1150,0,3),(14129,202,0,14852,3),(13312,148,1150,0,3),(14450,202,0,15178,3),(13315,144,0,14282,3),(14128,148,0,14852,3),(13318,148,0,14282,3),(13319,144,0,14283,3),(14127,202,0,14851,3),(13322,148,0,14283,3),(13323,144,0,14284,3),(14126,148,0,14851,3),(13326,148,0,14284,3),(13327,144,0,14285,3),(14125,202,0,14850,3),(13330,148,0,14285,3),(13331,144,0,14286,3),(14124,148,0,14850,3),(13334,148,0,14286,3),(13335,144,0,14287,3),(14123,202,0,14849,3),(13338,148,0,14287,3),(13339,144,0,14288,3),(14122,148,0,14849,3),(13342,148,0,14288,3),(13343,144,0,14289,3),(14121,148,0,14848,3),(13346,148,0,14289,3),(13347,144,0,14290,3),(14120,202,0,14848,3),(13350,148,0,14290,3),(13352,144,1151,0,3),(14119,202,0,14847,3),(13355,148,1151,0,3),(14449,148,0,15178,3),(13358,202,1151,0,3),(13359,144,1152,0,3),(13360,144,1153,0,3),(13362,107,1156,0,3),(14083,202,0,14829,3),(14466,144,0,15184,3),(13366,143,0,14317,3),(13367,144,0,14317,3),(14118,148,0,14847,3),(13370,148,0,14317,3),(14465,202,0,15183,3),(13372,143,0,14316,3),(13373,144,0,14316,3),(14149,202,0,14862,3),(13376,148,0,14316,3),(14464,148,0,15183,3),(13378,143,0,14318,3),(13379,144,0,14318,3),(14148,148,0,14862,3),(13382,148,0,14318,3),(13383,144,0,14319,3),(14115,202,0,14845,3),(13386,148,0,14319,3),(13387,144,1162,0,3),(13388,202,1162,0,3),(13389,102,1164,0,3),(13390,142,1164,0,3),(13391,149,1164,0,3),(13393,135,1165,0,3),(13396,142,1166,0,3),(13397,144,0,14326,3),(13399,144,0,14327,3),(13401,144,0,14328,3),(13403,144,0,14329,3),(13405,144,0,14330,3),(13407,144,0,14331,3),(13409,144,0,14332,3),(13411,144,0,14333,3),(13413,144,0,14334,3),(13415,144,0,14335,3),(13417,144,0,14336,3),(13419,144,0,14337,3),(13421,144,0,14338,3),(13423,144,0,14339,3),(13425,144,0,14340,3),(13427,144,0,14341,3),(13429,144,0,14342,3),(13431,144,0,14343,3),(13433,144,0,14344,3),(13435,144,0,14345,3),(13437,144,0,14346,3),(13439,144,0,14347,3),(13441,135,1169,0,3),(13442,144,1169,0,3),(13443,195,1169,0,3),(13444,202,1169,0,3),(13445,102,1170,0,3),(13446,144,1170,0,3),(13448,122,0,14348,3),(13449,122,0,14349,3),(13450,122,0,14350,3),(13451,122,0,14351,3),(13452,122,0,14352,3),(13453,122,0,14353,3),(13454,122,0,14354,3),(13455,122,0,14355,3),(13456,142,382,0,1),(13467,143,1171,0,3),(13466,135,1171,0,3),(13468,144,1171,0,3),(13469,195,1171,0,3),(13470,144,1172,0,3),(14448,144,0,15178,3),(13473,122,0,14357,3),(13474,122,0,14358,3),(13475,122,0,14359,3),(13476,122,0,14360,3),(13477,122,0,14361,3),(13478,122,0,14362,3),(13479,122,0,14363,3),(13480,122,0,14364,3),(13481,122,0,14365,3),(13482,122,0,14366,3),(13483,122,0,14367,3),(13484,122,0,14368,3),(13485,122,0,14369,3),(13486,122,0,14370,3),(13487,122,0,14371,3),(13488,122,0,14372,3),(13489,122,0,14373,3),(13490,122,0,14374,3),(13491,122,0,14375,3),(13492,122,0,14376,3),(13493,122,0,14377,3),(13494,122,0,14378,3),(13495,122,0,14379,3),(13496,122,0,14380,3),(13497,122,0,14381,3),(13498,122,0,14382,3),(13499,122,0,14383,3),(13500,122,0,14384,3),(13501,108,0,14386,3),(13502,144,0,14388,3),(13503,135,1173,0,3),(13504,190,1174,0,3),(13505,133,1175,0,3),(13513,148,0,14478,3),(13512,202,0,14478,3),(13632,102,0,14515,3),(13635,102,0,14516,3),(13637,102,0,14517,3),(13640,102,0,14518,3),(13643,102,0,14519,3),(13645,102,0,14520,3),(13647,102,0,14521,3),(13649,102,0,14522,3),(13652,102,0,14523,3),(13655,102,0,14524,3),(13657,102,0,14525,3),(13659,102,0,14526,3),(13661,102,0,14527,3),(13664,102,0,14528,3),(13667,102,0,14529,3),(13669,102,0,14530,3),(13671,102,0,14531,3),(13673,102,0,14532,3),(13675,102,0,14533,3),(13677,102,0,14534,3),(13679,102,0,14535,3),(13681,102,0,14536,3),(13683,102,0,14537,3),(13686,102,0,14538,3),(13689,102,0,14539,3),(13691,102,0,14540,3),(13693,102,0,14541,3),(13695,102,0,14542,3),(13697,102,0,14543,3),(13699,102,0,14544,3),(13701,102,0,14545,3),(13703,102,0,14546,3),(13706,102,0,14547,3),(13708,102,0,14548,3),(13710,102,0,14549,3),(13712,102,0,14550,3),(13714,102,0,14551,3),(13717,102,0,14552,3),(13720,102,0,14553,3),(13722,102,0,14554,3),(13724,102,0,14555,3),(13726,102,0,14556,3),(13728,102,0,14557,3),(13730,102,0,14558,3),(13732,102,0,14559,3),(13734,102,0,14560,3),(13736,102,0,14561,3),(13738,102,0,14562,3),(13740,102,0,14563,3),(13742,102,0,14564,3),(13744,102,0,14565,3),(13746,102,0,14566,3),(13748,102,0,14567,3),(13750,102,0,14568,3),(13752,102,0,14569,3),(13754,102,0,14570,3),(13756,102,0,14571,3),(13758,102,0,14572,3),(13760,102,0,14573,3),(13762,102,0,14574,3),(13764,102,0,14575,3),(13766,102,0,14576,3),(13768,102,0,14577,3),(13770,102,0,14578,3),(13772,102,0,14579,3),(13774,102,0,14580,3),(13776,102,0,14581,3),(13778,102,0,14582,3),(13779,102,0,14583,3),(13782,102,0,14585,3),(13784,102,0,14586,3),(13786,102,0,14587,3),(13788,102,0,14588,3),(13790,102,0,14589,3),(13792,102,0,14590,3),(13794,102,0,14591,3),(13796,102,0,14592,3),(13798,102,0,14593,3),(13800,102,0,14594,3),(13802,102,0,14595,3),(13804,102,0,14596,3),(13806,102,0,14597,3),(13808,102,0,14598,3),(13810,102,0,14599,3),(13812,102,0,14600,3),(13814,102,0,14601,3),(13817,102,0,14602,3),(13820,102,0,14603,3),(13822,102,0,14604,3),(13825,102,0,14605,3),(13828,102,0,14606,3),(13830,102,0,14607,3),(13832,102,0,14608,3),(13834,102,0,14609,3),(13836,102,0,14610,3),(13838,102,0,14611,3),(13840,102,0,14612,3),(13842,102,0,14613,3),(13845,102,0,14614,3),(13848,102,0,14615,3),(13850,102,0,14616,3),(13852,102,0,14617,3),(13854,102,0,14618,3),(13856,102,0,14619,3),(13858,102,0,14620,3),(13860,102,0,14621,3),(13862,102,0,14622,3),(13864,102,0,14623,3),(13866,102,0,14624,3),(13868,102,0,14625,3),(13870,102,0,14626,3),(13873,102,0,14627,3),(13876,102,0,14628,3),(13878,102,0,14629,3),(13880,102,0,14630,3),(13882,102,0,14631,3),(13884,102,0,14632,3),(13886,102,0,14633,3),(13888,102,0,14634,3),(13890,102,0,14635,3),(13893,102,0,14636,3),(13896,102,0,14637,3),(13898,102,0,14638,3),(13900,102,0,14639,3),(13902,102,0,14640,3),(13904,102,0,14641,3),(13906,102,0,14642,3),(13908,102,0,14643,3),(13911,102,0,14644,3),(13914,102,0,14645,3),(13917,102,0,14646,3),(13919,102,0,14647,3),(13921,102,0,14648,3),(13923,102,0,14649,3),(13925,102,0,14650,3),(13927,102,0,14651,3),(13929,102,0,14652,3),(13931,102,0,14653,3),(13933,102,0,14654,3),(13935,102,0,14655,3),(13937,102,0,14656,3),(13939,102,0,14657,3),(13942,102,0,14658,3),(13945,102,0,14659,3),(13947,102,0,14660,3),(13949,102,0,14661,3),(13951,102,0,14662,3),(13953,102,0,14663,3),(13955,102,0,14664,3),(13957,102,0,14665,3),(13959,102,0,14666,3),(13961,102,0,14667,3),(13963,102,0,14668,3),(13965,102,0,14669,3),(13967,102,0,14670,3),(13969,102,0,14671,3),(13971,102,0,14672,3),(13973,102,0,14673,3),(13975,102,0,14674,3),(13977,102,0,14675,3),(13979,102,0,14676,3),(13981,102,0,14677,3),(13983,102,0,14678,3),(13985,102,0,14679,3),(13988,102,0,14680,3),(13991,102,0,14681,3),(13993,102,0,14682,3),(13995,102,0,14683,3),(13997,102,0,14684,3),(13999,102,0,14685,3),(14002,102,0,14686,3),(14004,102,0,14687,3),(14007,102,0,14688,3),(14011,102,0,14689,3),(14014,102,0,14690,3),(14016,102,0,14691,3),(14018,102,0,14692,3),(14020,102,0,14693,3),(14022,102,0,14694,3),(14024,102,0,14695,3),(14027,102,0,14696,3),(14030,102,0,14697,3),(14032,102,0,14698,3),(14035,102,0,14699,3),(14037,102,0,14700,3),(14038,102,0,14704,3),(14039,102,0,14705,3),(14045,204,0,14712,3),(14044,197,0,14712,3),(14043,144,0,14712,3),(14046,144,0,14713,3),(14114,148,0,14845,3),(14049,148,0,14713,3),(14054,148,0,14714,3),(14051,204,0,14713,3),(14053,144,1185,0,3),(14055,202,0,14714,3),(14056,133,0,14715,3),(14057,133,0,14716,3),(14058,144,0,14716,3),(14059,204,0,14716,3),(14060,133,1187,0,3),(14063,144,0,14815,3),(14065,133,0,14817,3),(14067,142,1204,0,3);

--
-- Table structure for table `tags_table`
--

CREATE TABLE `tags_table` (
  `tag_id` int(11) NOT NULL AUTO_INCREMENT,
  `tags_group_id` int(11) DEFAULT '0',
  `tag_name` varchar(255) DEFAULT NULL,
  `tag_path` varchar(255) DEFAULT NULL,
  `users_id` int(11) NOT NULL DEFAULT '0',
  `tag_description` mediumtext,
  PRIMARY KEY (`tag_id`),
  KEY `tags_group_id` (`tags_group_id`),
  KEY `tag_name` (`tag_name`(30)),
  KEY `tag_path` (`tag_path`(30))
) ENGINE=MyISAM AUTO_INCREMENT=208 DEFAULT CHARSET=utf8;

--
-- Dumping data for table `tags_table`
--

INSERT INTO `tags_table` VALUES (102,0,'дизайн','дизайн',19,''),(103,0,'мономер','мономер',20,''),(104,0,'моделирование ногтей','моделирование ногтей',20,''),(133,0,'лампа','лампа',19,''),(107,0,'кисти','кисти',20,''),(108,0,'праймер','праймер',20,''),(135,0,'Blaze Nails','Blaze Nails',19,''),(119,0,'пилки','пилки',20,''),(122,0,'ресницы','ресницы',20,''),(125,0,'маникюр','маникюр',20,''),(127,0,'средства для ногтей','средства для ногтей',20,''),(128,0,'педикюр','педикюр',20,''),(131,0,'оборудование','оборудование',20,''),(137,0,'China Glaze','China Glaze',19,''),(138,0,'Nail Tek','Nail Tek',19,''),(141,0,'La Palm','La Palm',19,''),(142,0,'ногтевой сервис','ногтевой сервис',20,NULL),(143,0,'акрил','акрил',20,NULL),(144,0,'гель','гель',20,NULL),(148,0,'гель-лак','гель-лак',20,NULL),(149,0,'конкурс','конкурс',20,NULL),(154,0,'крем для рук','крем для рук',20,NULL),(155,0,'лосьон','лосьон',20,NULL),(195,0,'инструменты','инструменты',19,''),(196,0,'фрезеры','фрезеры',19,''),(181,0,'Olton','OLTON',19,''),(197,0,'уф-лампы','уф лампа',19,''),(190,0,'Swarovski','SWAROVSKI',19,''),(192,0,'Ardell','ARDELL',19,''),(202,0,'GelLaxy','GelLaxy II',19,''),(207,0,'меланж','меланж',19,NULL),(204,0,'LED-гель','LED-гель',19,NULL),(205,0,'гель-краски','гель-краски',19,NULL);

--
-- Table structure for table `templates_group_table`
--

CREATE TABLE `templates_group_table` (
  `templates_group_id` int(11) NOT NULL AUTO_INCREMENT,
  `templates_group_parent_id` int(11) NOT NULL DEFAULT '0',
  `templates_group_name` varchar(255) NOT NULL DEFAULT '',
  `users_id` int(10) unsigned NOT NULL DEFAULT '0',
  `site_id` int(11) NOT NULL DEFAULT '0',
  PRIMARY KEY (`templates_group_id`)
) ENGINE=MyISAM AUTO_INCREMENT=11 DEFAULT CHARSET=utf8;

--
-- Dumping data for table `templates_group_table`
--

INSERT INTO `templates_group_table` VALUES (10,0,'Обучение новое',19,3),(3,0,'Салоны',19,1),(6,0,'старый Интернет магазин',19,3),(7,0,'Салоны',19,3),(8,0,'Обучение',19,3),(9,0,'Новый интернет магазин',19,3);

--
-- Table structure for table `templates_table`
--

CREATE TABLE `templates_table` (
  `templates_id` int(10) unsigned NOT NULL AUTO_INCREMENT,
  `templates_group_id` int(11) NOT NULL DEFAULT '0',
  `templates_name` varchar(255) DEFAULT NULL,
  `templates_order` smallint(5) unsigned NOT NULL DEFAULT '0',
  `templates_timestamp` timestamp NOT NULL DEFAULT CURRENT_TIMESTAMP ON UPDATE CURRENT_TIMESTAMP,
  `users_id` int(10) unsigned NOT NULL DEFAULT '0',
  `site_id` int(11) NOT NULL DEFAULT '0',
  PRIMARY KEY (`templates_id`)
) ENGINE=MyISAM AUTO_INCREMENT=95 DEFAULT CHARSET=utf8;

--
-- Dumping data for table `templates_table`
--

INSERT INTO `templates_table` VALUES (3,0,'Макет для rss лент',20,'2010-09-28 13:29:51',19,1),(6,0,'Версия для печати',30,'2010-09-28 13:29:51',19,1),(39,3,'Салоны главная страница',0,'2010-09-28 13:29:51',19,1),(76,8,'Обучение основной макет [Копия от 14.01.2011 05:47:25]',0,'2011-01-14 03:47:25',19,3),(41,0,'Главная страница сайта',0,'2013-06-25 05:38:31',19,1),(42,3,'Салоны конкретный салон',0,'2013-06-25 05:49:12',19,1),(43,3,'Салоны главная страница [Копия от 30.01.2010 16:41:55]',0,'2010-09-28 13:29:51',19,1),(44,3,'Салоны обычная страница [Копия от 31.01.2010 23:02:34]',0,'2010-09-28 13:29:51',19,1),(46,3,'Салоны общие разделы',0,'2010-11-08 10:23:30',19,1),(75,10,'Новое обучение основной макет',0,'2016-03-16 12:23:31',19,3),(49,0,'Сайт недоступен',0,'2010-09-28 13:29:51',19,1),(73,9,'Основной макет интернет магазина [Копия от 20.12.2010 23:45:19]',10,'2010-12-20 21:45:19',19,3),(74,9,'Основной макет интернет магазина [Копия от 14.01.2011 05:33:14]',10,'2011-01-14 03:33:14',19,3),(52,0,'Макет для rss лент',20,'2010-10-01 11:40:36',19,3),(53,0,'Версия для печати',30,'2010-10-01 11:40:36',19,3),(54,0,'Главная страница сайта',0,'2016-01-10 08:21:23',19,3),(55,0,'Сайт недоступен',0,'2010-10-01 11:40:36',19,3),(56,0,'Главная страница сайта [Копия от 04.08.2010 05:22:56]',0,'2010-10-01 11:40:36',19,3),(57,0,'Основной макет интернет магазина',10,'2018-03-10 17:09:08',19,3),(58,6,'Основной макет сайта jquery',10,'2010-10-01 11:40:36',19,3),(59,6,'Основной макет сайта [Копия от 16.11.2009 18:19:53] До удаления лишнего в стиле',10,'2010-10-01 11:40:36',19,3),(60,6,'Основной макет интернет магазина [Копия от 17.03.2010 11:20:16]',10,'2010-10-01 11:40:36',19,3),(61,6,'Основной макет интернет магазина [Копия от 04.08.2010 04:30:01]',10,'2010-10-01 11:40:36',19,3),(62,7,'Салоны главная страница',0,'2010-10-01 11:40:37',19,3),(63,7,'Салоны конкретный салон',0,'2010-10-01 11:40:37',19,3),(64,7,'Салоны главная страница [Копия от 30.01.2010 16:41:55]',0,'2010-10-01 11:40:37',19,3),(65,7,'Салоны обычная страница [Копия от 31.01.2010 23:02:34]',0,'2010-10-01 11:40:37',19,3),(66,7,'Салоны общие разделы',0,'2010-10-01 11:40:37',19,3),(67,8,'Обучение основной макет',0,'2010-11-12 12:36:53',19,3),(68,6,'Основной макет интернет магазина [Копия от 25.10.2010 14:15:04]',10,'2010-10-25 12:09:55',19,3),(69,9,'Основной макет интернет магазина [Копия от 26.10.2010 15:37:55]',10,'2010-10-28 14:43:39',19,3),(70,9,'Основной макет интернет магазина [Копия от 01.11.2010 16:23:53]',10,'2010-11-01 14:23:53',19,3),(71,9,'Основной макет интернет магазина [Копия от 04.11.2010 00:15:00]',10,'2010-11-03 22:15:00',19,3),(72,9,'Основной макет интернет магазина [Копия от 05.11.2010 21:27:09]',10,'2010-11-05 19:27:09',19,3),(77,9,'Основной макет интернет магазина [Копия от 24.07.2011 17:57:56]',10,'2011-07-24 14:57:56',19,3),(78,9,'Основной макет интернет магазина [Копия от 25.07.2011 10:18:16]',10,'2011-07-25 07:18:16',19,3),(79,0,'Главная страница сайта [Копия от 25.04.2012 13:50:07]',0,'2012-04-25 10:50:07',19,3),(80,0,'Основной макет интернет магазина [Копия от 25.04.2012 13:50:38]',10,'2012-05-03 13:23:01',19,3),(81,0,'Основной макет интернет магазина G+ VK+ [Копия от 03.05.2012 16:10:59]',10,'2012-05-03 13:11:12',19,3),(82,0,'Основной макет интернет магазина [Копия от 08.05.2012 06:44:37]',10,'2012-05-08 03:44:37',19,3),(83,0,'Основной макет интернет магазина [Копия от 09.05.2012 01:13:07]',10,'2012-05-08 22:13:07',19,3),(84,0,'Основной макет интернет магазина [Копия от 18.06.2012 16:04:39]',10,'2012-06-18 13:04:39',19,3),(85,0,'Основной макет интернет магазина [Копия от 15.07.2012 00:28:12]',10,'2012-07-14 21:28:12',19,3),(86,0,'Основной макет интернет магазина [Копия от 16.07.2012 12:55:15]',10,'2012-07-16 09:55:15',19,3),(87,0,'Основной макет интернет магазина [Копия от 14.08.2012 12:23:25]',10,'2012-08-14 09:23:25',19,3),(88,0,'Основной макет интернет магазина [Копия от 13.05.2013 20:32:46]',10,'2013-05-13 17:32:46',19,3),(89,0,'Основной макет интернет магазина [Копия от 19.08.2014 09:51:34]',10,'2014-08-19 06:51:34',19,3),(90,0,'Основной макет интернет магазина [Копия от 30.07.2015 07:26:06]',10,'2015-07-30 04:26:06',19,3),(91,0,'Основной макет интернет магазина-без блока слева',10,'2016-12-19 11:27:59',19,3),(92,0,'Основной макет интернет магазина-без блока слева-js-for-map',10,'2018-03-10 17:11:41',19,3),(93,0,'Основной макет интернет магазина-без блока слева [Копия от 24.11.2015 15:46:24]',10,'2015-11-24 13:46:24',19,3),(94,10,'Новое обучение основной макет [Копия от 16.03.2016 14:16:01]',0,'2016-03-16 12:16:01',19,3);

--
-- Table structure for table `users_access_denied_table`
--

CREATE TABLE `users_access_denied_table` (
  `users_access_denied_id` int(11) NOT NULL AUTO_INCREMENT,
  `users_access_denied_datetime` datetime NOT NULL DEFAULT '0000-00-00 00:00:00',
  `users_access_denied_ip` varchar(15) NOT NULL DEFAULT '',
  PRIMARY KEY (`users_access_denied_id`)
) ENGINE=MyISAM AUTO_INCREMENT=1820 DEFAULT CHARSET=utf8;

--
-- Dumping data for table `users_access_denied_table`
--

INSERT INTO `users_access_denied_table` VALUES (1819,'2018-03-16 04:47:21','81.230.137.192'),(1812,'2018-03-15 14:52:16','81.230.137.192'),(1811,'2018-03-15 13:19:09','81.230.137.192'),(1813,'2018-03-15 16:06:41','81.230.137.192'),(1814,'2018-03-15 17:16:09','81.230.137.192'),(1815,'2018-03-15 18:04:31','81.230.137.192'),(1810,'2018-03-15 11:47:39','81.230.137.192'),(1816,'2018-03-15 18:58:08','81.230.137.192'),(1817,'2018-03-15 19:52:57','81.230.137.192'),(1818,'2018-03-16 04:15:42','81.230.137.192');

--
-- Table structure for table `users_access_table`
--

CREATE TABLE `users_access_table` (
  `users_access_id` int(10) unsigned NOT NULL AUTO_INCREMENT,
  `users_type_id` int(11) NOT NULL DEFAULT '0',
  `modules_id` int(11) NOT NULL DEFAULT '0',
  `site_id` int(11) NOT NULL DEFAULT '0',
  `users_access_value` tinyint(4) DEFAULT NULL,
  `users_id` int(11) NOT NULL DEFAULT '0',
  PRIMARY KEY (`users_access_id`),
  KEY `users_type_id` (`users_type_id`),
  KEY `modules_id` (`modules_id`),
  KEY `site_id` (`site_id`)
) ENGINE=MyISAM AUTO_INCREMENT=55 DEFAULT CHARSET=utf8;

--
-- Dumping data for table `users_access_table`
--

INSERT INTO `users_access_table` VALUES (1,4,69,1,0,19),(2,4,8,1,0,19),(3,4,47,1,0,19),(4,4,54,1,1,19),(5,4,50,1,0,19),(6,4,67,1,0,19),(7,4,35,1,0,19),(8,4,1,1,0,19),(9,4,77,1,0,19),(10,4,49,1,0,19),(11,4,76,1,0,19),(12,4,20,1,0,19),(13,4,53,1,0,19),(14,4,18,1,0,19),(15,4,59,1,0,19),(16,4,25,1,1,19),(17,4,36,1,0,19),(18,4,74,1,0,19),(19,4,52,1,0,19),(20,4,75,1,0,19),(21,4,70,1,1,19),(22,4,78,1,1,19),(23,4,24,1,1,19),(24,6,69,3,0,19),(25,6,8,3,0,19),(26,6,47,3,0,19),(27,6,54,3,0,0),(28,6,50,3,0,19),(29,6,67,3,0,19),(30,6,35,3,0,19),(31,6,1,3,0,19),(32,6,77,3,0,19),(33,6,49,3,0,19),(34,6,76,3,0,19),(35,6,20,3,0,19),(36,6,53,3,0,19),(37,6,18,3,0,19),(38,6,59,3,0,19),(39,6,25,3,0,0),(40,6,36,3,0,19),(41,6,74,3,0,19),(42,6,52,3,0,19),(43,6,75,3,0,19),(44,6,70,3,0,0),(45,6,78,3,0,0),(46,6,24,3,1,19),(47,4,70,3,1,19),(48,4,54,3,1,19),(49,4,78,3,1,19),(50,4,24,3,1,19),(51,4,25,3,1,19),(52,7,70,3,1,19),(53,7,35,3,1,19),(54,7,24,3,1,19);

--
-- Table structure for table `users_table`
--

CREATE TABLE `users_table` (
  `users_id` int(10) unsigned NOT NULL AUTO_INCREMENT,
  `users_type_id` int(11) NOT NULL DEFAULT '0',
  `users_name` varchar(255) DEFAULT NULL,
  `users_password` varchar(255) DEFAULT NULL,
  `users_superuser` tinyint(4) NOT NULL DEFAULT '0',
  `users_settings` tinyint(3) unsigned NOT NULL DEFAULT '0',
  `users_name_text` varchar(255) DEFAULT NULL,
  `users_surname` varchar(255) DEFAULT NULL,
  `users_patronymic` varchar(255) DEFAULT NULL,
  `users_email` varchar(255) DEFAULT NULL,
  `users_position` varchar(255) DEFAULT NULL,
  `users_icq` varchar(32) DEFAULT NULL,
  `users_site` varchar(255) DEFAULT NULL,
  `users_only_own` tinyint(1) unsigned DEFAULT NULL,
  `users_own_id` int(11) NOT NULL,
  PRIMARY KEY (`users_id`),
  KEY `users_type_id` (`users_type_id`),
  KEY `users_name` (`users_name`)
) ENGINE=MyISAM AUTO_INCREMENT=28 DEFAULT CHARSET=utf8;

--
-- Dumping data for table `users_table`
--

INSERT INTO `users_table` VALUES (19,3,'admin','803a3697e823181c19d9c9b5d1b86461',1,0,'','','','infonails@ukr.net','','','',0,0),(20,4,'manager','cb3f5352e95a22bfa56d7ade2b653fe8',0,0,'','','','','','','',0,19),(21,7,'operator01','279d79111f9f5ba8b4d0d72a08f6d05f',0,0,'','','','','','','',0,19),(22,5,'operator02','bbb3eaa1ed4078990525a5085fff6f3d',1,128,'','','','','','','',0,19),(23,6,'manager02','cb3f5352e95a22bfa56d7ade2b653fe8',1,0,'','','','','','','',0,19),(24,7,'nik','05ab9d559eb4e8d4ea7c9f0176644fac',1,0,'','','','','','','',0,19),(26,3,'admin2','b516d7cca9a70852acf9a7ce59a290fb',1,0,'','','','','','','',0,19),(27,6,'kiev','ec9d6dab46eb9c38bd3162a010139d71',0,0,'','','','','','','',0,19);

--
-- Table structure for table `users_type_events_access_table`
--

CREATE TABLE `users_type_events_access_table` (
  `users_type_avents_access_id` int(11) NOT NULL AUTO_INCREMENT,
  `users_type_id` int(11) NOT NULL,
  `admin_forms_events_id` int(11) NOT NULL,
  `site_id` int(11) NOT NULL,
  `users_id` int(11) NOT NULL DEFAULT '0',
  PRIMARY KEY (`users_type_avents_access_id`),
  KEY `site_id` (`site_id`),
  KEY `users_type_id` (`users_type_id`),
  KEY `admin_forms_events_id` (`admin_forms_events_id`)
) ENGINE=MyISAM AUTO_INCREMENT=407 DEFAULT CHARSET=utf8;

--
-- Dumping data for table `users_type_events_access_table`
--

INSERT INTO `users_type_events_access_table` VALUES (1,4,29,1,19),(2,4,26,1,19),(3,4,447,1,19),(4,4,448,1,19),(5,4,466,1,19),(6,4,147,1,19),(7,4,152,1,19),(8,4,191,1,19),(9,4,192,1,19),(10,4,193,1,19),(11,4,198,1,19),(12,4,202,1,19),(13,4,203,1,19),(14,4,166,1,19),(15,4,167,1,19),(16,4,250,1,19),(17,4,31,1,19),(18,4,33,1,19),(19,4,207,1,19),(20,4,208,1,19),(21,4,209,1,19),(22,4,455,1,19),(23,4,467,1,19),(24,4,296,1,19),(25,4,314,1,19),(26,6,29,3,19),(27,6,26,3,19),(28,6,447,3,19),(29,6,448,3,19),(30,6,466,3,19),(31,6,147,3,19),(32,6,152,3,19),(33,6,191,3,19),(34,6,192,3,19),(35,6,193,3,19),(36,6,198,3,19),(37,6,202,3,19),(38,6,203,3,19),(39,6,166,3,19),(40,6,167,3,19),(41,6,250,3,19),(42,6,31,3,19),(43,6,33,3,19),(44,6,207,3,19),(45,6,208,3,19),(46,6,209,3,19),(47,6,455,3,19),(48,6,467,3,19),(49,6,296,3,19),(50,6,314,3,19),(51,4,29,3,19),(52,4,31,3,19),(53,4,32,3,19),(54,4,207,3,19),(55,4,455,3,19),(56,4,26,3,19),(57,4,27,3,19),(58,4,28,3,19),(59,4,30,1,19),(60,4,30,3,19),(61,4,296,3,19),(62,4,147,3,19),(63,4,151,3,19),(64,4,152,3,19),(65,4,191,3,19),(66,4,192,3,19),(67,4,193,3,19),(68,4,194,3,19),(69,4,198,3,19),(70,4,202,3,19),(71,4,203,3,19),(72,4,362,3,19),(73,4,295,3,19),(74,4,295,1,19),(75,4,313,1,19),(76,4,313,3,19),(77,4,314,3,19),(78,4,33,3,19),(79,4,208,3,19),(80,4,209,3,19),(81,4,467,3,19),(82,4,27,1,19),(83,4,28,1,19),(84,6,168,3,19),(85,6,169,3,19),(86,6,251,3,19),(87,6,49,3,19),(88,6,50,3,19),(89,6,218,3,19),(90,6,225,3,19),(91,6,168,1,19),(92,6,169,1,19),(93,6,251,1,19),(94,4,168,1,19),(95,4,169,1,19),(96,4,251,1,19),(97,4,168,3,19),(98,4,169,3,19),(99,4,251,3,19),(100,7,259,3,19),(101,7,260,3,19),(102,7,99,3,19),(103,7,174,3,19),(104,7,176,3,19),(105,7,180,3,19),(106,7,181,3,19),(107,0,214,3,19),(108,0,215,3,19),(109,0,63,3,19),(110,0,64,3,19),(111,0,405,3,19),(112,0,406,3,19),(113,0,411,3,19),(114,0,412,3,19),(115,0,111,3,19),(116,0,235,3,19),(117,0,44,3,19),(118,0,422,3,19),(119,0,46,3,19),(120,0,45,3,19),(121,0,285,3,19),(122,0,283,3,19),(123,0,286,3,19),(124,0,287,3,19),(125,0,418,3,19),(126,0,419,3,19),(127,0,416,3,19),(128,0,41,3,19),(129,0,42,3,19),(130,0,43,3,19),(131,0,228,3,19),(132,0,35,3,19),(133,0,420,3,19),(134,0,36,3,19),(135,0,51,3,19),(136,0,20,3,19),(137,0,21,3,19),(138,0,343,3,19),(139,0,344,3,19),(140,0,70,3,19),(141,0,71,3,19),(142,0,230,3,19),(143,0,259,3,19),(144,0,260,3,19),(145,0,99,3,19),(146,0,109,3,19),(147,0,429,3,19),(148,0,110,3,19),(149,0,91,3,19),(150,0,93,3,19),(151,0,431,3,19),(152,0,92,3,19),(153,0,8,3,19),(154,0,270,3,19),(155,0,7,3,19),(156,0,9,3,19),(157,0,232,3,19),(158,0,346,3,19),(159,0,107,3,19),(160,0,108,3,19),(161,0,76,3,19),(162,0,79,3,19),(163,0,78,3,19),(164,0,77,3,19),(165,0,120,3,19),(166,0,458,3,19),(167,0,122,3,19),(168,0,121,3,19),(169,0,211,3,19),(170,0,456,3,19),(171,0,213,3,19),(172,0,212,3,19),(173,0,117,3,19),(174,0,457,3,19),(175,0,119,3,19),(176,0,118,3,19),(177,0,500,3,19),(178,0,489,3,19),(179,0,72,3,19),(180,0,224,3,19),(181,0,31,3,19),(182,0,32,3,19),(183,0,465,3,19),(184,0,455,3,19),(185,0,33,3,19),(186,0,207,3,19),(187,0,467,3,19),(188,0,208,3,19),(189,0,209,3,19),(190,0,29,3,19),(191,0,404,3,19),(192,0,30,3,19),(193,0,123,3,19),(194,0,284,3,19),(195,0,124,3,19),(196,0,210,3,19),(197,0,399,3,19),(198,0,397,3,19),(199,0,398,3,19),(200,0,89,3,19),(201,0,432,3,19),(202,0,90,3,19),(203,0,252,3,19),(204,0,170,3,19),(205,0,171,3,19),(206,0,315,3,19),(207,0,316,3,19),(208,0,325,3,19),(209,0,326,3,19),(210,0,16,3,19),(211,0,19,3,19),(212,0,18,3,19),(213,0,17,3,19),(214,0,87,3,19),(215,0,88,3,19),(216,0,334,3,19),(217,0,216,3,19),(218,0,217,3,19),(219,0,439,3,19),(220,0,100,3,19),(221,0,101,3,19),(222,0,102,3,19),(223,0,221,3,19),(224,0,348,3,19),(225,0,347,3,19),(226,0,145,3,19),(227,0,146,3,19),(228,0,312,3,19),(229,0,153,3,19),(230,0,154,3,19),(231,0,253,3,19),(232,0,304,3,19),(233,0,475,3,19),(234,0,172,3,19),(235,0,173,3,19),(236,0,84,3,19),(237,0,236,3,19),(238,0,86,3,19),(239,0,85,3,19),(240,0,441,3,19),(241,0,442,3,19),(242,0,264,3,19),(243,0,350,3,19),(244,0,352,3,19),(245,0,351,3,19),(246,0,355,3,19),(247,0,360,3,19),(248,0,353,3,19),(249,0,354,3,19),(250,0,22,3,19),(251,0,24,3,19),(252,0,23,3,19),(253,0,115,3,19),(254,0,116,3,19),(255,0,205,3,19),(256,0,67,3,19),(257,0,68,3,19),(258,0,189,3,19),(259,0,69,3,19),(260,0,37,3,19),(261,0,425,3,19),(262,0,59,3,19),(263,0,38,3,19),(264,0,321,3,19),(265,0,322,3,19),(266,0,25,3,19),(267,0,342,3,19),(268,0,164,3,19),(269,0,165,3,19),(270,0,103,3,19),(271,0,229,3,19),(272,0,496,3,19),(273,0,104,3,19),(274,0,106,3,19),(275,0,426,3,19),(276,0,105,3,19),(277,0,345,3,19),(278,0,240,3,19),(279,0,331,3,19),(280,0,333,3,19),(281,0,332,3,19),(282,0,461,3,19),(283,0,349,3,19),(284,0,155,3,19),(285,0,157,3,19),(286,0,156,3,19),(287,0,460,3,19),(288,0,245,3,19),(289,0,297,3,19),(290,0,298,3,19),(291,0,338,3,19),(292,0,339,3,19),(293,0,251,3,19),(294,0,168,3,19),(295,0,169,3,19),(296,0,495,3,19),(297,0,491,3,19),(298,0,492,3,19),(299,0,493,3,19),(300,0,494,3,19),(301,0,367,3,19),(302,0,368,3,19),(303,0,371,3,19),(304,0,437,3,19),(305,0,438,3,19),(306,0,369,3,19),(307,0,396,3,19),(308,0,370,3,19),(309,0,390,3,19),(310,0,388,3,19),(311,0,389,3,19),(312,0,428,3,19),(313,0,433,3,19),(314,0,392,3,19),(315,0,378,3,19),(316,0,379,3,19),(317,0,391,3,19),(318,0,385,3,19),(319,0,387,3,19),(320,0,386,3,19),(321,0,384,3,19),(322,0,464,3,19),(323,0,383,3,19),(324,0,380,3,19),(325,0,382,3,19),(326,0,381,3,19),(327,0,374,3,19),(328,0,376,3,19),(329,0,377,3,19),(330,0,375,3,19),(331,0,394,3,19),(332,0,395,3,19),(333,0,373,3,19),(334,0,372,3,19),(335,0,393,3,19),(336,0,413,3,19),(337,0,414,3,19),(338,0,415,3,19),(339,0,335,3,19),(340,0,484,3,19),(341,0,336,3,19),(342,0,337,3,19),(343,0,218,3,19),(344,0,49,3,19),(345,0,225,3,19),(346,0,50,3,19),(347,0,261,3,19),(348,0,125,3,19),(349,0,423,3,19),(350,0,126,3,19),(351,0,257,3,19),(352,0,65,3,19),(353,0,66,3,19),(354,0,447,3,19),(355,0,466,3,19),(356,0,448,3,19),(357,0,490,3,19),(358,0,254,3,19),(359,0,255,3,19),(360,0,450,3,19),(361,0,186,3,19),(362,0,269,3,19),(363,0,188,3,19),(364,0,187,3,19),(365,0,39,3,19),(366,0,421,3,19),(367,0,40,3,19),(368,0,4,3,19),(369,0,265,3,19),(370,0,6,3,19),(371,0,5,3,19),(372,0,226,3,19),(373,0,206,3,19),(374,0,462,3,19),(375,0,463,3,19),(376,7,489,3,19),(377,7,72,3,19),(378,7,224,3,19),(379,7,288,3,19),(380,7,289,3,19),(381,7,440,3,19),(382,7,191,3,19),(383,7,192,3,19),(384,7,244,3,19),(385,7,147,3,19),(386,7,190,3,19),(387,7,469,3,19),(388,7,152,3,19),(389,7,151,3,19),(390,7,468,3,19),(391,7,327,3,19),(392,7,328,3,19),(393,7,73,3,19),(394,7,74,3,19),(395,7,233,3,19),(396,7,321,3,19),(397,7,322,3,19),(398,7,25,3,19),(399,7,133,3,19),(400,7,219,3,19),(401,7,134,3,19),(402,7,253,3,19),(403,7,304,3,19),(404,7,475,3,19),(405,7,172,3,19),(406,7,173,3,19);

--
-- Table structure for table `users_type_table`
--

CREATE TABLE `users_type_table` (
  `users_type_id` int(10) unsigned NOT NULL AUTO_INCREMENT,
  `site_id` int(11) NOT NULL DEFAULT '0',
  `users_type_name` varchar(255) DEFAULT NULL,
  `users_type_comment` varchar(255) DEFAULT NULL,
  `users_type_root_dir` varchar(255) NOT NULL DEFAULT '',
  `users_id` int(11) NOT NULL DEFAULT '0',
  PRIMARY KEY (`users_type_id`),
  KEY `site_id` (`site_id`)
) ENGINE=MyISAM AUTO_INCREMENT=8 DEFAULT CHARSET=utf8;

--
-- Dumping data for table `users_type_table`
--

INSERT INTO `users_type_table` VALUES (3,1,'Администраторы','Группа Администраторы','',0),(4,1,'Контент менеджеры','','/',19),(5,3,'Администраторы','Группа Администраторы','',19),(6,3,'Контент менеджеры','','/',19),(7,3,'Операторы','','/',19);

--
-- Table structure for table `xsl_dir_table`
--

CREATE TABLE `xsl_dir_table` (
  `xsl_dir_id` int(11) NOT NULL AUTO_INCREMENT,
  `xsl_dir_parent_id` int(11) NOT NULL DEFAULT '0',
  `xsl_dir_name` varchar(255) NOT NULL DEFAULT '',
  `xsl_dir_order` int(4) NOT NULL DEFAULT '0',
  `users_id` int(10) unsigned NOT NULL DEFAULT '0',
  PRIMARY KEY (`xsl_dir_id`),
  KEY `xsl_dir_parent_id` (`xsl_dir_parent_id`)
) ENGINE=MyISAM AUTO_INCREMENT=88 DEFAULT CHARSET=utf8;

--
-- Dumping data for table `xsl_dir_table`
--

INSERT INTO `xsl_dir_table` VALUES (1,0,'Меню',0,19),(2,0,'Новости и Статьи',0,0),(3,0,'Вопросы-ответы',0,0),(4,0,'Гостевая книга',0,0),(5,0,'Фотогалерея',0,0),(8,0,'Полезные ресурсы',0,0),(9,0,'Архив файлов',0,19),(10,0,'Поиск',0,0),(11,0,'Формы',0,0),(12,0,'Пользователи сайта',0,0),(13,12,'Почтовые рассылки',0,0),(14,0,'Почтовые рассылки',0,0),(15,0,'Опросы',0,0),(16,0,'Доска объявлений',0,0),(17,0,'Форумы',0,0),(18,17,'Письма',0,0),(20,0,'Карта сайта',0,0),(21,0,'Портфолио',0,0),(22,0,'Глоссарий',0,0),(23,0,'Вакансии',0,0),(24,0,'Интернет-магазин',10,0),(28,24,'Формы оплаты',0,19),(34,0,'Реклама',0,19),(35,0,'Хлебные крошки',0,19),(78,17,'Устаревшие',0,19),(79,0,'Google SiteMap',0,19),(80,12,'Лицевые счета',0,19),(81,0,'Службы техподдержки',0,19),(82,1,'Меню салонов',0,19),(83,1,'Меню интернет магазина',0,19),(84,1,'Меню обучения',0,19),(85,1,'Меню нового обучения',0,19),(86,0,'Скидки',0,19),(87,0,'Блок_шапка_Коммерсант',0,19);

--
-- Table structure for table `xsl_table`
--

CREATE TABLE `xsl_table` (
  `xsl_id` int(11) NOT NULL AUTO_INCREMENT,
  `xsl_dir_id` int(11) NOT NULL DEFAULT '0',
  `xsl_name` varchar(255) DEFAULT NULL,
  `xsl_comment` longtext,
  `xsl_order` smallint(5) unsigned NOT NULL DEFAULT '0',
  `xsl_format` tinyint(4) NOT NULL DEFAULT '1',
  `users_id` int(10) unsigned NOT NULL DEFAULT '0',
  PRIMARY KEY (`xsl_id`),
  KEY `xsl_name` (`xsl_name`)
) ENGINE=MyISAM AUTO_INCREMENT=261 DEFAULT CHARSET=utf8;

--
-- Dumping data for table `xsl_table`
--

INSERT INTO `xsl_table` VALUES (2,1,'ВерхнееМеню','',10,0,19),(3,2,'СписокЭлементовИнфосистемы','',0,1,19),(4,2,'ВыводЕдиницыИнформационнойСистемы','',0,1,19),(5,2,'УведомлениеДобавлениеКомментария','',0,1,19),(48,21,'ЭлементПортфолио','',0,1,19),(7,2,'ОтправкаПисьмаАдминистраторуДобавлениеКомментария','',0,1,19),(8,3,'ОтображениеВопроса','',0,1,19),(10,4,'СписокЗаписейГостевойКниги','',0,1,19),(11,5,'СписокКартинок','',0,1,19),(12,5,'ОтображениеПодробнойИнформацииОФотографии','',0,1,19),(17,8,'СписокСсылок','',0,1,19),(18,8,'ВыводПодробнойИнформацииОСсылке','',0,1,19),(19,9,'СписокФайлов','',0,1,19),(20,9,'ПодробнаяИнформацияОФайле','',10,1,19),(21,10,'Поиск','',0,1,19),(22,11,'ОтобразитьФорму','',0,1,19),(23,11,'ОбработкаОтправкиФормы','',0,1,19),(24,11,'ПисьмоКураторуФормы','',0,1,19),(27,12,'ЛичныйКабинетПользователя','',0,1,19),(28,12,'РегистрацияПользователя','',0,1,19),(29,13,'СписокРассылок','',0,1,19),(30,14,'ПочтовыеРассылки','',0,1,19),(37,17,'Форумы','',0,1,19),(38,17,'ТемыФорума','',0,1,19),(39,17,'СообщенияТемы','',0,1,19),(40,17,'СозданиеТемы','',0,1,19),(41,17,'РедактированиеСообщения','',0,1,19),(42,78,'АнкетныеДанныеПользователя','',0,1,19),(43,18,'ПисьмоОДобавленииСообщения','',0,1,19),(44,18,'ПисьмоОДобавленииТемы','',0,1,19),(47,20,'КартаСайта','',0,1,19),(49,21,'СписокЭлементовПортфолио','',0,1,30),(50,22,'СписокЭлементовГлоссарий','',0,1,19),(52,23,'СписокВакансий','',0,1,19),(54,3,'УведомлениеДобавленияОтвета','',0,1,19),(55,24,'МагазинКаталогТоваров','',0,1,19),(56,24,'МагазинТовар','',0,1,19),(57,24,'МагазинКорзина','0:/www/nails.ua/hostcmsfiles/shop/pay/   -   hanlder 18  TURBOSMS',0,1,19),(58,24,'МагазинБыстраяРегистрация','',0,1,19),(59,12,'ПисьмоВосстановлениеПароля','',0,1,19),(60,12,'ПисьмоПодтверждениеРегистрации','',0,1,19),(61,24,'МагазинАдресДоставки','',0,1,19),(62,24,'МагазинДоставки','',0,1,19),(64,15,'ОтображениеОпросаБезРезультатов','',0,1,19),(67,15,'ОтображениеРезультатовОпроса','',0,1,19),(68,24,'МагазинПлатежнаяСистема','',0,1,19),(69,24,'ОформлениеЗаказа','',0,1,19),(71,24,'МагазинПродавец','',0,1,19),(72,24,'СравнениеТоваров','',0,1,19),(73,1,'ЦентральноеМеню','',0,1,19),(74,24,'СписокЗаказов','',0,1,19),(75,28,'ОплатаПриПолучении','',0,1,19),(76,24,'ПисьмоАдминистратору','',0,1,19),(77,24,'ПисьмоПользователю','',0,1,19),(78,28,'КвитанцияПД4','',0,1,19),(79,24,'МагазинКорзинаКраткаяСтарая2','',0,1,19),(80,28,'ОплатаПоФормеПД4','',0,1,19),(81,28,'ОплатаБезналичнаяОтЮрЛица','',0,1,19),(82,28,'БанковскийСчет','',0,1,19),(83,24,'МагазинПрайс','',0,1,19),(86,18,'ПисьмоРедактированияСообщенияПользователю','',0,1,19),(87,18,'ПисьмоДобавленияСообщенияПользователю','',0,1,19),(88,18,'ПисьмоРедактированияСообщенияКуратору','',0,1,19),(89,24,'МагазинКаталогТоваровНаГлавной','',0,1,19),(94,34,'ОтображениеБаннера','',0,1,19),(96,1,'ВерхнееМенюМакет12','',0,1,19),(97,2,'СписокЭлементовИнфосистемыГлавнаяМакет12','',0,1,19),(98,1,'НижнееМенюМакет12','',0,1,19),(100,1,'ВерхнееМенюМакет15','',0,1,19),(101,1,'ВерхнееМенюМакет6','',0,1,19),(102,1,'ЦентральноеМенюМакет№6','',0,1,19),(103,1,'ВерхнееМенюМакет14','',0,1,19),(107,1,'ВерхнееМенюМакет4','',0,1,19),(108,1,'ЦентральноеМенюМакет№4','',0,1,19),(109,1,'ВерхнееМенюМакет5','',0,1,19),(110,1,'ЦентральноеМенюМакет5','',0,1,19),(114,1,'ВерхнееМенюМакет3','',0,1,19),(115,1,'ЦентральноеМенюМакет3','',0,1,19),(116,1,'ЦентральноеМенюМакет13','',0,1,19),(117,1,'ВерхнееМенюМакет19','',0,1,19),(118,1,'ЦентральноеМенюМакет19','',0,1,19),(119,2,'СписокЭлементовИнфосистемыГлавнаяМакет19','',0,1,19),(120,1,'ВерхнееМенюМакет7','',0,1,19),(121,1,'ВерхнееМенюМакет16','',0,1,19),(122,1,'ВерхнееМенюМакет1','',0,1,19),(124,1,'ЦентральноеМенюМакет1','',0,1,19),(125,2,'СписокЭлементовИнфосистемыГлавнаяМакет1','',0,1,19),(132,35,'ХлебныеКрошки','',0,1,19),(133,11,'ПисьмоКураторуФормыВФорматеHTML','',0,1,19),(179,80,'ДвиженияПоЛицевомуСчету','',0,1,19),(177,79,'GoogleSiteMap','',0,1,19),(178,80,'СписокЛицевыхСчетов','',0,1,19),(215,24,'МагазинГруппыТоваровНаГлавной [Копия от 25.10.2010 18:06:57]','',0,1,0),(176,24,'МагазинКаталогТоваровНаГлавнойСпецПред','',0,1,19),(171,2,'ОблакоТэговИнформационнойСистемы','',0,1,19),(172,16,'СписокОбъявлений','',1,1,19),(173,16,'ПодробнаяИнформацияОбОбъявлении','',0,1,19),(174,12,'АнкетныеДанные','',0,1,19),(180,24,'ОблакоТэговМагазин','',0,1,19),(181,80,'ПополнениеЛицевогоСчета','',0,1,19),(183,81,'ВыводСпискаТикетов','',0,1,19),(184,81,'ВыводСпискаСообщенийТикета','',0,1,19),(185,81,'ВыводРежимаРаботыСлужбыТехподдержки','',0,1,19),(186,12,'ПарнерскиеПрограммы','',0,1,19),(187,12,'ВыводСпискаОбъявленийПользователя','',0,1,19),(188,12,'СписокМагазинов','',0,1,19),(14,24,'ПисьмоАдминистраторуОДобавленииКомментарияВТекстовомФормате','',0,1,0),(15,24,'ПисьмоАдминистраторуОДобавленииКомментарияВФорматеHTML','',0,1,0),(9,3,'СписокВопросов','',0,1,19),(189,1,'ВерхнееМеню [Копия от 26.10.2009 21:04:04]','',10,0,0),(190,1,'ВерхнееМеню [Копия от 02.11.2009 01:16:15]','',10,0,0),(191,83,'МенюСписокМагазинов','',0,1,1),(192,83,'Верхнее меню интернет магазина','',0,1,1),(193,82,'Основное меню страниц салонов','',0,1,0),(196,2,'СписокЭлементовИнфосистемыБоковойБлок','',0,1,0),(195,82,'Меню конкретного салона ','',0,1,0),(197,5,'СписокКартинок [Копия от 11.02.2010 16:16:07]','',0,1,0),(198,84,'Основное меню обучения','',0,1,0),(199,84,'Меню конктретного города','',0,1,0),(200,84,'Меню конкретного города обучения','',0,1,0),(201,24,'МагазинКорзинаКраткая [Копия от 18.03.2010 18:31:34]','',0,1,0),(202,83,'Верхнее меню интернет магазина [Копия от 18.03.2010 22:37:18]','',0,1,0),(203,24,'МагазинПрайс [Копия от 27.03.2010 22:57:52] для постраничного вывода','',0,1,0),(204,24,'МагазинПрайс [Копия от 29.03.2010 15:21:46] старый','',0,1,0),(205,24,'МагазинПрайс [Копия от 29.03.2010 15:21:46] как на демосайте','',0,1,0),(206,24,'МагазинПрайс [Копия от 31.03.2010 20:00:09] с выводом крошек','',0,1,0),(207,4,'СписокЗаписейГостевойКнигиСалоны','',0,1,0),(208,2,'ВыводЕдиницыИнформационнойСистемыСтатьиОбучения','',0,1,0),(209,24,'МагазинПрайс [Копия от 26.04.2010 08:14:27]','',0,1,0),(210,79,'GoogleSiteMap [Копия от 30.06.2010 00:15:44]','',0,1,0),(211,24,'МагазинКорзинаКраткая [Копия от 25.10.2010 14:47:11]','',0,1,0),(212,83,'Верхнее меню интернет магазина [Копия от 25.10.2010 17:11:21]','',0,1,0),(213,24,'МагазинГруппыТоваровНаГлавной [Копия от 25.10.2010 17:52:55]','',0,1,0),(214,24,'МагазинГруппыТоваровНаГлавной','',0,1,0),(216,24,'МагазинКорзинаКраткаяСтарая','',0,1,0),(217,24,'МагазинКаталогТоваров [Копия от 26.10.2010 14:36:07]','',0,1,0),(218,2,'СписокЭлементовИнфосистемы [Копия от 26.10.2010 18:04:54]','',0,1,0),(219,24,'МагазинКаталогТоваров [Копия от 28.10.2010 17:38:54]','',0,1,0),(220,35,'ХлебныеКрошки [Копия от 28.10.2010 17:40:58]','',0,1,0),(221,2,'ВыводЕдиницыИнформационнойСистемы [Копия от 01.11.2010 16:10:00]','',0,1,0),(222,24,'МагазинГруппыТоваровНаГлавной [Копия от 02.11.2010 13:21:18]','',0,1,0),(223,24,'МагазинТовар [Копия от 03.11.2010 17:39:51]','',0,1,0),(224,10,'Поиск [Копия от 04.11.2010 02:11:19]','',0,1,0),(225,24,'МагазинКорзинаКраткая [Копия от 04.11.2010 10:51:21]','',0,1,0),(226,24,'МагазинКаталогТоваров [Копия от 05.11.2010 21:47:51]','',0,1,0),(227,2,'ВыводЕдиницыИнформационнойСистемыСалоны','',0,1,0),(228,2,'СписокЭлементовИнфосистемы [Копия от 08.11.2010 15:56:23]','',0,1,0),(229,2,'ВыводЕдиницыИнформационнойСистемы [Копия от 08.11.2010 16:03:39]','',0,1,0),(230,2,'СписокЭлементовИнфосистемы [Копия от 12.11.2010 03:15:16]','',0,1,0),(231,24,'МагазинТовар [Копия от 11.12.2010 20:06:48]','',0,1,0),(232,24,'МагазинКаталогТоваров [Копия от 13.12.2010 08:40:54]','',0,1,0),(233,24,'МагазинКаталогТоваров [Копия от 20.12.2010 00:01:58]','',0,1,0),(234,24,'МагазинКаталогТоваров [Копия от 20.12.2010 00:52:55]','',0,1,0),(235,24,'МагазинКаталогТоваров [Копия от 21.12.2010 23:48:25]','',0,1,0),(236,24,'МагазинТовар [Копия от 22.12.2010 01:19:26]','',0,1,0),(237,85,'БоковоеМенюГородовОбучения','',10,1,0),(238,85,'БоковоеМенюГородов [Копия от 15.01.2011 15:42:21]','',10,0,0),(239,2,'СписокЭлементовИнфосистемыСкидкиМагазина','',1,1,0),(240,83,'Верхнее меню интернет магазина_2','',0,1,0),(241,2,'СписокЭлементовИнфосистемы [Копия от 04.08.2011 10:49:20]','',0,1,0),(243,2,'СписокЭлементовИнфосистемыСкидкиМагазина [Копия от 04.08.2011 15:41:46]','',0,1,0),(244,2,'СписокЭлементовИнфосистемыБезПодробнее','',0,1,0),(245,86,'СписокЭлементовИнфосистемыСкидки','',0,1,1),(246,24,'МагазинКаталогТоваров [Копия от 29.01.2012 18:15:45]','',0,1,0),(247,87,'Блок_шапка','',0,1,1),(248,24,'МагазинКорзина [Копия от 08.05.2012 02:30:19]','',0,1,0),(249,24,'МагазинАдресДоставки [Копия от 08.05.2012 02:45:03]','',0,1,0),(250,24,'МагазинДоставки [Копия от 08.05.2012 02:46:58]','',0,1,0),(251,24,'МагазинПлатежнаяСистема [Копия от 08.05.2012 02:47:40]','',0,1,0),(252,28,'ОплатаПоФормеПД4 [Копия от 18.06.2012 16:38:08]','',0,1,0),(253,2,'СписокЭлементовИнфосистемыСтатьи','',0,1,0),(254,2,'СписокЭлементовИнфосистемыСтатьи2','',0,1,0),(255,24,'МагазинКорзинаКраткая','',0,0,0),(256,24,'МагазинПлатежнаяСистема [Копия от 06.08.2012 11:21:03]','',0,1,0),(257,24,'МагазинПлатежнаяСистема [Копия от 06.08.2012 16:33:37]','',0,1,0),(258,24,'МагазинКорзинаКраткая [Копия от 13.05.2013 20:30:59]','',0,1,0),(259,24,'МагазинКаталогТоваров [Копия от 22.10.2013 15:11:37]','',0,1,0),(260,24,'МагазинКорзина [Копия от 02.02.2018 11:37:52]','0:/www/nails.ua/hostcmsfiles/shop/pay/   -   hanlder 18  TURBOSMS',0,1,0);


